[INFO] fetching crate pangea-client 0.3.1...
[INFO] testing pangea-client-0.3.1 against 1.83.0 for beta-1.84.0-4-retry
[INFO] extracting crate pangea-client 0.3.1 into /workspace/builds/worker-4-tc1/source
[INFO] validating manifest of crates.io crate pangea-client 0.3.1 on toolchain 1.83.0
[INFO] running `Command { std: CARGO_HOME="/workspace/cargo-home" RUSTUP_HOME="/workspace/rustup-home" "/workspace/cargo-home/bin/cargo" "+1.83.0" "metadata" "--manifest-path" "Cargo.toml" "--no-deps", kill_on_drop: false }`
[INFO] started tweaking crates.io crate pangea-client 0.3.1
[INFO] finished tweaking crates.io crate pangea-client 0.3.1
[INFO] tweaked toml for crates.io crate pangea-client 0.3.1 written to /workspace/builds/worker-4-tc1/source/Cargo.toml
[INFO] crate crates.io crate pangea-client 0.3.1 already has a lockfile, it will not be regenerated
[INFO] running `Command { std: CARGO_HOME="/workspace/cargo-home" RUSTUP_HOME="/workspace/rustup-home" "/workspace/cargo-home/bin/cargo" "+1.83.0" "fetch" "--manifest-path" "Cargo.toml", kill_on_drop: false }`
[INFO] [stderr]     Blocking waiting for file lock on package cache
[INFO] [stderr]     Updating crates.io index
[INFO] [stderr]     Blocking waiting for file lock on package cache
[INFO] [stderr]  Downloading crates ...
[INFO] [stderr]   Downloaded csv-async v1.3.0
[INFO] [stderr]   Downloaded arrow-json v53.3.0
[INFO] [stderr]   Downloaded arrow-csv v53.3.0
[INFO] [stderr]   Downloaded arrow-ipc v53.3.0
[INFO] running `Command { std: "docker" "create" "-v" "/var/lib/crater-agent-workspace/builds/worker-4-tc1/target:/opt/rustwide/target:rw,Z" "-v" "/var/lib/crater-agent-workspace/builds/worker-4-tc1/source:/opt/rustwide/workdir:ro,Z" "-v" "/var/lib/crater-agent-workspace/cargo-home:/opt/rustwide/cargo-home:ro,Z" "-v" "/var/lib/crater-agent-workspace/rustup-home:/opt/rustwide/rustup-home:ro,Z" "-e" "SOURCE_DIR=/opt/rustwide/workdir" "-e" "CARGO_TARGET_DIR=/opt/rustwide/target" "-e" "CARGO_HOME=/opt/rustwide/cargo-home" "-e" "RUSTUP_HOME=/opt/rustwide/rustup-home" "-w" "/opt/rustwide/workdir" "-m" "1610612736" "--user" "0:0" "--network" "none" "ghcr.io/rust-lang/crates-build-env/linux@sha256:f3a9d4ad9d972b27faf3965f35b62e55ba32bbce8f20bc8fe909558a86702fde" "/opt/rustwide/cargo-home/bin/cargo" "+1.83.0" "metadata" "--no-deps" "--format-version=1", kill_on_drop: false }`
[INFO] [stdout] 4d562d979af1656b6ae10fe5a24fd5ea4476e9306271186b07139facd317518e
[INFO] running `Command { std: "docker" "start" "-a" "4d562d979af1656b6ae10fe5a24fd5ea4476e9306271186b07139facd317518e", kill_on_drop: false }`
[INFO] running `Command { std: "docker" "inspect" "4d562d979af1656b6ae10fe5a24fd5ea4476e9306271186b07139facd317518e", kill_on_drop: false }`
[INFO] running `Command { std: "docker" "rm" "-f" "4d562d979af1656b6ae10fe5a24fd5ea4476e9306271186b07139facd317518e", kill_on_drop: false }`
[INFO] [stdout] 4d562d979af1656b6ae10fe5a24fd5ea4476e9306271186b07139facd317518e
[INFO] running `Command { std: "docker" "create" "-v" "/var/lib/crater-agent-workspace/builds/worker-4-tc1/target:/opt/rustwide/target:rw,Z" "-v" "/var/lib/crater-agent-workspace/builds/worker-4-tc1/source:/opt/rustwide/workdir:ro,Z" "-v" "/var/lib/crater-agent-workspace/cargo-home:/opt/rustwide/cargo-home:ro,Z" "-v" "/var/lib/crater-agent-workspace/rustup-home:/opt/rustwide/rustup-home:ro,Z" "-e" "SOURCE_DIR=/opt/rustwide/workdir" "-e" "CARGO_TARGET_DIR=/opt/rustwide/target" "-e" "CARGO_INCREMENTAL=0" "-e" "RUST_BACKTRACE=full" "-e" "RUSTFLAGS=--cap-lints=warn" "-e" "RUSTDOCFLAGS=--cap-lints=warn" "-e" "CARGO_HOME=/opt/rustwide/cargo-home" "-e" "RUSTUP_HOME=/opt/rustwide/rustup-home" "-w" "/opt/rustwide/workdir" "-m" "1610612736" "--user" "0:0" "--network" "none" "ghcr.io/rust-lang/crates-build-env/linux@sha256:f3a9d4ad9d972b27faf3965f35b62e55ba32bbce8f20bc8fe909558a86702fde" "/opt/rustwide/cargo-home/bin/cargo" "+1.83.0" "build" "--frozen" "--message-format=json", kill_on_drop: false }`
[INFO] [stdout] c425b545e92af9c9c053abe5f1a63f514a225b72224a5588399f819ab27139bc
[INFO] running `Command { std: "docker" "start" "-a" "c425b545e92af9c9c053abe5f1a63f514a225b72224a5588399f819ab27139bc", kill_on_drop: false }`
[INFO] [stderr]    Compiling proc-macro2 v1.0.92
[INFO] [stderr]    Compiling unicode-ident v1.0.14
[INFO] [stderr]    Compiling libc v0.2.167
[INFO] [stderr]    Compiling cfg-if v1.0.0
[INFO] [stderr]    Compiling serde v1.0.215
[INFO] [stderr]    Compiling autocfg v1.4.0
[INFO] [stderr]    Compiling version_check v0.9.5
[INFO] [stderr]    Compiling hashbrown v0.15.2
[INFO] [stderr]    Compiling byteorder v1.5.0
[INFO] [stderr]    Compiling libm v0.2.11
[INFO] [stderr]    Compiling once_cell v1.20.2
[INFO] [stderr]    Compiling equivalent v1.0.1
[INFO] [stderr]    Compiling memchr v2.7.4
[INFO] [stderr]    Compiling zeroize v1.8.1
[INFO] [stderr]    Compiling num-traits v0.2.19
[INFO] [stderr]    Compiling typenum v1.17.0
[INFO] [stderr]    Compiling generic-array v0.14.7
[INFO] [stderr]    Compiling indexmap v2.7.0
[INFO] [stderr]    Compiling static_assertions v1.1.0
[INFO] [stderr]    Compiling itoa v1.0.14
[INFO] [stderr]    Compiling subtle v2.6.1
[INFO] [stderr]    Compiling const-oid v0.9.6
[INFO] [stderr]    Compiling quote v1.0.37
[INFO] [stderr]    Compiling syn v2.0.90
[INFO] [stderr]    Compiling getrandom v0.2.15
[INFO] [stderr]    Compiling syn v1.0.109
[INFO] [stderr]    Compiling stable_deref_trait v1.2.0
[INFO] [stderr]    Compiling rand_core v0.6.4
[INFO] [stderr]    Compiling winnow v0.6.20
[INFO] [stderr]    Compiling pin-project-lite v0.2.15
[INFO] [stderr]    Compiling toml_datetime v0.6.8
[INFO] [stderr]    Compiling ahash v0.8.11
[INFO] [stderr]    Compiling iana-time-zone v0.1.61
[INFO] [stderr]    Compiling shlex v1.3.0
[INFO] [stderr]    Compiling num-integer v0.1.46
[INFO] [stderr]    Compiling num-complex v0.4.6
[INFO] [stderr]    Compiling half v2.4.1
[INFO] [stderr]    Compiling chrono v0.4.38
[INFO] [stderr]    Compiling crypto-common v0.1.6
[INFO] [stderr]    Compiling block-buffer v0.10.4
[INFO] [stderr]    Compiling cc v1.2.2
[INFO] [stderr]    Compiling digest v0.10.7
[INFO] [stderr]    Compiling num-bigint v0.4.6
[INFO] [stderr]    Compiling num-iter v0.1.45
[INFO] [stderr]    Compiling arrow-schema v53.3.0
[INFO] [stderr]    Compiling pkg-config v0.3.31
[INFO] [stderr]    Compiling futures-sink v0.3.31
[INFO] [stderr]    Compiling futures-core v0.3.31
[INFO] [stderr]    Compiling ryu v1.0.18
[INFO] [stderr]    Compiling num-rational v0.4.2
[INFO] [stderr]    Compiling toml_edit v0.22.22
[INFO] [stderr]    Compiling vcpkg v0.2.15
[INFO] [stderr]    Compiling num v0.4.3
[INFO] [stderr]    Compiling slab v0.4.9
[INFO] [stderr]    Compiling writeable v0.5.5
[INFO] [stderr]    Compiling litemap v0.7.4
[INFO] [stderr]    Compiling rustversion v1.0.18
[INFO] [stderr]    Compiling lexical-util v1.0.3
[INFO] [stderr]    Compiling crunchy v0.2.2
[INFO] [stderr]    Compiling bitflags v2.6.0
[INFO] [stderr]    Compiling openssl-sys v0.9.104
[INFO] [stderr]    Compiling synstructure v0.13.1
[INFO] [stderr]    Compiling futures-channel v0.3.31
[INFO] [stderr]    Compiling proc-macro-crate v3.2.0
[INFO] [stderr]    Compiling mio v1.0.3
[INFO] [stderr]    Compiling signal-hook-registry v1.4.2
[INFO] [stderr]    Compiling socket2 v0.5.8
[INFO] [stderr]    Compiling icu_locid_transform_data v1.5.0
[INFO] [stderr]    Compiling arrayvec v0.7.6
[INFO] [stderr]    Compiling rustc-hex v2.1.0
[INFO] [stderr]    Compiling futures-task v0.3.31
[INFO] [stderr]    Compiling byte-slice-cast v1.2.2
[INFO] [stderr]    Compiling futures-io v0.3.31
[INFO] [stderr]    Compiling pin-utils v0.1.0
[INFO] [stderr]    Compiling fnv v1.0.7
[INFO] [stderr]    Compiling heck v0.5.0
[INFO] [stderr]    Compiling openssl v0.10.68
[INFO] [stderr]    Compiling icu_properties_data v1.5.0
[INFO] [stderr]    Compiling foreign-types-shared v0.1.1
[INFO] [stderr]    Compiling semver v1.0.23
[INFO] [stderr]    Compiling foreign-types v0.3.2
[INFO] [stderr]    Compiling lexical-write-integer v1.0.2
[INFO] [stderr]    Compiling lexical-parse-integer v1.0.2
[INFO] [stderr]    Compiling aho-corasick v1.1.3
[INFO] [stderr]    Compiling utf16_iter v1.0.5
[INFO] [stderr]    Compiling icu_normalizer_data v1.5.0
[INFO] [stderr]    Compiling regex-syntax v0.8.5
[INFO] [stderr]    Compiling smallvec v1.13.2
[INFO] [stderr]    Compiling utf8_iter v1.0.4
[INFO] [stderr]    Compiling cpufeatures v0.2.16
[INFO] [stderr]    Compiling httparse v1.9.5
[INFO] [stderr]    Compiling native-tls v0.2.12
[INFO] [stderr]    Compiling tiny-keccak v2.0.2
[INFO] [stderr]    Compiling write16 v1.0.0
[INFO] [stderr]    Compiling hex v0.4.3
[INFO] [stderr]    Compiling lexical-write-float v1.0.2
[INFO] [stderr]    Compiling lexical-parse-float v1.0.2
[INFO] [stderr]    Compiling serde_derive v1.0.215
[INFO] [stderr]    Compiling zerocopy-derive v0.7.35
[INFO] [stderr]    Compiling zerofrom-derive v0.1.5
[INFO] [stderr]    Compiling yoke-derive v0.7.5
[INFO] [stderr]    Compiling zerovec-derive v0.10.3
[INFO] [stderr]    Compiling displaydoc v0.2.5
[INFO] [stderr]    Compiling icu_provider_macros v1.5.0
[INFO] [stderr]    Compiling zerocopy v0.7.35
[INFO] [stderr]    Compiling parity-scale-codec-derive v3.6.12
[INFO] [stderr]    Compiling impl-trait-for-tuples v0.2.3
[INFO] [stderr]    Compiling futures-macro v0.3.31
[INFO] [stderr]    Compiling zerofrom v0.1.5
[INFO] [stderr]    Compiling yoke v0.7.5
[INFO] [stderr]    Compiling ppv-lite86 v0.2.20
[INFO] [stderr]    Compiling zerovec v0.10.4
[INFO] [stderr]    Compiling rand_chacha v0.3.1
[INFO] [stderr]    Compiling tokio-macros v2.4.0
[INFO] [stderr]    Compiling rand v0.8.5
[INFO] [stderr]    Compiling futures-util v0.3.31
[INFO] [stderr]    Compiling rlp-derive v0.1.0
[INFO] [stderr]    Compiling tinystr v0.7.6
[INFO] [stderr]    Compiling icu_collections v1.5.0
[INFO] [stderr]    Compiling icu_locid v1.5.0
[INFO] [stderr]    Compiling strum_macros v0.26.4
[INFO] [stderr]    Compiling derive_more-impl v1.0.0
[INFO] [stderr]    Compiling icu_provider v1.5.0
[INFO] [stderr]    Compiling scale-info-derive v2.11.6
[INFO] [stderr]    Compiling openssl-macros v0.1.1
[INFO] [stderr]    Compiling icu_locid_transform v1.5.0
[INFO] [stderr]    Compiling fixed-hash v0.8.0
[INFO] [stderr]    Compiling regex-automata v0.4.9
[INFO] [stderr]    Compiling derive_more v1.0.0
[INFO] [stderr]    Compiling der v0.7.9
[INFO] [stderr]    Compiling icu_properties v1.5.1
[INFO] [stderr]    Compiling unicode-width v0.2.0
[INFO] [stderr]    Compiling thiserror v1.0.69
[INFO] [stderr]    Compiling openssl-probe v0.1.5
[INFO] [stderr]    Compiling percent-encoding v2.3.1
[INFO] [stderr]    Compiling serde_json v1.0.133
[INFO] [stderr]    Compiling log v0.4.22
[INFO] [stderr]    Compiling strum v0.26.3
[INFO] [stderr]    Compiling form_urlencoded v1.2.1
[INFO] [stderr]    Compiling comfy-table v7.1.3
[INFO] [stderr]    Compiling lexical-core v1.0.2
[INFO] [stderr]    Compiling rustc_version v0.4.1
[INFO] [stderr]    Compiling uint v0.9.5
[INFO] [stderr]    Compiling regex v1.11.1
[INFO] [stderr]    Compiling thiserror-impl v1.0.69
[INFO] [stderr]    Compiling tracing-attributes v0.1.28
[INFO] [stderr]    Compiling icu_normalizer v1.5.0
[INFO] [stderr]    Compiling atoi v2.0.0
[INFO] [stderr]    Compiling ff v0.13.0
[INFO] [stderr]    Compiling idna_adapter v1.2.0
[INFO] [stderr]    Compiling tracing-core v0.1.33
[INFO] [stderr]    Compiling bytes v1.9.0
[INFO] [stderr]    Compiling parity-scale-codec v3.6.12
[INFO] [stderr]    Compiling impl-serde v0.4.0
[INFO] [stderr]    Compiling arrow-buffer v53.3.0
[INFO] [stderr]    Compiling tokio v1.42.0
[INFO] [stderr]    Compiling rlp v0.5.2
[INFO] [stderr]    Compiling http v0.2.12
[INFO] [stderr]    Compiling impl-rlp v0.3.0
[INFO] [stderr]    Compiling scale-info v2.11.6
[INFO] [stderr]    Compiling impl-codec v0.6.0
[INFO] [stderr]    Compiling base16ct v0.2.0
[INFO] [stderr]    Compiling arrow-data v53.3.0
[INFO] [stderr]    Compiling base64 v0.22.1
[INFO] [stderr]    Compiling sec1 v0.7.3
[INFO] [stderr]    Compiling arrow-array v53.3.0
[INFO] [stderr]    Compiling tracing v0.1.41
[INFO] [stderr]    Compiling primitive-types v0.12.2
[INFO] [stderr]    Compiling ethbloom v0.13.0
[INFO] [stderr]    Compiling idna v1.0.3
[INFO] [stderr]    Compiling group v0.13.0
[INFO] [stderr]    Compiling flatbuffers v24.3.25
[INFO] [stderr]    Compiling hmac v0.12.1
[INFO] [stderr]    Compiling crypto-bigint v0.5.5
[INFO] [stderr]    Compiling csv-core v0.1.11
[INFO] [stderr]    Compiling rustix v0.38.41
[INFO] [stderr]    Compiling try-lock v0.2.5
[INFO] [stderr]    Compiling want v0.3.1
[INFO] [stderr]    Compiling ethereum-types v0.14.1
[INFO] [stderr]    Compiling rfc6979 v0.4.0
[INFO] [stderr]    Compiling url v2.5.4
[INFO] [stderr]    Compiling http-body v0.4.6
[INFO] [stderr]    Compiling arrow-select v53.3.0
[INFO] [stderr]    Compiling spki v0.7.3
[INFO] [stderr]    Compiling signature v2.2.0
[INFO] [stderr]    Compiling httpdate v1.0.3
[INFO] [stderr]    Compiling tower-service v0.3.3
[INFO] [stderr]    Compiling keccak v0.1.5
[INFO] [stderr]    Compiling tokio-util v0.7.12
[INFO] [stderr]    Compiling arrow-cast v53.3.0
[INFO] [stderr]    Compiling elliptic-curve v0.13.8
[INFO] [stderr]    Compiling tokio-native-tls v0.3.1
[INFO] [stderr]    Compiling h2 v0.3.26
[INFO] [stderr]    Compiling bitflags v1.3.2
[INFO] [stderr]    Compiling linux-raw-sys v0.4.14
[INFO] [stderr]    Compiling ecdsa v0.16.9
[INFO] [stderr]    Compiling open-fastrlp-derive v0.1.1
[INFO] [stderr]    Compiling sha3 v0.10.8
[INFO] [stderr]    Compiling csv v1.3.1
[INFO] [stderr]    Compiling http v1.1.0
[INFO] [stderr]    Compiling futures-executor v0.3.31
[INFO] [stderr]    Compiling num_enum_derive v0.7.3
[INFO] [stderr]    Compiling auto_impl v1.2.0
[INFO] [stderr]    Compiling sha2 v0.10.8
[INFO] [stderr]    Compiling hyper v0.14.31
[INFO] [stderr]    Compiling sha1 v0.10.6
[INFO] [stderr]    Compiling lazy_static v1.5.0
[INFO] [stderr]    Compiling utf-8 v0.7.6
[INFO] [stderr]    Compiling fastrand v2.2.0
[INFO] [stderr]    Compiling data-encoding v2.6.0
[INFO] [stderr]    Compiling base64 v0.21.7
[INFO] [stderr]    Compiling tempfile v3.14.0
[INFO] [stderr]    Compiling num_enum v0.7.3
[INFO] [stderr]    Compiling rustls-pemfile v1.0.4
[INFO] [stderr]    Compiling tungstenite v0.21.0
[INFO] [stderr]    Compiling arrow-csv v53.3.0
[INFO] [stderr]    Compiling open-fastrlp v0.1.4
[INFO] [stderr]    Compiling k256 v0.13.4
[INFO] [stderr]    Compiling arrow-json v53.3.0
[INFO] [stderr]    Compiling arrow-ipc v53.3.0
[INFO] [stderr]    Compiling hyper-tls v0.5.0
[INFO] [stderr]    Compiling futures v0.3.31
[INFO] [stderr]    Compiling ethabi v18.0.0
[INFO] [stderr]    Compiling arrow-ord v53.3.0
[INFO] [stderr]    Compiling arrow-string v53.3.0
[INFO] [stderr]    Compiling arrow-row v53.3.0
[INFO] [stderr]    Compiling arrow-arith v53.3.0
[INFO] [stderr]    Compiling serde_urlencoded v0.7.1
[INFO] [stderr]    Compiling const-hex v1.14.0
[INFO] [stderr]    Compiling encoding_rs v0.8.35
[INFO] [stderr]    Compiling ipnet v2.10.1
[INFO] [stderr]    Compiling unicode-xid v0.2.6
[INFO] [stderr]    Compiling mime v0.3.17
[INFO] [stderr]    Compiling sync_wrapper v0.1.2
[INFO] [stderr]    Compiling ethers-core v2.0.14
[INFO] [stderr]    Compiling arrow v53.3.0
[INFO] [stderr]    Compiling csv-async v1.3.0
[INFO] [stderr]    Compiling tokio-tungstenite v0.21.0
[INFO] [stderr]    Compiling tokio-stream v0.1.17
[INFO] [stderr]    Compiling uuid v1.11.0
[INFO] [stderr]    Compiling reqwest v0.11.27
[INFO] [stderr]    Compiling async-trait v0.1.83
[INFO] [stderr]    Compiling num-derive v0.4.2
[INFO] [stderr]    Compiling pangea-client v0.3.1 (/opt/rustwide/workdir)
[INFO] [stderr]     Finished `dev` profile [unoptimized + debuginfo] target(s) in 3m 55s
[INFO] running `Command { std: "docker" "inspect" "c425b545e92af9c9c053abe5f1a63f514a225b72224a5588399f819ab27139bc", kill_on_drop: false }`
[INFO] running `Command { std: "docker" "rm" "-f" "c425b545e92af9c9c053abe5f1a63f514a225b72224a5588399f819ab27139bc", kill_on_drop: false }`
[INFO] [stdout] c425b545e92af9c9c053abe5f1a63f514a225b72224a5588399f819ab27139bc
[INFO] running `Command { std: "docker" "create" "-v" "/var/lib/crater-agent-workspace/builds/worker-4-tc1/target:/opt/rustwide/target:rw,Z" "-v" "/var/lib/crater-agent-workspace/builds/worker-4-tc1/source:/opt/rustwide/workdir:ro,Z" "-v" "/var/lib/crater-agent-workspace/cargo-home:/opt/rustwide/cargo-home:ro,Z" "-v" "/var/lib/crater-agent-workspace/rustup-home:/opt/rustwide/rustup-home:ro,Z" "-e" "SOURCE_DIR=/opt/rustwide/workdir" "-e" "CARGO_TARGET_DIR=/opt/rustwide/target" "-e" "CARGO_INCREMENTAL=0" "-e" "RUST_BACKTRACE=full" "-e" "RUSTFLAGS=--cap-lints=warn" "-e" "RUSTDOCFLAGS=--cap-lints=warn" "-e" "CARGO_HOME=/opt/rustwide/cargo-home" "-e" "RUSTUP_HOME=/opt/rustwide/rustup-home" "-w" "/opt/rustwide/workdir" "-m" "1610612736" "--user" "0:0" "--network" "none" "ghcr.io/rust-lang/crates-build-env/linux@sha256:f3a9d4ad9d972b27faf3965f35b62e55ba32bbce8f20bc8fe909558a86702fde" "/opt/rustwide/cargo-home/bin/cargo" "+1.83.0" "test" "--frozen" "--no-run" "--message-format=json", kill_on_drop: false }`
[INFO] [stdout] 389e4afc8a96b08241f8916e3f168148d42672f6a5f79721ea3f50902ef067f7
[INFO] running `Command { std: "docker" "start" "-a" "389e4afc8a96b08241f8916e3f168148d42672f6a5f79721ea3f50902ef067f7", kill_on_drop: false }`
[INFO] [stderr]    Compiling tokio v1.42.0
[INFO] [stderr]    Compiling log v0.4.22
[INFO] [stderr]    Compiling utf8parse v0.2.2
[INFO] [stderr]    Compiling colorchoice v1.0.3
[INFO] [stderr]    Compiling anstyle-query v1.1.2
[INFO] [stderr]    Compiling anstyle v1.0.10
[INFO] [stderr]    Compiling is_terminal_polyfill v1.70.1
[INFO] [stderr]    Compiling humantime v2.1.0
[INFO] [stderr]    Compiling anstyle-parse v0.2.6
[INFO] [stderr]    Compiling assert-json-diff v2.0.2
[INFO] [stderr]    Compiling dotenvy v0.15.7
[INFO] [stderr]    Compiling native-tls v0.2.12
[INFO] [stderr]    Compiling anstream v0.6.18
[INFO] [stderr]    Compiling env_filter v0.1.2
[INFO] [stderr]    Compiling tungstenite v0.21.0
[INFO] [stderr]    Compiling env_logger v0.11.5
[INFO] [stderr]    Compiling tokio-util v0.7.12
[INFO] [stderr]    Compiling tokio-native-tls v0.3.1
[INFO] [stderr]    Compiling tokio-tungstenite v0.21.0
[INFO] [stderr]    Compiling h2 v0.3.26
[INFO] [stderr]    Compiling tokio-stream v0.1.17
[INFO] [stderr]    Compiling hyper v0.14.31
[INFO] [stderr]    Compiling hyper-tls v0.5.0
[INFO] [stderr]    Compiling reqwest v0.11.27
[INFO] [stderr]    Compiling pangea-client v0.3.1 (/opt/rustwide/workdir)
[INFO] [stderr]     Finished `test` profile [unoptimized + debuginfo] target(s) in 36.51s
[INFO] running `Command { std: "docker" "inspect" "389e4afc8a96b08241f8916e3f168148d42672f6a5f79721ea3f50902ef067f7", kill_on_drop: false }`
[INFO] running `Command { std: "docker" "rm" "-f" "389e4afc8a96b08241f8916e3f168148d42672f6a5f79721ea3f50902ef067f7", kill_on_drop: false }`
[INFO] [stdout] 389e4afc8a96b08241f8916e3f168148d42672f6a5f79721ea3f50902ef067f7
[INFO] running `Command { std: "docker" "create" "-v" "/var/lib/crater-agent-workspace/builds/worker-4-tc1/target:/opt/rustwide/target:rw,Z" "-v" "/var/lib/crater-agent-workspace/builds/worker-4-tc1/source:/opt/rustwide/workdir:ro,Z" "-v" "/var/lib/crater-agent-workspace/cargo-home:/opt/rustwide/cargo-home:ro,Z" "-v" "/var/lib/crater-agent-workspace/rustup-home:/opt/rustwide/rustup-home:ro,Z" "-e" "SOURCE_DIR=/opt/rustwide/workdir" "-e" "CARGO_TARGET_DIR=/opt/rustwide/target" "-e" "CARGO_INCREMENTAL=0" "-e" "RUST_BACKTRACE=full" "-e" "RUSTFLAGS=--cap-lints=warn" "-e" "RUSTDOCFLAGS=--cap-lints=warn" "-e" "CARGO_HOME=/opt/rustwide/cargo-home" "-e" "RUSTUP_HOME=/opt/rustwide/rustup-home" "-w" "/opt/rustwide/workdir" "-m" "1610612736" "--user" "0:0" "--network" "none" "ghcr.io/rust-lang/crates-build-env/linux@sha256:f3a9d4ad9d972b27faf3965f35b62e55ba32bbce8f20bc8fe909558a86702fde" "/opt/rustwide/cargo-home/bin/cargo" "+1.83.0" "test" "--frozen", kill_on_drop: false }`
[INFO] [stdout] eb30ad4abec60c848ed83e052065e06d360d74e6e0078c027caddf9e5fc047ef
[INFO] running `Command { std: "docker" "start" "-a" "eb30ad4abec60c848ed83e052065e06d360d74e6e0078c027caddf9e5fc047ef", kill_on_drop: false }`
[INFO] [stderr]     Finished `test` profile [unoptimized + debuginfo] target(s) in 0.33s
[INFO] [stderr]      Running unittests src/lib.rs (/opt/rustwide/target/debug/deps/pangea_client-fa1d66d56c584a1b)
[INFO] [stdout] 
[INFO] [stdout] running 0 tests
[INFO] [stdout] 
[INFO] [stdout] test result: ok. 0 passed; 0 failed; 0 ignored; 0 measured; 0 filtered out; finished in 0.00s
[INFO] [stdout] 
[INFO] [stderr]    Doc-tests pangea_client
[INFO] [stdout] 
[INFO] [stdout] running 4 tests
[INFO] [stdout] test src/core/builder.rs - core::builder::ClientBuilder (line 90) ... FAILED
[INFO] [stdout] test src/core/builder.rs - core::builder::ClientBuilder (line 27) ... ok
[INFO] [stdout] test src/core/builder.rs - core::builder::ClientBuilder (line 44) ... ok
[INFO] [stdout] test src/core/builder.rs - core::builder::ClientBuilder (line 18) ... ok
[INFO] [stdout] 
[INFO] [stdout] failures:
[INFO] [stdout] 
[INFO] [stdout] ---- src/core/builder.rs - core::builder::ClientBuilder (line 90) stdout ----
[INFO] [stdout] error: linking with `cc` failed: exit status: 1
[INFO] [stdout]   |
[INFO] [stdout]   = note: LC_ALL="C" PATH="/opt/rustwide/rustup-home/toolchains/1.83.0-x86_64-unknown-linux-gnu/lib/rustlib/x86_64-unknown-linux-gnu/bin:/opt/rustwide/cargo-home/bin:/usr/local/sbin:/usr/local/bin:/usr/sbin:/usr/bin:/sbin:/bin" VSLANG="1033" "cc" "-m64" "/tmp/rustc0Si6r8/symbols.o" "/tmp/rustdoctestrJO2eC/rust_out.rust_out.cb03291d53e4e161-cgu.0.rcgu.o" "/tmp/rustdoctestrJO2eC/rust_out.1s7umcihpz0t7nkz1uc2ifee9.rcgu.o" "-Wl,--as-needed" "-Wl,-Bstatic" "/opt/rustwide/target/debug/deps/libpangea_client-2e9668a479758c8e.rlib" "/opt/rustwide/target/debug/deps/libcsv_async-68e35b8376e388e1.rlib" "/opt/rustwide/target/debug/deps/libcsv_core-77664cc04dc9d631.rlib" "/opt/rustwide/target/debug/deps/libuuid-7199217d1abacde9.rlib" "/opt/rustwide/target/debug/deps/libtokio_tungstenite-a2b69e645cfce581.rlib" "/opt/rustwide/target/debug/deps/libtungstenite-234733d08d5520cc.rlib" "/opt/rustwide/target/debug/deps/libdata_encoding-8027432d1fb711ac.rlib" "/opt/rustwide/target/debug/deps/libutf8-6651985623c0c0fd.rlib" "/opt/rustwide/target/debug/deps/libsha1-4db0216fb4317c23.rlib" "/opt/rustwide/target/debug/deps/libtokio_stream-8aa90c42674af741.rlib" "/opt/rustwide/target/debug/deps/libhttp-b46e64e791d063b2.rlib" "/opt/rustwide/target/debug/deps/libreqwest-2238f75bef6f76dd.rlib" "/opt/rustwide/target/debug/deps/librustls_pemfile-b4469f59e1b4f2e0.rlib" "/opt/rustwide/target/debug/deps/libhyper_tls-2f46dc7138fd9cfb.rlib" "/opt/rustwide/target/debug/deps/libserde_urlencoded-20ff4c41a2f3880e.rlib" "/opt/rustwide/target/debug/deps/libbase64-c3b18b0672582aa9.rlib" "/opt/rustwide/target/debug/deps/libipnet-8bcb02e74b665020.rlib" "/opt/rustwide/target/debug/deps/libtokio_native_tls-bf5773fe1d56d6e2.rlib" "/opt/rustwide/target/debug/deps/libmime-566b615028bbb9d4.rlib" "/opt/rustwide/target/debug/deps/libencoding_rs-769073f1aea0b84b.rlib" "/opt/rustwide/target/debug/deps/libnative_tls-e25673a0307eb526.rlib" "/opt/rustwide/target/debug/deps/libopenssl_probe-111dcb0b3b714b0f.rlib" "/opt/rustwide/target/debug/deps/libopenssl-0adf54f7c60ca0ff.rlib" "/opt/rustwide/target/debug/deps/libforeign_types-504d8dbdd27ff197.rlib" "/opt/rustwide/target/debug/deps/libforeign_types_shared-f6b6a54f87ce1292.rlib" "/opt/rustwide/target/debug/deps/libopenssl_sys-7d4c536a7a33ca08.rlib" "/opt/rustwide/target/debug/deps/libhyper-b126d367bed157ce.rlib" "/opt/rustwide/target/debug/deps/libwant-3f13e9c0d2560241.rlib" "/opt/rustwide/target/debug/deps/libtry_lock-f3f4362ed4ca7e4a.rlib" "/opt/rustwide/target/debug/deps/libhttparse-63cb856626cec0ca.rlib" "/opt/rustwide/target/debug/deps/libh2-15fd41dbcd81faf5.rlib" "/opt/rustwide/target/debug/deps/libindexmap-10fc62c8bb74c388.rlib" "/opt/rustwide/target/debug/deps/libequivalent-4d5cfde55792e26d.rlib" "/opt/rustwide/target/debug/deps/libhashbrown-62cdb64ce3ed52bb.rlib" "/opt/rustwide/target/debug/deps/libtower_service-153488c259ad6c35.rlib" "/opt/rustwide/target/debug/deps/libtracing-317ebb7eaeddbafb.rlib" "/opt/rustwide/target/debug/deps/libtracing_core-9b2ef5bfdc695f2a.rlib" "/opt/rustwide/target/debug/deps/libtokio_util-9e93f42bff20a123.rlib" "/opt/rustwide/target/debug/deps/libtokio-40905482f895534b.rlib" "/opt/rustwide/target/debug/deps/libsignal_hook_registry-af0d39d70df5242a.rlib" "/opt/rustwide/target/debug/deps/libsocket2-ee67d2d054726d72.rlib" "/opt/rustwide/target/debug/deps/libmio-b522efc94b54a4f7.rlib" "/opt/rustwide/target/debug/deps/libsync_wrapper-7e107893d08c1041.rlib" "/opt/rustwide/target/debug/deps/libhttp_body-39edaa2644ee63b6.rlib" "/opt/rustwide/target/debug/deps/liblog-6d50fe4853ae55d4.rlib" "/opt/rustwide/target/debug/deps/liburl-3879c530de842d72.rlib" "/opt/rustwide/target/debug/deps/libidna-a5c84fb26325f1a4.rlib" "/opt/rustwide/target/debug/deps/libidna_adapter-7ecfad9c79410921.rlib" "/opt/rustwide/target/debug/deps/libicu_normalizer-d0a250f906327f69.rlib" "/opt/rustwide/target/debug/deps/libicu_normalizer_data-762e61f43eae08c2.rlib" "/opt/rustwide/target/debug/deps/libwrite16-85fd16f27fd45657.rlib" "/opt/rustwide/target/debug/deps/libutf8_iter-fbf995b92c341ba3.rlib" "/opt/rustwide/target/debug/deps/libutf16_iter-83f8708e12b6535a.rlib" "/opt/rustwide/target/debug/deps/libsmallvec-01f95b0ceff06af9.rlib" "/opt/rustwide/target/debug/deps/libicu_properties-4f0aacaa4e006cbc.rlib" "/opt/rustwide/target/debug/deps/libicu_properties_data-52a01acc947e4a6d.rlib" "/opt/rustwide/target/debug/deps/libicu_locid_transform-86a31a2ba3bc49f3.rlib" "/opt/rustwide/target/debug/deps/libicu_locid_transform_data-38f8208716c2d35a.rlib" "/opt/rustwide/target/debug/deps/libicu_collections-45f06e0f98da5aa7.rlib" "/opt/rustwide/target/debug/deps/libicu_provider-b33241e03fcb0d1b.rlib" "/opt/rustwide/target/debug/deps/libicu_locid-57927dd1321264dd.rlib" "/opt/rustwide/target/debug/deps/liblitemap-a0ca3b3971bb4be7.rlib" "/opt/rustwide/target/debug/deps/libtinystr-e701c31b6408cdbc.rlib" "/opt/rustwide/target/debug/deps/libzerovec-140d18236b1b859b.rlib" "/opt/rustwide/target/debug/deps/libwriteable-c63e282ed55b92df.rlib" "/opt/rustwide/target/debug/deps/libyoke-c3686be1c83072a7.rlib" "/opt/rustwide/target/debug/deps/libzerofrom-942a239d4238ad4a.rlib" "/opt/rustwide/target/debug/deps/libstable_deref_trait-3602560bab1848e8.rlib" "/opt/rustwide/target/debug/deps/libform_urlencoded-533db7122d3ddfc5.rlib" "/opt/rustwide/target/debug/deps/libpercent_encoding-88cba40a7181d984.rlib" "/opt/rustwide/target/debug/deps/libhttp-67778dfe794a52ae.rlib" "/opt/rustwide/target/debug/deps/libfnv-b4bd047f342dff07.rlib" "/opt/rustwide/target/debug/deps/libbase64-1d5853d8a2dd9229.rlib" "/opt/rustwide/target/debug/deps/libethers_core-1595fdad59b41364.rlib" "/opt/rustwide/target/debug/deps/libconst_hex-6e56d7f34554fb5f.rlib" "/opt/rustwide/target/debug/deps/libtempfile-20cd38fb5ebf38fe.rlib" "/opt/rustwide/target/debug/deps/libfastrand-ba48404f2e373a46.rlib" "/opt/rustwide/target/debug/deps/librustix-2f0e5f1cb47ae3a5.rlib" "/opt/rustwide/target/debug/deps/libbitflags-e3f7c5486a00e38a.rlib" "/opt/rustwide/target/debug/deps/liblinux_raw_sys-e828328f9118a1ee.rlib" "/opt/rustwide/target/debug/deps/libunicode_xid-7a316b7d06f2b2a2.rlib" "/opt/rustwide/target/debug/deps/libnum_enum-5c7aa89d48be9902.rlib" "/opt/rustwide/target/debug/deps/libstrum-596f4f8d664e856e.rlib" "/opt/rustwide/target/debug/deps/libk256-84b85c4561df69d6.rlib" "/opt/rustwide/target/debug/deps/libsha2-440172e8b9fb674d.rlib" "/opt/rustwide/target/debug/deps/libcpufeatures-9ef920896d0c969a.rlib" "/opt/rustwide/target/debug/deps/libecdsa-daa3908284eb889c.rlib" "/opt/rustwide/target/debug/deps/librfc6979-945bdb70819ecee7.rlib" "/opt/rustwide/target/debug/deps/libhmac-5c8da18250f5fc5a.rlib" "/opt/rustwide/target/debug/deps/libspki-25b3863c2003d47e.rlib" "/opt/rustwide/target/debug/deps/libsignature-e3f8b49fda43e7ff.rlib" "/opt/rustwide/target/debug/deps/libelliptic_curve-b7504de55e742ca9.rlib" "/opt/rustwide/target/debug/deps/libsec1-12f187606e3380c6.rlib" "/opt/rustwide/target/debug/deps/libder-8012ffe428975501.rlib" "/opt/rustwide/target/debug/deps/libcrypto_bigint-402a7b57367b22e6.rlib" "/opt/rustwide/target/debug/deps/libbase16ct-f4591a35abf2ea4a.rlib" "/opt/rustwide/target/debug/deps/libgroup-0a8132ceb65a1cc9.rlib" "/opt/rustwide/target/debug/deps/libff-33a1d0efca0d79fd.rlib" "/opt/rustwide/target/debug/deps/libchrono-b4e970cb45c8e6e1.rlib" "/opt/rustwide/target/debug/deps/libnum_traits-fa7f7512062a9aed.rlib" "/opt/rustwide/target/debug/deps/libiana_time_zone-327d1375b89fcc29.rlib" "/opt/rustwide/target/debug/deps/libopen_fastrlp-63bfbd2651f15207.rlib" "/opt/rustwide/target/debug/deps/libethabi-cc8bb9eeca2daccb.rlib" "/opt/rustwide/target/debug/deps/libregex-d95b326e6b6c6daa.rlib" "/opt/rustwide/target/debug/deps/libregex_automata-fb68867d3d4723af.rlib" "/opt/rustwide/target/debug/deps/libaho_corasick-ca3c2ec2e6ffa0c6.rlib" "/opt/rustwide/target/debug/deps/libregex_syntax-155e812807b49638.rlib" "/opt/rustwide/target/debug/deps/libserde_json-db5c45441cd3a707.rlib" "/opt/rustwide/target/debug/deps/libitoa-e8776415c5fe0047.rlib" "/opt/rustwide/target/debug/deps/libryu-bba83beca99dd7c0.rlib" "/opt/rustwide/target/debug/deps/libethereum_types-a24f638b664a802e.rlib" "/opt/rustwide/target/debug/deps/libethbloom-12dca8394ba739c4.rlib" "/opt/rustwide/target/debug/deps/libtiny_keccak-1fca43e4734370ce.rlib" "/opt/rustwide/target/debug/deps/libprimitive_types-54155249631bb8a5.rlib" "/opt/rustwide/target/debug/deps/libscale_info-b5dc1e30ce706c1e.rlib" "/opt/rustwide/target/debug/deps/libderive_more-043a828cf1f3a782.rlib" "/opt/rustwide/target/debug/deps/libimpl_serde-9098cf7dccf29874.rlib" "/opt/rustwide/target/debug/deps/libimpl_rlp-3434f6895bcce08e.rlib" "/opt/rustwide/target/debug/deps/librlp-781b75c02c8ed995.rlib" "/opt/rustwide/target/debug/deps/libbytes-71ad6cec51248566.rlib" "/opt/rustwide/target/debug/deps/libimpl_codec-dcff81b6356853ea.rlib" "/opt/rustwide/target/debug/deps/libparity_scale_codec-4731134de798497c.rlib" "/opt/rustwide/target/debug/deps/libarrayvec-dcbc86b9b46e39a1.rlib" "/opt/rustwide/target/debug/deps/libbyte_slice_cast-bc85ce8c6f387ef8.rlib" "/opt/rustwide/target/debug/deps/libfixed_hash-3a2c01c28b6cfa1a.rlib" "/opt/rustwide/target/debug/deps/librand-e2c5ddda6185808f.rlib" "/opt/rustwide/target/debug/deps/librand_chacha-d9ea66fb1ce0eef6.rlib" "/opt/rustwide/target/debug/deps/libppv_lite86-f9830d514bd3ec1b.rlib" "/opt/rustwide/target/debug/deps/libzerocopy-976541d733ed1b5d.rlib" "/opt/rustwide/target/debug/deps/librand_core-dbe602ae5f00b64b.rlib" "/opt/rustwide/target/debug/deps/libgetrandom-c06203ffbe87d000.rlib" "/opt/rustwide/target/debug/deps/liblibc-b1cd0bd0a4e979c5.rlib" "/opt/rustwide/target/debug/deps/libcfg_if-8217498f8667ada9.rlib" "/opt/rustwide/target/debug/deps/librustc_hex-00df1cbcf9bb24f5.rlib" "/opt/rustwide/target/debug/deps/libonce_cell-6f631f2a5f71cecc.rlib" "/opt/rustwide/target/debug/deps/libsha3-a28d555243499fff.rlib" "/opt/rustwide/target/debug/deps/libkeccak-54781c238219136d.rlib" "/opt/rustwide/target/debug/deps/libdigest-f0f9090047f77396.rlib" "/opt/rustwide/target/debug/deps/libsubtle-2ce88af28e4b2441.rlib" "/opt/rustwide/target/debug/deps/libconst_oid-101706bfd026e31e.rlib" "/opt/rustwide/target/debug/deps/libblock_buffer-c4be933780d723d0.rlib" "/opt/rustwide/target/debug/deps/libcrypto_common-3692eb6f97656b53.rlib" "/opt/rustwide/target/debug/deps/libgeneric_array-676f9743a225f525.rlib" "/opt/rustwide/target/debug/deps/libtypenum-f8bcce2b4da82a7e.rlib" "/opt/rustwide/target/debug/deps/libzeroize-2f2642ea550ae970.rlib" "/opt/rustwide/target/debug/deps/libuint-e748333dceb08aba.rlib" "/opt/rustwide/target/debug/deps/libcrunchy-08f4843c0a638580.rlib" "/opt/rustwide/target/debug/deps/libstatic_assertions-3e50e277f96a204d.rlib" "/opt/rustwide/target/debug/deps/libhex-79dde9c82a842c54.rlib" "/opt/rustwide/target/debug/deps/libbyteorder-f47bc0e1adee4793.rlib" "/opt/rustwide/target/debug/deps/libthiserror-aaacfd6c558ac3da.rlib" "/opt/rustwide/target/debug/deps/libserde-c88b0a8cfc5931f9.rlib" "/opt/rustwide/target/debug/deps/libfutures-b01318c7ea43dc9d.rlib" "/opt/rustwide/target/debug/deps/libfutures_executor-e923a1e0c54fc82f.rlib" "/opt/rustwide/target/debug/deps/libfutures_util-9c7dd1ab0e89a60a.rlib" "/opt/rustwide/target/debug/deps/libmemchr-a61794c77f52d343.rlib" "/opt/rustwide/target/debug/deps/libfutures_io-306100ebd700a899.rlib" "/opt/rustwide/target/debug/deps/libslab-083dd68e0bc19c95.rlib" "/opt/rustwide/target/debug/deps/libfutures_channel-c27f4a4ff696df8c.rlib" "/opt/rustwide/target/debug/deps/libpin_project_lite-be51d264b86b6c5b.rlib" "/opt/rustwide/target/debug/deps/libfutures_sink-140504a081023950.rlib" "/opt/rustwide/target/debug/deps/libfutures_task-b8cf8cc4fcc89c75.rlib" "/opt/rustwide/target/debug/deps/libpin_utils-6bd6355de79f98af.rlib" "/opt/rustwide/target/debug/deps/libfutures_core-6acc1f6b4df0dd33.rlib" "/opt/rustwide/target/debug/deps/liblazy_static-977f75dcedc2f7be.rlib" "/opt/rustwide/rustup-home/toolchains/1.83.0-x86_64-unknown-linux-gnu/lib/rustlib/x86_64-unknown-linux-gnu/lib/libstd-ca74a2d9c5166d9f.rlib" "/opt/rustwide/rustup-home/toolchains/1.83.0-x86_64-unknown-linux-gnu/lib/rustlib/x86_64-unknown-linux-gnu/lib/libpanic_unwind-e31ab23316ed5080.rlib" "/opt/rustwide/rustup-home/toolchains/1.83.0-x86_64-unknown-linux-gnu/lib/rustlib/x86_64-unknown-linux-gnu/lib/libobject-27dc4aa955912662.rlib" "/opt/rustwide/rustup-home/toolchains/1.83.0-x86_64-unknown-linux-gnu/lib/rustlib/x86_64-unknown-linux-gnu/lib/libmemchr-bd0d6cccce077b99.rlib" "/opt/rustwide/rustup-home/toolchains/1.83.0-x86_64-unknown-linux-gnu/lib/rustlib/x86_64-unknown-linux-gnu/lib/libaddr2line-8d001680935b5e3c.rlib" "/opt/rustwide/rustup-home/toolchains/1.83.0-x86_64-unknown-linux-gnu/lib/rustlib/x86_64-unknown-linux-gnu/lib/libgimli-ba8ce71964f984f4.rlib" "/opt/rustwide/rustup-home/toolchains/1.83.0-x86_64-unknown-linux-gnu/lib/rustlib/x86_64-unknown-linux-gnu/lib/librustc_demangle-99a73526abcec14b.rlib" "/opt/rustwide/rustup-home/toolchains/1.83.0-x86_64-unknown-linux-gnu/lib/rustlib/x86_64-unknown-linux-gnu/lib/libstd_detect-63ac0d22cff92579.rlib" "/opt/rustwide/rustup-home/toolchains/1.83.0-x86_64-unknown-linux-gnu/lib/rustlib/x86_64-unknown-linux-gnu/lib/libhashbrown-9057355c92c922d5.rlib" "/opt/rustwide/rustup-home/toolchains/1.83.0-x86_64-unknown-linux-gnu/lib/rustlib/x86_64-unknown-linux-gnu/lib/librustc_std_workspace_alloc-358be9bc1f6bab04.rlib" "/opt/rustwide/rustup-home/toolchains/1.83.0-x86_64-unknown-linux-gnu/lib/rustlib/x86_64-unknown-linux-gnu/lib/libminiz_oxide-aca15549d5bff974.rlib" "/opt/rustwide/rustup-home/toolchains/1.83.0-x86_64-unknown-linux-gnu/lib/rustlib/x86_64-unknown-linux-gnu/lib/libadler-8251d2cef7072448.rlib" "/opt/rustwide/rustup-home/toolchains/1.83.0-x86_64-unknown-linux-gnu/lib/rustlib/x86_64-unknown-linux-gnu/lib/libunwind-7d50b86011c66411.rlib" "/opt/rustwide/rustup-home/toolchains/1.83.0-x86_64-unknown-linux-gnu/lib/rustlib/x86_64-unknown-linux-gnu/lib/libcfg_if-51ea098fce5006bf.rlib" "/opt/rustwide/rustup-home/toolchains/1.83.0-x86_64-unknown-linux-gnu/lib/rustlib/x86_64-unknown-linux-gnu/lib/liblibc-5a14e0d0b712e731.rlib" "/opt/rustwide/rustup-home/toolchains/1.83.0-x86_64-unknown-linux-gnu/lib/rustlib/x86_64-unknown-linux-gnu/lib/liballoc-8b83dbf3a7b8f999.rlib" "/opt/rustwide/rustup-home/toolchains/1.83.0-x86_64-unknown-linux-gnu/lib/rustlib/x86_64-unknown-linux-gnu/lib/librustc_std_workspace_core-c6fd227bdc7b39ff.rlib" "/opt/rustwide/rustup-home/toolchains/1.83.0-x86_64-unknown-linux-gnu/lib/rustlib/x86_64-unknown-linux-gnu/lib/libcore-959d3389fa3da8a5.rlib" "/opt/rustwide/rustup-home/toolchains/1.83.0-x86_64-unknown-linux-gnu/lib/rustlib/x86_64-unknown-linux-gnu/lib/libcompiler_builtins-abe05db089cc2c62.rlib" "-Wl,-Bdynamic" "-lssl" "-lcrypto" "-lgcc_s" "-lutil" "-lrt" "-lpthread" "-lm" "-ldl" "-lc" "-Wl,--eh-frame-hdr" "-Wl,-z,noexecstack" "-L" "/opt/rustwide/rustup-home/toolchains/1.83.0-x86_64-unknown-linux-gnu/lib/rustlib/x86_64-unknown-linux-gnu/lib" "-o" "/tmp/rustdoctestrJO2eC/rust_out" "-Wl,--gc-sections" "-pie" "-Wl,-z,relro,-z,now" "-nodefaultlibs"
[INFO] [stdout]   = note: collect2: fatal error: ld terminated with signal 9 [Killed]
[INFO] [stdout]           compilation terminated.
[INFO] [stdout]           
[INFO] [stdout] 
[INFO] [stdout] error: aborting due to 1 previous error
[INFO] [stdout] 
[INFO] [stdout] Couldn't compile the test.
[INFO] [stdout] 
[INFO] [stdout] failures:
[INFO] [stdout]     src/core/builder.rs - core::builder::ClientBuilder (line 90)
[INFO] [stdout] 
[INFO] [stdout] test result: FAILED. 3 passed; 1 failed; 0 ignored; 0 measured; 0 filtered out; finished in 15.54s
[INFO] [stdout] 
[INFO] [stderr] error: doctest failed, to rerun pass `--doc`
[INFO] running `Command { std: "docker" "inspect" "eb30ad4abec60c848ed83e052065e06d360d74e6e0078c027caddf9e5fc047ef", kill_on_drop: false }`
[INFO] running `Command { std: "docker" "rm" "-f" "eb30ad4abec60c848ed83e052065e06d360d74e6e0078c027caddf9e5fc047ef", kill_on_drop: false }`
[INFO] [stdout] eb30ad4abec60c848ed83e052065e06d360d74e6e0078c027caddf9e5fc047ef
