[INFO] fetching crate openjpeg2-sys 0.1.4...
[INFO] testing openjpeg2-sys-0.1.4 against beta-2024-12-08 for beta-1.84.0-4-retry
[INFO] extracting crate openjpeg2-sys 0.1.4 into /workspace/builds/worker-2-tc2/source
[INFO] validating manifest of crates.io crate openjpeg2-sys 0.1.4 on toolchain beta-2024-12-08
[INFO] running `Command { std: CARGO_HOME="/workspace/cargo-home" RUSTUP_HOME="/workspace/rustup-home" "/workspace/cargo-home/bin/cargo" "+beta-2024-12-08" "metadata" "--manifest-path" "Cargo.toml" "--no-deps", kill_on_drop: false }`
[INFO] started tweaking crates.io crate openjpeg2-sys 0.1.4
[INFO] finished tweaking crates.io crate openjpeg2-sys 0.1.4
[INFO] tweaked toml for crates.io crate openjpeg2-sys 0.1.4 written to /workspace/builds/worker-2-tc2/source/Cargo.toml
[INFO] running `Command { std: CARGO_HOME="/workspace/cargo-home" RUSTUP_HOME="/workspace/rustup-home" "/workspace/cargo-home/bin/cargo" "+beta-2024-12-08" "generate-lockfile" "--manifest-path" "Cargo.toml", kill_on_drop: false }`
[INFO] [stderr]     Updating crates.io index
[INFO] [stderr]      Locking 53 packages to latest compatible versions
[INFO] [stderr]       Adding bindgen v0.51.1 (available: v0.71.1)
[INFO] running `Command { std: CARGO_HOME="/workspace/cargo-home" RUSTUP_HOME="/workspace/rustup-home" "/workspace/cargo-home/bin/cargo" "+beta-2024-12-08" "fetch" "--manifest-path" "Cargo.toml", kill_on_drop: false }`
[INFO] [stderr] warning: no edition set: defaulting to the 2015 edition while the latest is 2021
[INFO] running `Command { std: "docker" "create" "-v" "/var/lib/crater-agent-workspace/builds/worker-2-tc2/target:/opt/rustwide/target:rw,Z" "-v" "/var/lib/crater-agent-workspace/builds/worker-2-tc2/source:/opt/rustwide/workdir:ro,Z" "-v" "/var/lib/crater-agent-workspace/cargo-home:/opt/rustwide/cargo-home:ro,Z" "-v" "/var/lib/crater-agent-workspace/rustup-home:/opt/rustwide/rustup-home:ro,Z" "-e" "SOURCE_DIR=/opt/rustwide/workdir" "-e" "CARGO_TARGET_DIR=/opt/rustwide/target" "-e" "CARGO_HOME=/opt/rustwide/cargo-home" "-e" "RUSTUP_HOME=/opt/rustwide/rustup-home" "-w" "/opt/rustwide/workdir" "-m" "1610612736" "--user" "0:0" "--network" "none" "ghcr.io/rust-lang/crates-build-env/linux@sha256:f3a9d4ad9d972b27faf3965f35b62e55ba32bbce8f20bc8fe909558a86702fde" "/opt/rustwide/cargo-home/bin/cargo" "+beta-2024-12-08" "metadata" "--no-deps" "--format-version=1", kill_on_drop: false }`
[INFO] [stdout] 727c90401bc1c1da1f0c58e3aaf915cc2d65113a1c3eaf955c96fdab63b7f57e
[INFO] running `Command { std: "docker" "start" "-a" "727c90401bc1c1da1f0c58e3aaf915cc2d65113a1c3eaf955c96fdab63b7f57e", kill_on_drop: false }`
[INFO] running `Command { std: "docker" "inspect" "727c90401bc1c1da1f0c58e3aaf915cc2d65113a1c3eaf955c96fdab63b7f57e", kill_on_drop: false }`
[INFO] running `Command { std: "docker" "rm" "-f" "727c90401bc1c1da1f0c58e3aaf915cc2d65113a1c3eaf955c96fdab63b7f57e", kill_on_drop: false }`
[INFO] [stdout] 727c90401bc1c1da1f0c58e3aaf915cc2d65113a1c3eaf955c96fdab63b7f57e
[INFO] running `Command { std: "docker" "create" "-v" "/var/lib/crater-agent-workspace/builds/worker-2-tc2/target:/opt/rustwide/target:rw,Z" "-v" "/var/lib/crater-agent-workspace/builds/worker-2-tc2/source:/opt/rustwide/workdir:ro,Z" "-v" "/var/lib/crater-agent-workspace/cargo-home:/opt/rustwide/cargo-home:ro,Z" "-v" "/var/lib/crater-agent-workspace/rustup-home:/opt/rustwide/rustup-home:ro,Z" "-e" "SOURCE_DIR=/opt/rustwide/workdir" "-e" "CARGO_TARGET_DIR=/opt/rustwide/target" "-e" "CARGO_INCREMENTAL=0" "-e" "RUST_BACKTRACE=full" "-e" "RUSTFLAGS=--cap-lints=warn" "-e" "RUSTDOCFLAGS=--cap-lints=warn" "-e" "CARGO_HOME=/opt/rustwide/cargo-home" "-e" "RUSTUP_HOME=/opt/rustwide/rustup-home" "-w" "/opt/rustwide/workdir" "-m" "1610612736" "--user" "0:0" "--network" "none" "ghcr.io/rust-lang/crates-build-env/linux@sha256:f3a9d4ad9d972b27faf3965f35b62e55ba32bbce8f20bc8fe909558a86702fde" "/opt/rustwide/cargo-home/bin/cargo" "+beta-2024-12-08" "build" "--frozen" "--message-format=json", kill_on_drop: false }`
[INFO] [stdout] 0924babd0eb59490538a26ed3e581f63419f21bf6632b86fed82849f53bbffd7
[INFO] running `Command { std: "docker" "start" "-a" "0924babd0eb59490538a26ed3e581f63419f21bf6632b86fed82849f53bbffd7", kill_on_drop: false }`
[INFO] [stderr] warning: no edition set: defaulting to the 2015 edition while the latest is 2021
[INFO] [stderr]    Compiling libc v0.2.168
[INFO] [stderr]    Compiling memchr v2.7.4
[INFO] [stderr]    Compiling shlex v1.3.0
[INFO] [stderr]    Compiling glob v0.3.1
[INFO] [stderr]    Compiling version_check v0.1.5
[INFO] [stderr]    Compiling proc-macro2 v1.0.92
[INFO] [stderr]    Compiling regex-syntax v0.8.5
[INFO] [stderr]    Compiling unicode-ident v1.0.14
[INFO] [stderr]    Compiling cc v1.2.4
[INFO] [stderr]    Compiling quick-error v1.2.3
[INFO] [stderr]    Compiling unicode-width v0.1.14
[INFO] [stderr]    Compiling nom v4.2.3
[INFO] [stderr]    Compiling textwrap v0.11.0
[INFO] [stderr]    Compiling humantime v1.3.0
[INFO] [stderr]    Compiling clang-sys v0.28.1
[INFO] [stderr]    Compiling aho-corasick v1.1.3
[INFO] [stderr]    Compiling bitflags v1.3.2
[INFO] [stderr]    Compiling vec_map v0.8.2
[INFO] [stderr]    Compiling log v0.4.22
[INFO] [stderr]    Compiling ansi_term v0.12.1
[INFO] [stderr]    Compiling termcolor v1.4.1
[INFO] [stderr]    Compiling bindgen v0.51.1
[INFO] [stderr]    Compiling strsim v0.8.0
[INFO] [stderr]    Compiling libloading v0.5.2
[INFO] [stderr]    Compiling atty v0.2.14
[INFO] [stderr]    Compiling cexpr v0.3.6
[INFO] [stderr]    Compiling clap v2.34.0
[INFO] [stderr]    Compiling which v3.1.1
[INFO] [stderr]    Compiling quote v1.0.37
[INFO] [stderr]    Compiling cfg-if v0.1.10
[INFO] [stderr]    Compiling peeking_take_while v0.1.2
[INFO] [stderr]    Compiling shlex v0.1.1
[INFO] [stderr]    Compiling lazy_static v1.5.0
[INFO] [stderr]    Compiling rustc-hash v1.1.0
[INFO] [stderr]    Compiling cmake v0.1.52
[INFO] [stderr]    Compiling regex-automata v0.4.9
[INFO] [stderr]    Compiling regex v1.11.1
[INFO] [stderr]    Compiling env_logger v0.6.2
[INFO] [stderr]    Compiling openjpeg2-sys v0.1.4 (/opt/rustwide/workdir)
[INFO] [stderr] error: failed to run custom build command for `openjpeg2-sys v0.1.4 (/opt/rustwide/workdir)`
[INFO] [stderr] note: To improve backtraces for build dependencies, set the CARGO_PROFILE_DEV_BUILD_OVERRIDE_DEBUG=true environment variable to enable debug information generation.
[INFO] [stderr] 
[INFO] [stderr] Caused by:
[INFO] [stderr]   process didn't exit successfully: `/opt/rustwide/target/debug/build/openjpeg2-sys-2d51e3b45bc3c932/build-script-build` (exit status: 101)
[INFO] [stderr]   --- stdout
[INFO] [stderr]   CMAKE_TOOLCHAIN_FILE_x86_64-unknown-linux-gnu = None
[INFO] [stderr]   CMAKE_TOOLCHAIN_FILE_x86_64_unknown_linux_gnu = None
[INFO] [stderr]   HOST_CMAKE_TOOLCHAIN_FILE = None
[INFO] [stderr]   CMAKE_TOOLCHAIN_FILE = None
[INFO] [stderr]   CMAKE_GENERATOR_x86_64-unknown-linux-gnu = None
[INFO] [stderr]   CMAKE_GENERATOR_x86_64_unknown_linux_gnu = None
[INFO] [stderr]   HOST_CMAKE_GENERATOR = None
[INFO] [stderr]   CMAKE_GENERATOR = None
[INFO] [stderr]   CMAKE_PREFIX_PATH_x86_64-unknown-linux-gnu = None
[INFO] [stderr]   CMAKE_PREFIX_PATH_x86_64_unknown_linux_gnu = None
[INFO] [stderr]   HOST_CMAKE_PREFIX_PATH = None
[INFO] [stderr]   CMAKE_PREFIX_PATH = None
[INFO] [stderr]   CMAKE_x86_64-unknown-linux-gnu = None
[INFO] [stderr]   CMAKE_x86_64_unknown_linux_gnu = None
[INFO] [stderr]   HOST_CMAKE = None
[INFO] [stderr]   CMAKE = None
[INFO] [stderr]   running: cd "/opt/rustwide/target/debug/build/openjpeg2-sys-19cf7e2a95d89515/out/build" && CMAKE_PREFIX_PATH="" LC_ALL="C" "cmake" "/opt/rustwide/workdir/libopenjpeg" "-DBUILD_SHARED_LIBS=OFF" "-DCMAKE_INSTALL_PREFIX=/opt/rustwide/target/debug/build/openjpeg2-sys-19cf7e2a95d89515/out" "-DCMAKE_C_FLAGS= -ffunction-sections -fdata-sections -fPIC -m64" "-DCMAKE_C_COMPILER=/usr/bin/cc" "-DCMAKE_CXX_FLAGS= -ffunction-sections -fdata-sections -fPIC -m64" "-DCMAKE_CXX_COMPILER=/usr/bin/c++" "-DCMAKE_ASM_FLAGS= -ffunction-sections -fdata-sections -fPIC -m64" "-DCMAKE_ASM_COMPILER=/usr/bin/cc" "-DCMAKE_BUILD_TYPE=Debug"
[INFO] [stderr]   -- The C compiler identification is GNU 11.4.0
[INFO] [stderr]   -- The CXX compiler identification is GNU 11.4.0
[INFO] [stderr]   -- Detecting C compiler ABI info
[INFO] [stderr]   -- Detecting C compiler ABI info - done
[INFO] [stderr]   -- Check for working C compiler: /usr/bin/cc - skipped
[INFO] [stderr]   -- Detecting C compile features
[INFO] [stderr]   -- Detecting C compile features - done
[INFO] [stderr]   -- Detecting CXX compiler ABI info
[INFO] [stderr]   -- Detecting CXX compiler ABI info - done
[INFO] [stderr]   -- Check for working CXX compiler: /usr/bin/c++ - skipped
[INFO] [stderr]   -- Detecting CXX compile features
[INFO] [stderr]   -- Detecting CXX compile features - done
[INFO] [stderr]   -- Looking for string.h
[INFO] [stderr]   -- Looking for string.h - found
[INFO] [stderr]   -- Looking for memory.h
[INFO] [stderr]   -- Looking for memory.h - found
[INFO] [stderr]   -- Looking for stdlib.h
[INFO] [stderr]   -- Looking for stdlib.h - found
[INFO] [stderr]   -- Looking for stdio.h
[INFO] [stderr]   -- Looking for stdio.h - found
[INFO] [stderr]   -- Looking for math.h
[INFO] [stderr]   -- Looking for math.h - found
[INFO] [stderr]   -- Looking for float.h
[INFO] [stderr]   -- Looking for float.h - found
[INFO] [stderr]   -- Looking for time.h
[INFO] [stderr]   -- Looking for time.h - found
[INFO] [stderr]   -- Looking for stdarg.h
[INFO] [stderr]   -- Looking for stdarg.h - found
[INFO] [stderr]   -- Looking for ctype.h
[INFO] [stderr]   -- Looking for ctype.h - found
[INFO] [stderr]   -- Looking for assert.h
[INFO] [stderr]   -- Looking for assert.h - found
[INFO] [stderr]   -- Looking for stdint.h
[INFO] [stderr]   -- Looking for stdint.h - found
[INFO] [stderr]   -- Looking for inttypes.h
[INFO] [stderr]   -- Looking for inttypes.h - found
[INFO] [stderr]   -- Looking for strings.h
[INFO] [stderr]   -- Looking for strings.h - found
[INFO] [stderr]   -- Looking for sys/stat.h
[INFO] [stderr]   -- Looking for sys/stat.h - found
[INFO] [stderr]   -- Looking for sys/types.h
[INFO] [stderr]   -- Looking for sys/types.h - found
[INFO] [stderr]   -- Looking for unistd.h
[INFO] [stderr]   -- Looking for unistd.h - found
[INFO] [stderr]   -- Checking for 64-bit off_t
[INFO] [stderr]   -- Checking for 64-bit off_t - present
[INFO] [stderr]   -- Checking for fseeko/ftello
[INFO] [stderr]   -- Checking for fseeko/ftello - present
[INFO] [stderr]   -- Large File support - found
[INFO] [stderr]   -- Looking for include file malloc.h
[INFO] [stderr]   -- Looking for include file malloc.h - found
[INFO] [stderr]   -- Looking for _aligned_malloc
[INFO] [stderr]   -- Looking for _aligned_malloc - not found
[INFO] [stderr]   -- Looking for posix_memalign
[INFO] [stderr]   -- Looking for posix_memalign - found
[INFO] [stderr]   -- Looking for memalign
[INFO] [stderr]   -- Looking for memalign - found
[INFO] [stderr]   -- Found ZLIB: /usr/lib/x86_64-linux-gnu/libz.so (found version "1.2.11") 
[INFO] [stderr]   -- Your system seems to have a Z lib available, we will use it to generate PNG lib
[INFO] [stderr]   -- Found PNG: /usr/lib/x86_64-linux-gnu/libpng.so (found version "1.6.37") 
[INFO] [stderr]   -- Your system seems to have a PNG lib available, we will use it
[INFO] [stderr]   -- Found TIFF: /usr/lib/x86_64-linux-gnu/libtiff.so (found version "4.3.0")  
[INFO] [stderr]   -- Your system seems to have a TIFF lib available, we will use it
[INFO] [stderr]   -- Found LCMS2: /usr/lib/x86_64-linux-gnu/liblcms2.so  
[INFO] [stderr]   -- Your system seems to have a LCMS2 lib available, we will use it
[INFO] [stderr]   -- Configuring done
[INFO] [stderr]   -- Generating done
[INFO] [stderr]   -- Build files have been written to: /opt/rustwide/target/debug/build/openjpeg2-sys-19cf7e2a95d89515/out/build
[INFO] [stderr]   running: cd "/opt/rustwide/target/debug/build/openjpeg2-sys-19cf7e2a95d89515/out/build" && LC_ALL="C" MAKEFLAGS="-j --jobserver-fds=8,9 --jobserver-auth=8,9" "cmake" "--build" "/opt/rustwide/target/debug/build/openjpeg2-sys-19cf7e2a95d89515/out/build" "--target" "install" "--config" "Debug"
[INFO] [stderr]   [  2%] Building C object src/lib/openjp2/CMakeFiles/openjp2.dir/thread.c.o
[INFO] [stderr]   [  4%] Building C object src/lib/openjp2/CMakeFiles/openjp2.dir/bio.c.o
[INFO] [stderr]   [  6%] Building C object src/lib/openjp2/CMakeFiles/openjp2.dir/invert.c.o
[INFO] [stderr]   [  8%] Building C object src/lib/openjp2/CMakeFiles/openjp2.dir/dwt.c.o
[INFO] [stderr]   [ 10%] Building C object src/lib/openjp2/CMakeFiles/openjp2.dir/image.c.o
[INFO] [stderr]   [ 12%] Building C object src/lib/openjp2/CMakeFiles/openjp2.dir/cio.c.o
[INFO] [stderr]   [ 14%] Building C object src/lib/openjp2/CMakeFiles/openjp2.dir/j2k.c.o
[INFO] [stderr]   [ 16%] Building C object src/lib/openjp2/CMakeFiles/openjp2.dir/event.c.o
[INFO] [stderr]   [ 18%] Building C object src/lib/openjp2/CMakeFiles/openjp2.dir/jp2.c.o
[INFO] [stderr]   [ 20%] Building C object src/lib/openjp2/CMakeFiles/openjp2.dir/mct.c.o
[INFO] [stderr]   [ 22%] Building C object src/lib/openjp2/CMakeFiles/openjp2.dir/mqc.c.o
[INFO] [stderr]   [ 24%] Building C object src/lib/openjp2/CMakeFiles/openjp2.dir/openjpeg.c.o
[INFO] [stderr]   [ 26%] Building C object src/lib/openjp2/CMakeFiles/openjp2.dir/opj_clock.c.o
[INFO] [stderr]   [ 28%] Building C object src/lib/openjp2/CMakeFiles/openjp2.dir/pi.c.o
[INFO] [stderr]   [ 30%] Building C object src/lib/openjp2/CMakeFiles/openjp2.dir/t2.c.o
[INFO] [stderr]   [ 32%] Building C object src/lib/openjp2/CMakeFiles/openjp2.dir/t1.c.o
[INFO] [stderr]   [ 34%] Building C object src/lib/openjp2/CMakeFiles/openjp2.dir/tcd.c.o
[INFO] [stderr]   [ 36%] Building C object src/lib/openjp2/CMakeFiles/openjp2.dir/tgt.c.o
[INFO] [stderr]   [ 38%] Building C object src/lib/openjp2/CMakeFiles/openjp2.dir/function_list.c.o
[INFO] [stderr]   [ 40%] Building C object src/lib/openjp2/CMakeFiles/openjp2.dir/opj_malloc.c.o
[INFO] [stderr]   [ 42%] Building C object src/lib/openjp2/CMakeFiles/openjp2.dir/sparse_array.c.o
[INFO] [stderr] 
[INFO] [stderr]   --- stderr
[INFO] [stderr]   fatal: not a git repository (or any parent up to mount point /opt/rustwide)
[INFO] [stderr]   Stopping at filesystem boundary (GIT_DISCOVERY_ACROSS_FILESYSTEM not set).
[INFO] [stderr]   CMake Deprecation Warning at CMakeLists.txt:10 (cmake_minimum_required):
[INFO] [stderr]     Compatibility with CMake < 2.8.12 will be removed from a future version of
[INFO] [stderr]     CMake.
[INFO] [stderr] 
[INFO] [stderr]     Update the VERSION argument <min> value or use a ...<max> suffix to tell
[INFO] [stderr]     CMake that the project does not need compatibility with older versions.
[INFO] [stderr] 
[INFO] [stderr] 
[INFO] [stderr]   CMake Warning:
[INFO] [stderr]     Manually-specified variables were not used by the project:
[INFO] [stderr] 
[INFO] [stderr]       CMAKE_ASM_COMPILER
[INFO] [stderr]       CMAKE_ASM_FLAGS
[INFO] [stderr] 
[INFO] [stderr] 
[INFO] [stderr]   /opt/rustwide/workdir/libopenjpeg/src/lib/openjp2/openjpeg.c: In function 'opj_stream_create_file_stream':
[INFO] [stderr]   /opt/rustwide/workdir/libopenjpeg/src/lib/openjp2/openjpeg.c:1041:30: warning: cast between incompatible function types from 'int (*)(FILE *)' to 'void (*)(void *)' [-Wcast-function-type]
[INFO] [stderr]    1041 |                              (opj_stream_free_user_data_fn) fclose);
[INFO] [stderr]         |                              ^
[INFO] [stderr]   /opt/rustwide/workdir/libopenjpeg/src/lib/openjp2/t1.c:2428:1: fatal error: error writing to /tmp/ccT4JaBh.s: No space left on device
[INFO] [stderr]    2428 | }
[INFO] [stderr]         | ^
[INFO] [stderr]   compilation terminated.
[INFO] [stderr]   gmake[2]: *** [src/lib/openjp2/CMakeFiles/openjp2.dir/build.make:272: src/lib/openjp2/CMakeFiles/openjp2.dir/t1.c.o] Error 1
[INFO] [stderr]   gmake[1]: *** [CMakeFiles/Makefile2:222: src/lib/openjp2/CMakeFiles/openjp2.dir/all] Error 2
[INFO] [stderr]   gmake: *** [Makefile:156: all] Error 2
[INFO] [stderr]   thread 'main' panicked at /opt/rustwide/cargo-home/registry/src/index.crates.io-6f17d22bba15001f/cmake-0.1.52/src/lib.rs:1115:5:
[INFO] [stderr] 
[INFO] [stderr]   command did not execute successfully, got: exit status: 2
[INFO] [stderr] 
[INFO] [stderr]   build script failed, must exit now
[INFO] [stderr]   stack backtrace:
[INFO] [stderr]      0:     0x5b5aef1984aa - std::backtrace_rs::backtrace::libunwind::trace::h8810477743020387
[INFO] [stderr]                                  at /rustc/202008a1b8de96d2e5b6bc02d379db03a877d34d/library/std/src/../../backtrace/src/backtrace/libunwind.rs:116:5
[INFO] [stderr]      1:     0x5b5aef1984aa - std::backtrace_rs::backtrace::trace_unsynchronized::h3aa55355dd6c54a6
[INFO] [stderr]                                  at /rustc/202008a1b8de96d2e5b6bc02d379db03a877d34d/library/std/src/../../backtrace/src/backtrace/mod.rs:66:5
[INFO] [stderr]      2:     0x5b5aef1984aa - std::sys::backtrace::_print_fmt::h8588b0f62410823f
[INFO] [stderr]                                  at /rustc/202008a1b8de96d2e5b6bc02d379db03a877d34d/library/std/src/sys/backtrace.rs:66:9
[INFO] [stderr]      3:     0x5b5aef1984aa - <std::sys::backtrace::BacktraceLock::print::DisplayBacktrace as core::fmt::Display>::fmt::h98c26ac25ffe89bb
[INFO] [stderr]                                  at /rustc/202008a1b8de96d2e5b6bc02d379db03a877d34d/library/std/src/sys/backtrace.rs:39:26
[INFO] [stderr]      4:     0x5b5aef1c0c43 - core::fmt::rt::Argument::fmt::hf95377f4aebd453b
[INFO] [stderr]                                  at /rustc/202008a1b8de96d2e5b6bc02d379db03a877d34d/library/core/src/fmt/rt.rs:177:76
[INFO] [stderr]      5:     0x5b5aef1c0c43 - core::fmt::write::h0dd5f6e2238c7982
[INFO] [stderr]                                  at /rustc/202008a1b8de96d2e5b6bc02d379db03a877d34d/library/core/src/fmt/mod.rs:1189:21
[INFO] [stderr]      6:     0x5b5aef195213 - std::io::Write::write_fmt::hc00bff0a88e08857
[INFO] [stderr]                                  at /rustc/202008a1b8de96d2e5b6bc02d379db03a877d34d/library/std/src/io/mod.rs:1884:15
[INFO] [stderr]      7:     0x5b5aef1982f2 - std::sys::backtrace::BacktraceLock::print::h5c19c1c038ee186d
[INFO] [stderr]                                  at /rustc/202008a1b8de96d2e5b6bc02d379db03a877d34d/library/std/src/sys/backtrace.rs:42:9
[INFO] [stderr]      8:     0x5b5aef1994ec - std::panicking::default_hook::{{closure}}::h77172f079a1fcb13
[INFO] [stderr]                                  at /rustc/202008a1b8de96d2e5b6bc02d379db03a877d34d/library/std/src/panicking.rs:268:22
[INFO] [stderr]      9:     0x5b5aef199332 - std::panicking::default_hook::he5f8e3b203ccddba
[INFO] [stderr]                                  at /rustc/202008a1b8de96d2e5b6bc02d379db03a877d34d/library/std/src/panicking.rs:295:9
[INFO] [stderr]     10:     0x5b5aef199ac7 - std::panicking::rust_panic_with_hook::h53863d4e9018df39
[INFO] [stderr]                                  at /rustc/202008a1b8de96d2e5b6bc02d379db03a877d34d/library/std/src/panicking.rs:801:13
[INFO] [stderr]     11:     0x5b5aef19995a - std::panicking::begin_panic_handler::{{closure}}::h67280e6fa0757873
[INFO] [stderr]                                  at /rustc/202008a1b8de96d2e5b6bc02d379db03a877d34d/library/std/src/panicking.rs:674:13
[INFO] [stderr]     12:     0x5b5aef198989 - std::sys::backtrace::__rust_end_short_backtrace::h1dac3f54d6fbbeb2
[INFO] [stderr]                                  at /rustc/202008a1b8de96d2e5b6bc02d379db03a877d34d/library/std/src/sys/backtrace.rs:170:18
[INFO] [stderr]     13:     0x5b5aef1995ec - rust_begin_unwind
[INFO] [stderr]                                  at /rustc/202008a1b8de96d2e5b6bc02d379db03a877d34d/library/std/src/panicking.rs:665:5
[INFO] [stderr]     14:     0x5b5aeeca4e20 - core::panicking::panic_fmt::h6792bd1b2bf01041
[INFO] [stderr]                                  at /rustc/202008a1b8de96d2e5b6bc02d379db03a877d34d/library/core/src/panicking.rs:76:14
[INFO] [stderr]     15:     0x5b5aeecb1da2 - cmake::fail::h9bc902a4fff2c207
[INFO] [stderr]     16:     0x5b5aeecb153d - cmake::run::hbb152cc0abf63adc
[INFO] [stderr]     17:     0x5b5aeecade13 - cmake::Config::build::h0660c8ee33c36c41
[INFO] [stderr]     18:     0x5b5aeeca861f - build_script_build::main::h28a05e1d732909cd
[INFO] [stderr]     19:     0x5b5aeeca6243 - core::ops::function::FnOnce::call_once::hcec50a554cd4f9ed
[INFO] [stderr]     20:     0x5b5aeeca5fd6 - std::sys::backtrace::__rust_begin_short_backtrace::h4c1dcb665693b02e
[INFO] [stderr]     21:     0x5b5aeeca5d79 - std::rt::lang_start::{{closure}}::hdb2cd68f110b32ae
[INFO] [stderr]     22:     0x5b5aef190b67 - core::ops::function::impls::<impl core::ops::function::FnOnce<A> for &F>::call_once::hba2470d01d3f5e41
[INFO] [stderr]                                  at /rustc/202008a1b8de96d2e5b6bc02d379db03a877d34d/library/core/src/ops/function.rs:284:13
[INFO] [stderr]     23:     0x5b5aef190b67 - std::panicking::try::do_call::hc063fb73159aab72
[INFO] [stderr]                                  at /rustc/202008a1b8de96d2e5b6bc02d379db03a877d34d/library/std/src/panicking.rs:557:40
[INFO] [stderr]     24:     0x5b5aef190b67 - std::panicking::try::h2767c6d245d3a3bb
[INFO] [stderr]                                  at /rustc/202008a1b8de96d2e5b6bc02d379db03a877d34d/library/std/src/panicking.rs:520:19
[INFO] [stderr]     25:     0x5b5aef190b67 - std::panic::catch_unwind::h061c6ef75790da63
[INFO] [stderr]                                  at /rustc/202008a1b8de96d2e5b6bc02d379db03a877d34d/library/std/src/panic.rs:358:14
[INFO] [stderr]     26:     0x5b5aef190b67 - std::rt::lang_start_internal::{{closure}}::h5c5e35b11a4b8c4e
[INFO] [stderr]                                  at /rustc/202008a1b8de96d2e5b6bc02d379db03a877d34d/library/std/src/rt.rs:174:48
[INFO] [stderr]     27:     0x5b5aef190b67 - std::panicking::try::do_call::h705e99690a8109cc
[INFO] [stderr]                                  at /rustc/202008a1b8de96d2e5b6bc02d379db03a877d34d/library/std/src/panicking.rs:557:40
[INFO] [stderr]     28:     0x5b5aef190b67 - std::panicking::try::he5f4452754ed9a34
[INFO] [stderr]                                  at /rustc/202008a1b8de96d2e5b6bc02d379db03a877d34d/library/std/src/panicking.rs:520:19
[INFO] [stderr]     29:     0x5b5aef190b67 - std::panic::catch_unwind::h5db61b3bcbe883e5
[INFO] [stderr]                                  at /rustc/202008a1b8de96d2e5b6bc02d379db03a877d34d/library/std/src/panic.rs:358:14
[INFO] [stderr]     30:     0x5b5aef190b67 - std::rt::lang_start_internal::h81da9b59bab665c6
[INFO] [stderr]                                  at /rustc/202008a1b8de96d2e5b6bc02d379db03a877d34d/library/std/src/rt.rs:174:20
[INFO] [stderr]     31:     0x5b5aeeca5d57 - std::rt::lang_start::h280119b7a046bdfa
[INFO] [stderr]     32:     0x5b5aeeca8da5 - main
[INFO] [stderr]     33:     0x761e0d48ed90 - <unknown>
[INFO] [stderr]     34:     0x761e0d48ee40 - __libc_start_main
[INFO] [stderr]     35:     0x5b5aeeca56c5 - _start
[INFO] [stderr]     36:                0x0 - <unknown>
[INFO] running `Command { std: "docker" "inspect" "0924babd0eb59490538a26ed3e581f63419f21bf6632b86fed82849f53bbffd7", kill_on_drop: false }`
[INFO] running `Command { std: "docker" "rm" "-f" "0924babd0eb59490538a26ed3e581f63419f21bf6632b86fed82849f53bbffd7", kill_on_drop: false }`
[INFO] [stdout] 0924babd0eb59490538a26ed3e581f63419f21bf6632b86fed82849f53bbffd7
