[INFO] fetching crate neust 0.0.1...
[INFO] testing neust-0.0.1 against 1.83.0 for beta-1.84.0-4-retry
[INFO] extracting crate neust 0.0.1 into /workspace/builds/worker-0-tc1/source
[INFO] validating manifest of crates.io crate neust 0.0.1 on toolchain 1.83.0
[INFO] running `Command { std: CARGO_HOME="/workspace/cargo-home" RUSTUP_HOME="/workspace/rustup-home" "/workspace/cargo-home/bin/cargo" "+1.83.0" "metadata" "--manifest-path" "Cargo.toml" "--no-deps", kill_on_drop: false }`
[INFO] started tweaking crates.io crate neust 0.0.1
[INFO] removed 0 missing examples
[INFO] finished tweaking crates.io crate neust 0.0.1
[INFO] tweaked toml for crates.io crate neust 0.0.1 written to /workspace/builds/worker-0-tc1/source/Cargo.toml
[INFO] crate crates.io crate neust 0.0.1 already has a lockfile, it will not be regenerated
[INFO] running `Command { std: CARGO_HOME="/workspace/cargo-home" RUSTUP_HOME="/workspace/rustup-home" "/workspace/cargo-home/bin/cargo" "+1.83.0" "fetch" "--manifest-path" "Cargo.toml", kill_on_drop: false }`
[INFO] [stderr]  Downloading crates ...
[INFO] [stderr]   Downloaded cfb-mode v0.8.0
[INFO] [stderr]   Downloaded aes v0.8.0
[INFO] [stderr]   Downloaded rustls v0.20.3
[INFO] [stderr]   Downloaded cipher v0.4.0
[INFO] running `Command { std: "docker" "create" "-v" "/var/lib/crater-agent-workspace/builds/worker-0-tc1/target:/opt/rustwide/target:rw,Z" "-v" "/var/lib/crater-agent-workspace/builds/worker-0-tc1/source:/opt/rustwide/workdir:ro,Z" "-v" "/var/lib/crater-agent-workspace/cargo-home:/opt/rustwide/cargo-home:ro,Z" "-v" "/var/lib/crater-agent-workspace/rustup-home:/opt/rustwide/rustup-home:ro,Z" "-e" "SOURCE_DIR=/opt/rustwide/workdir" "-e" "CARGO_TARGET_DIR=/opt/rustwide/target" "-e" "CARGO_HOME=/opt/rustwide/cargo-home" "-e" "RUSTUP_HOME=/opt/rustwide/rustup-home" "-w" "/opt/rustwide/workdir" "-m" "1610612736" "--user" "0:0" "--network" "none" "ghcr.io/rust-lang/crates-build-env/linux@sha256:f3a9d4ad9d972b27faf3965f35b62e55ba32bbce8f20bc8fe909558a86702fde" "/opt/rustwide/cargo-home/bin/cargo" "+1.83.0" "metadata" "--no-deps" "--format-version=1", kill_on_drop: false }`
[INFO] [stdout] d21029ec887ce6baa89e9ae50d975dde48718a52578859471854e124fc30e5a9
[INFO] running `Command { std: "docker" "start" "-a" "d21029ec887ce6baa89e9ae50d975dde48718a52578859471854e124fc30e5a9", kill_on_drop: false }`
[INFO] running `Command { std: "docker" "inspect" "d21029ec887ce6baa89e9ae50d975dde48718a52578859471854e124fc30e5a9", kill_on_drop: false }`
[INFO] running `Command { std: "docker" "rm" "-f" "d21029ec887ce6baa89e9ae50d975dde48718a52578859471854e124fc30e5a9", kill_on_drop: false }`
[INFO] [stdout] d21029ec887ce6baa89e9ae50d975dde48718a52578859471854e124fc30e5a9
[INFO] running `Command { std: "docker" "create" "-v" "/var/lib/crater-agent-workspace/builds/worker-0-tc1/target:/opt/rustwide/target:rw,Z" "-v" "/var/lib/crater-agent-workspace/builds/worker-0-tc1/source:/opt/rustwide/workdir:ro,Z" "-v" "/var/lib/crater-agent-workspace/cargo-home:/opt/rustwide/cargo-home:ro,Z" "-v" "/var/lib/crater-agent-workspace/rustup-home:/opt/rustwide/rustup-home:ro,Z" "-e" "SOURCE_DIR=/opt/rustwide/workdir" "-e" "CARGO_TARGET_DIR=/opt/rustwide/target" "-e" "CARGO_INCREMENTAL=0" "-e" "RUST_BACKTRACE=full" "-e" "RUSTFLAGS=--cap-lints=warn" "-e" "RUSTDOCFLAGS=--cap-lints=warn" "-e" "CARGO_HOME=/opt/rustwide/cargo-home" "-e" "RUSTUP_HOME=/opt/rustwide/rustup-home" "-w" "/opt/rustwide/workdir" "-m" "1610612736" "--user" "0:0" "--network" "none" "ghcr.io/rust-lang/crates-build-env/linux@sha256:f3a9d4ad9d972b27faf3965f35b62e55ba32bbce8f20bc8fe909558a86702fde" "/opt/rustwide/cargo-home/bin/cargo" "+1.83.0" "build" "--frozen" "--message-format=json", kill_on_drop: false }`
[INFO] [stdout] c64fa3f039587be7bf1508d4d7e988a132ebe04e47411367085b2c247f8ee3e6
[INFO] running `Command { std: "docker" "start" "-a" "c64fa3f039587be7bf1508d4d7e988a132ebe04e47411367085b2c247f8ee3e6", kill_on_drop: false }`
[INFO] [stderr]    Compiling proc-macro2 v1.0.36
[INFO] [stderr]    Compiling libc v0.2.118
[INFO] [stderr]    Compiling unicode-xid v0.2.2
[INFO] [stderr]    Compiling syn v1.0.86
[INFO] [stderr]    Compiling version_check v0.9.4
[INFO] [stderr]    Compiling cfg-if v1.0.0
[INFO] [stderr]    Compiling autocfg v1.1.0
[INFO] [stderr]    Compiling log v0.4.14
[INFO] [stderr]    Compiling memchr v2.4.1
[INFO] [stderr]    Compiling pkg-config v0.3.24
[INFO] [stderr]    Compiling cc v1.0.72
[INFO] [stderr]    Compiling pin-project-lite v0.2.8
[INFO] [stderr]    Compiling futures-core v0.3.21
[INFO] [stderr]    Compiling bytes v1.1.0
[INFO] [stderr]    Compiling itoa v1.0.1
[INFO] [stderr]    Compiling standback v0.2.17
[INFO] [stderr]    Compiling proc-macro-hack v0.5.19
[INFO] [stderr]    Compiling matches v0.1.9
[INFO] [stderr]    Compiling serde_derive v1.0.136
[INFO] [stderr]    Compiling hashbrown v0.11.2
[INFO] [stderr]    Compiling tinyvec_macros v0.1.0
[INFO] [stderr]    Compiling futures-task v0.3.21
[INFO] [stderr]    Compiling quote v1.0.15
[INFO] [stderr]    Compiling mio v0.7.14
[INFO] [stderr]    Compiling tinyvec v1.5.1
[INFO] [stderr]    Compiling indexmap v1.8.0
[INFO] [stderr]    Compiling openssl-sys v0.9.72
[INFO] [stderr]    Compiling fnv v1.0.7
[INFO] [stderr]    Compiling tokio v1.16.1
[INFO] [stderr]    Compiling openssl v0.10.38
[INFO] [stderr]    Compiling foreign-types-shared v0.1.1
[INFO] [stderr]    Compiling lazy_static v1.4.0
[INFO] [stderr]    Compiling serde v1.0.136
[INFO] [stderr]    Compiling percent-encoding v2.1.0
[INFO] [stderr]    Compiling const_fn v0.4.9
[INFO] [stderr]    Compiling futures-util v0.3.21
[INFO] [stderr]    Compiling tracing-core v0.1.22
[INFO] [stderr]    Compiling foreign-types v0.3.2
[INFO] [stderr]    Compiling http v0.2.6
[INFO] [stderr]    Compiling time v0.2.27
[INFO] [stderr]    Compiling futures-sink v0.3.21
[INFO] [stderr]    Compiling bitflags v1.3.2
[INFO] [stderr]    Compiling native-tls v0.2.8
[INFO] [stderr]    Compiling unicode-bidi v0.3.7
[INFO] [stderr]    Compiling unicode-normalization v0.1.19
[INFO] [stderr]    Compiling httparse v1.6.0
[INFO] [stderr]    Compiling pin-utils v0.1.0
[INFO] [stderr]    Compiling futures-channel v0.3.21
[INFO] [stderr]    Compiling once_cell v1.9.0
[INFO] [stderr]    Compiling tracing v0.1.30
[INFO] [stderr]    Compiling idna v0.2.3
[INFO] [stderr]    Compiling form_urlencoded v1.0.1
[INFO] [stderr]    Compiling cookie v0.15.1
[INFO] [stderr]    Compiling ryu v1.0.9
[INFO] [stderr]    Compiling slab v0.4.5
[INFO] [stderr]    Compiling openssl-probe v0.1.5
[INFO] [stderr]    Compiling serde_json v1.0.79
[INFO] [stderr]    Compiling try-lock v0.2.3
[INFO] [stderr]    Compiling want v0.3.0
[INFO] [stderr]    Compiling http-body v0.4.4
[INFO] [stderr]    Compiling socket2 v0.4.4
[INFO] [stderr]    Compiling tower-service v0.3.1
[INFO] [stderr]    Compiling psl-types v2.0.10
[INFO] [stderr]    Compiling byteorder v1.4.3
[INFO] [stderr]    Compiling encoding_rs v0.8.30
[INFO] [stderr]    Compiling httpdate v1.0.2
[INFO] [stderr]    Compiling tokio-util v0.6.9
[INFO] [stderr]    Compiling publicsuffix v2.1.1
[INFO] [stderr]    Compiling url v2.2.2
[INFO] [stderr]    Compiling unicode-segmentation v1.9.0
[INFO] [stderr]    Compiling async-trait v0.1.52
[INFO] [stderr]    Compiling h2 v0.3.11
[INFO] [stderr]    Compiling tokio-native-tls v0.3.0
[INFO] [stderr]    Compiling heck v0.3.3
[INFO] [stderr]    Compiling aho-corasick v0.7.18
[INFO] [stderr]    Compiling base64 v0.13.0
[INFO] [stderr]    Compiling time-macros-impl v0.1.2
[INFO] [stderr]    Compiling thiserror-impl v1.0.30
[INFO] [stderr]    Compiling ipnet v2.3.1
[INFO] [stderr]    Compiling time-macros v0.1.1
[INFO] [stderr]    Compiling regex-syntax v0.6.25
[INFO] [stderr]    Compiling mime v0.3.16
[INFO] [stderr]    Compiling sealed v0.4.0
[INFO] [stderr]    Compiling thiserror v1.0.30
[INFO] [stderr]    Compiling hyper v0.14.17
[INFO] [stderr]    Compiling regex v1.5.4
[INFO] [stderr]    Compiling hyper-tls v0.5.0
[INFO] [stderr]    Compiling serde_urlencoded v0.7.1
[INFO] [stderr]    Compiling cookie_store v0.15.1
[INFO] [stderr]    Compiling reqwest v0.11.9
[INFO] [stderr]    Compiling neust v0.0.1 (/opt/rustwide/workdir)
[INFO] [stderr]     Finished `dev` profile [unoptimized + debuginfo] target(s) in 1m 08s
[INFO] running `Command { std: "docker" "inspect" "c64fa3f039587be7bf1508d4d7e988a132ebe04e47411367085b2c247f8ee3e6", kill_on_drop: false }`
[INFO] running `Command { std: "docker" "rm" "-f" "c64fa3f039587be7bf1508d4d7e988a132ebe04e47411367085b2c247f8ee3e6", kill_on_drop: false }`
[INFO] [stdout] c64fa3f039587be7bf1508d4d7e988a132ebe04e47411367085b2c247f8ee3e6
[INFO] running `Command { std: "docker" "create" "-v" "/var/lib/crater-agent-workspace/builds/worker-0-tc1/target:/opt/rustwide/target:rw,Z" "-v" "/var/lib/crater-agent-workspace/builds/worker-0-tc1/source:/opt/rustwide/workdir:ro,Z" "-v" "/var/lib/crater-agent-workspace/cargo-home:/opt/rustwide/cargo-home:ro,Z" "-v" "/var/lib/crater-agent-workspace/rustup-home:/opt/rustwide/rustup-home:ro,Z" "-e" "SOURCE_DIR=/opt/rustwide/workdir" "-e" "CARGO_TARGET_DIR=/opt/rustwide/target" "-e" "CARGO_INCREMENTAL=0" "-e" "RUST_BACKTRACE=full" "-e" "RUSTFLAGS=--cap-lints=warn" "-e" "RUSTDOCFLAGS=--cap-lints=warn" "-e" "CARGO_HOME=/opt/rustwide/cargo-home" "-e" "RUSTUP_HOME=/opt/rustwide/rustup-home" "-w" "/opt/rustwide/workdir" "-m" "1610612736" "--user" "0:0" "--network" "none" "ghcr.io/rust-lang/crates-build-env/linux@sha256:f3a9d4ad9d972b27faf3965f35b62e55ba32bbce8f20bc8fe909558a86702fde" "/opt/rustwide/cargo-home/bin/cargo" "+1.83.0" "test" "--frozen" "--no-run" "--message-format=json", kill_on_drop: false }`
[INFO] [stdout] b0a0e7fdf24c91dddcb5aaeaf0e8f383188fbe97e7418f4c65808c4e96e18750
[INFO] running `Command { std: "docker" "start" "-a" "b0a0e7fdf24c91dddcb5aaeaf0e8f383188fbe97e7418f4c65808c4e96e18750", kill_on_drop: false }`
[INFO] [stderr]    Compiling num_cpus v1.13.1
[INFO] [stderr]    Compiling tokio-macros v1.7.0
[INFO] [stderr]    Compiling tokio v1.16.1
[INFO] [stderr]    Compiling tokio-util v0.6.9
[INFO] [stderr]    Compiling tokio-native-tls v0.3.0
[INFO] [stderr]    Compiling h2 v0.3.11
[INFO] [stderr]    Compiling hyper v0.14.17
[INFO] [stderr]    Compiling hyper-tls v0.5.0
[INFO] [stderr]    Compiling reqwest v0.11.9
[INFO] [stderr]    Compiling neust v0.0.1 (/opt/rustwide/workdir)
[INFO] [stderr]     Finished `test` profile [unoptimized + debuginfo] target(s) in 25.65s
[INFO] running `Command { std: "docker" "inspect" "b0a0e7fdf24c91dddcb5aaeaf0e8f383188fbe97e7418f4c65808c4e96e18750", kill_on_drop: false }`
[INFO] running `Command { std: "docker" "rm" "-f" "b0a0e7fdf24c91dddcb5aaeaf0e8f383188fbe97e7418f4c65808c4e96e18750", kill_on_drop: false }`
[INFO] [stdout] b0a0e7fdf24c91dddcb5aaeaf0e8f383188fbe97e7418f4c65808c4e96e18750
[INFO] running `Command { std: "docker" "create" "-v" "/var/lib/crater-agent-workspace/builds/worker-0-tc1/target:/opt/rustwide/target:rw,Z" "-v" "/var/lib/crater-agent-workspace/builds/worker-0-tc1/source:/opt/rustwide/workdir:ro,Z" "-v" "/var/lib/crater-agent-workspace/cargo-home:/opt/rustwide/cargo-home:ro,Z" "-v" "/var/lib/crater-agent-workspace/rustup-home:/opt/rustwide/rustup-home:ro,Z" "-e" "SOURCE_DIR=/opt/rustwide/workdir" "-e" "CARGO_TARGET_DIR=/opt/rustwide/target" "-e" "CARGO_INCREMENTAL=0" "-e" "RUST_BACKTRACE=full" "-e" "RUSTFLAGS=--cap-lints=warn" "-e" "RUSTDOCFLAGS=--cap-lints=warn" "-e" "CARGO_HOME=/opt/rustwide/cargo-home" "-e" "RUSTUP_HOME=/opt/rustwide/rustup-home" "-w" "/opt/rustwide/workdir" "-m" "1610612736" "--user" "0:0" "--network" "none" "ghcr.io/rust-lang/crates-build-env/linux@sha256:f3a9d4ad9d972b27faf3965f35b62e55ba32bbce8f20bc8fe909558a86702fde" "/opt/rustwide/cargo-home/bin/cargo" "+1.83.0" "test" "--frozen", kill_on_drop: false }`
[INFO] [stdout] 21b09d55818d169b3fd13543119a8428a26884e4f63848925360b253a49a422c
[INFO] running `Command { std: "docker" "start" "-a" "21b09d55818d169b3fd13543119a8428a26884e4f63848925360b253a49a422c", kill_on_drop: false }`
[INFO] [stderr]     Finished `test` profile [unoptimized + debuginfo] target(s) in 0.14s
[INFO] [stderr]      Running unittests src/lib.rs (/opt/rustwide/target/debug/deps/neust-aa77fee4ff9273fc)
[INFO] [stdout] 
[INFO] [stdout] running 3 tests
[INFO] [stdout] test auth::credential::tests::test_credential_cmp ... ok
[INFO] [stdout] test session::tests::test_find_cookie_value ... ok
[INFO] [stdout] test auth::token::tests::test_token_cmp ... ok
[INFO] [stdout] 
[INFO] [stdout] test result: ok. 3 passed; 0 failed; 0 ignored; 0 measured; 0 filtered out; finished in 0.01s
[INFO] [stdout] 
[INFO] [stderr]      Running tests/perform_request.rs (/opt/rustwide/target/debug/deps/perform_request-97953a1739c25dd8)
[INFO] [stdout] 
[INFO] [stdout] running 1 test
[INFO] [stdout] test test_login ... ignored
[INFO] [stdout] 
[INFO] [stdout] test result: ok. 0 passed; 0 failed; 1 ignored; 0 measured; 0 filtered out; finished in 0.01s
[INFO] [stdout] 
[INFO] [stderr]    Doc-tests neust
[INFO] [stdout] 
[INFO] [stdout] running 16 tests
[INFO] [stdout] test src/lib.rs - (line 56) - compile ... ok
[INFO] [stdout] test src/lib.rs - (line 30) - compile ... ok
[INFO] [stdout] test src/auth/token.rs - auth::token::Token (line 26) - compile ... ok
[INFO] [stdout] test src/session.rs - session::Session::check_status (line 186) - compile ... ok
[INFO] [stdout] test src/lib.rs - (line 14) - compile ... ok
[INFO] [stdout] test src/auth/credential.rs - auth::credential::Credential (line 27) - compile ... ok
[INFO] [stdout] test src/session.rs - session::Session::client (line 47) - compile ... ok
[INFO] [stdout] test src/session.rs - session::Session::login (line 163) - compile ... ok
[INFO] [stdout] test src/status.rs - status::UserStatus::get_username (line 94) ... FAILED
[INFO] [stdout] test src/session.rs - session::Session::with_client_builder (line 111) ... FAILED
[INFO] [stdout] test src/auth/token.rs - auth::token::Token (line 18) ... ok
[INFO] [stdout] test src/status.rs - status::UserStatus::is_active (line 62) ... ok
[INFO] [stdout] test src/status.rs - status::UserStatus::is_rejected (line 78) ... ok
[INFO] [stdout] test src/status.rs - status::UserStatus::get_token (line 117) ... ok
[INFO] [stdout] test src/auth/credential.rs - auth::credential::Credential (line 19) ... ok
[INFO] [stdout] test src/session.rs - session::Session::cookie_jar (line 71) ... ok
[INFO] [stdout] 
[INFO] [stdout] failures:
[INFO] [stdout] 
[INFO] [stdout] ---- src/status.rs - status::UserStatus::get_username (line 94) stdout ----
[INFO] [stdout] error: linking with `cc` failed: exit status: 1
[INFO] [stdout]   |
[INFO] [stdout]   = note: LC_ALL="C" PATH="/opt/rustwide/rustup-home/toolchains/1.83.0-x86_64-unknown-linux-gnu/lib/rustlib/x86_64-unknown-linux-gnu/bin:/opt/rustwide/cargo-home/bin:/usr/local/sbin:/usr/local/bin:/usr/sbin:/usr/bin:/sbin:/bin" VSLANG="1033" "cc" "-m64" "/tmp/rustc03gNb3/symbols.o" "/tmp/rustdoctest474cvC/rust_out.rust_out.cb03291d53e4e161-cgu.0.rcgu.o" "/tmp/rustdoctest474cvC/rust_out.1s7umcihpz0t7nkz1uc2ifee9.rcgu.o" "-Wl,--as-needed" "-Wl,-Bstatic" "/opt/rustwide/target/debug/deps/libneust-60962827c71b6f3f.rlib" "/opt/rustwide/target/debug/deps/libregex-306e3313706787fc.rlib" "/opt/rustwide/target/debug/deps/libaho_corasick-edd07f1aaab9c523.rlib" "/opt/rustwide/target/debug/deps/libregex_syntax-022b2e065d6cc601.rlib" "/opt/rustwide/target/debug/deps/libthiserror-343ca47040e38c52.rlib" "/opt/rustwide/target/debug/deps/libreqwest-eaf0b67b3022771a.rlib" "/opt/rustwide/target/debug/deps/libhyper_tls-192afea7835d656c.rlib" "/opt/rustwide/target/debug/deps/libserde_urlencoded-c75281d697e909f6.rlib" "/opt/rustwide/target/debug/deps/libcookie_store-038dad995540e6ef.rlib" "/opt/rustwide/target/debug/deps/libserde_json-ec2ff50acbe81ac9.rlib" "/opt/rustwide/target/debug/deps/libryu-8dcb9f77fd4edbf9.rlib" "/opt/rustwide/target/debug/deps/libpublicsuffix-d954fd4d4b68cd88.rlib" "/opt/rustwide/target/debug/deps/libpsl_types-32f476cc36e00785.rlib" "/opt/rustwide/target/debug/deps/libbyteorder-a73838f6dfae9cda.rlib" "/opt/rustwide/target/debug/deps/libcookie-692c5d4a2a71a3aa.rlib" "/opt/rustwide/target/debug/deps/libtime-a81b339cff57aa0f.rlib" "/opt/rustwide/target/debug/deps/libtime_macros-27152df1812bdf4f.rlib" "/opt/rustwide/target/debug/deps/libstandback-25d7c1cb7ef6ad15.rlib" "/opt/rustwide/target/debug/deps/libipnet-b68174b78cadc8c8.rlib" "/opt/rustwide/target/debug/deps/libtokio_native_tls-4a716a5888d1678a.rlib" "/opt/rustwide/target/debug/deps/libmime-44eb3da8d73c6d4c.rlib" "/opt/rustwide/target/debug/deps/libencoding_rs-c6ef4a0265665d84.rlib" "/opt/rustwide/target/debug/deps/libserde-0e78c10d3af05117.rlib" "/opt/rustwide/target/debug/deps/libbase64-f24e6eb836530838.rlib" "/opt/rustwide/target/debug/deps/libnative_tls-aafe0e4c8e309b1f.rlib" "/opt/rustwide/target/debug/deps/libopenssl_probe-111dcb0b3b714b0f.rlib" "/opt/rustwide/target/debug/deps/libopenssl-d828624ff967fd9a.rlib" "/opt/rustwide/target/debug/deps/libonce_cell-00eb37e3060755e6.rlib" "/opt/rustwide/target/debug/deps/libbitflags-d3511f9afe014f87.rlib" "/opt/rustwide/target/debug/deps/libforeign_types-504d8dbdd27ff197.rlib" "/opt/rustwide/target/debug/deps/libforeign_types_shared-f6b6a54f87ce1292.rlib" "/opt/rustwide/target/debug/deps/libopenssl_sys-72d5515729ab90da.rlib" "/opt/rustwide/target/debug/deps/libhyper-896ff28ecdd3b1c2.rlib" "/opt/rustwide/target/debug/deps/libwant-61e1bfeb9c91f2fa.rlib" "/opt/rustwide/target/debug/deps/libtry_lock-b8583ddd4baf3456.rlib" "/opt/rustwide/target/debug/deps/libsocket2-092dc311466e21ef.rlib" "/opt/rustwide/target/debug/deps/libhttparse-4fb3a9636a5c203d.rlib" "/opt/rustwide/target/debug/deps/libh2-3994002d288fa06a.rlib" "/opt/rustwide/target/debug/deps/libindexmap-3f64d452fd9885ee.rlib" "/opt/rustwide/target/debug/deps/libhashbrown-682700f5150b4976.rlib" "/opt/rustwide/target/debug/deps/libslab-a617169295c62d6b.rlib" "/opt/rustwide/target/debug/deps/libtokio_util-cdb35ea3c2ea5097.rlib" "/opt/rustwide/target/debug/deps/libfutures_sink-2be1793bd64d5d7b.rlib" "/opt/rustwide/target/debug/deps/libtower_service-8427fe6e08d90098.rlib" "/opt/rustwide/target/debug/deps/libtracing-b3caa4de90916283.rlib" "/opt/rustwide/target/debug/deps/libtracing_core-1f8ad84f03e8131b.rlib" "/opt/rustwide/target/debug/deps/libfutures_channel-1988c6a71d340cad.rlib" "/opt/rustwide/target/debug/deps/libfutures_util-b9bbb77fece7bfe7.rlib" "/opt/rustwide/target/debug/deps/libfutures_task-f1faf1d2e1e4a20d.rlib" "/opt/rustwide/target/debug/deps/libpin_utils-6bd6355de79f98af.rlib" "/opt/rustwide/target/debug/deps/libtokio-d5efe48fee6b7cf2.rlib" "/opt/rustwide/target/debug/deps/libnum_cpus-0ef4596306288cfc.rlib" "/opt/rustwide/target/debug/deps/libmemchr-86011cfe2a8fea17.rlib" "/opt/rustwide/target/debug/deps/libmio-56cb0b49c34b982c.rlib" "/opt/rustwide/target/debug/deps/liblibc-db0a9237205b3d70.rlib" "/opt/rustwide/target/debug/deps/libhttp_body-282e3a62cf0bdc12.rlib" "/opt/rustwide/target/debug/deps/libpin_project_lite-3fd1e94deeedf575.rlib" "/opt/rustwide/target/debug/deps/liblog-c4b39fd717a6a1eb.rlib" "/opt/rustwide/target/debug/deps/libcfg_if-8217498f8667ada9.rlib" "/opt/rustwide/target/debug/deps/libfutures_core-2b696e01d4056d32.rlib" "/opt/rustwide/target/debug/deps/liblazy_static-8c0bb59ebbb3df6c.rlib" "/opt/rustwide/target/debug/deps/liburl-77334fef4a093338.rlib" "/opt/rustwide/target/debug/deps/libidna-2a766b021e2c459a.rlib" "/opt/rustwide/target/debug/deps/libunicode_normalization-d6a1fb7d9be2194e.rlib" "/opt/rustwide/target/debug/deps/libtinyvec-c2c2e7fd5bb2b027.rlib" "/opt/rustwide/target/debug/deps/libtinyvec_macros-4bbd5c88ba0aa3c3.rlib" "/opt/rustwide/target/debug/deps/libunicode_bidi-a4a7eca69f679009.rlib" "/opt/rustwide/target/debug/deps/libform_urlencoded-981c3a66013956ee.rlib" "/opt/rustwide/target/debug/deps/libpercent_encoding-cf13d6c3cca11d0a.rlib" "/opt/rustwide/target/debug/deps/libmatches-37eee2c50f82dc8b.rlib" "/opt/rustwide/target/debug/deps/libhttp-63235d03088c4104.rlib" "/opt/rustwide/target/debug/deps/libitoa-9c805fa0618b04c9.rlib" "/opt/rustwide/target/debug/deps/libbytes-35d408d939770451.rlib" "/opt/rustwide/target/debug/deps/libfnv-b4bd047f342dff07.rlib" "/opt/rustwide/rustup-home/toolchains/1.83.0-x86_64-unknown-linux-gnu/lib/rustlib/x86_64-unknown-linux-gnu/lib/libstd-ca74a2d9c5166d9f.rlib" "/opt/rustwide/rustup-home/toolchains/1.83.0-x86_64-unknown-linux-gnu/lib/rustlib/x86_64-unknown-linux-gnu/lib/libpanic_unwind-e31ab23316ed5080.rlib" "/opt/rustwide/rustup-home/toolchains/1.83.0-x86_64-unknown-linux-gnu/lib/rustlib/x86_64-unknown-linux-gnu/lib/libobject-27dc4aa955912662.rlib" "/opt/rustwide/rustup-home/toolchains/1.83.0-x86_64-unknown-linux-gnu/lib/rustlib/x86_64-unknown-linux-gnu/lib/libmemchr-bd0d6cccce077b99.rlib" "/opt/rustwide/rustup-home/toolchains/1.83.0-x86_64-unknown-linux-gnu/lib/rustlib/x86_64-unknown-linux-gnu/lib/libaddr2line-8d001680935b5e3c.rlib" "/opt/rustwide/rustup-home/toolchains/1.83.0-x86_64-unknown-linux-gnu/lib/rustlib/x86_64-unknown-linux-gnu/lib/libgimli-ba8ce71964f984f4.rlib" "/opt/rustwide/rustup-home/toolchains/1.83.0-x86_64-unknown-linux-gnu/lib/rustlib/x86_64-unknown-linux-gnu/lib/librustc_demangle-99a73526abcec14b.rlib" "/opt/rustwide/rustup-home/toolchains/1.83.0-x86_64-unknown-linux-gnu/lib/rustlib/x86_64-unknown-linux-gnu/lib/libstd_detect-63ac0d22cff92579.rlib" "/opt/rustwide/rustup-home/toolchains/1.83.0-x86_64-unknown-linux-gnu/lib/rustlib/x86_64-unknown-linux-gnu/lib/libhashbrown-9057355c92c922d5.rlib" "/opt/rustwide/rustup-home/toolchains/1.83.0-x86_64-unknown-linux-gnu/lib/rustlib/x86_64-unknown-linux-gnu/lib/librustc_std_workspace_alloc-358be9bc1f6bab04.rlib" "/opt/rustwide/rustup-home/toolchains/1.83.0-x86_64-unknown-linux-gnu/lib/rustlib/x86_64-unknown-linux-gnu/lib/libminiz_oxide-aca15549d5bff974.rlib" "/opt/rustwide/rustup-home/toolchains/1.83.0-x86_64-unknown-linux-gnu/lib/rustlib/x86_64-unknown-linux-gnu/lib/libadler-8251d2cef7072448.rlib" "/opt/rustwide/rustup-home/toolchains/1.83.0-x86_64-unknown-linux-gnu/lib/rustlib/x86_64-unknown-linux-gnu/lib/libunwind-7d50b86011c66411.rlib" "/opt/rustwide/rustup-home/toolchains/1.83.0-x86_64-unknown-linux-gnu/lib/rustlib/x86_64-unknown-linux-gnu/lib/libcfg_if-51ea098fce5006bf.rlib" "/opt/rustwide/rustup-home/toolchains/1.83.0-x86_64-unknown-linux-gnu/lib/rustlib/x86_64-unknown-linux-gnu/lib/liblibc-5a14e0d0b712e731.rlib" "/opt/rustwide/rustup-home/toolchains/1.83.0-x86_64-unknown-linux-gnu/lib/rustlib/x86_64-unknown-linux-gnu/lib/liballoc-8b83dbf3a7b8f999.rlib" "/opt/rustwide/rustup-home/toolchains/1.83.0-x86_64-unknown-linux-gnu/lib/rustlib/x86_64-unknown-linux-gnu/lib/librustc_std_workspace_core-c6fd227bdc7b39ff.rlib" "/opt/rustwide/rustup-home/toolchains/1.83.0-x86_64-unknown-linux-gnu/lib/rustlib/x86_64-unknown-linux-gnu/lib/libcore-959d3389fa3da8a5.rlib" "/opt/rustwide/rustup-home/toolchains/1.83.0-x86_64-unknown-linux-gnu/lib/rustlib/x86_64-unknown-linux-gnu/lib/libcompiler_builtins-abe05db089cc2c62.rlib" "-Wl,-Bdynamic" "-lssl" "-lcrypto" "-lgcc_s" "-lutil" "-lrt" "-lpthread" "-lm" "-ldl" "-lc" "-Wl,--eh-frame-hdr" "-Wl,-z,noexecstack" "-L" "/opt/rustwide/rustup-home/toolchains/1.83.0-x86_64-unknown-linux-gnu/lib/rustlib/x86_64-unknown-linux-gnu/lib" "-o" "/tmp/rustdoctest474cvC/rust_out" "-Wl,--gc-sections" "-pie" "-Wl,-z,relro,-z,now" "-nodefaultlibs"
[INFO] [stdout]   = note: collect2: fatal error: ld terminated with signal 9 [Killed]
[INFO] [stdout]           compilation terminated.
[INFO] [stdout]           
[INFO] [stdout] 
[INFO] [stdout] error: aborting due to 1 previous error
[INFO] [stdout] 
[INFO] [stdout] Couldn't compile the test.
[INFO] [stdout] ---- src/session.rs - session::Session::with_client_builder (line 111) stdout ----
[INFO] [stdout] error: linking with `cc` failed: exit status: 1
[INFO] [stdout]   |
[INFO] [stdout]   = note: LC_ALL="C" PATH="/opt/rustwide/rustup-home/toolchains/1.83.0-x86_64-unknown-linux-gnu/lib/rustlib/x86_64-unknown-linux-gnu/bin:/opt/rustwide/cargo-home/bin:/usr/local/sbin:/usr/local/bin:/usr/sbin:/usr/bin:/sbin:/bin" VSLANG="1033" "cc" "-m64" "/tmp/rustcfU46zo/symbols.o" "/tmp/rustdoctestZ4pPHF/rust_out.rust_out.cb03291d53e4e161-cgu.0.rcgu.o" "/tmp/rustdoctestZ4pPHF/rust_out.1s7umcihpz0t7nkz1uc2ifee9.rcgu.o" "-Wl,--as-needed" "-Wl,-Bstatic" "/opt/rustwide/target/debug/deps/libneust-60962827c71b6f3f.rlib" "/opt/rustwide/target/debug/deps/libregex-306e3313706787fc.rlib" "/opt/rustwide/target/debug/deps/libaho_corasick-edd07f1aaab9c523.rlib" "/opt/rustwide/target/debug/deps/libregex_syntax-022b2e065d6cc601.rlib" "/opt/rustwide/target/debug/deps/libthiserror-343ca47040e38c52.rlib" "/opt/rustwide/target/debug/deps/libreqwest-eaf0b67b3022771a.rlib" "/opt/rustwide/target/debug/deps/libhyper_tls-192afea7835d656c.rlib" "/opt/rustwide/target/debug/deps/libserde_urlencoded-c75281d697e909f6.rlib" "/opt/rustwide/target/debug/deps/libcookie_store-038dad995540e6ef.rlib" "/opt/rustwide/target/debug/deps/libserde_json-ec2ff50acbe81ac9.rlib" "/opt/rustwide/target/debug/deps/libryu-8dcb9f77fd4edbf9.rlib" "/opt/rustwide/target/debug/deps/libpublicsuffix-d954fd4d4b68cd88.rlib" "/opt/rustwide/target/debug/deps/libpsl_types-32f476cc36e00785.rlib" "/opt/rustwide/target/debug/deps/libbyteorder-a73838f6dfae9cda.rlib" "/opt/rustwide/target/debug/deps/libcookie-692c5d4a2a71a3aa.rlib" "/opt/rustwide/target/debug/deps/libtime-a81b339cff57aa0f.rlib" "/opt/rustwide/target/debug/deps/libtime_macros-27152df1812bdf4f.rlib" "/opt/rustwide/target/debug/deps/libstandback-25d7c1cb7ef6ad15.rlib" "/opt/rustwide/target/debug/deps/libipnet-b68174b78cadc8c8.rlib" "/opt/rustwide/target/debug/deps/libtokio_native_tls-4a716a5888d1678a.rlib" "/opt/rustwide/target/debug/deps/libmime-44eb3da8d73c6d4c.rlib" "/opt/rustwide/target/debug/deps/libencoding_rs-c6ef4a0265665d84.rlib" "/opt/rustwide/target/debug/deps/libserde-0e78c10d3af05117.rlib" "/opt/rustwide/target/debug/deps/libbase64-f24e6eb836530838.rlib" "/opt/rustwide/target/debug/deps/libnative_tls-aafe0e4c8e309b1f.rlib" "/opt/rustwide/target/debug/deps/libopenssl_probe-111dcb0b3b714b0f.rlib" "/opt/rustwide/target/debug/deps/libopenssl-d828624ff967fd9a.rlib" "/opt/rustwide/target/debug/deps/libonce_cell-00eb37e3060755e6.rlib" "/opt/rustwide/target/debug/deps/libbitflags-d3511f9afe014f87.rlib" "/opt/rustwide/target/debug/deps/libforeign_types-504d8dbdd27ff197.rlib" "/opt/rustwide/target/debug/deps/libforeign_types_shared-f6b6a54f87ce1292.rlib" "/opt/rustwide/target/debug/deps/libopenssl_sys-72d5515729ab90da.rlib" "/opt/rustwide/target/debug/deps/libhyper-896ff28ecdd3b1c2.rlib" "/opt/rustwide/target/debug/deps/libwant-61e1bfeb9c91f2fa.rlib" "/opt/rustwide/target/debug/deps/libtry_lock-b8583ddd4baf3456.rlib" "/opt/rustwide/target/debug/deps/libsocket2-092dc311466e21ef.rlib" "/opt/rustwide/target/debug/deps/libhttparse-4fb3a9636a5c203d.rlib" "/opt/rustwide/target/debug/deps/libh2-3994002d288fa06a.rlib" "/opt/rustwide/target/debug/deps/libindexmap-3f64d452fd9885ee.rlib" "/opt/rustwide/target/debug/deps/libhashbrown-682700f5150b4976.rlib" "/opt/rustwide/target/debug/deps/libslab-a617169295c62d6b.rlib" "/opt/rustwide/target/debug/deps/libtokio_util-cdb35ea3c2ea5097.rlib" "/opt/rustwide/target/debug/deps/libfutures_sink-2be1793bd64d5d7b.rlib" "/opt/rustwide/target/debug/deps/libtower_service-8427fe6e08d90098.rlib" "/opt/rustwide/target/debug/deps/libtracing-b3caa4de90916283.rlib" "/opt/rustwide/target/debug/deps/libtracing_core-1f8ad84f03e8131b.rlib" "/opt/rustwide/target/debug/deps/libfutures_channel-1988c6a71d340cad.rlib" "/opt/rustwide/target/debug/deps/libfutures_util-b9bbb77fece7bfe7.rlib" "/opt/rustwide/target/debug/deps/libfutures_task-f1faf1d2e1e4a20d.rlib" "/opt/rustwide/target/debug/deps/libpin_utils-6bd6355de79f98af.rlib" "/opt/rustwide/target/debug/deps/libtokio-d5efe48fee6b7cf2.rlib" "/opt/rustwide/target/debug/deps/libnum_cpus-0ef4596306288cfc.rlib" "/opt/rustwide/target/debug/deps/libmemchr-86011cfe2a8fea17.rlib" "/opt/rustwide/target/debug/deps/libmio-56cb0b49c34b982c.rlib" "/opt/rustwide/target/debug/deps/liblibc-db0a9237205b3d70.rlib" "/opt/rustwide/target/debug/deps/libhttp_body-282e3a62cf0bdc12.rlib" "/opt/rustwide/target/debug/deps/libpin_project_lite-3fd1e94deeedf575.rlib" "/opt/rustwide/target/debug/deps/liblog-c4b39fd717a6a1eb.rlib" "/opt/rustwide/target/debug/deps/libcfg_if-8217498f8667ada9.rlib" "/opt/rustwide/target/debug/deps/libfutures_core-2b696e01d4056d32.rlib" "/opt/rustwide/target/debug/deps/liblazy_static-8c0bb59ebbb3df6c.rlib" "/opt/rustwide/target/debug/deps/liburl-77334fef4a093338.rlib" "/opt/rustwide/target/debug/deps/libidna-2a766b021e2c459a.rlib" "/opt/rustwide/target/debug/deps/libunicode_normalization-d6a1fb7d9be2194e.rlib" "/opt/rustwide/target/debug/deps/libtinyvec-c2c2e7fd5bb2b027.rlib" "/opt/rustwide/target/debug/deps/libtinyvec_macros-4bbd5c88ba0aa3c3.rlib" "/opt/rustwide/target/debug/deps/libunicode_bidi-a4a7eca69f679009.rlib" "/opt/rustwide/target/debug/deps/libform_urlencoded-981c3a66013956ee.rlib" "/opt/rustwide/target/debug/deps/libpercent_encoding-cf13d6c3cca11d0a.rlib" "/opt/rustwide/target/debug/deps/libmatches-37eee2c50f82dc8b.rlib" "/opt/rustwide/target/debug/deps/libhttp-63235d03088c4104.rlib" "/opt/rustwide/target/debug/deps/libitoa-9c805fa0618b04c9.rlib" "/opt/rustwide/target/debug/deps/libbytes-35d408d939770451.rlib" "/opt/rustwide/target/debug/deps/libfnv-b4bd047f342dff07.rlib" "/opt/rustwide/rustup-home/toolchains/1.83.0-x86_64-unknown-linux-gnu/lib/rustlib/x86_64-unknown-linux-gnu/lib/libstd-ca74a2d9c5166d9f.rlib" "/opt/rustwide/rustup-home/toolchains/1.83.0-x86_64-unknown-linux-gnu/lib/rustlib/x86_64-unknown-linux-gnu/lib/libpanic_unwind-e31ab23316ed5080.rlib" "/opt/rustwide/rustup-home/toolchains/1.83.0-x86_64-unknown-linux-gnu/lib/rustlib/x86_64-unknown-linux-gnu/lib/libobject-27dc4aa955912662.rlib" "/opt/rustwide/rustup-home/toolchains/1.83.0-x86_64-unknown-linux-gnu/lib/rustlib/x86_64-unknown-linux-gnu/lib/libmemchr-bd0d6cccce077b99.rlib" "/opt/rustwide/rustup-home/toolchains/1.83.0-x86_64-unknown-linux-gnu/lib/rustlib/x86_64-unknown-linux-gnu/lib/libaddr2line-8d001680935b5e3c.rlib" "/opt/rustwide/rustup-home/toolchains/1.83.0-x86_64-unknown-linux-gnu/lib/rustlib/x86_64-unknown-linux-gnu/lib/libgimli-ba8ce71964f984f4.rlib" "/opt/rustwide/rustup-home/toolchains/1.83.0-x86_64-unknown-linux-gnu/lib/rustlib/x86_64-unknown-linux-gnu/lib/librustc_demangle-99a73526abcec14b.rlib" "/opt/rustwide/rustup-home/toolchains/1.83.0-x86_64-unknown-linux-gnu/lib/rustlib/x86_64-unknown-linux-gnu/lib/libstd_detect-63ac0d22cff92579.rlib" "/opt/rustwide/rustup-home/toolchains/1.83.0-x86_64-unknown-linux-gnu/lib/rustlib/x86_64-unknown-linux-gnu/lib/libhashbrown-9057355c92c922d5.rlib" "/opt/rustwide/rustup-home/toolchains/1.83.0-x86_64-unknown-linux-gnu/lib/rustlib/x86_64-unknown-linux-gnu/lib/librustc_std_workspace_alloc-358be9bc1f6bab04.rlib" "/opt/rustwide/rustup-home/toolchains/1.83.0-x86_64-unknown-linux-gnu/lib/rustlib/x86_64-unknown-linux-gnu/lib/libminiz_oxide-aca15549d5bff974.rlib" "/opt/rustwide/rustup-home/toolchains/1.83.0-x86_64-unknown-linux-gnu/lib/rustlib/x86_64-unknown-linux-gnu/lib/libadler-8251d2cef7072448.rlib" "/opt/rustwide/rustup-home/toolchains/1.83.0-x86_64-unknown-linux-gnu/lib/rustlib/x86_64-unknown-linux-gnu/lib/libunwind-7d50b86011c66411.rlib" "/opt/rustwide/rustup-home/toolchains/1.83.0-x86_64-unknown-linux-gnu/lib/rustlib/x86_64-unknown-linux-gnu/lib/libcfg_if-51ea098fce5006bf.rlib" "/opt/rustwide/rustup-home/toolchains/1.83.0-x86_64-unknown-linux-gnu/lib/rustlib/x86_64-unknown-linux-gnu/lib/liblibc-5a14e0d0b712e731.rlib" "/opt/rustwide/rustup-home/toolchains/1.83.0-x86_64-unknown-linux-gnu/lib/rustlib/x86_64-unknown-linux-gnu/lib/liballoc-8b83dbf3a7b8f999.rlib" "/opt/rustwide/rustup-home/toolchains/1.83.0-x86_64-unknown-linux-gnu/lib/rustlib/x86_64-unknown-linux-gnu/lib/librustc_std_workspace_core-c6fd227bdc7b39ff.rlib" "/opt/rustwide/rustup-home/toolchains/1.83.0-x86_64-unknown-linux-gnu/lib/rustlib/x86_64-unknown-linux-gnu/lib/libcore-959d3389fa3da8a5.rlib" "/opt/rustwide/rustup-home/toolchains/1.83.0-x86_64-unknown-linux-gnu/lib/rustlib/x86_64-unknown-linux-gnu/lib/libcompiler_builtins-abe05db089cc2c62.rlib" "-Wl,-Bdynamic" "-lssl" "-lcrypto" "-lgcc_s" "-lutil" "-lrt" "-lpthread" "-lm" "-ldl" "-lc" "-Wl,--eh-frame-hdr" "-Wl,-z,noexecstack" "-L" "/opt/rustwide/rustup-home/toolchains/1.83.0-x86_64-unknown-linux-gnu/lib/rustlib/x86_64-unknown-linux-gnu/lib" "-o" "/tmp/rustdoctestZ4pPHF/rust_out" "-Wl,--gc-sections" "-pie" "-Wl,-z,relro,-z,now" "-nodefaultlibs"
[INFO] [stdout]   = note: collect2: fatal error: ld terminated with signal 9 [Killed]
[INFO] [stdout]           compilation terminated.
[INFO] [stdout]           
[INFO] [stdout] 
[INFO] [stdout] error: aborting due to 1 previous error
[INFO] [stdout] 
[INFO] [stdout] Couldn't compile the test.
[INFO] [stdout] 
[INFO] [stdout] failures:
[INFO] [stdout]     src/session.rs - session::Session::with_client_builder (line 111)
[INFO] [stdout]     src/status.rs - status::UserStatus::get_username (line 94)
[INFO] [stdout] 
[INFO] [stdout] test result: FAILED. 14 passed; 2 failed; 0 ignored; 0 measured; 0 filtered out; finished in 11.82s
[INFO] [stdout] 
[INFO] [stderr] error: doctest failed, to rerun pass `--doc`
[INFO] running `Command { std: "docker" "inspect" "21b09d55818d169b3fd13543119a8428a26884e4f63848925360b253a49a422c", kill_on_drop: false }`
[INFO] running `Command { std: "docker" "rm" "-f" "21b09d55818d169b3fd13543119a8428a26884e4f63848925360b253a49a422c", kill_on_drop: false }`
[INFO] [stdout] 21b09d55818d169b3fd13543119a8428a26884e4f63848925360b253a49a422c
