[INFO] fetching crate mahf 0.1.0...
[INFO] testing mahf-0.1.0 against beta-2024-12-08 for beta-1.84.0-4-retry
[INFO] extracting crate mahf 0.1.0 into /workspace/builds/worker-5-tc2/source
[INFO] validating manifest of crates.io crate mahf 0.1.0 on toolchain beta-2024-12-08
[INFO] running `Command { std: CARGO_HOME="/workspace/cargo-home" RUSTUP_HOME="/workspace/rustup-home" "/workspace/cargo-home/bin/cargo" "+beta-2024-12-08" "metadata" "--manifest-path" "Cargo.toml" "--no-deps", kill_on_drop: false }`
[INFO] started tweaking crates.io crate mahf 0.1.0
[INFO] finished tweaking crates.io crate mahf 0.1.0
[INFO] tweaked toml for crates.io crate mahf 0.1.0 written to /workspace/builds/worker-5-tc2/source/Cargo.toml
[INFO] crate crates.io crate mahf 0.1.0 already has a lockfile, it will not be regenerated
[INFO] running `Command { std: CARGO_HOME="/workspace/cargo-home" RUSTUP_HOME="/workspace/rustup-home" "/workspace/cargo-home/bin/cargo" "+beta-2024-12-08" "fetch" "--manifest-path" "Cargo.toml", kill_on_drop: false }`
[INFO] running `Command { std: "docker" "create" "-v" "/var/lib/crater-agent-workspace/builds/worker-5-tc2/target:/opt/rustwide/target:rw,Z" "-v" "/var/lib/crater-agent-workspace/builds/worker-5-tc2/source:/opt/rustwide/workdir:ro,Z" "-v" "/var/lib/crater-agent-workspace/cargo-home:/opt/rustwide/cargo-home:ro,Z" "-v" "/var/lib/crater-agent-workspace/rustup-home:/opt/rustwide/rustup-home:ro,Z" "-e" "SOURCE_DIR=/opt/rustwide/workdir" "-e" "CARGO_TARGET_DIR=/opt/rustwide/target" "-e" "CARGO_HOME=/opt/rustwide/cargo-home" "-e" "RUSTUP_HOME=/opt/rustwide/rustup-home" "-w" "/opt/rustwide/workdir" "-m" "1610612736" "--user" "0:0" "--network" "none" "ghcr.io/rust-lang/crates-build-env/linux@sha256:f3a9d4ad9d972b27faf3965f35b62e55ba32bbce8f20bc8fe909558a86702fde" "/opt/rustwide/cargo-home/bin/cargo" "+beta-2024-12-08" "metadata" "--no-deps" "--format-version=1", kill_on_drop: false }`
[INFO] [stdout] 625a03040717c113b66ccd434f6aaf19f29d15f02b498da21ad79102385d2e53
[INFO] running `Command { std: "docker" "start" "-a" "625a03040717c113b66ccd434f6aaf19f29d15f02b498da21ad79102385d2e53", kill_on_drop: false }`
[INFO] running `Command { std: "docker" "inspect" "625a03040717c113b66ccd434f6aaf19f29d15f02b498da21ad79102385d2e53", kill_on_drop: false }`
[INFO] running `Command { std: "docker" "rm" "-f" "625a03040717c113b66ccd434f6aaf19f29d15f02b498da21ad79102385d2e53", kill_on_drop: false }`
[INFO] [stdout] 625a03040717c113b66ccd434f6aaf19f29d15f02b498da21ad79102385d2e53
[INFO] running `Command { std: "docker" "create" "-v" "/var/lib/crater-agent-workspace/builds/worker-5-tc2/target:/opt/rustwide/target:rw,Z" "-v" "/var/lib/crater-agent-workspace/builds/worker-5-tc2/source:/opt/rustwide/workdir:ro,Z" "-v" "/var/lib/crater-agent-workspace/cargo-home:/opt/rustwide/cargo-home:ro,Z" "-v" "/var/lib/crater-agent-workspace/rustup-home:/opt/rustwide/rustup-home:ro,Z" "-e" "SOURCE_DIR=/opt/rustwide/workdir" "-e" "CARGO_TARGET_DIR=/opt/rustwide/target" "-e" "CARGO_INCREMENTAL=0" "-e" "RUST_BACKTRACE=full" "-e" "RUSTFLAGS=--cap-lints=warn" "-e" "RUSTDOCFLAGS=--cap-lints=warn" "-e" "CARGO_HOME=/opt/rustwide/cargo-home" "-e" "RUSTUP_HOME=/opt/rustwide/rustup-home" "-w" "/opt/rustwide/workdir" "-m" "1610612736" "--user" "0:0" "--network" "none" "ghcr.io/rust-lang/crates-build-env/linux@sha256:f3a9d4ad9d972b27faf3965f35b62e55ba32bbce8f20bc8fe909558a86702fde" "/opt/rustwide/cargo-home/bin/cargo" "+beta-2024-12-08" "build" "--frozen" "--message-format=json", kill_on_drop: false }`
[INFO] [stdout] 28f116f8bc6f43c227ed480dba4c22bdbdda36c1e343aa17d6e49ffc8fdf3a64
[INFO] running `Command { std: "docker" "start" "-a" "28f116f8bc6f43c227ed480dba4c22bdbdda36c1e343aa17d6e49ffc8fdf3a64", kill_on_drop: false }`
[INFO] [stderr]    Compiling proc-macro2 v1.0.60
[INFO] [stderr]    Compiling unicode-ident v1.0.9
[INFO] [stderr]    Compiling quote v1.0.28
[INFO] [stderr]    Compiling cfg-if v1.0.0
[INFO] [stderr]    Compiling autocfg v1.1.0
[INFO] [stderr]    Compiling libc v0.2.147
[INFO] [stderr]    Compiling syn v1.0.109
[INFO] [stderr]    Compiling version_check v0.9.4
[INFO] [stderr]    Compiling crossbeam-utils v0.8.16
[INFO] [stderr]    Compiling once_cell v1.18.0
[INFO] [stderr]    Compiling lazy_static v1.4.0
[INFO] [stderr]    Compiling serde v1.0.164
[INFO] [stderr]    Compiling memchr v2.5.0
[INFO] [stderr]    Compiling scopeguard v1.1.0
[INFO] [stderr]    Compiling cc v1.0.79
[INFO] [stderr]    Compiling rayon-core v1.11.0
[INFO] [stderr]    Compiling libm v0.2.7
[INFO] [stderr]    Compiling sharded-slab v0.1.4
[INFO] [stderr]    Compiling pin-project-lite v0.2.9
[INFO] [stderr]    Compiling eyre v0.6.8
[INFO] [stderr]    Compiling adler v1.0.2
[INFO] [stderr]    Compiling gimli v0.27.3
[INFO] [stderr]    Compiling tracing-core v0.1.31
[INFO] [stderr]    Compiling thread_local v1.1.7
[INFO] [stderr]    Compiling ppv-lite86 v0.2.17
[INFO] [stderr]    Compiling either v1.8.1
[INFO] [stderr]    Compiling portable-atomic v1.3.3
[INFO] [stderr]    Compiling miniz_oxide v0.6.2
[INFO] [stderr]    Compiling memoffset v0.9.0
[INFO] [stderr]    Compiling proc-macro-error-attr v1.0.4
[INFO] [stderr]    Compiling crossbeam-epoch v0.9.15
[INFO] [stderr]    Compiling proc-macro-error v1.0.4
[INFO] [stderr]    Compiling tracing v0.1.37
[INFO] [stderr]    Compiling num-traits v0.2.15
[INFO] [stderr]    Compiling object v0.30.4
[INFO] [stderr]    Compiling owo-colors v3.5.0
[INFO] [stderr]    Compiling rustc-demangle v0.1.23
[INFO] [stderr]    Compiling tracing-subscriber v0.3.17
[INFO] [stderr]    Compiling indenter v0.3.3
[INFO] [stderr]    Compiling erased-serde v0.3.25
[INFO] [stderr]    Compiling crossbeam-channel v0.5.8
[INFO] [stderr]    Compiling serde_json v1.0.99
[INFO] [stderr]    Compiling thiserror v1.0.40
[INFO] [stderr]    Compiling syn v2.0.18
[INFO] [stderr]    Compiling getrandom v0.2.10
[INFO] [stderr]    Compiling num_cpus v1.15.0
[INFO] [stderr]    Compiling ciborium-io v0.2.1
[INFO] [stderr]    Compiling backtrace v0.3.67
[INFO] [stderr]    Compiling crossbeam-deque v0.8.3
[INFO] [stderr]    Compiling half v1.8.2
[INFO] [stderr]    Compiling unicode-width v0.1.10
[INFO] [stderr]    Compiling rand_core v0.6.4
[INFO] [stderr]    Compiling console v0.15.7
[INFO] [stderr]    Compiling ciborium-ll v0.2.1
[INFO] [stderr]    Compiling rand_chacha v0.3.1
[INFO] [stderr]    Compiling tracing-error v0.2.0
[INFO] [stderr]    Compiling convert_case v0.4.0
[INFO] [stderr]    Compiling base64 v0.13.1
[INFO] [stderr]    Compiling ryu v1.0.13
[INFO] [stderr]    Compiling bitflags v1.3.2
[INFO] [stderr]    Compiling color-spantrace v0.2.0
[INFO] [stderr]    Compiling number_prefix v0.4.0
[INFO] [stderr]    Compiling rand v0.8.5
[INFO] [stderr]    Compiling itoa v1.0.6
[INFO] [stderr]    Compiling itertools v0.10.5
[INFO] [stderr]    Compiling rayon v1.7.0
[INFO] [stderr]    Compiling dyn-clone v1.0.11
[INFO] [stderr]    Compiling float_eq v1.0.1
[INFO] [stderr]    Compiling addr2line v0.19.0
[INFO] [stderr]    Compiling rand_distr v0.4.3
[INFO] [stderr]    Compiling serde_derive v1.0.164
[INFO] [stderr]    Compiling thiserror-impl v1.0.40
[INFO] [stderr]    Compiling color-eyre v0.6.2
[INFO] [stderr]    Compiling indicatif v0.17.5
[INFO] [stderr]    Compiling test-case-core v3.1.0
[INFO] [stderr]    Compiling better_typeid_derive v0.1.1
[INFO] [stderr]    Compiling contracts v0.6.3
[INFO] [stderr]    Compiling trait-set v0.3.0
[INFO] [stderr]    Compiling derivative v2.2.0
[INFO] [stderr]    Compiling derive_more v0.99.17
[INFO] [stderr]    Compiling test-case-macros v3.1.0
[INFO] [stderr]    Compiling better_any v0.2.0
[INFO] [stderr]    Compiling test-case v3.1.0
[INFO] [stderr]    Compiling ciborium v0.2.1
[INFO] [stderr]    Compiling ron v0.8.0
[INFO] [stderr]    Compiling mahf v0.1.0 (/opt/rustwide/workdir)
[INFO] [stderr]     Finished `dev` profile [unoptimized + debuginfo] target(s) in 24.61s
[INFO] running `Command { std: "docker" "inspect" "28f116f8bc6f43c227ed480dba4c22bdbdda36c1e343aa17d6e49ffc8fdf3a64", kill_on_drop: false }`
[INFO] running `Command { std: "docker" "rm" "-f" "28f116f8bc6f43c227ed480dba4c22bdbdda36c1e343aa17d6e49ffc8fdf3a64", kill_on_drop: false }`
[INFO] [stdout] 28f116f8bc6f43c227ed480dba4c22bdbdda36c1e343aa17d6e49ffc8fdf3a64
[INFO] running `Command { std: "docker" "create" "-v" "/var/lib/crater-agent-workspace/builds/worker-5-tc2/target:/opt/rustwide/target:rw,Z" "-v" "/var/lib/crater-agent-workspace/builds/worker-5-tc2/source:/opt/rustwide/workdir:ro,Z" "-v" "/var/lib/crater-agent-workspace/cargo-home:/opt/rustwide/cargo-home:ro,Z" "-v" "/var/lib/crater-agent-workspace/rustup-home:/opt/rustwide/rustup-home:ro,Z" "-e" "SOURCE_DIR=/opt/rustwide/workdir" "-e" "CARGO_TARGET_DIR=/opt/rustwide/target" "-e" "CARGO_INCREMENTAL=0" "-e" "RUST_BACKTRACE=full" "-e" "RUSTFLAGS=--cap-lints=warn" "-e" "RUSTDOCFLAGS=--cap-lints=warn" "-e" "CARGO_HOME=/opt/rustwide/cargo-home" "-e" "RUSTUP_HOME=/opt/rustwide/rustup-home" "-w" "/opt/rustwide/workdir" "-m" "1610612736" "--user" "0:0" "--network" "none" "ghcr.io/rust-lang/crates-build-env/linux@sha256:f3a9d4ad9d972b27faf3965f35b62e55ba32bbce8f20bc8fe909558a86702fde" "/opt/rustwide/cargo-home/bin/cargo" "+beta-2024-12-08" "test" "--frozen" "--no-run" "--message-format=json", kill_on_drop: false }`
[INFO] [stdout] 401fac232ab50111fae8bed9186ab7dc9c6cbe047c3cae09ea3c6cfa3afa24aa
[INFO] running `Command { std: "docker" "start" "-a" "401fac232ab50111fae8bed9186ab7dc9c6cbe047c3cae09ea3c6cfa3afa24aa", kill_on_drop: false }`
[INFO] [stderr]    Compiling num-traits v0.2.15
[INFO] [stderr]    Compiling rustix v0.38.4
[INFO] [stderr]    Compiling bitflags v2.3.3
[INFO] [stderr]    Compiling plotters-backend v0.3.5
[INFO] [stderr]    Compiling anstyle v1.0.1
[INFO] [stderr]    Compiling clap_lex v0.5.0
[INFO] [stderr]    Compiling regex-syntax v0.7.4
[INFO] [stderr]    Compiling linux-raw-sys v0.4.3
[INFO] [stderr]    Compiling same-file v1.0.6
[INFO] [stderr]    Compiling cast v0.3.0
[INFO] [stderr]    Compiling tinytemplate v1.2.1
[INFO] [stderr]    Compiling anes v0.1.6
[INFO] [stderr]    Compiling oorandom v11.1.3
[INFO] [stderr]    Compiling walkdir v2.3.3
[INFO] [stderr]    Compiling criterion-plot v0.5.0
[INFO] [stderr]    Compiling clap_builder v4.3.11
[INFO] [stderr]    Compiling plotters-svg v0.3.5
[INFO] [stderr]    Compiling is-terminal v0.4.9
[INFO] [stderr]    Compiling rand_distr v0.4.3
[INFO] [stderr]    Compiling plotters v0.3.5
[INFO] [stderr]    Compiling regex-automata v0.3.3
[INFO] [stderr]    Compiling mahf v0.1.0 (/opt/rustwide/workdir)
[INFO] [stderr]    Compiling clap v4.3.11
[INFO] [stderr]    Compiling regex v1.9.1
[INFO] [stderr]    Compiling criterion v0.5.1
[INFO] [stderr]     Finished `test` profile [unoptimized + debuginfo] target(s) in 19.21s
[INFO] running `Command { std: "docker" "inspect" "401fac232ab50111fae8bed9186ab7dc9c6cbe047c3cae09ea3c6cfa3afa24aa", kill_on_drop: false }`
[INFO] running `Command { std: "docker" "rm" "-f" "401fac232ab50111fae8bed9186ab7dc9c6cbe047c3cae09ea3c6cfa3afa24aa", kill_on_drop: false }`
[INFO] [stdout] 401fac232ab50111fae8bed9186ab7dc9c6cbe047c3cae09ea3c6cfa3afa24aa
[INFO] running `Command { std: "docker" "create" "-v" "/var/lib/crater-agent-workspace/builds/worker-5-tc2/target:/opt/rustwide/target:rw,Z" "-v" "/var/lib/crater-agent-workspace/builds/worker-5-tc2/source:/opt/rustwide/workdir:ro,Z" "-v" "/var/lib/crater-agent-workspace/cargo-home:/opt/rustwide/cargo-home:ro,Z" "-v" "/var/lib/crater-agent-workspace/rustup-home:/opt/rustwide/rustup-home:ro,Z" "-e" "SOURCE_DIR=/opt/rustwide/workdir" "-e" "CARGO_TARGET_DIR=/opt/rustwide/target" "-e" "CARGO_INCREMENTAL=0" "-e" "RUST_BACKTRACE=full" "-e" "RUSTFLAGS=--cap-lints=warn" "-e" "RUSTDOCFLAGS=--cap-lints=warn" "-e" "CARGO_HOME=/opt/rustwide/cargo-home" "-e" "RUSTUP_HOME=/opt/rustwide/rustup-home" "-w" "/opt/rustwide/workdir" "-m" "1610612736" "--user" "0:0" "--network" "none" "ghcr.io/rust-lang/crates-build-env/linux@sha256:f3a9d4ad9d972b27faf3965f35b62e55ba32bbce8f20bc8fe909558a86702fde" "/opt/rustwide/cargo-home/bin/cargo" "+beta-2024-12-08" "test" "--frozen", kill_on_drop: false }`
[INFO] [stdout] f8c693417c98780ac0e1c1eac9a36ed895cb26a838cc51dc402d2157c752290b
[INFO] running `Command { std: "docker" "start" "-a" "f8c693417c98780ac0e1c1eac9a36ed895cb26a838cc51dc402d2157c752290b", kill_on_drop: false }`
[INFO] [stderr]     Finished `test` profile [unoptimized + debuginfo] target(s) in 0.13s
[INFO] [stderr]      Running unittests src/lib.rs (/opt/rustwide/target/debug/deps/mahf-18996b682995a4d2)
[INFO] [stdout] 
[INFO] [stdout] running 51 tests
[INFO] [stdout] test components::mutation::functional::tests::circular_swap2_swaps_correct_indices::when_four_indices_ordered ... ok
[INFO] [stdout] test components::mutation::functional::tests::circular_swap2_swaps_correct_indices::when_three_indices_ordered ... ok
[INFO] [stdout] test components::mutation::functional::tests::circular_swap_swaps_correct_indices::when_four_indices_ordered ... ok
[INFO] [stdout] test components::mutation::functional::tests::circular_swap_swaps_correct_indices::when_two_indices ... ok
[INFO] [stdout] test components::mutation::functional::tests::translocate_slice2_inserts_slice_at_correct_index::example_one ... ok
[INFO] [stdout] test components::mutation::functional::tests::translocate_slice_inserts_slice_at_correct_index::example_one ... ok
[INFO] [stdout] test components::recombination::functional::tests::arithmetic_crossover_returns_correct_children::when_alpha_not_uniform ... ok
[INFO] [stdout] test components::recombination::functional::tests::arithmetic_crossover_returns_correct_children::when_alpha_uniform ... ok
[INFO] [stdout] test components::mutation::functional::tests::circular_swap2_swaps_correct_indices::when_three_indices_unordered ... ok
[INFO] [stdout] test components::recombination::functional::tests::multi_point_crossover_returns_correct_children::when_all_possible_indices_ordered ... ok
[INFO] [stdout] test components::mutation::functional::tests::circular_swap2_swaps_correct_indices::when_four_indices_unordered ... ok
[INFO] [stdout] test components::recombination::functional::tests::uniform_crossover_returns_correct_children::when_all_false ... ok
[INFO] [stdout] test components::recombination::functional::tests::multi_point_crossover_returns_correct_children::when_all_possible_indices_unordered ... ok
[INFO] [stdout] test components::recombination::functional::tests::uniform_crossover_returns_correct_children::when_all_true ... ok
[INFO] [stdout] test components::recombination::functional::tests::multi_point_crossover_returns_correct_children::when_multiple_indices_ordered ... ok
[INFO] [stdout] test components::recombination::functional::tests::uniform_crossover_returns_correct_children::when_alternating_mask ... ok
[INFO] [stdout] test components::recombination::functional::tests::cycle_crossover_returns_correct_children::when_one_is_ascending ... ok
[INFO] [stdout] test components::selection::functional::tests::objective_bounds_returns_none_for_empty ... ok
[INFO] [stdout] test components::mutation::functional::tests::translocate_slice_inserts_slice_at_correct_index::example_two ... ok
[INFO] [stdout] test components::mutation::functional::tests::circular_swap_swaps_correct_indices::when_three_indices_unordered ... ok
[INFO] [stdout] test components::selection::functional::tests::objective_bounds_returns_some_with_correct_bounds::when_fitness_unordered ... ok
[INFO] [stdout] test components::selection::functional::tests::objective_bounds_returns_some_with_correct_bounds::when_fitness_negative ... ok
[INFO] [stdout] test components::selection::functional::tests::proportional_weights_returns_none_for_invalid_objective_values ... ok
[INFO] [stdout] test components::selection::functional::tests::proportional_weights_returns_positive_weights::when_fitness_mixed ... ok
[INFO] [stdout] test components::mutation::functional::tests::circular_swap_swaps_correct_indices::when_four_indices_unordered ... ok
[INFO] [stdout] test components::recombination::functional::tests::uniform_crossover_returns_correct_children::when_some_true ... ok
[INFO] [stdout] test components::recombination::functional::tests::multi_point_crossover_returns_correct_children::when_single_index ... ok
[INFO] [stdout] test components::mutation::functional::tests::translocate_slice2_inserts_slice_at_correct_index::example_two ... ok
[INFO] [stdout] test components::recombination::functional::tests::multi_point_crossover_returns_correct_children::when_multiple_indices_unordered ... ok
[INFO] [stdout] test components::recombination::functional::tests::arithmetic_crossover_returns_correct_children::when_alpha_different ... ok
[INFO] [stdout] test components::selection::functional::tests::reverse_rank_returns_correct_reversed_ranking::when_fitness_mixed ... ok
[INFO] [stdout] test components::selection::functional::tests::proportional_weights_returns_positive_weights::when_fitness_negative ... ok
[INFO] [stdout] test components::selection::functional::tests::reverse_rank_returns_correct_reversed_ranking::when_fitness_negative ... ok
[INFO] [stdout] test components::selection::functional::tests::reverse_rank_returns_correct_reversed_ranking::when_fitness_tied ... ok
[INFO] [stdout] test components::selection::functional::tests::reverse_rank_returns_correct_reversed_ranking::when_fitness_positive_2 ... ok
[INFO] [stdout] test components::selection::functional::tests::reverse_rank_returns_correct_reversed_ranking::when_fitness_tied_2 ... ok
[INFO] [stdout] test problems::objective::multi::tests::is_finite_returns_false_for_any_infinite ... ok
[INFO] [stdout] test problems::objective::multi::tests::is_finite_returns_true_for_all_finite ... ok
[INFO] [stdout] test components::selection::functional::tests::reverse_rank_returns_correct_reversed_ranking::when_fitness_positive ... ok
[INFO] [stdout] test problems::objective::single::tests::is_finite_returns_true_for_finite ... ok
[INFO] [stdout] test problems::objective::single::tests::try_from_invalid_is_err ... ok
[INFO] [stdout] test problems::objective::multi::tests::try_from_invalid_is_err ... ok
[INFO] [stdout] test state::registry::multi::tests::distinct_returns_false_for_non_distinct ... ok
[INFO] [stdout] test state::registry::multi::tests::distinct_returns_true_for_distinct ... ok
[INFO] [stdout] test components::mutation::functional::tests::circular_swap2_swaps_correct_indices::when_two_indices ... ok
[INFO] [stdout] test components::mutation::functional::tests::circular_swap_swaps_correct_indices::when_three_indices_ordered ... ok
[INFO] [stdout] test components::selection::functional::tests::objective_bounds_returns_some_with_correct_bounds::when_fitness_positive ... ok
[INFO] [stdout] test components::selection::functional::tests::objective_bounds_returns_some_with_correct_bounds::when_single_individual_in_population ... ok
[INFO] [stdout] test components::selection::functional::tests::proportional_weights_returns_positive_weights::when_fitness_positive ... ok
[INFO] [stdout] test problems::objective::single::tests::is_finite_returns_false_for_infinite ... ok
[INFO] [stdout] test problems::objective::multi::tests::partial_ord_implements_pareto_domination ... ok
[INFO] [stderr]    Doc-tests mahf
[INFO] [stdout] 
[INFO] [stdout] test result: ok. 51 passed; 0 failed; 0 ignored; 0 measured; 0 filtered out; finished in 0.03s
[INFO] [stdout] 
[INFO] [stdout] 
[INFO] [stdout] running 146 tests
[INFO] [stdout] test src/components/control_flow.rs - components::control_flow::Block (line 17) - compile ... ok
[INFO] [stdout] test src/components/control_flow.rs - components::control_flow::Scope (line 367) - compile ... ok
[INFO] [stdout] test src/components/control_flow.rs - components::control_flow::Branch (line 210) - compile ... ok
[INFO] [stdout] test src/components/control_flow.rs - components::control_flow::Loop (line 100) - compile ... ok
[INFO] [stdout] test src/components/control_flow.rs - components::control_flow::Block (line 39) - compile ... ok
[INFO] [stdout] test src/components/evaluation.rs - components::evaluation::BestIndividualUpdate (line 156) - compile ... ok
[INFO] [stdout] test src/components/control_flow.rs - components::control_flow::Branch (line 264) - compile ... ok
[INFO] [stdout] test src/components/control_flow.rs - components::control_flow::Scope (line 399) - compile ... ok
[INFO] [stdout] test src/components/evaluation.rs - components::evaluation::PopulationEvaluator (line 57) - compile ... ok
[INFO] [stdout] test src/components/control_flow.rs - components::control_flow::Loop (line 140) - compile ... ok
[INFO] [stdout] test src/components/control_flow.rs - components::control_flow::Branch (line 241) - compile ... ok
[INFO] [stdout] test src/components/evaluation.rs - components::evaluation::ParetoFrontUpdate (line 222) - compile ... ok
[INFO] [stdout] test src/configuration.rs - configuration::ConfigurationBuilder<P>::assert (line 536) - compile ... ok
[INFO] [stdout] test src/configuration.rs - configuration::ConfigurationBuilder<P>::debug (line 565) - compile ... ok
[INFO] [stdout] test src/configuration.rs - configuration::ConfigurationBuilder<P>::do_if_some_ (line 321) - compile ... ok
[INFO] [stdout] test src/configuration.rs - configuration::ConfigurationBuilder<P>::do_ (line 297) - compile ... ok
[INFO] [stdout] test src/configuration.rs - configuration::ConfigurationBuilder<P>::do_many_ (line 350) - compile ... ok
[INFO] [stdout] test src/configuration.rs - configuration::ConfigurationBuilder<P>::evaluate (line 597) - compile ... ok
[INFO] [stdout] test src/configuration.rs - configuration::Configuration<P>::optimize_with (line 237) ... ok
[INFO] [stdout] test src/configuration.rs - configuration::Configuration<P>::to_ron (line 133) ... ok
[INFO] [stdout] test src/conditions/logical.rs - conditions::logical::Not (line 156) ... ok
[INFO] [stdout] test src/conditions/common.rs - conditions::common::ChangeOf (line 354) ... ok
[INFO] [stdout] test src/configuration.rs - configuration::ConfigurationBuilder<P>::if_else_ (line 444) - compile ... ok
[INFO] [stdout] test src/configuration.rs - configuration::ConfigurationBuilder<P>::if_ (line 410) - compile ... ok
[INFO] [stdout] test src/configuration.rs - configuration::ConfigurationBuilder<P>::evaluate_with (line 627) - compile ... ok
[INFO] [stdout] test src/conditions/common.rs - conditions::common::LessThanN (line 101) ... ok
[INFO] [stdout] test src/configuration.rs - configuration::ConfigurationBuilder<P>::update_pareto_front (line 686) - compile ... ok
[INFO] [stdout] test src/conditions/common.rs - conditions::common::EveryN (line 203) ... ok
[INFO] [stdout] test src/components/mod.rs - components::Component (line 89) ... ok
[INFO] [stdout] test src/configuration.rs - configuration::ConfigurationBuilder<P>::update_best_individual (line 658) - compile ... ok
[INFO] [stdout] test src/configuration.rs - configuration::ConfigurationBuilder<P>::while_ (line 376) - compile ... ok
[INFO] [stdout] test src/configuration.rs - configuration::Configuration<P>::builder (line 79) ... ok
[INFO] [stdout] test src/configuration.rs - configuration::ConfigurationBuilder<P>::scope_ (line 490) - compile ... ok
[INFO] [stdout] test src/conditions/common.rs - conditions::common::OptimumReached (line 449) ... ok
[INFO] [stdout] test src/configuration.rs - configuration::Configuration<P>::optimize (line 189) ... ok
[INFO] [stdout] test src/conditions/logical.rs - conditions::logical::And (line 16) ... ok
[INFO] [stdout] test src/components/mapping/mod.rs - components::mapping (line 30) ... ok
[INFO] [stdout] test src/conditions/logical.rs - conditions::logical::Or (line 86) ... ok
[INFO] [stdout] test src/conditions/common.rs - conditions::common::RandomChance (line 30) ... ok
[INFO] [stdout] test src/lens/mod.rs - lens::LensAssign (line 536) ... ok
[INFO] [stdout] test src/lens/mod.rs - lens::LensMap (line 153) ... ok
[INFO] [stdout] test src/lens/mod.rs - lens::LensRef (line 283) ... ok
[INFO] [stdout] test src/lens/mod.rs - lens::Lens (line 52) ... ok
[INFO] [stdout] test src/population.rs - population::AsSolutions (line 21) ... ok
[INFO] [stdout] test src/lens/mod.rs - lens::LensMut (line 396) ... ok
[INFO] [stdout] test src/lens/mod.rs - lens::LensRef (line 210) ... ok
[INFO] [stdout] test src/logging/config.rs - logging::config::LogConfig<P>::with (line 97) ... ok
[INFO] [stdout] test src/logging/log.rs - logging::log::Log (line 37) ... ok
[INFO] [stdout] test src/population.rs - population::AsSolutionsMut (line 55) ... ok
[INFO] [stdout] test src/lens/mod.rs - lens::LensMut (line 469) ... ok
[INFO] [stdout] test src/lens/mod.rs - lens::Lens (line 108) ... ok
[INFO] [stdout] test src/logging/config.rs - logging::config::LogConfig<P>::with_many (line 125) ... ok
[INFO] [stdout] test src/population.rs - population::IntoIndividuals (line 136) ... ok
[INFO] [stdout] test src/lens/mod.rs - lens::LensMapRef (line 337) ... ok
[INFO] [stdout] test src/population.rs - population::BestIndividual (line 310) ... ok
[INFO] [stdout] test src/problems/evaluate.rs - problems::evaluate::Evaluate (line 24) ... ok
[INFO] [stdout] test src/problems/evaluate.rs - problems::evaluate::ObjectiveFunction (line 176) ... ok
[INFO] [stdout] test src/lib.rs - (line 28) ... ok
[INFO] [stdout] test src/logging/logger.rs - logging::logger::Logger (line 34) ... ok
[INFO] [stdout] test src/logging/config.rs - logging::config::LogConfig (line 54) ... ok
[INFO] [stdout] test src/problems/evaluate.rs - problems::evaluate::Sequential<P>::new (line 226) ... ok
[INFO] [stdout] test src/problems/evaluate.rs - problems::evaluate::ObjectiveFunction (line 144) ... ok
[INFO] [stdout] test src/population.rs - population::IntoSingleRef (line 248) ... ok
[INFO] [stdout] test src/population.rs - population::IntoSolutions (line 95) ... ok
[INFO] [stdout] test src/problems/evaluate.rs - problems::evaluate::Evaluate (line 68) ... ok
[INFO] [stdout] test src/problems/individual.rs - problems::individual::Individual<P>::into_solution (line 149) ... ok
[INFO] [stdout] test src/problems/individual.rs - problems::individual::Individual<P>::get_objective (line 195) ... ok
[INFO] [stdout] test src/population.rs - population::IntoSingle (line 183) ... ok
[INFO] [stdout] test src/problems/individual.rs - problems::individual::Individual<P>::is_evaluated (line 171) ... ok
[INFO] [stdout] test src/problems/evaluate.rs - problems::evaluate::Parallel<P>::new (line 279) ... ok
[INFO] [stdout] test src/problems/individual.rs - problems::individual::Individual<P>::new (line 23) ... ok
[INFO] [stdout] test src/problems/mod.rs - problems::KnownOptimumProblem (line 236) ... ok
[INFO] [stdout] test src/problems/individual.rs - problems::individual::Individual<P>::default (line 274) ... ok
[INFO] [stdout] test src/problems/mod.rs - problems::Problem (line 87) ... ok
[INFO] [stdout] test src/problems/individual.rs - problems::individual::Individual<P>::solution (line 101) ... ok
[INFO] [stdout] test src/problems/mod.rs - problems::TravellingSalespersonProblem (line 277) ... ok
[INFO] [stdout] test src/problems/mod.rs - problems::LimitedVectorProblem (line 187) ... ok
[INFO] [stdout] test src/state/common.rs - state::common::Populations (line 383) - compile ... ok
[INFO] [stdout] test src/problems/mod.rs - problems::VectorProblem (line 143) ... ok
[INFO] [stdout] test src/problems/individual.rs - problems::individual::Individual<P>::new_unevaluated (line 55) ... ok
[INFO] [stdout] test src/problems/individual.rs - problems::individual::Individual<P>::objective (line 231) ... ok
[INFO] [stdout] test src/state/common.rs - state::common::BestIndividual (line 194) ... ok
[INFO] [stdout] test src/state/common.rs - state::common::Iterations (line 123) ... ok
[INFO] [stdout] test src/problems/individual.rs - problems::individual::Individual<P>::solution_mut (line 124) ... ok
[INFO] [stdout] test src/state/common.rs - state::common::Populations (line 367) ... ok
[INFO] [stdout] test src/state/common.rs - state::common::Populations<P>::current_mut (line 471) ... ok
[INFO] [stdout] test src/state/common.rs - state::common::Evaluations (line 89) ... ok
[INFO] [stdout] test src/state/common.rs - state::common::Populations<P>::current (line 422) ... ok
[INFO] [stdout] test src/state/common.rs - state::common::Populations (line 349) ... ok
[INFO] [stdout] test src/state/common.rs - state::common::Populations<P>::len (line 721) ... ok
[INFO] [stdout] test src/state/common.rs - state::common::ParetoFront (line 263) ... ok
[INFO] [stdout] test src/state/common.rs - state::common::Populations<P>::get_current (line 442) ... ok
[INFO] [stdout] test src/state/common.rs - state::common::Populations<P>::is_empty (line 701) ... ok
[INFO] [stdout] test src/state/common.rs - state::common::Populations<P>::peek (line 599) ... ok
[INFO] [stdout] test src/state/common.rs - state::common::Populations<P>::get_current_mut (line 491) ... ok
[INFO] [stdout] test src/state/common.rs - state::common::Populations<P>::pop (line 541) ... ok
[INFO] [stdout] test src/state/common.rs - state::common::Populations<P>::try_peek (line 626) ... ok
[INFO] [stdout] test src/state/common.rs - state::common::Populations<P>::rotate (line 659) ... ok
[INFO] [stdout] test src/state/random.rs - state::random::Random (line 37) ... ok
[INFO] [stdout] test src/state/common.rs - state::common::Populations<P>::try_pop (line 564) ... ok
[INFO] [stdout] test src/state/common.rs - state::common::Populations<P>::push (line 512) ... ok
[INFO] [stdout] test src/state/registry/custom.rs - state::registry::custom::CustomState (line 19) ... ok
[INFO] [stdout] test src/state/registry/custom.rs - state::registry::custom::CustomState (line 29) ... ok
[INFO] [stdout] test src/problems/objective/multi.rs - problems::objective::multi::MultiObjective::partial_cmp (line 53) ... ok
[INFO] [stdout] test src/state/registry/entry.rs - state::registry::entry::OccupiedEntry<'a,'b,T>::get (line 245) ... ok
[INFO] [stdout] test src/state/registry/entry.rs - state::registry::entry::OccupiedEntry<'a,'b,T>::remove (line 391) ... FAILED
[INFO] [stdout] test src/state/random.rs - state::random::Random::iter_children (line 171) ... FAILED
[INFO] [stdout] test src/state/registry/mod.rs - state::registry::StateRegistry<'a>::borrow (line 378) ... FAILED
[INFO] [stdout] test src/state/registry/entry.rs - state::registry::entry::VacantEntry<'a,'b,T>::insert (line 437) ... FAILED
[INFO] [stdout] test src/state/registry/mod.rs - state::registry::StateRegistry<'a>::borrow_mut (line 452) ... FAILED
[INFO] [stdout] test src/state/random.rs - state::random::Random::with_rng (line 95) ... FAILED
[INFO] [stdout] test src/state/random.rs - state::random::Random::iter_children (line 160) ... ok
[INFO] [stdout] test src/state/random.rs - state::random::Random::testing (line 125) ... ok
[INFO] [stdout] test src/problems/objective/mod.rs - problems::objective::IllegalObjective (line 39) ... ok
[INFO] [stdout] test src/state/random.rs - state::random::Random::new (line 75) ... ok
[INFO] [stdout] test src/state/random.rs - state::random::Random::config (line 142) ... ok
[INFO] [stdout] test src/state/registry/entry.rs - state::registry::entry::Entry<'a,'b,T>::or_insert (line 139) ... ok
[INFO] [stdout] test src/state/registry/entry.rs - state::registry::entry::Entry<'a,'b,T>::and_modify (line 58) ... ok
[INFO] [stdout] test src/state/registry/entry.rs - state::registry::entry::OccupiedEntry<'a,'b,T>::get_mut (line 280) ... ok
[INFO] [stdout] test src/state/registry/entry.rs - state::registry::entry::Entry<'a,'b,T>::or_default (line 204) ... ok
[INFO] [stdout] test src/state/registry/entry.rs - state::registry::entry::Entry<'a,'b,T>::or_insert_with (line 169) ... ok
[INFO] [stdout] test src/state/registry/entry.rs - state::registry::entry::Entry<'a,'b,T>::and_modify_value (line 98) ... ok
[INFO] [stdout] test src/state/registry/entry.rs - state::registry::entry::OccupiedEntry<'a,'b,T>::insert (line 356) ... ok
[INFO] [stdout] test src/state/registry/mod.rs - state::registry::StateRegistry<'a>::borrow_value (line 603) ... FAILED
[INFO] [stdout] test src/state/registry/entry.rs - state::registry::entry::OccupiedEntry<'a,'b,T>::into_mut (line 323) ... FAILED
[INFO] [stdout] test src/state/registry/mod.rs - state::registry::StateRegistry<'a>::get_multiple_mut (line 852) ... FAILED
[INFO] [stdout] test src/state/registry/mod.rs - state::registry::StateRegistry<'a>::try_borrow_value_mut (line 702) ... FAILED
[INFO] [stdout] test src/state/registry/mod.rs - state::registry::StateRegistry<'a>::borrow_value_mut (line 673) ... ok
[INFO] [stdout] test src/state/registry/mod.rs - state::registry::StateRegistry<'a>::try_get_value (line 562) ... FAILED
[INFO] [stdout] test src/state/registry/multi.rs - state::registry::multi::MultiStateTuple (line 28) ... FAILED
[INFO] [stdout] test src/state/registry/mod.rs - state::registry::StateRegistry<'a>::try_get_multiple_mut (line 905) ... FAILED
[INFO] [stdout] test src/state/require.rs - state::require::StateReq<'a,'b,P>::require (line 29) ... FAILED
[INFO] [stdout] test src/state/registry/mod.rs - state::registry::StateRegistry<'a>::contains (line 342) ... FAILED
[INFO] [stdout] test src/state/registry/mod.rs - state::registry::StateRegistry<'a>::contains_at_top (line 305) ... ok
[INFO] [stdout] test src/state/registry/mod.rs - state::registry::StateRegistry<'a>::remove (line 224) ... ok
[INFO] [stdout] test src/state/registry/mod.rs - state::registry::StateRegistry<'a>::set_value (line 749) ... ok
[INFO] [stdout] test src/state/registry/mod.rs - state::registry::StateRegistry<'a>::entry (line 121) ... ok
[INFO] [stdout] test src/state/registry/mod.rs - state::registry::StateRegistry<'a>::get_mut (line 796) ... ok
[INFO] [stdout] test src/state/registry/mod.rs - state::registry::StateRegistry<'a>::get_value (line 535) ... ok
[INFO] [stdout] test src/state/registry/mod.rs - state::registry::StateRegistry<'a>::try_borrow_mut (line 479) ... ok
[INFO] [stdout] test src/state/registry/mod.rs - state::registry::StateRegistry<'a>::new (line 55) ... ok
[INFO] [stdout] test src/state/registry/mod.rs - state::registry::StateRegistry<'a>::insert (line 179) ... ok
[INFO] [stdout] test src/utils.rs - utils::with_index (line 11) ... ok
[INFO] [stdout] test src/state/registry/mod.rs - state::registry::StateRegistry<'a>::try_borrow (line 404) ... ok
[INFO] [stdout] test src/state/registry/mod.rs - state::registry::StateRegistry<'a>::try_borrow_value (line 631) ... ok
[INFO] [stdout] test src/state/registry/mod.rs - state::registry::StateRegistry<'a>::take (line 274) ... ok
[INFO] [stdout] 
[INFO] [stdout] failures:
[INFO] [stdout] 
[INFO] [stdout] ---- src/state/registry/entry.rs - state::registry::entry::OccupiedEntry<'a,'b,T>::remove (line 391) stdout ----
[INFO] [stdout] Couldn't compile the test.
[INFO] [stdout] ---- src/state/random.rs - state::random::Random::iter_children (line 171) stdout ----
[INFO] [stdout] error: linking with `cc` failed: exit status: 1
[INFO] [stdout]   |
[INFO] [stdout]   = note: LC_ALL="C" PATH="/opt/rustwide/rustup-home/toolchains/beta-2024-12-08-x86_64-unknown-linux-gnu/lib/rustlib/x86_64-unknown-linux-gnu/bin:/opt/rustwide/cargo-home/bin:/usr/local/sbin:/usr/local/bin:/usr/sbin:/usr/bin:/sbin:/bin" VSLANG="1033" "cc" "-m64" "/tmp/rustcsN9cwd/symbols.o" "/tmp/rustdoctestUt5B68/rust_out.rust_out.9242fac72db2cd11-cgu.0.rcgu.o" "/tmp/rustdoctestUt5B68/rust_out.2hl2tb9xdtge7mguxzn2q1kvi.rcgu.o" "-Wl,--as-needed" "-Wl,-Bstatic" "/opt/rustwide/target/debug/deps/libmahf-58175f28cdd27999.rlib" "/opt/rustwide/target/debug/deps/libserde_json-5b19c22bba26ce61.rlib" "/opt/rustwide/target/debug/deps/libryu-ce09991353a76c10.rlib" "/opt/rustwide/target/debug/deps/libitoa-780f6737fc9d34ad.rlib" "/opt/rustwide/target/debug/deps/libciborium-bbb31b7f6f063b0c.rlib" "/opt/rustwide/target/debug/deps/libciborium_ll-9f852c6f1966bfc5.rlib" "/opt/rustwide/target/debug/deps/libhalf-bb52c7918736de63.rlib" "/opt/rustwide/target/debug/deps/libciborium_io-1e3c0d27bdeedd4a.rlib" "/opt/rustwide/target/debug/deps/libron-b43cc8d47d23de7f.rlib" "/opt/rustwide/target/debug/deps/libbase64-fca76a9e376e88b4.rlib" "/opt/rustwide/target/debug/deps/libbitflags-85e13ed1e0c6d910.rlib" "/opt/rustwide/target/debug/deps/libthiserror-9b40733b1179dfc6.rlib" "/opt/rustwide/target/debug/deps/libindicatif-21c1646919f0f8ba.rlib" "/opt/rustwide/target/debug/deps/libportable_atomic-94152b1d5f634bd5.rlib" "/opt/rustwide/target/debug/deps/librayon-20a2258e0d1a95c8.rlib" "/opt/rustwide/target/debug/deps/librayon_core-c54c30edd1ed58d8.rlib" "/opt/rustwide/target/debug/deps/libnum_cpus-1ff0068e68f7a11d.rlib" "/opt/rustwide/target/debug/deps/libcrossbeam_deque-ac7ea62739bb1ea7.rlib" "/opt/rustwide/target/debug/deps/libcrossbeam_epoch-a68c450e44893da2.rlib" "/opt/rustwide/target/debug/deps/libmemoffset-70be0b3efc76ca6c.rlib" "/opt/rustwide/target/debug/deps/libscopeguard-31f1b56a39f2a372.rlib" "/opt/rustwide/target/debug/deps/libcrossbeam_channel-3a5e358754ac225e.rlib" "/opt/rustwide/target/debug/deps/libcrossbeam_utils-ed915c09f57de221.rlib" "/opt/rustwide/target/debug/deps/libnumber_prefix-32290b097e7f8875.rlib" "/opt/rustwide/target/debug/deps/libconsole-5e0312833013d116.rlib" "/opt/rustwide/target/debug/deps/libunicode_width-31934bc979e6effc.rlib" "/opt/rustwide/target/debug/deps/liberased_serde-4bf58da65ba28657.rlib" "/opt/rustwide/target/debug/deps/libdyn_clone-ef4f0516e5384f4d.rlib" "/opt/rustwide/target/debug/deps/libcolor_eyre-aebafc5245082086.rlib" "/opt/rustwide/target/debug/deps/libcolor_spantrace-eaaaff9e393f14e1.rlib" "/opt/rustwide/target/debug/deps/libtracing_error-9881aba534fcd33d.rlib" "/opt/rustwide/target/debug/deps/libtracing_subscriber-f0efca806e9316c2.rlib" "/opt/rustwide/target/debug/deps/libthread_local-ecfe4fbe4571ee3e.rlib" "/opt/rustwide/target/debug/deps/libsharded_slab-0f6963e5e65fbc93.rlib" "/opt/rustwide/target/debug/deps/liblazy_static-efa3519517df6cf0.rlib" "/opt/rustwide/target/debug/deps/libtracing-2a8e7ac574258d7a.rlib" "/opt/rustwide/target/debug/deps/libpin_project_lite-2bf93d566738d750.rlib" "/opt/rustwide/target/debug/deps/libtracing_core-e89aef900b1b12cf.rlib" "/opt/rustwide/target/debug/deps/libowo_colors-f86a0065afbf2815.rlib" "/opt/rustwide/target/debug/deps/libeyre-c07fcadcda37f09c.rlib" "/opt/rustwide/target/debug/deps/libindenter-455d991749907592.rlib" "/opt/rustwide/target/debug/deps/libonce_cell-728f13abc4f8cf5f.rlib" "/opt/rustwide/target/debug/deps/libbacktrace-e1439e2d085abaee.rlib" "/opt/rustwide/target/debug/deps/libminiz_oxide-bd525cb5efe2f8d6.rlib" "/opt/rustwide/target/debug/deps/libadler-eba61f23bb3cdb48.rlib" "/opt/rustwide/target/debug/deps/libobject-d06844e9d9d9db50.rlib" "/opt/rustwide/target/debug/deps/libmemchr-318469c85e99cc54.rlib" "/opt/rustwide/target/debug/deps/libaddr2line-37ce59929359d6c1.rlib" "/opt/rustwide/target/debug/deps/libgimli-d1ff3b4b6006de60.rlib" "/opt/rustwide/target/debug/deps/librustc_demangle-e38d480ec8cb518e.rlib" "/opt/rustwide/target/debug/deps/libitertools-9d0001e1bd8ce1a6.rlib" "/opt/rustwide/target/debug/deps/libeither-ede8120b5409efc0.rlib" "/opt/rustwide/target/debug/deps/libbetter_any-1db0144d2dcc515a.rlib" "/opt/rustwide/target/debug/deps/libserde-331ed7fb919a5e59.rlib" "/opt/rustwide/target/debug/deps/librand_distr-969130748d62db70.rlib" "/opt/rustwide/target/debug/deps/libnum_traits-6791076b344c2b1b.rlib" "/opt/rustwide/target/debug/deps/librand-e207cb556e234359.rlib" "/opt/rustwide/target/debug/deps/librand_chacha-ec5c02f99e8b0eda.rlib" "/opt/rustwide/target/debug/deps/libppv_lite86-6355e3a2f5357626.rlib" "/opt/rustwide/target/debug/deps/librand_core-224f855548048da8.rlib" "/opt/rustwide/target/debug/deps/libgetrandom-eac395b85e5dc2a3.rlib" "/opt/rustwide/target/debug/deps/liblibc-4b0b24147de68dac.rlib" "/opt/rustwide/target/debug/deps/libcfg_if-a3e7e701fcd1f47b.rlib" "/opt/rustwide/target/debug/deps/libfloat_eq-43e04a8d846fc7d7.rlib" "/opt/rustwide/rustup-home/toolchains/beta-2024-12-08-x86_64-unknown-linux-gnu/lib/rustlib/x86_64-unknown-linux-gnu/lib/libstd-02dc84f49135b6b8.rlib" "/opt/rustwide/rustup-home/toolchains/beta-2024-12-08-x86_64-unknown-linux-gnu/lib/rustlib/x86_64-unknown-linux-gnu/lib/libpanic_unwind-a8f45b397fae3f81.rlib" "/opt/rustwide/rustup-home/toolchains/beta-2024-12-08-x86_64-unknown-linux-gnu/lib/rustlib/x86_64-unknown-linux-gnu/lib/libobject-089607133c180609.rlib" "/opt/rustwide/rustup-home/toolchains/beta-2024-12-08-x86_64-unknown-linux-gnu/lib/rustlib/x86_64-unknown-linux-gnu/lib/libmemchr-fc89f091bcd86cbb.rlib" "/opt/rustwide/rustup-home/toolchains/beta-2024-12-08-x86_64-unknown-linux-gnu/lib/rustlib/x86_64-unknown-linux-gnu/lib/libaddr2line-5a60949f01c7340c.rlib" "/opt/rustwide/rustup-home/toolchains/beta-2024-12-08-x86_64-unknown-linux-gnu/lib/rustlib/x86_64-unknown-linux-gnu/lib/libgimli-d29e6a55ca253c8c.rlib" "/opt/rustwide/rustup-home/toolchains/beta-2024-12-08-x86_64-unknown-linux-gnu/lib/rustlib/x86_64-unknown-linux-gnu/lib/librustc_demangle-273c078d5f65de7a.rlib" "/opt/rustwide/rustup-home/toolchains/beta-2024-12-08-x86_64-unknown-linux-gnu/lib/rustlib/x86_64-unknown-linux-gnu/lib/libstd_detect-413c950ffbdd4454.rlib" "/opt/rustwide/rustup-home/toolchains/beta-2024-12-08-x86_64-unknown-linux-gnu/lib/rustlib/x86_64-unknown-linux-gnu/lib/libhashbrown-1853c0976a1d88a6.rlib" "/opt/rustwide/rustup-home/toolchains/beta-2024-12-08-x86_64-unknown-linux-gnu/lib/rustlib/x86_64-unknown-linux-gnu/lib/librustc_std_workspace_alloc-ccb3384ddacb0f9e.rlib" "/opt/rustwide/rustup-home/toolchains/beta-2024-12-08-x86_64-unknown-linux-gnu/lib/rustlib/x86_64-unknown-linux-gnu/lib/libminiz_oxide-0b901dfb0ca849e0.rlib" "/opt/rustwide/rustup-home/toolchains/beta-2024-12-08-x86_64-unknown-linux-gnu/lib/rustlib/x86_64-unknown-linux-gnu/lib/libadler-eebeb8d7c64543ad.rlib" "/opt/rustwide/rustup-home/toolchains/beta-2024-12-08-x86_64-unknown-linux-gnu/lib/rustlib/x86_64-unknown-linux-gnu/lib/libunwind-4723ef81d6079867.rlib" "/opt/rustwide/rustup-home/toolchains/beta-2024-12-08-x86_64-unknown-linux-gnu/lib/rustlib/x86_64-unknown-linux-gnu/lib/libcfg_if-54442f8b422f5a54.rlib" "/opt/rustwide/rustup-home/toolchains/beta-2024-12-08-x86_64-unknown-linux-gnu/lib/rustlib/x86_64-unknown-linux-gnu/lib/liblibc-e0bbe034b5282553.rlib" "/opt/rustwide/rustup-home/toolchains/beta-2024-12-08-x86_64-unknown-linux-gnu/lib/rustlib/x86_64-unknown-linux-gnu/lib/liballoc-d0febb68c1c37b90.rlib" "/opt/rustwide/rustup-home/toolchains/beta-2024-12-08-x86_64-unknown-linux-gnu/lib/rustlib/x86_64-unknown-linux-gnu/lib/librustc_std_workspace_core-4cf833632aafa84c.rlib" "/opt/rustwide/rustup-home/toolchains/beta-2024-12-08-x86_64-unknown-linux-gnu/lib/rustlib/x86_64-unknown-linux-gnu/lib/libcore-65c2c6d2d6ae570b.rlib" "/opt/rustwide/rustup-home/toolchains/beta-2024-12-08-x86_64-unknown-linux-gnu/lib/rustlib/x86_64-unknown-linux-gnu/lib/libcompiler_builtins-97929cee0dcfe424.rlib" "-Wl,-Bdynamic" "-lgcc_s" "-lutil" "-lrt" "-lpthread" "-lm" "-ldl" "-lc" "-Wl,--eh-frame-hdr" "-Wl,-z,noexecstack" "-L" "/opt/rustwide/rustup-home/toolchains/beta-2024-12-08-x86_64-unknown-linux-gnu/lib/rustlib/x86_64-unknown-linux-gnu/lib" "-o" "/tmp/rustdoctestUt5B68/rust_out" "-Wl,--gc-sections" "-pie" "-Wl,-z,relro,-z,now" "-nodefaultlibs"
[INFO] [stdout]   = note: collect2: fatal error: ld terminated with signal 9 [Killed]
[INFO] [stdout]           compilation terminated.
[INFO] [stdout]           
[INFO] [stdout] 
[INFO] [stdout] error: aborting due to 1 previous error
[INFO] [stdout] 
[INFO] [stdout] Couldn't compile the test.
[INFO] [stdout] ---- src/state/registry/mod.rs - state::registry::StateRegistry<'a>::borrow (line 378) stdout ----
[INFO] [stdout] Couldn't compile the test.
[INFO] [stdout] ---- src/state/registry/entry.rs - state::registry::entry::VacantEntry<'a,'b,T>::insert (line 437) stdout ----
[INFO] [stdout] Couldn't compile the test.
[INFO] [stdout] ---- src/state/registry/mod.rs - state::registry::StateRegistry<'a>::borrow_mut (line 452) stdout ----
[INFO] [stdout] Couldn't compile the test.
[INFO] [stdout] ---- src/state/random.rs - state::random::Random::with_rng (line 95) stdout ----
[INFO] [stdout] error: linking with `cc` failed: exit status: 1
[INFO] [stdout]   |
[INFO] [stdout]   = note: LC_ALL="C" PATH="/opt/rustwide/rustup-home/toolchains/beta-2024-12-08-x86_64-unknown-linux-gnu/lib/rustlib/x86_64-unknown-linux-gnu/bin:/opt/rustwide/cargo-home/bin:/usr/local/sbin:/usr/local/bin:/usr/sbin:/usr/bin:/sbin:/bin" VSLANG="1033" "cc" "-m64" "/tmp/rustcph8yW6/symbols.o" "/tmp/rustdoctest1KHnD3/rust_out.rust_out.9242fac72db2cd11-cgu.0.rcgu.o" "/tmp/rustdoctest1KHnD3/rust_out.2hl2tb9xdtge7mguxzn2q1kvi.rcgu.o" "-Wl,--as-needed" "-Wl,-Bstatic" "/opt/rustwide/target/debug/deps/libmahf-58175f28cdd27999.rlib" "/opt/rustwide/target/debug/deps/libserde_json-5b19c22bba26ce61.rlib" "/opt/rustwide/target/debug/deps/libryu-ce09991353a76c10.rlib" "/opt/rustwide/target/debug/deps/libitoa-780f6737fc9d34ad.rlib" "/opt/rustwide/target/debug/deps/libciborium-bbb31b7f6f063b0c.rlib" "/opt/rustwide/target/debug/deps/libciborium_ll-9f852c6f1966bfc5.rlib" "/opt/rustwide/target/debug/deps/libhalf-bb52c7918736de63.rlib" "/opt/rustwide/target/debug/deps/libciborium_io-1e3c0d27bdeedd4a.rlib" "/opt/rustwide/target/debug/deps/libron-b43cc8d47d23de7f.rlib" "/opt/rustwide/target/debug/deps/libbase64-fca76a9e376e88b4.rlib" "/opt/rustwide/target/debug/deps/libbitflags-85e13ed1e0c6d910.rlib" "/opt/rustwide/target/debug/deps/libthiserror-9b40733b1179dfc6.rlib" "/opt/rustwide/target/debug/deps/libindicatif-21c1646919f0f8ba.rlib" "/opt/rustwide/target/debug/deps/libportable_atomic-94152b1d5f634bd5.rlib" "/opt/rustwide/target/debug/deps/librayon-20a2258e0d1a95c8.rlib" "/opt/rustwide/target/debug/deps/librayon_core-c54c30edd1ed58d8.rlib" "/opt/rustwide/target/debug/deps/libnum_cpus-1ff0068e68f7a11d.rlib" "/opt/rustwide/target/debug/deps/libcrossbeam_deque-ac7ea62739bb1ea7.rlib" "/opt/rustwide/target/debug/deps/libcrossbeam_epoch-a68c450e44893da2.rlib" "/opt/rustwide/target/debug/deps/libmemoffset-70be0b3efc76ca6c.rlib" "/opt/rustwide/target/debug/deps/libscopeguard-31f1b56a39f2a372.rlib" "/opt/rustwide/target/debug/deps/libcrossbeam_channel-3a5e358754ac225e.rlib" "/opt/rustwide/target/debug/deps/libcrossbeam_utils-ed915c09f57de221.rlib" "/opt/rustwide/target/debug/deps/libnumber_prefix-32290b097e7f8875.rlib" "/opt/rustwide/target/debug/deps/libconsole-5e0312833013d116.rlib" "/opt/rustwide/target/debug/deps/libunicode_width-31934bc979e6effc.rlib" "/opt/rustwide/target/debug/deps/liberased_serde-4bf58da65ba28657.rlib" "/opt/rustwide/target/debug/deps/libdyn_clone-ef4f0516e5384f4d.rlib" "/opt/rustwide/target/debug/deps/libcolor_eyre-aebafc5245082086.rlib" "/opt/rustwide/target/debug/deps/libcolor_spantrace-eaaaff9e393f14e1.rlib" "/opt/rustwide/target/debug/deps/libtracing_error-9881aba534fcd33d.rlib" "/opt/rustwide/target/debug/deps/libtracing_subscriber-f0efca806e9316c2.rlib" "/opt/rustwide/target/debug/deps/libthread_local-ecfe4fbe4571ee3e.rlib" "/opt/rustwide/target/debug/deps/libsharded_slab-0f6963e5e65fbc93.rlib" "/opt/rustwide/target/debug/deps/liblazy_static-efa3519517df6cf0.rlib" "/opt/rustwide/target/debug/deps/libtracing-2a8e7ac574258d7a.rlib" "/opt/rustwide/target/debug/deps/libpin_project_lite-2bf93d566738d750.rlib" "/opt/rustwide/target/debug/deps/libtracing_core-e89aef900b1b12cf.rlib" "/opt/rustwide/target/debug/deps/libowo_colors-f86a0065afbf2815.rlib" "/opt/rustwide/target/debug/deps/libeyre-c07fcadcda37f09c.rlib" "/opt/rustwide/target/debug/deps/libindenter-455d991749907592.rlib" "/opt/rustwide/target/debug/deps/libonce_cell-728f13abc4f8cf5f.rlib" "/opt/rustwide/target/debug/deps/libbacktrace-e1439e2d085abaee.rlib" "/opt/rustwide/target/debug/deps/libminiz_oxide-bd525cb5efe2f8d6.rlib" "/opt/rustwide/target/debug/deps/libadler-eba61f23bb3cdb48.rlib" "/opt/rustwide/target/debug/deps/libobject-d06844e9d9d9db50.rlib" "/opt/rustwide/target/debug/deps/libmemchr-318469c85e99cc54.rlib" "/opt/rustwide/target/debug/deps/libaddr2line-37ce59929359d6c1.rlib" "/opt/rustwide/target/debug/deps/libgimli-d1ff3b4b6006de60.rlib" "/opt/rustwide/target/debug/deps/librustc_demangle-e38d480ec8cb518e.rlib" "/opt/rustwide/target/debug/deps/libitertools-9d0001e1bd8ce1a6.rlib" "/opt/rustwide/target/debug/deps/libeither-ede8120b5409efc0.rlib" "/opt/rustwide/target/debug/deps/libbetter_any-1db0144d2dcc515a.rlib" "/opt/rustwide/target/debug/deps/libserde-331ed7fb919a5e59.rlib" "/opt/rustwide/target/debug/deps/librand_distr-969130748d62db70.rlib" "/opt/rustwide/target/debug/deps/libnum_traits-6791076b344c2b1b.rlib" "/opt/rustwide/target/debug/deps/librand-e207cb556e234359.rlib" "/opt/rustwide/target/debug/deps/librand_chacha-ec5c02f99e8b0eda.rlib" "/opt/rustwide/target/debug/deps/libppv_lite86-6355e3a2f5357626.rlib" "/opt/rustwide/target/debug/deps/librand_core-224f855548048da8.rlib" "/opt/rustwide/target/debug/deps/libgetrandom-eac395b85e5dc2a3.rlib" "/opt/rustwide/target/debug/deps/liblibc-4b0b24147de68dac.rlib" "/opt/rustwide/target/debug/deps/libcfg_if-a3e7e701fcd1f47b.rlib" "/opt/rustwide/target/debug/deps/libfloat_eq-43e04a8d846fc7d7.rlib" "/opt/rustwide/rustup-home/toolchains/beta-2024-12-08-x86_64-unknown-linux-gnu/lib/rustlib/x86_64-unknown-linux-gnu/lib/libstd-02dc84f49135b6b8.rlib" "/opt/rustwide/rustup-home/toolchains/beta-2024-12-08-x86_64-unknown-linux-gnu/lib/rustlib/x86_64-unknown-linux-gnu/lib/libpanic_unwind-a8f45b397fae3f81.rlib" "/opt/rustwide/rustup-home/toolchains/beta-2024-12-08-x86_64-unknown-linux-gnu/lib/rustlib/x86_64-unknown-linux-gnu/lib/libobject-089607133c180609.rlib" "/opt/rustwide/rustup-home/toolchains/beta-2024-12-08-x86_64-unknown-linux-gnu/lib/rustlib/x86_64-unknown-linux-gnu/lib/libmemchr-fc89f091bcd86cbb.rlib" "/opt/rustwide/rustup-home/toolchains/beta-2024-12-08-x86_64-unknown-linux-gnu/lib/rustlib/x86_64-unknown-linux-gnu/lib/libaddr2line-5a60949f01c7340c.rlib" "/opt/rustwide/rustup-home/toolchains/beta-2024-12-08-x86_64-unknown-linux-gnu/lib/rustlib/x86_64-unknown-linux-gnu/lib/libgimli-d29e6a55ca253c8c.rlib" "/opt/rustwide/rustup-home/toolchains/beta-2024-12-08-x86_64-unknown-linux-gnu/lib/rustlib/x86_64-unknown-linux-gnu/lib/librustc_demangle-273c078d5f65de7a.rlib" "/opt/rustwide/rustup-home/toolchains/beta-2024-12-08-x86_64-unknown-linux-gnu/lib/rustlib/x86_64-unknown-linux-gnu/lib/libstd_detect-413c950ffbdd4454.rlib" "/opt/rustwide/rustup-home/toolchains/beta-2024-12-08-x86_64-unknown-linux-gnu/lib/rustlib/x86_64-unknown-linux-gnu/lib/libhashbrown-1853c0976a1d88a6.rlib" "/opt/rustwide/rustup-home/toolchains/beta-2024-12-08-x86_64-unknown-linux-gnu/lib/rustlib/x86_64-unknown-linux-gnu/lib/librustc_std_workspace_alloc-ccb3384ddacb0f9e.rlib" "/opt/rustwide/rustup-home/toolchains/beta-2024-12-08-x86_64-unknown-linux-gnu/lib/rustlib/x86_64-unknown-linux-gnu/lib/libminiz_oxide-0b901dfb0ca849e0.rlib" "/opt/rustwide/rustup-home/toolchains/beta-2024-12-08-x86_64-unknown-linux-gnu/lib/rustlib/x86_64-unknown-linux-gnu/lib/libadler-eebeb8d7c64543ad.rlib" "/opt/rustwide/rustup-home/toolchains/beta-2024-12-08-x86_64-unknown-linux-gnu/lib/rustlib/x86_64-unknown-linux-gnu/lib/libunwind-4723ef81d6079867.rlib" "/opt/rustwide/rustup-home/toolchains/beta-2024-12-08-x86_64-unknown-linux-gnu/lib/rustlib/x86_64-unknown-linux-gnu/lib/libcfg_if-54442f8b422f5a54.rlib" "/opt/rustwide/rustup-home/toolchains/beta-2024-12-08-x86_64-unknown-linux-gnu/lib/rustlib/x86_64-unknown-linux-gnu/lib/liblibc-e0bbe034b5282553.rlib" "/opt/rustwide/rustup-home/toolchains/beta-2024-12-08-x86_64-unknown-linux-gnu/lib/rustlib/x86_64-unknown-linux-gnu/lib/liballoc-d0febb68c1c37b90.rlib" "/opt/rustwide/rustup-home/toolchains/beta-2024-12-08-x86_64-unknown-linux-gnu/lib/rustlib/x86_64-unknown-linux-gnu/lib/librustc_std_workspace_core-4cf833632aafa84c.rlib" "/opt/rustwide/rustup-home/toolchains/beta-2024-12-08-x86_64-unknown-linux-gnu/lib/rustlib/x86_64-unknown-linux-gnu/lib/libcore-65c2c6d2d6ae570b.rlib" "/opt/rustwide/rustup-home/toolchains/beta-2024-12-08-x86_64-unknown-linux-gnu/lib/rustlib/x86_64-unknown-linux-gnu/lib/libcompiler_builtins-97929cee0dcfe424.rlib" "-Wl,-Bdynamic" "-lgcc_s" "-lutil" "-lrt" "-lpthread" "-lm" "-ldl" "-lc" "-Wl,--eh-frame-hdr" "-Wl,-z,noexecstack" "-L" "/opt/rustwide/rustup-home/toolchains/beta-2024-12-08-x86_64-unknown-linux-gnu/lib/rustlib/x86_64-unknown-linux-gnu/lib" "-o" "/tmp/rustdoctest1KHnD3/rust_out" "-Wl,--gc-sections" "-pie" "-Wl,-z,relro,-z,now" "-nodefaultlibs"
[INFO] [stdout]   = note: collect2: fatal error: ld terminated with signal 9 [Killed]
[INFO] [stdout]           compilation terminated.
[INFO] [stdout]           
[INFO] [stdout] 
[INFO] [stdout] error: aborting due to 1 previous error
[INFO] [stdout] 
[INFO] [stdout] Couldn't compile the test.
[INFO] [stdout] ---- src/state/registry/mod.rs - state::registry::StateRegistry<'a>::borrow_value (line 603) stdout ----
[INFO] [stdout] error: linking with `cc` failed: exit status: 1
[INFO] [stdout]   |
[INFO] [stdout]   = note: LC_ALL="C" PATH="/opt/rustwide/rustup-home/toolchains/beta-2024-12-08-x86_64-unknown-linux-gnu/lib/rustlib/x86_64-unknown-linux-gnu/bin:/opt/rustwide/cargo-home/bin:/usr/local/sbin:/usr/local/bin:/usr/sbin:/usr/bin:/sbin:/bin" VSLANG="1033" "cc" "-m64" "/tmp/rustc3rxJKW/symbols.o" "/tmp/rustdoctesty1Vj9i/rust_out.rust_out.9242fac72db2cd11-cgu.0.rcgu.o" "/tmp/rustdoctesty1Vj9i/rust_out.2hl2tb9xdtge7mguxzn2q1kvi.rcgu.o" "-Wl,--as-needed" "-Wl,-Bstatic" "/opt/rustwide/target/debug/deps/libmahf-58175f28cdd27999.rlib" "/opt/rustwide/target/debug/deps/libserde_json-5b19c22bba26ce61.rlib" "/opt/rustwide/target/debug/deps/libryu-ce09991353a76c10.rlib" "/opt/rustwide/target/debug/deps/libitoa-780f6737fc9d34ad.rlib" "/opt/rustwide/target/debug/deps/libciborium-bbb31b7f6f063b0c.rlib" "/opt/rustwide/target/debug/deps/libciborium_ll-9f852c6f1966bfc5.rlib" "/opt/rustwide/target/debug/deps/libhalf-bb52c7918736de63.rlib" "/opt/rustwide/target/debug/deps/libciborium_io-1e3c0d27bdeedd4a.rlib" "/opt/rustwide/target/debug/deps/libron-b43cc8d47d23de7f.rlib" "/opt/rustwide/target/debug/deps/libbase64-fca76a9e376e88b4.rlib" "/opt/rustwide/target/debug/deps/libbitflags-85e13ed1e0c6d910.rlib" "/opt/rustwide/target/debug/deps/libthiserror-9b40733b1179dfc6.rlib" "/opt/rustwide/target/debug/deps/libindicatif-21c1646919f0f8ba.rlib" "/opt/rustwide/target/debug/deps/libportable_atomic-94152b1d5f634bd5.rlib" "/opt/rustwide/target/debug/deps/librayon-20a2258e0d1a95c8.rlib" "/opt/rustwide/target/debug/deps/librayon_core-c54c30edd1ed58d8.rlib" "/opt/rustwide/target/debug/deps/libnum_cpus-1ff0068e68f7a11d.rlib" "/opt/rustwide/target/debug/deps/libcrossbeam_deque-ac7ea62739bb1ea7.rlib" "/opt/rustwide/target/debug/deps/libcrossbeam_epoch-a68c450e44893da2.rlib" "/opt/rustwide/target/debug/deps/libmemoffset-70be0b3efc76ca6c.rlib" "/opt/rustwide/target/debug/deps/libscopeguard-31f1b56a39f2a372.rlib" "/opt/rustwide/target/debug/deps/libcrossbeam_channel-3a5e358754ac225e.rlib" "/opt/rustwide/target/debug/deps/libcrossbeam_utils-ed915c09f57de221.rlib" "/opt/rustwide/target/debug/deps/libnumber_prefix-32290b097e7f8875.rlib" "/opt/rustwide/target/debug/deps/libconsole-5e0312833013d116.rlib" "/opt/rustwide/target/debug/deps/libunicode_width-31934bc979e6effc.rlib" "/opt/rustwide/target/debug/deps/liberased_serde-4bf58da65ba28657.rlib" "/opt/rustwide/target/debug/deps/libdyn_clone-ef4f0516e5384f4d.rlib" "/opt/rustwide/target/debug/deps/libcolor_eyre-aebafc5245082086.rlib" "/opt/rustwide/target/debug/deps/libcolor_spantrace-eaaaff9e393f14e1.rlib" "/opt/rustwide/target/debug/deps/libtracing_error-9881aba534fcd33d.rlib" "/opt/rustwide/target/debug/deps/libtracing_subscriber-f0efca806e9316c2.rlib" "/opt/rustwide/target/debug/deps/libthread_local-ecfe4fbe4571ee3e.rlib" "/opt/rustwide/target/debug/deps/libsharded_slab-0f6963e5e65fbc93.rlib" "/opt/rustwide/target/debug/deps/liblazy_static-efa3519517df6cf0.rlib" "/opt/rustwide/target/debug/deps/libtracing-2a8e7ac574258d7a.rlib" "/opt/rustwide/target/debug/deps/libpin_project_lite-2bf93d566738d750.rlib" "/opt/rustwide/target/debug/deps/libtracing_core-e89aef900b1b12cf.rlib" "/opt/rustwide/target/debug/deps/libowo_colors-f86a0065afbf2815.rlib" "/opt/rustwide/target/debug/deps/libeyre-c07fcadcda37f09c.rlib" "/opt/rustwide/target/debug/deps/libindenter-455d991749907592.rlib" "/opt/rustwide/target/debug/deps/libonce_cell-728f13abc4f8cf5f.rlib" "/opt/rustwide/target/debug/deps/libbacktrace-e1439e2d085abaee.rlib" "/opt/rustwide/target/debug/deps/libminiz_oxide-bd525cb5efe2f8d6.rlib" "/opt/rustwide/target/debug/deps/libadler-eba61f23bb3cdb48.rlib" "/opt/rustwide/target/debug/deps/libobject-d06844e9d9d9db50.rlib" "/opt/rustwide/target/debug/deps/libmemchr-318469c85e99cc54.rlib" "/opt/rustwide/target/debug/deps/libaddr2line-37ce59929359d6c1.rlib" "/opt/rustwide/target/debug/deps/libgimli-d1ff3b4b6006de60.rlib" "/opt/rustwide/target/debug/deps/librustc_demangle-e38d480ec8cb518e.rlib" "/opt/rustwide/target/debug/deps/libitertools-9d0001e1bd8ce1a6.rlib" "/opt/rustwide/target/debug/deps/libeither-ede8120b5409efc0.rlib" "/opt/rustwide/target/debug/deps/libbetter_any-1db0144d2dcc515a.rlib" "/opt/rustwide/target/debug/deps/libserde-331ed7fb919a5e59.rlib" "/opt/rustwide/target/debug/deps/librand_distr-969130748d62db70.rlib" "/opt/rustwide/target/debug/deps/libnum_traits-6791076b344c2b1b.rlib" "/opt/rustwide/target/debug/deps/librand-e207cb556e234359.rlib" "/opt/rustwide/target/debug/deps/librand_chacha-ec5c02f99e8b0eda.rlib" "/opt/rustwide/target/debug/deps/libppv_lite86-6355e3a2f5357626.rlib" "/opt/rustwide/target/debug/deps/librand_core-224f855548048da8.rlib" "/opt/rustwide/target/debug/deps/libgetrandom-eac395b85e5dc2a3.rlib" "/opt/rustwide/target/debug/deps/liblibc-4b0b24147de68dac.rlib" "/opt/rustwide/target/debug/deps/libcfg_if-a3e7e701fcd1f47b.rlib" "/opt/rustwide/target/debug/deps/libfloat_eq-43e04a8d846fc7d7.rlib" "/opt/rustwide/rustup-home/toolchains/beta-2024-12-08-x86_64-unknown-linux-gnu/lib/rustlib/x86_64-unknown-linux-gnu/lib/libstd-02dc84f49135b6b8.rlib" "/opt/rustwide/rustup-home/toolchains/beta-2024-12-08-x86_64-unknown-linux-gnu/lib/rustlib/x86_64-unknown-linux-gnu/lib/libpanic_unwind-a8f45b397fae3f81.rlib" "/opt/rustwide/rustup-home/toolchains/beta-2024-12-08-x86_64-unknown-linux-gnu/lib/rustlib/x86_64-unknown-linux-gnu/lib/libobject-089607133c180609.rlib" "/opt/rustwide/rustup-home/toolchains/beta-2024-12-08-x86_64-unknown-linux-gnu/lib/rustlib/x86_64-unknown-linux-gnu/lib/libmemchr-fc89f091bcd86cbb.rlib" "/opt/rustwide/rustup-home/toolchains/beta-2024-12-08-x86_64-unknown-linux-gnu/lib/rustlib/x86_64-unknown-linux-gnu/lib/libaddr2line-5a60949f01c7340c.rlib" "/opt/rustwide/rustup-home/toolchains/beta-2024-12-08-x86_64-unknown-linux-gnu/lib/rustlib/x86_64-unknown-linux-gnu/lib/libgimli-d29e6a55ca253c8c.rlib" "/opt/rustwide/rustup-home/toolchains/beta-2024-12-08-x86_64-unknown-linux-gnu/lib/rustlib/x86_64-unknown-linux-gnu/lib/librustc_demangle-273c078d5f65de7a.rlib" "/opt/rustwide/rustup-home/toolchains/beta-2024-12-08-x86_64-unknown-linux-gnu/lib/rustlib/x86_64-unknown-linux-gnu/lib/libstd_detect-413c950ffbdd4454.rlib" "/opt/rustwide/rustup-home/toolchains/beta-2024-12-08-x86_64-unknown-linux-gnu/lib/rustlib/x86_64-unknown-linux-gnu/lib/libhashbrown-1853c0976a1d88a6.rlib" "/opt/rustwide/rustup-home/toolchains/beta-2024-12-08-x86_64-unknown-linux-gnu/lib/rustlib/x86_64-unknown-linux-gnu/lib/librustc_std_workspace_alloc-ccb3384ddacb0f9e.rlib" "/opt/rustwide/rustup-home/toolchains/beta-2024-12-08-x86_64-unknown-linux-gnu/lib/rustlib/x86_64-unknown-linux-gnu/lib/libminiz_oxide-0b901dfb0ca849e0.rlib" "/opt/rustwide/rustup-home/toolchains/beta-2024-12-08-x86_64-unknown-linux-gnu/lib/rustlib/x86_64-unknown-linux-gnu/lib/libadler-eebeb8d7c64543ad.rlib" "/opt/rustwide/rustup-home/toolchains/beta-2024-12-08-x86_64-unknown-linux-gnu/lib/rustlib/x86_64-unknown-linux-gnu/lib/libunwind-4723ef81d6079867.rlib" "/opt/rustwide/rustup-home/toolchains/beta-2024-12-08-x86_64-unknown-linux-gnu/lib/rustlib/x86_64-unknown-linux-gnu/lib/libcfg_if-54442f8b422f5a54.rlib" "/opt/rustwide/rustup-home/toolchains/beta-2024-12-08-x86_64-unknown-linux-gnu/lib/rustlib/x86_64-unknown-linux-gnu/lib/liblibc-e0bbe034b5282553.rlib" "/opt/rustwide/rustup-home/toolchains/beta-2024-12-08-x86_64-unknown-linux-gnu/lib/rustlib/x86_64-unknown-linux-gnu/lib/liballoc-d0febb68c1c37b90.rlib" "/opt/rustwide/rustup-home/toolchains/beta-2024-12-08-x86_64-unknown-linux-gnu/lib/rustlib/x86_64-unknown-linux-gnu/lib/librustc_std_workspace_core-4cf833632aafa84c.rlib" "/opt/rustwide/rustup-home/toolchains/beta-2024-12-08-x86_64-unknown-linux-gnu/lib/rustlib/x86_64-unknown-linux-gnu/lib/libcore-65c2c6d2d6ae570b.rlib" "/opt/rustwide/rustup-home/toolchains/beta-2024-12-08-x86_64-unknown-linux-gnu/lib/rustlib/x86_64-unknown-linux-gnu/lib/libcompiler_builtins-97929cee0dcfe424.rlib" "-Wl,-Bdynamic" "-lgcc_s" "-lutil" "-lrt" "-lpthread" "-lm" "-ldl" "-lc" "-Wl,--eh-frame-hdr" "-Wl,-z,noexecstack" "-L" "/opt/rustwide/rustup-home/toolchains/beta-2024-12-08-x86_64-unknown-linux-gnu/lib/rustlib/x86_64-unknown-linux-gnu/lib" "-o" "/tmp/rustdoctesty1Vj9i/rust_out" "-Wl,--gc-sections" "-pie" "-Wl,-z,relro,-z,now" "-nodefaultlibs"
[INFO] [stdout]   = note: collect2: fatal error: ld terminated with signal 9 [Killed]
[INFO] [stdout]           compilation terminated.
[INFO] [stdout]           
[INFO] [stdout] 
[INFO] [stdout] error: aborting due to 1 previous error
[INFO] [stdout] 
[INFO] [stdout] Couldn't compile the test.
[INFO] [stdout] ---- src/state/registry/entry.rs - state::registry::entry::OccupiedEntry<'a,'b,T>::into_mut (line 323) stdout ----
[INFO] [stdout] error: linking with `cc` failed: exit status: 1
[INFO] [stdout]   |
[INFO] [stdout]   = note: LC_ALL="C" PATH="/opt/rustwide/rustup-home/toolchains/beta-2024-12-08-x86_64-unknown-linux-gnu/lib/rustlib/x86_64-unknown-linux-gnu/bin:/opt/rustwide/cargo-home/bin:/usr/local/sbin:/usr/local/bin:/usr/sbin:/usr/bin:/sbin:/bin" VSLANG="1033" "cc" "-m64" "/tmp/rustcOBTyE9/symbols.o" "/tmp/rustdoctestziGLxP/rust_out.rust_out.9242fac72db2cd11-cgu.0.rcgu.o" "/tmp/rustdoctestziGLxP/rust_out.2hl2tb9xdtge7mguxzn2q1kvi.rcgu.o" "-Wl,--as-needed" "-Wl,-Bstatic" "/opt/rustwide/target/debug/deps/libmahf-58175f28cdd27999.rlib" "/opt/rustwide/target/debug/deps/libserde_json-5b19c22bba26ce61.rlib" "/opt/rustwide/target/debug/deps/libryu-ce09991353a76c10.rlib" "/opt/rustwide/target/debug/deps/libitoa-780f6737fc9d34ad.rlib" "/opt/rustwide/target/debug/deps/libciborium-bbb31b7f6f063b0c.rlib" "/opt/rustwide/target/debug/deps/libciborium_ll-9f852c6f1966bfc5.rlib" "/opt/rustwide/target/debug/deps/libhalf-bb52c7918736de63.rlib" "/opt/rustwide/target/debug/deps/libciborium_io-1e3c0d27bdeedd4a.rlib" "/opt/rustwide/target/debug/deps/libron-b43cc8d47d23de7f.rlib" "/opt/rustwide/target/debug/deps/libbase64-fca76a9e376e88b4.rlib" "/opt/rustwide/target/debug/deps/libbitflags-85e13ed1e0c6d910.rlib" "/opt/rustwide/target/debug/deps/libthiserror-9b40733b1179dfc6.rlib" "/opt/rustwide/target/debug/deps/libindicatif-21c1646919f0f8ba.rlib" "/opt/rustwide/target/debug/deps/libportable_atomic-94152b1d5f634bd5.rlib" "/opt/rustwide/target/debug/deps/librayon-20a2258e0d1a95c8.rlib" "/opt/rustwide/target/debug/deps/librayon_core-c54c30edd1ed58d8.rlib" "/opt/rustwide/target/debug/deps/libnum_cpus-1ff0068e68f7a11d.rlib" "/opt/rustwide/target/debug/deps/libcrossbeam_deque-ac7ea62739bb1ea7.rlib" "/opt/rustwide/target/debug/deps/libcrossbeam_epoch-a68c450e44893da2.rlib" "/opt/rustwide/target/debug/deps/libmemoffset-70be0b3efc76ca6c.rlib" "/opt/rustwide/target/debug/deps/libscopeguard-31f1b56a39f2a372.rlib" "/opt/rustwide/target/debug/deps/libcrossbeam_channel-3a5e358754ac225e.rlib" "/opt/rustwide/target/debug/deps/libcrossbeam_utils-ed915c09f57de221.rlib" "/opt/rustwide/target/debug/deps/libnumber_prefix-32290b097e7f8875.rlib" "/opt/rustwide/target/debug/deps/libconsole-5e0312833013d116.rlib" "/opt/rustwide/target/debug/deps/libunicode_width-31934bc979e6effc.rlib" "/opt/rustwide/target/debug/deps/liberased_serde-4bf58da65ba28657.rlib" "/opt/rustwide/target/debug/deps/libdyn_clone-ef4f0516e5384f4d.rlib" "/opt/rustwide/target/debug/deps/libcolor_eyre-aebafc5245082086.rlib" "/opt/rustwide/target/debug/deps/libcolor_spantrace-eaaaff9e393f14e1.rlib" "/opt/rustwide/target/debug/deps/libtracing_error-9881aba534fcd33d.rlib" "/opt/rustwide/target/debug/deps/libtracing_subscriber-f0efca806e9316c2.rlib" "/opt/rustwide/target/debug/deps/libthread_local-ecfe4fbe4571ee3e.rlib" "/opt/rustwide/target/debug/deps/libsharded_slab-0f6963e5e65fbc93.rlib" "/opt/rustwide/target/debug/deps/liblazy_static-efa3519517df6cf0.rlib" "/opt/rustwide/target/debug/deps/libtracing-2a8e7ac574258d7a.rlib" "/opt/rustwide/target/debug/deps/libpin_project_lite-2bf93d566738d750.rlib" "/opt/rustwide/target/debug/deps/libtracing_core-e89aef900b1b12cf.rlib" "/opt/rustwide/target/debug/deps/libowo_colors-f86a0065afbf2815.rlib" "/opt/rustwide/target/debug/deps/libeyre-c07fcadcda37f09c.rlib" "/opt/rustwide/target/debug/deps/libindenter-455d991749907592.rlib" "/opt/rustwide/target/debug/deps/libonce_cell-728f13abc4f8cf5f.rlib" "/opt/rustwide/target/debug/deps/libbacktrace-e1439e2d085abaee.rlib" "/opt/rustwide/target/debug/deps/libminiz_oxide-bd525cb5efe2f8d6.rlib" "/opt/rustwide/target/debug/deps/libadler-eba61f23bb3cdb48.rlib" "/opt/rustwide/target/debug/deps/libobject-d06844e9d9d9db50.rlib" "/opt/rustwide/target/debug/deps/libmemchr-318469c85e99cc54.rlib" "/opt/rustwide/target/debug/deps/libaddr2line-37ce59929359d6c1.rlib" "/opt/rustwide/target/debug/deps/libgimli-d1ff3b4b6006de60.rlib" "/opt/rustwide/target/debug/deps/librustc_demangle-e38d480ec8cb518e.rlib" "/opt/rustwide/target/debug/deps/libitertools-9d0001e1bd8ce1a6.rlib" "/opt/rustwide/target/debug/deps/libeither-ede8120b5409efc0.rlib" "/opt/rustwide/target/debug/deps/libbetter_any-1db0144d2dcc515a.rlib" "/opt/rustwide/target/debug/deps/libserde-331ed7fb919a5e59.rlib" "/opt/rustwide/target/debug/deps/librand_distr-969130748d62db70.rlib" "/opt/rustwide/target/debug/deps/libnum_traits-6791076b344c2b1b.rlib" "/opt/rustwide/target/debug/deps/librand-e207cb556e234359.rlib" "/opt/rustwide/target/debug/deps/librand_chacha-ec5c02f99e8b0eda.rlib" "/opt/rustwide/target/debug/deps/libppv_lite86-6355e3a2f5357626.rlib" "/opt/rustwide/target/debug/deps/librand_core-224f855548048da8.rlib" "/opt/rustwide/target/debug/deps/libgetrandom-eac395b85e5dc2a3.rlib" "/opt/rustwide/target/debug/deps/liblibc-4b0b24147de68dac.rlib" "/opt/rustwide/target/debug/deps/libcfg_if-a3e7e701fcd1f47b.rlib" "/opt/rustwide/target/debug/deps/libfloat_eq-43e04a8d846fc7d7.rlib" "/opt/rustwide/rustup-home/toolchains/beta-2024-12-08-x86_64-unknown-linux-gnu/lib/rustlib/x86_64-unknown-linux-gnu/lib/libstd-02dc84f49135b6b8.rlib" "/opt/rustwide/rustup-home/toolchains/beta-2024-12-08-x86_64-unknown-linux-gnu/lib/rustlib/x86_64-unknown-linux-gnu/lib/libpanic_unwind-a8f45b397fae3f81.rlib" "/opt/rustwide/rustup-home/toolchains/beta-2024-12-08-x86_64-unknown-linux-gnu/lib/rustlib/x86_64-unknown-linux-gnu/lib/libobject-089607133c180609.rlib" "/opt/rustwide/rustup-home/toolchains/beta-2024-12-08-x86_64-unknown-linux-gnu/lib/rustlib/x86_64-unknown-linux-gnu/lib/libmemchr-fc89f091bcd86cbb.rlib" "/opt/rustwide/rustup-home/toolchains/beta-2024-12-08-x86_64-unknown-linux-gnu/lib/rustlib/x86_64-unknown-linux-gnu/lib/libaddr2line-5a60949f01c7340c.rlib" "/opt/rustwide/rustup-home/toolchains/beta-2024-12-08-x86_64-unknown-linux-gnu/lib/rustlib/x86_64-unknown-linux-gnu/lib/libgimli-d29e6a55ca253c8c.rlib" "/opt/rustwide/rustup-home/toolchains/beta-2024-12-08-x86_64-unknown-linux-gnu/lib/rustlib/x86_64-unknown-linux-gnu/lib/librustc_demangle-273c078d5f65de7a.rlib" "/opt/rustwide/rustup-home/toolchains/beta-2024-12-08-x86_64-unknown-linux-gnu/lib/rustlib/x86_64-unknown-linux-gnu/lib/libstd_detect-413c950ffbdd4454.rlib" "/opt/rustwide/rustup-home/toolchains/beta-2024-12-08-x86_64-unknown-linux-gnu/lib/rustlib/x86_64-unknown-linux-gnu/lib/libhashbrown-1853c0976a1d88a6.rlib" "/opt/rustwide/rustup-home/toolchains/beta-2024-12-08-x86_64-unknown-linux-gnu/lib/rustlib/x86_64-unknown-linux-gnu/lib/librustc_std_workspace_alloc-ccb3384ddacb0f9e.rlib" "/opt/rustwide/rustup-home/toolchains/beta-2024-12-08-x86_64-unknown-linux-gnu/lib/rustlib/x86_64-unknown-linux-gnu/lib/libminiz_oxide-0b901dfb0ca849e0.rlib" "/opt/rustwide/rustup-home/toolchains/beta-2024-12-08-x86_64-unknown-linux-gnu/lib/rustlib/x86_64-unknown-linux-gnu/lib/libadler-eebeb8d7c64543ad.rlib" "/opt/rustwide/rustup-home/toolchains/beta-2024-12-08-x86_64-unknown-linux-gnu/lib/rustlib/x86_64-unknown-linux-gnu/lib/libunwind-4723ef81d6079867.rlib" "/opt/rustwide/rustup-home/toolchains/beta-2024-12-08-x86_64-unknown-linux-gnu/lib/rustlib/x86_64-unknown-linux-gnu/lib/libcfg_if-54442f8b422f5a54.rlib" "/opt/rustwide/rustup-home/toolchains/beta-2024-12-08-x86_64-unknown-linux-gnu/lib/rustlib/x86_64-unknown-linux-gnu/lib/liblibc-e0bbe034b5282553.rlib" "/opt/rustwide/rustup-home/toolchains/beta-2024-12-08-x86_64-unknown-linux-gnu/lib/rustlib/x86_64-unknown-linux-gnu/lib/liballoc-d0febb68c1c37b90.rlib" "/opt/rustwide/rustup-home/toolchains/beta-2024-12-08-x86_64-unknown-linux-gnu/lib/rustlib/x86_64-unknown-linux-gnu/lib/librustc_std_workspace_core-4cf833632aafa84c.rlib" "/opt/rustwide/rustup-home/toolchains/beta-2024-12-08-x86_64-unknown-linux-gnu/lib/rustlib/x86_64-unknown-linux-gnu/lib/libcore-65c2c6d2d6ae570b.rlib" "/opt/rustwide/rustup-home/toolchains/beta-2024-12-08-x86_64-unknown-linux-gnu/lib/rustlib/x86_64-unknown-linux-gnu/lib/libcompiler_builtins-97929cee0dcfe424.rlib" "-Wl,-Bdynamic" "-lgcc_s" "-lutil" "-lrt" "-lpthread" "-lm" "-ldl" "-lc" "-Wl,--eh-frame-hdr" "-Wl,-z,noexecstack" "-L" "/opt/rustwide/rustup-home/toolchains/beta-2024-12-08-x86_64-unknown-linux-gnu/lib/rustlib/x86_64-unknown-linux-gnu/lib" "-o" "/tmp/rustdoctestziGLxP/rust_out" "-Wl,--gc-sections" "-pie" "-Wl,-z,relro,-z,now" "-nodefaultlibs"
[INFO] [stdout]   = note: collect2: fatal error: ld terminated with signal 9 [Killed]
[INFO] [stdout]           compilation terminated.
[INFO] [stdout]           
[INFO] [stdout] 
[INFO] [stdout] error: aborting due to 1 previous error
[INFO] [stdout] 
[INFO] [stdout] Couldn't compile the test.
[INFO] [stdout] ---- src/state/registry/mod.rs - state::registry::StateRegistry<'a>::get_multiple_mut (line 852) stdout ----
[INFO] [stdout] error: linking with `cc` failed: exit status: 1
[INFO] [stdout]   |
[INFO] [stdout]   = note: LC_ALL="C" PATH="/opt/rustwide/rustup-home/toolchains/beta-2024-12-08-x86_64-unknown-linux-gnu/lib/rustlib/x86_64-unknown-linux-gnu/bin:/opt/rustwide/cargo-home/bin:/usr/local/sbin:/usr/local/bin:/usr/sbin:/usr/bin:/sbin:/bin" VSLANG="1033" "cc" "-m64" "/tmp/rustc5CwAb8/symbols.o" "/tmp/rustdoctestX9br4u/rust_out.rust_out.9242fac72db2cd11-cgu.0.rcgu.o" "/tmp/rustdoctestX9br4u/rust_out.2hl2tb9xdtge7mguxzn2q1kvi.rcgu.o" "-Wl,--as-needed" "-Wl,-Bstatic" "/opt/rustwide/target/debug/deps/libmahf-58175f28cdd27999.rlib" "/opt/rustwide/target/debug/deps/libserde_json-5b19c22bba26ce61.rlib" "/opt/rustwide/target/debug/deps/libryu-ce09991353a76c10.rlib" "/opt/rustwide/target/debug/deps/libitoa-780f6737fc9d34ad.rlib" "/opt/rustwide/target/debug/deps/libciborium-bbb31b7f6f063b0c.rlib" "/opt/rustwide/target/debug/deps/libciborium_ll-9f852c6f1966bfc5.rlib" "/opt/rustwide/target/debug/deps/libhalf-bb52c7918736de63.rlib" "/opt/rustwide/target/debug/deps/libciborium_io-1e3c0d27bdeedd4a.rlib" "/opt/rustwide/target/debug/deps/libron-b43cc8d47d23de7f.rlib" "/opt/rustwide/target/debug/deps/libbase64-fca76a9e376e88b4.rlib" "/opt/rustwide/target/debug/deps/libbitflags-85e13ed1e0c6d910.rlib" "/opt/rustwide/target/debug/deps/libthiserror-9b40733b1179dfc6.rlib" "/opt/rustwide/target/debug/deps/libindicatif-21c1646919f0f8ba.rlib" "/opt/rustwide/target/debug/deps/libportable_atomic-94152b1d5f634bd5.rlib" "/opt/rustwide/target/debug/deps/librayon-20a2258e0d1a95c8.rlib" "/opt/rustwide/target/debug/deps/librayon_core-c54c30edd1ed58d8.rlib" "/opt/rustwide/target/debug/deps/libnum_cpus-1ff0068e68f7a11d.rlib" "/opt/rustwide/target/debug/deps/libcrossbeam_deque-ac7ea62739bb1ea7.rlib" "/opt/rustwide/target/debug/deps/libcrossbeam_epoch-a68c450e44893da2.rlib" "/opt/rustwide/target/debug/deps/libmemoffset-70be0b3efc76ca6c.rlib" "/opt/rustwide/target/debug/deps/libscopeguard-31f1b56a39f2a372.rlib" "/opt/rustwide/target/debug/deps/libcrossbeam_channel-3a5e358754ac225e.rlib" "/opt/rustwide/target/debug/deps/libcrossbeam_utils-ed915c09f57de221.rlib" "/opt/rustwide/target/debug/deps/libnumber_prefix-32290b097e7f8875.rlib" "/opt/rustwide/target/debug/deps/libconsole-5e0312833013d116.rlib" "/opt/rustwide/target/debug/deps/libunicode_width-31934bc979e6effc.rlib" "/opt/rustwide/target/debug/deps/liberased_serde-4bf58da65ba28657.rlib" "/opt/rustwide/target/debug/deps/libdyn_clone-ef4f0516e5384f4d.rlib" "/opt/rustwide/target/debug/deps/libcolor_eyre-aebafc5245082086.rlib" "/opt/rustwide/target/debug/deps/libcolor_spantrace-eaaaff9e393f14e1.rlib" "/opt/rustwide/target/debug/deps/libtracing_error-9881aba534fcd33d.rlib" "/opt/rustwide/target/debug/deps/libtracing_subscriber-f0efca806e9316c2.rlib" "/opt/rustwide/target/debug/deps/libthread_local-ecfe4fbe4571ee3e.rlib" "/opt/rustwide/target/debug/deps/libsharded_slab-0f6963e5e65fbc93.rlib" "/opt/rustwide/target/debug/deps/liblazy_static-efa3519517df6cf0.rlib" "/opt/rustwide/target/debug/deps/libtracing-2a8e7ac574258d7a.rlib" "/opt/rustwide/target/debug/deps/libpin_project_lite-2bf93d566738d750.rlib" "/opt/rustwide/target/debug/deps/libtracing_core-e89aef900b1b12cf.rlib" "/opt/rustwide/target/debug/deps/libowo_colors-f86a0065afbf2815.rlib" "/opt/rustwide/target/debug/deps/libeyre-c07fcadcda37f09c.rlib" "/opt/rustwide/target/debug/deps/libindenter-455d991749907592.rlib" "/opt/rustwide/target/debug/deps/libonce_cell-728f13abc4f8cf5f.rlib" "/opt/rustwide/target/debug/deps/libbacktrace-e1439e2d085abaee.rlib" "/opt/rustwide/target/debug/deps/libminiz_oxide-bd525cb5efe2f8d6.rlib" "/opt/rustwide/target/debug/deps/libadler-eba61f23bb3cdb48.rlib" "/opt/rustwide/target/debug/deps/libobject-d06844e9d9d9db50.rlib" "/opt/rustwide/target/debug/deps/libmemchr-318469c85e99cc54.rlib" "/opt/rustwide/target/debug/deps/libaddr2line-37ce59929359d6c1.rlib" "/opt/rustwide/target/debug/deps/libgimli-d1ff3b4b6006de60.rlib" "/opt/rustwide/target/debug/deps/librustc_demangle-e38d480ec8cb518e.rlib" "/opt/rustwide/target/debug/deps/libitertools-9d0001e1bd8ce1a6.rlib" "/opt/rustwide/target/debug/deps/libeither-ede8120b5409efc0.rlib" "/opt/rustwide/target/debug/deps/libbetter_any-1db0144d2dcc515a.rlib" "/opt/rustwide/target/debug/deps/libserde-331ed7fb919a5e59.rlib" "/opt/rustwide/target/debug/deps/librand_distr-969130748d62db70.rlib" "/opt/rustwide/target/debug/deps/libnum_traits-6791076b344c2b1b.rlib" "/opt/rustwide/target/debug/deps/librand-e207cb556e234359.rlib" "/opt/rustwide/target/debug/deps/librand_chacha-ec5c02f99e8b0eda.rlib" "/opt/rustwide/target/debug/deps/libppv_lite86-6355e3a2f5357626.rlib" "/opt/rustwide/target/debug/deps/librand_core-224f855548048da8.rlib" "/opt/rustwide/target/debug/deps/libgetrandom-eac395b85e5dc2a3.rlib" "/opt/rustwide/target/debug/deps/liblibc-4b0b24147de68dac.rlib" "/opt/rustwide/target/debug/deps/libcfg_if-a3e7e701fcd1f47b.rlib" "/opt/rustwide/target/debug/deps/libfloat_eq-43e04a8d846fc7d7.rlib" "/opt/rustwide/rustup-home/toolchains/beta-2024-12-08-x86_64-unknown-linux-gnu/lib/rustlib/x86_64-unknown-linux-gnu/lib/libstd-02dc84f49135b6b8.rlib" "/opt/rustwide/rustup-home/toolchains/beta-2024-12-08-x86_64-unknown-linux-gnu/lib/rustlib/x86_64-unknown-linux-gnu/lib/libpanic_unwind-a8f45b397fae3f81.rlib" "/opt/rustwide/rustup-home/toolchains/beta-2024-12-08-x86_64-unknown-linux-gnu/lib/rustlib/x86_64-unknown-linux-gnu/lib/libobject-089607133c180609.rlib" "/opt/rustwide/rustup-home/toolchains/beta-2024-12-08-x86_64-unknown-linux-gnu/lib/rustlib/x86_64-unknown-linux-gnu/lib/libmemchr-fc89f091bcd86cbb.rlib" "/opt/rustwide/rustup-home/toolchains/beta-2024-12-08-x86_64-unknown-linux-gnu/lib/rustlib/x86_64-unknown-linux-gnu/lib/libaddr2line-5a60949f01c7340c.rlib" "/opt/rustwide/rustup-home/toolchains/beta-2024-12-08-x86_64-unknown-linux-gnu/lib/rustlib/x86_64-unknown-linux-gnu/lib/libgimli-d29e6a55ca253c8c.rlib" "/opt/rustwide/rustup-home/toolchains/beta-2024-12-08-x86_64-unknown-linux-gnu/lib/rustlib/x86_64-unknown-linux-gnu/lib/librustc_demangle-273c078d5f65de7a.rlib" "/opt/rustwide/rustup-home/toolchains/beta-2024-12-08-x86_64-unknown-linux-gnu/lib/rustlib/x86_64-unknown-linux-gnu/lib/libstd_detect-413c950ffbdd4454.rlib" "/opt/rustwide/rustup-home/toolchains/beta-2024-12-08-x86_64-unknown-linux-gnu/lib/rustlib/x86_64-unknown-linux-gnu/lib/libhashbrown-1853c0976a1d88a6.rlib" "/opt/rustwide/rustup-home/toolchains/beta-2024-12-08-x86_64-unknown-linux-gnu/lib/rustlib/x86_64-unknown-linux-gnu/lib/librustc_std_workspace_alloc-ccb3384ddacb0f9e.rlib" "/opt/rustwide/rustup-home/toolchains/beta-2024-12-08-x86_64-unknown-linux-gnu/lib/rustlib/x86_64-unknown-linux-gnu/lib/libminiz_oxide-0b901dfb0ca849e0.rlib" "/opt/rustwide/rustup-home/toolchains/beta-2024-12-08-x86_64-unknown-linux-gnu/lib/rustlib/x86_64-unknown-linux-gnu/lib/libadler-eebeb8d7c64543ad.rlib" "/opt/rustwide/rustup-home/toolchains/beta-2024-12-08-x86_64-unknown-linux-gnu/lib/rustlib/x86_64-unknown-linux-gnu/lib/libunwind-4723ef81d6079867.rlib" "/opt/rustwide/rustup-home/toolchains/beta-2024-12-08-x86_64-unknown-linux-gnu/lib/rustlib/x86_64-unknown-linux-gnu/lib/libcfg_if-54442f8b422f5a54.rlib" "/opt/rustwide/rustup-home/toolchains/beta-2024-12-08-x86_64-unknown-linux-gnu/lib/rustlib/x86_64-unknown-linux-gnu/lib/liblibc-e0bbe034b5282553.rlib" "/opt/rustwide/rustup-home/toolchains/beta-2024-12-08-x86_64-unknown-linux-gnu/lib/rustlib/x86_64-unknown-linux-gnu/lib/liballoc-d0febb68c1c37b90.rlib" "/opt/rustwide/rustup-home/toolchains/beta-2024-12-08-x86_64-unknown-linux-gnu/lib/rustlib/x86_64-unknown-linux-gnu/lib/librustc_std_workspace_core-4cf833632aafa84c.rlib" "/opt/rustwide/rustup-home/toolchains/beta-2024-12-08-x86_64-unknown-linux-gnu/lib/rustlib/x86_64-unknown-linux-gnu/lib/libcore-65c2c6d2d6ae570b.rlib" "/opt/rustwide/rustup-home/toolchains/beta-2024-12-08-x86_64-unknown-linux-gnu/lib/rustlib/x86_64-unknown-linux-gnu/lib/libcompiler_builtins-97929cee0dcfe424.rlib" "-Wl,-Bdynamic" "-lgcc_s" "-lutil" "-lrt" "-lpthread" "-lm" "-ldl" "-lc" "-Wl,--eh-frame-hdr" "-Wl,-z,noexecstack" "-L" "/opt/rustwide/rustup-home/toolchains/beta-2024-12-08-x86_64-unknown-linux-gnu/lib/rustlib/x86_64-unknown-linux-gnu/lib" "-o" "/tmp/rustdoctestX9br4u/rust_out" "-Wl,--gc-sections" "-pie" "-Wl,-z,relro,-z,now" "-nodefaultlibs"
[INFO] [stdout]   = note: collect2: fatal error: ld terminated with signal 9 [Killed]
[INFO] [stdout]           compilation terminated.
[INFO] [stdout]           
[INFO] [stdout] 
[INFO] [stdout] error: aborting due to 1 previous error
[INFO] [stdout] 
[INFO] [stdout] Couldn't compile the test.
[INFO] [stdout] ---- src/state/registry/mod.rs - state::registry::StateRegistry<'a>::try_borrow_value_mut (line 702) stdout ----
[INFO] [stdout] Couldn't compile the test.
[INFO] [stdout] ---- src/state/registry/mod.rs - state::registry::StateRegistry<'a>::try_get_value (line 562) stdout ----
[INFO] [stdout] Couldn't compile the test.
[INFO] [stdout] ---- src/state/registry/multi.rs - state::registry::multi::MultiStateTuple (line 28) stdout ----
[INFO] [stdout] Couldn't compile the test.
[INFO] [stdout] ---- src/state/registry/mod.rs - state::registry::StateRegistry<'a>::try_get_multiple_mut (line 905) stdout ----
[INFO] [stdout] Couldn't compile the test.
[INFO] [stdout] ---- src/state/require.rs - state::require::StateReq<'a,'b,P>::require (line 29) stdout ----
[INFO] [stdout] Couldn't compile the test.
[INFO] [stdout] ---- src/state/registry/mod.rs - state::registry::StateRegistry<'a>::contains (line 342) stdout ----
[INFO] [stdout] error: linking with `cc` failed: exit status: 1
[INFO] [stdout]   |
[INFO] [stdout]   = note: LC_ALL="C" PATH="/opt/rustwide/rustup-home/toolchains/beta-2024-12-08-x86_64-unknown-linux-gnu/lib/rustlib/x86_64-unknown-linux-gnu/bin:/opt/rustwide/cargo-home/bin:/usr/local/sbin:/usr/local/bin:/usr/sbin:/usr/bin:/sbin:/bin" VSLANG="1033" "cc" "-m64" "/tmp/rustcEoejNU/symbols.o" "/tmp/rustdoctestOqHOtl/rust_out.rust_out.9242fac72db2cd11-cgu.0.rcgu.o" "/tmp/rustdoctestOqHOtl/rust_out.2hl2tb9xdtge7mguxzn2q1kvi.rcgu.o" "-Wl,--as-needed" "-Wl,-Bstatic" "/opt/rustwide/target/debug/deps/libmahf-58175f28cdd27999.rlib" "/opt/rustwide/target/debug/deps/libserde_json-5b19c22bba26ce61.rlib" "/opt/rustwide/target/debug/deps/libryu-ce09991353a76c10.rlib" "/opt/rustwide/target/debug/deps/libitoa-780f6737fc9d34ad.rlib" "/opt/rustwide/target/debug/deps/libciborium-bbb31b7f6f063b0c.rlib" "/opt/rustwide/target/debug/deps/libciborium_ll-9f852c6f1966bfc5.rlib" "/opt/rustwide/target/debug/deps/libhalf-bb52c7918736de63.rlib" "/opt/rustwide/target/debug/deps/libciborium_io-1e3c0d27bdeedd4a.rlib" "/opt/rustwide/target/debug/deps/libron-b43cc8d47d23de7f.rlib" "/opt/rustwide/target/debug/deps/libbase64-fca76a9e376e88b4.rlib" "/opt/rustwide/target/debug/deps/libbitflags-85e13ed1e0c6d910.rlib" "/opt/rustwide/target/debug/deps/libthiserror-9b40733b1179dfc6.rlib" "/opt/rustwide/target/debug/deps/libindicatif-21c1646919f0f8ba.rlib" "/opt/rustwide/target/debug/deps/libportable_atomic-94152b1d5f634bd5.rlib" "/opt/rustwide/target/debug/deps/librayon-20a2258e0d1a95c8.rlib" "/opt/rustwide/target/debug/deps/librayon_core-c54c30edd1ed58d8.rlib" "/opt/rustwide/target/debug/deps/libnum_cpus-1ff0068e68f7a11d.rlib" "/opt/rustwide/target/debug/deps/libcrossbeam_deque-ac7ea62739bb1ea7.rlib" "/opt/rustwide/target/debug/deps/libcrossbeam_epoch-a68c450e44893da2.rlib" "/opt/rustwide/target/debug/deps/libmemoffset-70be0b3efc76ca6c.rlib" "/opt/rustwide/target/debug/deps/libscopeguard-31f1b56a39f2a372.rlib" "/opt/rustwide/target/debug/deps/libcrossbeam_channel-3a5e358754ac225e.rlib" "/opt/rustwide/target/debug/deps/libcrossbeam_utils-ed915c09f57de221.rlib" "/opt/rustwide/target/debug/deps/libnumber_prefix-32290b097e7f8875.rlib" "/opt/rustwide/target/debug/deps/libconsole-5e0312833013d116.rlib" "/opt/rustwide/target/debug/deps/libunicode_width-31934bc979e6effc.rlib" "/opt/rustwide/target/debug/deps/liberased_serde-4bf58da65ba28657.rlib" "/opt/rustwide/target/debug/deps/libdyn_clone-ef4f0516e5384f4d.rlib" "/opt/rustwide/target/debug/deps/libcolor_eyre-aebafc5245082086.rlib" "/opt/rustwide/target/debug/deps/libcolor_spantrace-eaaaff9e393f14e1.rlib" "/opt/rustwide/target/debug/deps/libtracing_error-9881aba534fcd33d.rlib" "/opt/rustwide/target/debug/deps/libtracing_subscriber-f0efca806e9316c2.rlib" "/opt/rustwide/target/debug/deps/libthread_local-ecfe4fbe4571ee3e.rlib" "/opt/rustwide/target/debug/deps/libsharded_slab-0f6963e5e65fbc93.rlib" "/opt/rustwide/target/debug/deps/liblazy_static-efa3519517df6cf0.rlib" "/opt/rustwide/target/debug/deps/libtracing-2a8e7ac574258d7a.rlib" "/opt/rustwide/target/debug/deps/libpin_project_lite-2bf93d566738d750.rlib" "/opt/rustwide/target/debug/deps/libtracing_core-e89aef900b1b12cf.rlib" "/opt/rustwide/target/debug/deps/libowo_colors-f86a0065afbf2815.rlib" "/opt/rustwide/target/debug/deps/libeyre-c07fcadcda37f09c.rlib" "/opt/rustwide/target/debug/deps/libindenter-455d991749907592.rlib" "/opt/rustwide/target/debug/deps/libonce_cell-728f13abc4f8cf5f.rlib" "/opt/rustwide/target/debug/deps/libbacktrace-e1439e2d085abaee.rlib" "/opt/rustwide/target/debug/deps/libminiz_oxide-bd525cb5efe2f8d6.rlib" "/opt/rustwide/target/debug/deps/libadler-eba61f23bb3cdb48.rlib" "/opt/rustwide/target/debug/deps/libobject-d06844e9d9d9db50.rlib" "/opt/rustwide/target/debug/deps/libmemchr-318469c85e99cc54.rlib" "/opt/rustwide/target/debug/deps/libaddr2line-37ce59929359d6c1.rlib" "/opt/rustwide/target/debug/deps/libgimli-d1ff3b4b6006de60.rlib" "/opt/rustwide/target/debug/deps/librustc_demangle-e38d480ec8cb518e.rlib" "/opt/rustwide/target/debug/deps/libitertools-9d0001e1bd8ce1a6.rlib" "/opt/rustwide/target/debug/deps/libeither-ede8120b5409efc0.rlib" "/opt/rustwide/target/debug/deps/libbetter_any-1db0144d2dcc515a.rlib" "/opt/rustwide/target/debug/deps/libserde-331ed7fb919a5e59.rlib" "/opt/rustwide/target/debug/deps/librand_distr-969130748d62db70.rlib" "/opt/rustwide/target/debug/deps/libnum_traits-6791076b344c2b1b.rlib" "/opt/rustwide/target/debug/deps/librand-e207cb556e234359.rlib" "/opt/rustwide/target/debug/deps/librand_chacha-ec5c02f99e8b0eda.rlib" "/opt/rustwide/target/debug/deps/libppv_lite86-6355e3a2f5357626.rlib" "/opt/rustwide/target/debug/deps/librand_core-224f855548048da8.rlib" "/opt/rustwide/target/debug/deps/libgetrandom-eac395b85e5dc2a3.rlib" "/opt/rustwide/target/debug/deps/liblibc-4b0b24147de68dac.rlib" "/opt/rustwide/target/debug/deps/libcfg_if-a3e7e701fcd1f47b.rlib" "/opt/rustwide/target/debug/deps/libfloat_eq-43e04a8d846fc7d7.rlib" "/opt/rustwide/rustup-home/toolchains/beta-2024-12-08-x86_64-unknown-linux-gnu/lib/rustlib/x86_64-unknown-linux-gnu/lib/libstd-02dc84f49135b6b8.rlib" "/opt/rustwide/rustup-home/toolchains/beta-2024-12-08-x86_64-unknown-linux-gnu/lib/rustlib/x86_64-unknown-linux-gnu/lib/libpanic_unwind-a8f45b397fae3f81.rlib" "/opt/rustwide/rustup-home/toolchains/beta-2024-12-08-x86_64-unknown-linux-gnu/lib/rustlib/x86_64-unknown-linux-gnu/lib/libobject-089607133c180609.rlib" "/opt/rustwide/rustup-home/toolchains/beta-2024-12-08-x86_64-unknown-linux-gnu/lib/rustlib/x86_64-unknown-linux-gnu/lib/libmemchr-fc89f091bcd86cbb.rlib" "/opt/rustwide/rustup-home/toolchains/beta-2024-12-08-x86_64-unknown-linux-gnu/lib/rustlib/x86_64-unknown-linux-gnu/lib/libaddr2line-5a60949f01c7340c.rlib" "/opt/rustwide/rustup-home/toolchains/beta-2024-12-08-x86_64-unknown-linux-gnu/lib/rustlib/x86_64-unknown-linux-gnu/lib/libgimli-d29e6a55ca253c8c.rlib" "/opt/rustwide/rustup-home/toolchains/beta-2024-12-08-x86_64-unknown-linux-gnu/lib/rustlib/x86_64-unknown-linux-gnu/lib/librustc_demangle-273c078d5f65de7a.rlib" "/opt/rustwide/rustup-home/toolchains/beta-2024-12-08-x86_64-unknown-linux-gnu/lib/rustlib/x86_64-unknown-linux-gnu/lib/libstd_detect-413c950ffbdd4454.rlib" "/opt/rustwide/rustup-home/toolchains/beta-2024-12-08-x86_64-unknown-linux-gnu/lib/rustlib/x86_64-unknown-linux-gnu/lib/libhashbrown-1853c0976a1d88a6.rlib" "/opt/rustwide/rustup-home/toolchains/beta-2024-12-08-x86_64-unknown-linux-gnu/lib/rustlib/x86_64-unknown-linux-gnu/lib/librustc_std_workspace_alloc-ccb3384ddacb0f9e.rlib" "/opt/rustwide/rustup-home/toolchains/beta-2024-12-08-x86_64-unknown-linux-gnu/lib/rustlib/x86_64-unknown-linux-gnu/lib/libminiz_oxide-0b901dfb0ca849e0.rlib" "/opt/rustwide/rustup-home/toolchains/beta-2024-12-08-x86_64-unknown-linux-gnu/lib/rustlib/x86_64-unknown-linux-gnu/lib/libadler-eebeb8d7c64543ad.rlib" "/opt/rustwide/rustup-home/toolchains/beta-2024-12-08-x86_64-unknown-linux-gnu/lib/rustlib/x86_64-unknown-linux-gnu/lib/libunwind-4723ef81d6079867.rlib" "/opt/rustwide/rustup-home/toolchains/beta-2024-12-08-x86_64-unknown-linux-gnu/lib/rustlib/x86_64-unknown-linux-gnu/lib/libcfg_if-54442f8b422f5a54.rlib" "/opt/rustwide/rustup-home/toolchains/beta-2024-12-08-x86_64-unknown-linux-gnu/lib/rustlib/x86_64-unknown-linux-gnu/lib/liblibc-e0bbe034b5282553.rlib" "/opt/rustwide/rustup-home/toolchains/beta-2024-12-08-x86_64-unknown-linux-gnu/lib/rustlib/x86_64-unknown-linux-gnu/lib/liballoc-d0febb68c1c37b90.rlib" "/opt/rustwide/rustup-home/toolchains/beta-2024-12-08-x86_64-unknown-linux-gnu/lib/rustlib/x86_64-unknown-linux-gnu/lib/librustc_std_workspace_core-4cf833632aafa84c.rlib" "/opt/rustwide/rustup-home/toolchains/beta-2024-12-08-x86_64-unknown-linux-gnu/lib/rustlib/x86_64-unknown-linux-gnu/lib/libcore-65c2c6d2d6ae570b.rlib" "/opt/rustwide/rustup-home/toolchains/beta-2024-12-08-x86_64-unknown-linux-gnu/lib/rustlib/x86_64-unknown-linux-gnu/lib/libcompiler_builtins-97929cee0dcfe424.rlib" "-Wl,-Bdynamic" "-lgcc_s" "-lutil" "-lrt" "-lpthread" "-lm" "-ldl" "-lc" "-Wl,--eh-frame-hdr" "-Wl,-z,noexecstack" "-L" "/opt/rustwide/rustup-home/toolchains/beta-2024-12-08-x86_64-unknown-linux-gnu/lib/rustlib/x86_64-unknown-linux-gnu/lib" "-o" "/tmp/rustdoctestOqHOtl/rust_out" "-Wl,--gc-sections" "-pie" "-Wl,-z,relro,-z,now" "-nodefaultlibs"
[INFO] [stdout]   = note: collect2: fatal error: ld terminated with signal 9 [Killed]
[INFO] [stdout]           compilation terminated.
[INFO] [stdout]           
[INFO] [stdout] 
[INFO] [stdout] error: aborting due to 1 previous error
[INFO] [stdout] 
[INFO] [stdout] Couldn't compile the test.
[INFO] [stdout] 
[INFO] [stdout] failures:
[INFO] [stdout]     src/state/random.rs - state::random::Random::iter_children (line 171)
[INFO] [stdout]     src/state/random.rs - state::random::Random::with_rng (line 95)
[INFO] [stdout]     src/state/registry/entry.rs - state::registry::entry::OccupiedEntry<'a,'b,T>::into_mut (line 323)
[INFO] [stdout]     src/state/registry/entry.rs - state::registry::entry::OccupiedEntry<'a,'b,T>::remove (line 391)
[INFO] [stdout]     src/state/registry/entry.rs - state::registry::entry::VacantEntry<'a,'b,T>::insert (line 437)
[INFO] [stdout]     src/state/registry/mod.rs - state::registry::StateRegistry<'a>::borrow (line 378)
[INFO] [stdout]     src/state/registry/mod.rs - state::registry::StateRegistry<'a>::borrow_mut (line 452)
[INFO] [stdout]     src/state/registry/mod.rs - state::registry::StateRegistry<'a>::borrow_value (line 603)
[INFO] [stdout]     src/state/registry/mod.rs - state::registry::StateRegistry<'a>::contains (line 342)
[INFO] [stdout]     src/state/registry/mod.rs - state::registry::StateRegistry<'a>::get_multiple_mut (line 852)
[INFO] [stdout]     src/state/registry/mod.rs - state::registry::StateRegistry<'a>::try_borrow_value_mut (line 702)
[INFO] [stdout]     src/state/registry/mod.rs - state::registry::StateRegistry<'a>::try_get_multiple_mut (line 905)
[INFO] [stdout]     src/state/registry/mod.rs - state::registry::StateRegistry<'a>::try_get_value (line 562)
[INFO] [stdout]     src/state/registry/multi.rs - state::registry::multi::MultiStateTuple (line 28)
[INFO] [stdout]     src/state/require.rs - state::require::StateReq<'a,'b,P>::require (line 29)
[INFO] [stdout] 
[INFO] [stdout] test result: FAILED. 131 passed; 15 failed; 0 ignored; 0 measured; 0 filtered out; finished in 15.92s
[INFO] [stdout] 
[INFO] [stderr] error: doctest failed, to rerun pass `--doc`
[INFO] running `Command { std: "docker" "inspect" "f8c693417c98780ac0e1c1eac9a36ed895cb26a838cc51dc402d2157c752290b", kill_on_drop: false }`
[INFO] running `Command { std: "docker" "rm" "-f" "f8c693417c98780ac0e1c1eac9a36ed895cb26a838cc51dc402d2157c752290b", kill_on_drop: false }`
[INFO] [stdout] f8c693417c98780ac0e1c1eac9a36ed895cb26a838cc51dc402d2157c752290b
