[INFO] fetching crate ledgrr 0.2.0...
[INFO] testing ledgrr-0.2.0 against beta-2024-12-08 for beta-1.84.0-4-retry
[INFO] extracting crate ledgrr 0.2.0 into /workspace/builds/worker-2-tc2/source
[INFO] validating manifest of crates.io crate ledgrr 0.2.0 on toolchain beta-2024-12-08
[INFO] running `Command { std: CARGO_HOME="/workspace/cargo-home" RUSTUP_HOME="/workspace/rustup-home" "/workspace/cargo-home/bin/cargo" "+beta-2024-12-08" "metadata" "--manifest-path" "Cargo.toml" "--no-deps", kill_on_drop: false }`
[INFO] started tweaking crates.io crate ledgrr 0.2.0
[INFO] finished tweaking crates.io crate ledgrr 0.2.0
[INFO] tweaked toml for crates.io crate ledgrr 0.2.0 written to /workspace/builds/worker-2-tc2/source/Cargo.toml
[INFO] crate crates.io crate ledgrr 0.2.0 already has a lockfile, it will not be regenerated
[INFO] running `Command { std: CARGO_HOME="/workspace/cargo-home" RUSTUP_HOME="/workspace/rustup-home" "/workspace/cargo-home/bin/cargo" "+beta-2024-12-08" "fetch" "--manifest-path" "Cargo.toml", kill_on_drop: false }`
[INFO] running `Command { std: "docker" "create" "-v" "/var/lib/crater-agent-workspace/builds/worker-2-tc2/target:/opt/rustwide/target:rw,Z" "-v" "/var/lib/crater-agent-workspace/builds/worker-2-tc2/source:/opt/rustwide/workdir:ro,Z" "-v" "/var/lib/crater-agent-workspace/cargo-home:/opt/rustwide/cargo-home:ro,Z" "-v" "/var/lib/crater-agent-workspace/rustup-home:/opt/rustwide/rustup-home:ro,Z" "-e" "SOURCE_DIR=/opt/rustwide/workdir" "-e" "CARGO_TARGET_DIR=/opt/rustwide/target" "-e" "CARGO_HOME=/opt/rustwide/cargo-home" "-e" "RUSTUP_HOME=/opt/rustwide/rustup-home" "-w" "/opt/rustwide/workdir" "-m" "1610612736" "--user" "0:0" "--network" "none" "ghcr.io/rust-lang/crates-build-env/linux@sha256:f3a9d4ad9d972b27faf3965f35b62e55ba32bbce8f20bc8fe909558a86702fde" "/opt/rustwide/cargo-home/bin/cargo" "+beta-2024-12-08" "metadata" "--no-deps" "--format-version=1", kill_on_drop: false }`
[INFO] [stdout] 30df2b29a420d8c3af29d17f3e9b5db55168c03a72c29c6ee0f20813080e52e5
[INFO] running `Command { std: "docker" "start" "-a" "30df2b29a420d8c3af29d17f3e9b5db55168c03a72c29c6ee0f20813080e52e5", kill_on_drop: false }`
[INFO] running `Command { std: "docker" "inspect" "30df2b29a420d8c3af29d17f3e9b5db55168c03a72c29c6ee0f20813080e52e5", kill_on_drop: false }`
[INFO] running `Command { std: "docker" "rm" "-f" "30df2b29a420d8c3af29d17f3e9b5db55168c03a72c29c6ee0f20813080e52e5", kill_on_drop: false }`
[INFO] [stdout] 30df2b29a420d8c3af29d17f3e9b5db55168c03a72c29c6ee0f20813080e52e5
[INFO] running `Command { std: "docker" "create" "-v" "/var/lib/crater-agent-workspace/builds/worker-2-tc2/target:/opt/rustwide/target:rw,Z" "-v" "/var/lib/crater-agent-workspace/builds/worker-2-tc2/source:/opt/rustwide/workdir:ro,Z" "-v" "/var/lib/crater-agent-workspace/cargo-home:/opt/rustwide/cargo-home:ro,Z" "-v" "/var/lib/crater-agent-workspace/rustup-home:/opt/rustwide/rustup-home:ro,Z" "-e" "SOURCE_DIR=/opt/rustwide/workdir" "-e" "CARGO_TARGET_DIR=/opt/rustwide/target" "-e" "CARGO_INCREMENTAL=0" "-e" "RUST_BACKTRACE=full" "-e" "RUSTFLAGS=--cap-lints=warn" "-e" "RUSTDOCFLAGS=--cap-lints=warn" "-e" "CARGO_HOME=/opt/rustwide/cargo-home" "-e" "RUSTUP_HOME=/opt/rustwide/rustup-home" "-w" "/opt/rustwide/workdir" "-m" "1610612736" "--user" "0:0" "--network" "none" "ghcr.io/rust-lang/crates-build-env/linux@sha256:f3a9d4ad9d972b27faf3965f35b62e55ba32bbce8f20bc8fe909558a86702fde" "/opt/rustwide/cargo-home/bin/cargo" "+beta-2024-12-08" "build" "--frozen" "--message-format=json", kill_on_drop: false }`
[INFO] [stdout] 60de94d0bd04ad89127c54e4fda20dd55f66af69b49d005529160c5e58e82a8a
[INFO] running `Command { std: "docker" "start" "-a" "60de94d0bd04ad89127c54e4fda20dd55f66af69b49d005529160c5e58e82a8a", kill_on_drop: false }`
[INFO] [stderr]    Compiling libc v0.2.126
[INFO] [stderr]    Compiling cfg-if v1.0.0
[INFO] [stderr]    Compiling version_check v0.9.4
[INFO] [stderr]    Compiling proc-macro2 v1.0.39
[INFO] [stderr]    Compiling autocfg v1.1.0
[INFO] [stderr]    Compiling unicode-ident v1.0.0
[INFO] [stderr]    Compiling syn v1.0.95
[INFO] [stderr]    Compiling spin v0.5.2
[INFO] [stderr]    Compiling once_cell v1.12.0
[INFO] [stderr]    Compiling memchr v2.5.0
[INFO] [stderr]    Compiling typenum v1.15.0
[INFO] [stderr]    Compiling pin-project-lite v0.2.9
[INFO] [stderr]    Compiling smallvec v1.8.0
[INFO] [stderr]    Compiling bytes v1.1.0
[INFO] [stderr]    Compiling generic-array v0.14.5
[INFO] [stderr]    Compiling futures-core v0.3.21
[INFO] [stderr]    Compiling quote v1.0.18
[INFO] [stderr]    Compiling lazy_static v1.4.0
[INFO] [stderr]    Compiling lock_api v0.4.7
[INFO] [stderr]    Compiling log v0.4.17
[INFO] [stderr]    Compiling scopeguard v1.1.0
[INFO] [stderr]    Compiling serde_derive v1.0.137
[INFO] [stderr]    Compiling jobserver v0.1.24
[INFO] [stderr]    Compiling cc v1.0.73
[INFO] [stderr]    Compiling getrandom v0.2.6
[INFO] [stderr]    Compiling num_cpus v1.13.1
[INFO] [stderr]    Compiling socket2 v0.4.4
[INFO] [stderr]    Compiling serde v1.0.137
[INFO] [stderr]    Compiling libm v0.2.2
[INFO] [stderr]    Compiling parking_lot_core v0.9.3
[INFO] [stderr]    Compiling num-traits v0.2.15
[INFO] [stderr]    Compiling itoa v1.0.2
[INFO] [stderr]    Compiling futures-channel v0.3.21
[INFO] [stderr]    Compiling parking_lot v0.12.0
[INFO] [stderr]    Compiling ahash v0.7.6
[INFO] [stderr]    Compiling cpufeatures v0.2.2
[INFO] [stderr]    Compiling mio v0.8.3
[INFO] [stderr]    Compiling rand_core v0.6.3
[INFO] [stderr]    Compiling signal-hook-registry v1.4.0
[INFO] [stderr]    Compiling untrusted v0.7.1
[INFO] [stderr]    Compiling pin-utils v0.1.0
[INFO] [stderr]    Compiling block-buffer v0.10.2
[INFO] [stderr]    Compiling crypto-common v0.1.3
[INFO] [stderr]    Compiling ppv-lite86 v0.2.16
[INFO] [stderr]    Compiling futures-sink v0.3.21
[INFO] [stderr]    Compiling digest v0.10.3
[INFO] [stderr]    Compiling ring v0.16.20
[INFO] [stderr]    Compiling tokio v1.18.2
[INFO] [stderr]    Compiling futures-task v0.3.21
[INFO] [stderr]    Compiling base64 v0.13.0
[INFO] [stderr]    Compiling rand_chacha v0.3.1
[INFO] [stderr]    Compiling hashbrown v0.11.2
[INFO] [stderr]    Compiling num-integer v0.1.45
[INFO] [stderr]    Compiling futures-util v0.3.21
[INFO] [stderr]    Compiling subtle v2.4.1
[INFO] [stderr]    Compiling slab v0.4.6
[INFO] [stderr]    Compiling tinyvec_macros v0.1.0
[INFO] [stderr]    Compiling base64ct v1.5.0
[INFO] [stderr]    Compiling futures-io v0.3.21
[INFO] [stderr]    Compiling percent-encoding v2.1.0
[INFO] [stderr]    Compiling crypto-bigint v0.3.2
[INFO] [stderr]    Compiling tinyvec v1.6.0
[INFO] [stderr]    Compiling pem-rfc7468 v0.3.1
[INFO] [stderr]    Compiling tracing-core v0.1.26
[INFO] [stderr]    Compiling standback v0.2.17
[INFO] [stderr]    Compiling num-iter v0.1.43
[INFO] [stderr]    Compiling const-oid v0.7.1
[INFO] [stderr]    Compiling zeroize v1.5.5
[INFO] [stderr]    Compiling proc-macro-hack v0.5.19
[INFO] [stderr]    Compiling matches v0.1.9
[INFO] [stderr]    Compiling der v0.5.1
[INFO] [stderr]    Compiling indexmap v1.8.1
[INFO] [stderr]    Compiling unicode-normalization v0.1.19
[INFO] [stderr]    Compiling regex-syntax v0.6.26
[INFO] [stderr]    Compiling unicode-bidi v0.3.8
[INFO] [stderr]    Compiling num-bigint-dig v0.8.1
[INFO] [stderr]    Compiling paste v1.0.7
[INFO] [stderr]    Compiling form_urlencoded v1.0.1
[INFO] [stderr]    Compiling zstd-sys v1.6.3+zstd.1.5.2
[INFO] [stderr]    Compiling spki v0.5.4
[INFO] [stderr]    Compiling fnv v1.0.7
[INFO] [stderr]    Compiling parking_lot_core v0.8.5
[INFO] [stderr]    Compiling byteorder v1.4.3
[INFO] [stderr]    Compiling const_fn v0.4.9
[INFO] [stderr]    Compiling http v0.2.7
[INFO] [stderr]    Compiling pkcs8 v0.8.0
[INFO] [stderr]    Compiling webpki v0.21.4
[INFO] [stderr]    Compiling sct v0.6.1
[INFO] [stderr]    Compiling idna v0.2.3
[INFO] [stderr]    Compiling rand v0.8.5
[INFO] [stderr]    Compiling aho-corasick v0.7.18
[INFO] [stderr]    Compiling instant v0.1.12
[INFO] [stderr]    Compiling arrayvec v0.7.2
[INFO] [stderr]    Compiling bitflags v1.3.2
[INFO] [stderr]    Compiling crossbeam-utils v0.8.8
[INFO] [stderr]    Compiling url v2.2.2
[INFO] [stderr]    Compiling pkcs1 v0.3.3
[INFO] [stderr]    Compiling bytestring v1.0.0
[INFO] [stderr]    Compiling num-bigint v0.3.3
[INFO] [stderr]    Compiling regex v1.5.6
[INFO] [stderr]    Compiling minimal-lexical v0.2.1
[INFO] [stderr]    Compiling alloc-no-stdlib v2.0.3
[INFO] [stderr]    Compiling local-waker v0.1.3
[INFO] [stderr]    Compiling crc32fast v1.3.2
[INFO] [stderr]    Compiling serde_json v1.0.81
[INFO] [stderr]    Compiling futures-macro v0.3.21
[INFO] [stderr]    Compiling tracing-attributes v0.1.21
[INFO] [stderr]    Compiling time-macros-impl v0.1.2
[INFO] [stderr]    Compiling ryu v1.0.10
[INFO] [stderr]    Compiling rust_decimal v1.23.1
[INFO] [stderr]    Compiling crossbeam-queue v0.3.5
[INFO] [stderr]    Compiling zstd-safe v4.1.6+zstd.1.5.2
[INFO] [stderr]    Compiling time-macros v0.1.1
[INFO] [stderr]    Compiling thiserror-impl v1.0.31
[INFO] [stderr]    Compiling nom v7.1.1
[INFO] [stderr]    Compiling alloc-stdlib v0.2.1
[INFO] [stderr]    Compiling tracing v0.1.34
[INFO] [stderr]    Compiling parking_lot v0.11.2
[INFO] [stderr]    Compiling tokio-util v0.7.2
[INFO] [stderr]    Compiling rustls v0.19.1
[INFO] [stderr]    Compiling sha-1 v0.10.0
[INFO] [stderr]    Compiling proc-macro-error-attr v1.0.4
[INFO] [stderr]    Compiling time v0.2.27
[INFO] [stderr]    Compiling unicase v2.6.0
[INFO] [stderr]    Compiling crc-catalog v1.1.1
[INFO] [stderr]    Compiling unicode_categories v0.1.1
[INFO] [stderr]    Compiling fs_extra v1.2.0
[INFO] [stderr]    Compiling unicode-segmentation v1.9.0
[INFO] [stderr]    Compiling encoding_rs v0.8.31
[INFO] [stderr]    Compiling adler v1.0.2
[INFO] [stderr]    Compiling firestorm v0.5.1
[INFO] [stderr]    Compiling httparse v1.7.1
[INFO] [stderr]    Compiling miniz_oxide v0.5.1
[INFO] [stderr]    Compiling tikv-jemalloc-sys v0.4.3+5.2.1-patched.2
[INFO] [stderr]    Compiling heck v0.4.0
[INFO] [stderr] rustc-LLVM ERROR: IO failure on output stream: No space left on device
[INFO] [stderr] error: could not compile `tikv-jemalloc-sys` (build script)
[INFO] [stderr] 
[INFO] [stderr] Caused by:
[INFO] [stderr]   No space left on device (os error 28)
[INFO] [stderr] 
[INFO] [stderr] Caused by:
[INFO] [stderr]   failed to parse process output: `/opt/rustwide/rustup-home/toolchains/beta-2024-12-08-x86_64-unknown-linux-gnu/bin/rustc --crate-name build_script_build --edition=2018 /opt/rustwide/cargo-home/registry/src/index.crates.io-6f17d22bba15001f/tikv-jemalloc-sys-0.4.3+5.2.1-patched.2/build.rs --error-format=json --json=diagnostic-rendered-ansi,artifacts,future-incompat --crate-type bin --emit=dep-info,link -C embed-bitcode=no --cfg 'feature="background_threads_runtime_support"' --check-cfg 'cfg(docsrs)' --check-cfg 'cfg(feature, values("background_threads", "background_threads_runtime_support", "debug", "default", "disable_initial_exec_tls", "profiling", "stats", "unprefixed_malloc_on_supported_platforms"))' -C metadata=2ea698fb50f77d06 -C extra-filename=-2ea698fb50f77d06 --out-dir /opt/rustwide/target/debug/build/tikv-jemalloc-sys-2ea698fb50f77d06 -L dependency=/opt/rustwide/target/debug/deps --extern cc=/opt/rustwide/target/debug/deps/libcc-2b229284f1b5ae73.rlib --extern fs_extra=/opt/rustwide/target/debug/deps/libfs_extra-224deabee93197fd.rlib --cap-lints allow --cap-lints=warn` (exit status: 101)
[INFO] [stderr] warning: build failed, waiting for other jobs to finish...
[INFO] [stdout] error: failed to write to `/opt/rustwide/target/debug/deps/rmetazTuHYA/lib.rmeta`: No space left on device (os error 28)
[INFO] [stdout] 
[INFO] [stdout] 
[INFO] [stderr] error: could not compile `futures-util` (lib) due to 1 previous error
[INFO] [stdout] error: failed to build archive at `/opt/rustwide/target/debug/deps/libheck-ddee1de09f636344.rlib`: No space left on device (os error 28)
[INFO] [stdout] 
[INFO] [stdout] 
[INFO] [stdout] error: couldn't create a temp dir: No space left on device (os error 28) at path "/opt/rustwide/target/debug/deps/rmetaTEq2Kg"
[INFO] [stdout] 
[INFO] [stdout] 
[INFO] [stdout] error: linking with `cc` failed: exit status: 1
[INFO] [stdout]   |
[INFO] [stdout]   = note: LC_ALL="C" PATH="/opt/rustwide/rustup-home/toolchains/beta-2024-12-08-x86_64-unknown-linux-gnu/lib/rustlib/x86_64-unknown-linux-gnu/bin:/opt/rustwide/cargo-home/bin:/usr/local/sbin:/usr/local/bin:/usr/sbin:/usr/bin:/sbin:/bin" VSLANG="1033" "cc" "-m64" "/tmp/rustcpprRWr/symbols.o" "/opt/rustwide/target/debug/build/httparse-356f5330fa6eabd9/build_script_build-356f5330fa6eabd9.build_script_build.e047690bdbe6c3e-cgu.0.rcgu.o" "/opt/rustwide/target/debug/build/httparse-356f5330fa6eabd9/build_script_build-356f5330fa6eabd9.3c9ujfe8jkql2y9pkzewt1tay.rcgu.o" "-Wl,--as-needed" "-Wl,-Bstatic" "/opt/rustwide/rustup-home/toolchains/beta-2024-12-08-x86_64-unknown-linux-gnu/lib/rustlib/x86_64-unknown-linux-gnu/lib/libstd-02dc84f49135b6b8.rlib" "/opt/rustwide/rustup-home/toolchains/beta-2024-12-08-x86_64-unknown-linux-gnu/lib/rustlib/x86_64-unknown-linux-gnu/lib/libpanic_unwind-a8f45b397fae3f81.rlib" "/opt/rustwide/rustup-home/toolchains/beta-2024-12-08-x86_64-unknown-linux-gnu/lib/rustlib/x86_64-unknown-linux-gnu/lib/libobject-089607133c180609.rlib" "/opt/rustwide/rustup-home/toolchains/beta-2024-12-08-x86_64-unknown-linux-gnu/lib/rustlib/x86_64-unknown-linux-gnu/lib/libmemchr-fc89f091bcd86cbb.rlib" "/opt/rustwide/rustup-home/toolchains/beta-2024-12-08-x86_64-unknown-linux-gnu/lib/rustlib/x86_64-unknown-linux-gnu/lib/libaddr2line-5a60949f01c7340c.rlib" "/opt/rustwide/rustup-home/toolchains/beta-2024-12-08-x86_64-unknown-linux-gnu/lib/rustlib/x86_64-unknown-linux-gnu/lib/libgimli-d29e6a55ca253c8c.rlib" "/opt/rustwide/rustup-home/toolchains/beta-2024-12-08-x86_64-unknown-linux-gnu/lib/rustlib/x86_64-unknown-linux-gnu/lib/librustc_demangle-273c078d5f65de7a.rlib" "/opt/rustwide/rustup-home/toolchains/beta-2024-12-08-x86_64-unknown-linux-gnu/lib/rustlib/x86_64-unknown-linux-gnu/lib/libstd_detect-413c950ffbdd4454.rlib" "/opt/rustwide/rustup-home/toolchains/beta-2024-12-08-x86_64-unknown-linux-gnu/lib/rustlib/x86_64-unknown-linux-gnu/lib/libhashbrown-1853c0976a1d88a6.rlib" "/opt/rustwide/rustup-home/toolchains/beta-2024-12-08-x86_64-unknown-linux-gnu/lib/rustlib/x86_64-unknown-linux-gnu/lib/librustc_std_workspace_alloc-ccb3384ddacb0f9e.rlib" "/opt/rustwide/rustup-home/toolchains/beta-2024-12-08-x86_64-unknown-linux-gnu/lib/rustlib/x86_64-unknown-linux-gnu/lib/libminiz_oxide-0b901dfb0ca849e0.rlib" "/opt/rustwide/rustup-home/toolchains/beta-2024-12-08-x86_64-unknown-linux-gnu/lib/rustlib/x86_64-unknown-linux-gnu/lib/libadler-eebeb8d7c64543ad.rlib" "/opt/rustwide/rustup-home/toolchains/beta-2024-12-08-x86_64-unknown-linux-gnu/lib/rustlib/x86_64-unknown-linux-gnu/lib/libunwind-4723ef81d6079867.rlib" "/opt/rustwide/rustup-home/toolchains/beta-2024-12-08-x86_64-unknown-linux-gnu/lib/rustlib/x86_64-unknown-linux-gnu/lib/libcfg_if-54442f8b422f5a54.rlib" "/opt/rustwide/rustup-home/toolchains/beta-2024-12-08-x86_64-unknown-linux-gnu/lib/rustlib/x86_64-unknown-linux-gnu/lib/liblibc-e0bbe034b5282553.rlib" "/opt/rustwide/rustup-home/toolchains/beta-2024-12-08-x86_64-unknown-linux-gnu/lib/rustlib/x86_64-unknown-linux-gnu/lib/liballoc-d0febb68c1c37b90.rlib" "/opt/rustwide/rustup-home/toolchains/beta-2024-12-08-x86_64-unknown-linux-gnu/lib/rustlib/x86_64-unknown-linux-gnu/lib/librustc_std_workspace_core-4cf833632aafa84c.rlib" "/opt/rustwide/rustup-home/toolchains/beta-2024-12-08-x86_64-unknown-linux-gnu/lib/rustlib/x86_64-unknown-linux-gnu/lib/libcore-65c2c6d2d6ae570b.rlib" "/opt/rustwide/rustup-home/toolchains/beta-2024-12-08-x86_64-unknown-linux-gnu/lib/rustlib/x86_64-unknown-linux-gnu/lib/libcompiler_builtins-97929cee0dcfe424.rlib" "-Wl,-Bdynamic" "-lgcc_s" "-lutil" "-lrt" "-lpthread" "-lm" "-ldl" "-lc" "-Wl,--eh-frame-hdr" "-Wl,-z,noexecstack" "-L" "/opt/rustwide/rustup-home/toolchains/beta-2024-12-08-x86_64-unknown-linux-gnu/lib/rustlib/x86_64-unknown-linux-gnu/lib" "-o" "/opt/rustwide/target/debug/build/httparse-356f5330fa6eabd9/build_script_build-356f5330fa6eabd9" "-Wl,--gc-sections" "-pie" "-Wl,-z,relro,-z,now" "-nodefaultlibs"
[INFO] [stdout]   = note: /usr/bin/ld: final link failed: No space left on device
[INFO] [stdout]           collect2: error: ld returned 1 exit status
[INFO] [stdout]           
[INFO] [stdout] 
[INFO] [stdout] 
[INFO] [stderr] error: could not compile `heck` (lib) due to 1 previous error
[INFO] [stderr] error: could not compile `httparse` (build script) due to 1 previous error
[INFO] [stderr] rustc-LLVM ERROR: IO failure on output stream: No space left on device
[INFO] [stderr] error: could not compile `rustls` (lib) due to 1 previous error
[INFO] [stderr] rustc-LLVM ERROR: IO failure on output stream: No space left on device
[INFO] [stderr] error: could not compile `serde_derive` (lib)
[INFO] [stderr] 
[INFO] [stderr] Caused by:
[INFO] [stderr]   No space left on device (os error 28)
[INFO] [stderr] 
[INFO] [stderr] Caused by:
[INFO] [stderr]   failed to parse process output: `/opt/rustwide/rustup-home/toolchains/beta-2024-12-08-x86_64-unknown-linux-gnu/bin/rustc --crate-name serde_derive --edition=2015 /opt/rustwide/cargo-home/registry/src/index.crates.io-6f17d22bba15001f/serde_derive-1.0.137/src/lib.rs --error-format=json --json=diagnostic-rendered-ansi,artifacts,future-incompat --crate-type proc-macro --emit=dep-info,link -C prefer-dynamic -C embed-bitcode=no --cfg 'feature="default"' --check-cfg 'cfg(docsrs)' --check-cfg 'cfg(feature, values("default", "deserialize_in_place"))' -C metadata=ef4002ee373e09c8 -C extra-filename=-ef4002ee373e09c8 --out-dir /opt/rustwide/target/debug/deps -L dependency=/opt/rustwide/target/debug/deps --extern proc_macro2=/opt/rustwide/target/debug/deps/libproc_macro2-b6719535caec00b3.rlib --extern quote=/opt/rustwide/target/debug/deps/libquote-a4c0da815b7c60e1.rlib --extern syn=/opt/rustwide/target/debug/deps/libsyn-851b8b5f12b9c931.rlib --extern proc_macro --cap-lints allow --cap-lints=warn --cfg underscore_consts --cfg ptr_addr_of` (exit status: 101)
[INFO] [stderr] error: could not compile `tokio` (lib)
[INFO] [stderr] 
[INFO] [stderr] Caused by:
[INFO] [stderr]   No space left on device (os error 28)
[INFO] [stderr] 
[INFO] [stderr] Caused by:
[INFO] [stderr]   failed to parse process output: `/opt/rustwide/rustup-home/toolchains/beta-2024-12-08-x86_64-unknown-linux-gnu/bin/rustc --crate-name tokio --edition=2018 /opt/rustwide/cargo-home/registry/src/index.crates.io-6f17d22bba15001f/tokio-1.18.2/src/lib.rs --error-format=json --json=diagnostic-rendered-ansi,artifacts,future-incompat --crate-type lib --emit=dep-info,metadata,link -C embed-bitcode=no --cfg 'feature="bytes"' --cfg 'feature="default"' --cfg 'feature="fs"' --cfg 'feature="io-util"' --cfg 'feature="libc"' --cfg 'feature="memchr"' --cfg 'feature="mio"' --cfg 'feature="net"' --cfg 'feature="num_cpus"' --cfg 'feature="once_cell"' --cfg 'feature="rt"' --cfg 'feature="rt-multi-thread"' --cfg 'feature="socket2"' --cfg 'feature="sync"' --cfg 'feature="time"' --check-cfg 'cfg(docsrs)' --check-cfg 'cfg(feature, values("bytes", "default", "fs", "full", "io-std", "io-util", "libc", "macros", "memchr", "mio", "net", "num_cpus", "once_cell", "parking_lot", "process", "rt", "rt-multi-thread", "signal", "signal-hook-registry", "socket2", "stats", "sync", "test-util", "time", "tokio-macros", "tracing", "winapi"))' -C metadata=c5443aab9ba6942b -C extra-filename=-c5443aab9ba6942b --out-dir /opt/rustwide/target/debug/deps -L dependency=/opt/rustwide/target/debug/deps --extern bytes=/opt/rustwide/target/debug/deps/libbytes-0f42aa0e91217ee8.rmeta --extern libc=/opt/rustwide/target/debug/deps/liblibc-6cd104422baae29a.rmeta --extern memchr=/opt/rustwide/target/debug/deps/libmemchr-a4ab42da696fafc6.rmeta --extern mio=/opt/rustwide/target/debug/deps/libmio-5c2953d30ae1303f.rmeta --extern num_cpus=/opt/rustwide/target/debug/deps/libnum_cpus-d206e5a98cd545b8.rmeta --extern once_cell=/opt/rustwide/target/debug/deps/libonce_cell-d8b7207bd20444e3.rmeta --extern pin_project_lite=/opt/rustwide/target/debug/deps/libpin_project_lite-750d346f1d8d4b5e.rmeta --extern socket2=/opt/rustwide/target/debug/deps/libsocket2-84af41f99b8939f9.rmeta --cap-lints allow --cap-lints=warn` (exit status: 101)
[INFO] [stderr] warning: zstd-sys@1.6.3+zstd.1.5.2: zstd/lib/common/threading.c:21:1: fatal error: error closing /tmp/ccRBbArz.s: No space left on device
[INFO] [stderr] warning: zstd-sys@1.6.3+zstd.1.5.2:    21 | int g_ZSTD_threading_useless_symbol;
[INFO] [stderr] warning: zstd-sys@1.6.3+zstd.1.5.2:       | ^~~
[INFO] [stderr] warning: zstd-sys@1.6.3+zstd.1.5.2: compilation terminated.
[INFO] [stderr] warning: zstd-sys@1.6.3+zstd.1.5.2: zstd/lib/common/pool.c:353:1: fatal error: error writing to /tmp/ccRNjZTL.s: No space left on device
[INFO] [stderr] warning: zstd-sys@1.6.3+zstd.1.5.2:   353 | }
[INFO] [stderr] warning: zstd-sys@1.6.3+zstd.1.5.2:       | ^
[INFO] [stderr] warning: zstd-sys@1.6.3+zstd.1.5.2: compilation terminated.
[INFO] [stderr] warning: zstd-sys@1.6.3+zstd.1.5.2: zstd/lib/common/entropy_common.c:368:1: fatal error: error writing to /tmp/cc57v1iK.s: No space left on device
[INFO] [stderr] warning: zstd-sys@1.6.3+zstd.1.5.2:   368 | }
[INFO] [stderr] warning: zstd-sys@1.6.3+zstd.1.5.2:       | ^
[INFO] [stderr] warning: zstd-sys@1.6.3+zstd.1.5.2: compilation terminated.
[INFO] [stderr] error: failed to run custom build command for `zstd-sys v1.6.3+zstd.1.5.2`
[INFO] [stderr] note: To improve backtraces for build dependencies, set the CARGO_PROFILE_DEV_BUILD_OVERRIDE_DEBUG=true environment variable to enable debug information generation.
[INFO] [stderr] 
[INFO] [stderr] Caused by:
[INFO] [stderr]   process didn't exit successfully: `/opt/rustwide/target/debug/build/zstd-sys-970421bf105b8e38/build-script-build` (exit status: 1)
[INFO] [stderr]   --- stdout
[INFO] [stderr]   TARGET = Some("x86_64-unknown-linux-gnu")
[INFO] [stderr]   HOST = Some("x86_64-unknown-linux-gnu")
[INFO] [stderr]   CC_x86_64-unknown-linux-gnu = None
[INFO] [stderr]   CC_x86_64_unknown_linux_gnu = None
[INFO] [stderr]   HOST_CC = None
[INFO] [stderr]   CC = None
[INFO] [stderr]   CFLAGS_x86_64-unknown-linux-gnu = None
[INFO] [stderr]   CFLAGS_x86_64_unknown_linux_gnu = None
[INFO] [stderr]   HOST_CFLAGS = None
[INFO] [stderr]   CFLAGS = None
[INFO] [stderr]   CRATE_CC_NO_DEFAULTS = None
[INFO] [stderr]   DEBUG = Some("true")
[INFO] [stderr]   CARGO_CFG_TARGET_FEATURE = Some("fxsr,sse,sse2")
[INFO] [stderr]   running: "cc" "-O3" "-ffunction-sections" "-fdata-sections" "-fPIC" "-g" "-fno-omit-frame-pointer" "-m64" "-I" "zstd/lib/" "-I" "zstd/lib/common" "-I" "zstd/lib/legacy" "-fvisibility=hidden" "-DZSTD_LIB_DEPRECATED=0" "-DXXH_PRIVATE_API=" "-DZSTDLIB_VISIBILITY=" "-DZDICTLIB_VISIBILITY=" "-DZSTDERRORLIB_VISIBILITY=" "-DZSTD_LEGACY_SUPPORT=1" "-o" "/opt/rustwide/target/debug/build/zstd-sys-c6085a2f33f2d0c1/out/zstd/lib/common/entropy_common.o" "-c" "zstd/lib/common/entropy_common.c"
[INFO] [stderr]   running: "cc" "-O3" "-ffunction-sections" "-fdata-sections" "-fPIC" "-g" "-fno-omit-frame-pointer" "-m64" "-I" "zstd/lib/" "-I" "zstd/lib/common" "-I" "zstd/lib/legacy" "-fvisibility=hidden" "-DZSTD_LIB_DEPRECATED=0" "-DXXH_PRIVATE_API=" "-DZSTDLIB_VISIBILITY=" "-DZDICTLIB_VISIBILITY=" "-DZSTDERRORLIB_VISIBILITY=" "-DZSTD_LEGACY_SUPPORT=1" "-o" "/opt/rustwide/target/debug/build/zstd-sys-c6085a2f33f2d0c1/out/zstd/lib/common/pool.o" "-c" "zstd/lib/common/pool.c"
[INFO] [stderr]   running: "cc" "-O3" "-ffunction-sections" "-fdata-sections" "-fPIC" "-g" "-fno-omit-frame-pointer" "-m64" "-I" "zstd/lib/" "-I" "zstd/lib/common" "-I" "zstd/lib/legacy" "-fvisibility=hidden" "-DZSTD_LIB_DEPRECATED=0" "-DXXH_PRIVATE_API=" "-DZSTDLIB_VISIBILITY=" "-DZDICTLIB_VISIBILITY=" "-DZSTDERRORLIB_VISIBILITY=" "-DZSTD_LEGACY_SUPPORT=1" "-o" "/opt/rustwide/target/debug/build/zstd-sys-c6085a2f33f2d0c1/out/zstd/lib/common/threading.o" "-c" "zstd/lib/common/threading.c"
[INFO] [stderr]   cargo:warning=zstd/lib/common/threading.c:21:1: fatal error: error closing /tmp/ccRBbArz.s: No space left on device
[INFO] [stderr]   cargo:warning=   21 | int g_ZSTD_threading_useless_symbol;
[INFO] [stderr]   cargo:warning=      | ^~~
[INFO] [stderr]   cargo:warning=compilation terminated.
[INFO] [stderr]   exit status: 1
[INFO] [stderr]   running: "cc" "-O3" "-ffunction-sections" "-fdata-sections" "-fPIC" "-g" "-fno-omit-frame-pointer" "-m64" "-I" "zstd/lib/" "-I" "zstd/lib/common" "-I" "zstd/lib/legacy" "-fvisibility=hidden" "-DZSTD_LIB_DEPRECATED=0" "-DXXH_PRIVATE_API=" "-DZSTDLIB_VISIBILITY=" "-DZDICTLIB_VISIBILITY=" "-DZSTDERRORLIB_VISIBILITY=" "-DZSTD_LEGACY_SUPPORT=1" "-o" "/opt/rustwide/target/debug/build/zstd-sys-c6085a2f33f2d0c1/out/zstd/lib/common/debug.o" "-c" "zstd/lib/common/debug.c"
[INFO] [stderr]   cargo:warning=zstd/lib/common/pool.c:353:1: fatal error: error writing to /tmp/ccRNjZTL.s: No space left on device
[INFO] [stderr]   cargo:warning=  353 | }
[INFO] [stderr]   cargo:warning=      | ^
[INFO] [stderr]   cargo:warning=compilation terminated.
[INFO] [stderr]   exit status: 1
[INFO] [stderr]   exit status: 0
[INFO] [stderr]   cargo:warning=zstd/lib/common/entropy_common.c:368:1: fatal error: error writing to /tmp/cc57v1iK.s: No space left on device
[INFO] [stderr]   cargo:warning=  368 | }
[INFO] [stderr]   cargo:warning=      | ^
[INFO] [stderr]   cargo:warning=compilation terminated.
[INFO] [stderr]   exit status: 1
[INFO] [stderr] 
[INFO] [stderr]   --- stderr
[INFO] [stderr] 
[INFO] [stderr] 
[INFO] [stderr]   error occurred: Command "cc" "-O3" "-ffunction-sections" "-fdata-sections" "-fPIC" "-g" "-fno-omit-frame-pointer" "-m64" "-I" "zstd/lib/" "-I" "zstd/lib/common" "-I" "zstd/lib/legacy" "-fvisibility=hidden" "-DZSTD_LIB_DEPRECATED=0" "-DXXH_PRIVATE_API=" "-DZSTDLIB_VISIBILITY=" "-DZDICTLIB_VISIBILITY=" "-DZSTDERRORLIB_VISIBILITY=" "-DZSTD_LEGACY_SUPPORT=1" "-o" "/opt/rustwide/target/debug/build/zstd-sys-c6085a2f33f2d0c1/out/zstd/lib/common/entropy_common.o" "-c" "zstd/lib/common/entropy_common.c" with args "cc" did not execute successfully (status code exit status: 1).
[INFO] [stderr] 
[INFO] [stderr] 
[INFO] [stdout] error: couldn't create a temp dir: No space left on device (os error 28) at path "/opt/rustwide/target/debug/deps/rmetagWnouh"
[INFO] [stdout] 
[INFO] [stdout] 
[INFO] [stderr] error: could not compile `miniz_oxide` (lib) due to 1 previous error
[INFO] running `Command { std: "docker" "inspect" "60de94d0bd04ad89127c54e4fda20dd55f66af69b49d005529160c5e58e82a8a", kill_on_drop: false }`
[INFO] running `Command { std: "docker" "rm" "-f" "60de94d0bd04ad89127c54e4fda20dd55f66af69b49d005529160c5e58e82a8a", kill_on_drop: false }`
[INFO] [stdout] 60de94d0bd04ad89127c54e4fda20dd55f66af69b49d005529160c5e58e82a8a
