[INFO] fetching crate js_resized_event_channel 0.3.13...
[INFO] testing js_resized_event_channel-0.3.13 against 1.83.0 for beta-1.84.0-4-retry
[INFO] extracting crate js_resized_event_channel 0.3.13 into /workspace/builds/worker-2-tc1/source
[INFO] validating manifest of crates.io crate js_resized_event_channel 0.3.13 on toolchain 1.83.0
[INFO] running `Command { std: CARGO_HOME="/workspace/cargo-home" RUSTUP_HOME="/workspace/rustup-home" "/workspace/cargo-home/bin/cargo" "+1.83.0" "metadata" "--manifest-path" "Cargo.toml" "--no-deps", kill_on_drop: false }`
[INFO] removed /workspace/builds/worker-2-tc1/source/.cargo/config.toml
[INFO] started tweaking crates.io crate js_resized_event_channel 0.3.13
[INFO] finished tweaking crates.io crate js_resized_event_channel 0.3.13
[INFO] tweaked toml for crates.io crate js_resized_event_channel 0.3.13 written to /workspace/builds/worker-2-tc1/source/Cargo.toml
[INFO] crate crates.io crate js_resized_event_channel 0.3.13 already has a lockfile, it will not be regenerated
[INFO] running `Command { std: CARGO_HOME="/workspace/cargo-home" RUSTUP_HOME="/workspace/rustup-home" "/workspace/cargo-home/bin/cargo" "+1.83.0" "fetch" "--manifest-path" "Cargo.toml", kill_on_drop: false }`
[INFO] running `Command { std: "docker" "create" "-v" "/var/lib/crater-agent-workspace/builds/worker-2-tc1/target:/opt/rustwide/target:rw,Z" "-v" "/var/lib/crater-agent-workspace/builds/worker-2-tc1/source:/opt/rustwide/workdir:ro,Z" "-v" "/var/lib/crater-agent-workspace/cargo-home:/opt/rustwide/cargo-home:ro,Z" "-v" "/var/lib/crater-agent-workspace/rustup-home:/opt/rustwide/rustup-home:ro,Z" "-e" "SOURCE_DIR=/opt/rustwide/workdir" "-e" "CARGO_TARGET_DIR=/opt/rustwide/target" "-e" "CARGO_HOME=/opt/rustwide/cargo-home" "-e" "RUSTUP_HOME=/opt/rustwide/rustup-home" "-w" "/opt/rustwide/workdir" "-m" "1610612736" "--user" "0:0" "--network" "none" "ghcr.io/rust-lang/crates-build-env/linux@sha256:f3a9d4ad9d972b27faf3965f35b62e55ba32bbce8f20bc8fe909558a86702fde" "/opt/rustwide/cargo-home/bin/cargo" "+1.83.0" "metadata" "--no-deps" "--format-version=1", kill_on_drop: false }`
[INFO] [stdout] 132c0f420760bdc93ce6583aac9ed693b538c9dd01553983b3bf979a173c9134
[INFO] running `Command { std: "docker" "start" "-a" "132c0f420760bdc93ce6583aac9ed693b538c9dd01553983b3bf979a173c9134", kill_on_drop: false }`
[INFO] running `Command { std: "docker" "inspect" "132c0f420760bdc93ce6583aac9ed693b538c9dd01553983b3bf979a173c9134", kill_on_drop: false }`
[INFO] running `Command { std: "docker" "rm" "-f" "132c0f420760bdc93ce6583aac9ed693b538c9dd01553983b3bf979a173c9134", kill_on_drop: false }`
[INFO] [stdout] 132c0f420760bdc93ce6583aac9ed693b538c9dd01553983b3bf979a173c9134
[INFO] running `Command { std: "docker" "create" "-v" "/var/lib/crater-agent-workspace/builds/worker-2-tc1/target:/opt/rustwide/target:rw,Z" "-v" "/var/lib/crater-agent-workspace/builds/worker-2-tc1/source:/opt/rustwide/workdir:ro,Z" "-v" "/var/lib/crater-agent-workspace/cargo-home:/opt/rustwide/cargo-home:ro,Z" "-v" "/var/lib/crater-agent-workspace/rustup-home:/opt/rustwide/rustup-home:ro,Z" "-e" "SOURCE_DIR=/opt/rustwide/workdir" "-e" "CARGO_TARGET_DIR=/opt/rustwide/target" "-e" "CARGO_INCREMENTAL=0" "-e" "RUST_BACKTRACE=full" "-e" "RUSTFLAGS=--cap-lints=warn" "-e" "RUSTDOCFLAGS=--cap-lints=warn" "-e" "CARGO_HOME=/opt/rustwide/cargo-home" "-e" "RUSTUP_HOME=/opt/rustwide/rustup-home" "-w" "/opt/rustwide/workdir" "-m" "1610612736" "--user" "0:0" "--network" "none" "ghcr.io/rust-lang/crates-build-env/linux@sha256:f3a9d4ad9d972b27faf3965f35b62e55ba32bbce8f20bc8fe909558a86702fde" "/opt/rustwide/cargo-home/bin/cargo" "+1.83.0" "build" "--frozen" "--message-format=json", kill_on_drop: false }`
[INFO] [stdout] ddb11d8dfa1be47db8070b896a5ff5c2c977d5741ab8a192f7fde156386f251c
[INFO] running `Command { std: "docker" "start" "-a" "ddb11d8dfa1be47db8070b896a5ff5c2c977d5741ab8a192f7fde156386f251c", kill_on_drop: false }`
[INFO] [stderr]    Compiling cfg-if v1.0.0
[INFO] [stderr]    Compiling proc-macro2 v1.0.92
[INFO] [stderr]    Compiling pkg-config v0.3.31
[INFO] [stderr]    Compiling bitflags v2.6.0
[INFO] [stderr]    Compiling rustix v0.38.41
[INFO] [stderr]    Compiling unicode-ident v1.0.14
[INFO] [stderr]    Compiling once_cell v1.20.2
[INFO] [stderr]    Compiling linux-raw-sys v0.4.14
[INFO] [stderr]    Compiling libloading v0.8.6
[INFO] [stderr]    Compiling log v0.4.22
[INFO] [stderr]    Compiling shlex v1.3.0
[INFO] [stderr]    Compiling dlib v0.5.2
[INFO] [stderr]    Compiling autocfg v1.4.0
[INFO] [stderr]    Compiling memchr v2.7.4
[INFO] [stderr]    Compiling cc v1.2.3
[INFO] [stderr]    Compiling scoped-tls v1.0.1
[INFO] [stderr]    Compiling downcast-rs v1.2.1
[INFO] [stderr]    Compiling smallvec v1.13.2
[INFO] [stderr]    Compiling wayland-client v0.31.7
[INFO] [stderr]    Compiling wayland-sys v0.31.5
[INFO] [stderr]    Compiling libc v0.2.167
[INFO] [stderr]    Compiling slab v0.4.9
[INFO] [stderr]    Compiling tracing-core v0.1.33
[INFO] [stderr]    Compiling quote v1.0.37
[INFO] [stderr]    Compiling quick-xml v0.36.2
[INFO] [stderr]    Compiling syn v2.0.90
[INFO] [stderr]    Compiling pin-project-lite v0.2.15
[INFO] [stderr]    Compiling thiserror v1.0.69
[INFO] [stderr]    Compiling tracing v0.1.41
[INFO] [stderr]    Compiling bytemuck v1.20.0
[INFO] [stderr]    Compiling version_check v0.9.5
[INFO] [stderr]    Compiling arrayref v0.3.9
[INFO] [stderr]    Compiling ttf-parser v0.25.1
[INFO] [stderr]    Compiling cursor-icon v1.1.0
[INFO] [stderr]    Compiling wayland-backend v0.3.7
[INFO] [stderr]    Compiling xcursor v0.3.8
[INFO] [stderr]    Compiling smithay-client-toolkit v0.19.2
[INFO] [stderr]    Compiling xkeysym v0.2.1
[INFO] [stderr]    Compiling strict-num v0.1.1
[INFO] [stderr]    Compiling tiny-skia-path v0.11.4
[INFO] [stderr]    Compiling ahash v0.8.11
[INFO] [stderr]    Compiling memmap2 v0.9.5
[INFO] [stderr]    Compiling wayland-scanner v0.31.5
[INFO] [stderr]    Compiling lock_api v0.4.12
[INFO] [stderr]    Compiling x11-dl v2.21.0
[INFO] [stderr]    Compiling cfg_aliases v0.2.1
[INFO] [stderr]    Compiling arrayvec v0.7.6
[INFO] [stderr]    Compiling ab_glyph_rasterizer v0.1.8
[INFO] [stderr]    Compiling tiny-skia v0.11.4
[INFO] [stderr]    Compiling winit v0.30.5
[INFO] [stderr]    Compiling getrandom v0.2.15
[INFO] [stderr]    Compiling as-raw-xcb-connection v1.0.1
[INFO] [stderr]    Compiling zerocopy v0.7.35
[INFO] [stderr]    Compiling scopeguard v1.2.0
[INFO] [stderr]    Compiling x11rb-protocol v0.13.1
[INFO] [stderr]    Compiling thiserror-impl v1.0.69
[INFO] [stderr]    Compiling xkbcommon-dl v0.4.2
[INFO] [stderr]    Compiling owned_ttf_parser v0.25.0
[INFO] [stderr]    Compiling ab_glyph v0.2.29
[INFO] [stderr]    Compiling smol_str v0.2.2
[INFO] [stderr]    Compiling futures-core v0.3.31
[INFO] [stderr]    Compiling percent-encoding v2.3.1
[INFO] [stderr]    Compiling raw-window-handle v0.6.2
[INFO] [stderr]    Compiling dpi v0.1.1
[INFO] [stderr]    Compiling raw-window-handle v0.5.2
[INFO] [stderr]    Compiling kanal v0.1.0-pre8
[INFO] [stderr]    Compiling pollster v0.3.0
[INFO] [stderr]    Compiling polling v3.7.4
[INFO] [stderr]    Compiling calloop v0.13.0
[INFO] [stderr]    Compiling wayland-csd-frame v0.3.0
[INFO] [stderr]    Compiling wayland-protocols v0.32.5
[INFO] [stderr]    Compiling wayland-cursor v0.31.7
[INFO] [stderr]    Compiling calloop-wayland-source v0.3.0
[INFO] [stderr]    Compiling wayland-protocols-wlr v0.3.5
[INFO] [stderr]    Compiling wayland-protocols-plasma v0.3.5
[INFO] [stderr]    Compiling sctk-adwaita v0.10.1
[INFO] [stderr]    Compiling x11rb v0.13.1
[INFO] [stderr]    Compiling js_resized_event_channel v0.3.13 (/opt/rustwide/workdir)
[INFO] [stderr]     Finished `dev` profile [unoptimized + debuginfo] target(s) in 1m 27s
[INFO] running `Command { std: "docker" "inspect" "ddb11d8dfa1be47db8070b896a5ff5c2c977d5741ab8a192f7fde156386f251c", kill_on_drop: false }`
[INFO] running `Command { std: "docker" "rm" "-f" "ddb11d8dfa1be47db8070b896a5ff5c2c977d5741ab8a192f7fde156386f251c", kill_on_drop: false }`
[INFO] [stdout] ddb11d8dfa1be47db8070b896a5ff5c2c977d5741ab8a192f7fde156386f251c
[INFO] running `Command { std: "docker" "create" "-v" "/var/lib/crater-agent-workspace/builds/worker-2-tc1/target:/opt/rustwide/target:rw,Z" "-v" "/var/lib/crater-agent-workspace/builds/worker-2-tc1/source:/opt/rustwide/workdir:ro,Z" "-v" "/var/lib/crater-agent-workspace/cargo-home:/opt/rustwide/cargo-home:ro,Z" "-v" "/var/lib/crater-agent-workspace/rustup-home:/opt/rustwide/rustup-home:ro,Z" "-e" "SOURCE_DIR=/opt/rustwide/workdir" "-e" "CARGO_TARGET_DIR=/opt/rustwide/target" "-e" "CARGO_INCREMENTAL=0" "-e" "RUST_BACKTRACE=full" "-e" "RUSTFLAGS=--cap-lints=warn" "-e" "RUSTDOCFLAGS=--cap-lints=warn" "-e" "CARGO_HOME=/opt/rustwide/cargo-home" "-e" "RUSTUP_HOME=/opt/rustwide/rustup-home" "-w" "/opt/rustwide/workdir" "-m" "1610612736" "--user" "0:0" "--network" "none" "ghcr.io/rust-lang/crates-build-env/linux@sha256:f3a9d4ad9d972b27faf3965f35b62e55ba32bbce8f20bc8fe909558a86702fde" "/opt/rustwide/cargo-home/bin/cargo" "+1.83.0" "test" "--frozen" "--no-run" "--message-format=json", kill_on_drop: false }`
[INFO] [stdout] 58d440db20cfa8d476b90e5b506467b6d5ed6f0cdcf94c5780a349133dce5d69
[INFO] running `Command { std: "docker" "start" "-a" "58d440db20cfa8d476b90e5b506467b6d5ed6f0cdcf94c5780a349133dce5d69", kill_on_drop: false }`
[INFO] [stderr]    Compiling js_resized_event_channel v0.3.13 (/opt/rustwide/workdir)
[INFO] [stderr]     Finished `test` profile [unoptimized + debuginfo] target(s) in 0.64s
[INFO] running `Command { std: "docker" "inspect" "58d440db20cfa8d476b90e5b506467b6d5ed6f0cdcf94c5780a349133dce5d69", kill_on_drop: false }`
[INFO] running `Command { std: "docker" "rm" "-f" "58d440db20cfa8d476b90e5b506467b6d5ed6f0cdcf94c5780a349133dce5d69", kill_on_drop: false }`
[INFO] [stdout] 58d440db20cfa8d476b90e5b506467b6d5ed6f0cdcf94c5780a349133dce5d69
[INFO] running `Command { std: "docker" "create" "-v" "/var/lib/crater-agent-workspace/builds/worker-2-tc1/target:/opt/rustwide/target:rw,Z" "-v" "/var/lib/crater-agent-workspace/builds/worker-2-tc1/source:/opt/rustwide/workdir:ro,Z" "-v" "/var/lib/crater-agent-workspace/cargo-home:/opt/rustwide/cargo-home:ro,Z" "-v" "/var/lib/crater-agent-workspace/rustup-home:/opt/rustwide/rustup-home:ro,Z" "-e" "SOURCE_DIR=/opt/rustwide/workdir" "-e" "CARGO_TARGET_DIR=/opt/rustwide/target" "-e" "CARGO_INCREMENTAL=0" "-e" "RUST_BACKTRACE=full" "-e" "RUSTFLAGS=--cap-lints=warn" "-e" "RUSTDOCFLAGS=--cap-lints=warn" "-e" "CARGO_HOME=/opt/rustwide/cargo-home" "-e" "RUSTUP_HOME=/opt/rustwide/rustup-home" "-w" "/opt/rustwide/workdir" "-m" "1610612736" "--user" "0:0" "--network" "none" "ghcr.io/rust-lang/crates-build-env/linux@sha256:f3a9d4ad9d972b27faf3965f35b62e55ba32bbce8f20bc8fe909558a86702fde" "/opt/rustwide/cargo-home/bin/cargo" "+1.83.0" "test" "--frozen", kill_on_drop: false }`
[INFO] [stdout] 3dd1a7fbec7e5dea00739f519ddbbcd248968d02d28e7bd94334b130c2dc06aa
[INFO] running `Command { std: "docker" "start" "-a" "3dd1a7fbec7e5dea00739f519ddbbcd248968d02d28e7bd94334b130c2dc06aa", kill_on_drop: false }`
[INFO] [stderr]     Finished `test` profile [unoptimized + debuginfo] target(s) in 0.16s
[INFO] [stderr]      Running unittests src/lib.rs (/opt/rustwide/target/debug/deps/js_resized_event_channel-4c71e0f5d78ea77a)
[INFO] [stdout] 
[INFO] [stdout] running 0 tests
[INFO] [stdout] 
[INFO] [stdout] test result: ok. 0 passed; 0 failed; 0 ignored; 0 measured; 0 filtered out; finished in 0.00s
[INFO] [stdout] 
[INFO] [stderr]    Doc-tests js_resized_event_channel
[INFO] [stdout] 
[INFO] [stdout] running 1 test
[INFO] [stdout] test src/lib.rs - JsResizeEventChannel (line 5) ... FAILED
[INFO] [stdout] 
[INFO] [stdout] failures:
[INFO] [stdout] 
[INFO] [stdout] ---- src/lib.rs - JsResizeEventChannel (line 5) stdout ----
[INFO] [stdout] error[E0601]: `main` function not found in crate `rust_out`
[INFO] [stdout]   --> src/lib.rs:25:2
[INFO] [stdout]    |
[INFO] [stdout] 22 | }
[INFO] [stdout]    |  ^ the main function must be defined at the crate level (in `src/lib.rs`)
[INFO] [stdout]    |
[INFO] [stdout] note: here is a function named `main`
[INFO] [stdout]   --> src/lib.rs:11:2
[INFO] [stdout]    |
[INFO] [stdout] 8  |  fn main() {
[INFO] [stdout]    |  ^^^^^^^^^
[INFO] [stdout]    = note: you have one or more functions named `main` not defined at the crate level
[INFO] [stdout]    = help: consider moving the `main` function definitions
[INFO] [stdout] 
[INFO] [stdout] warning: use of deprecated method `winit::event_loop::EventLoop::<T>::create_window`: use `ActiveEventLoop::create_window` instead
[INFO] [stdout]   --> src/lib.rs:14:11
[INFO] [stdout]    |
[INFO] [stdout] 11 |          .create_window(WindowAttributes::default())
[INFO] [stdout]    |           ^^^^^^^^^^^^^
[INFO] [stdout]    |
[INFO] [stdout]    = note: `#[warn(deprecated)]` on by default
[INFO] [stdout] 
[INFO] [stdout] warning: use of deprecated method `winit::event_loop::EventLoop::<T>::run`: use `EventLoop::run_app` instead
[INFO] [stdout]   --> src/lib.rs:18:11
[INFO] [stdout]    |
[INFO] [stdout] 15 |          .run(|event, event_loop| {
[INFO] [stdout]    |           ^^^
[INFO] [stdout] 
[INFO] [stdout] error: aborting due to 1 previous error; 2 warnings emitted
[INFO] [stdout] 
[INFO] [stdout] For more information about this error, try `rustc --explain E0601`.
[INFO] [stdout] Couldn't compile the test.
[INFO] [stdout] 
[INFO] [stdout] failures:
[INFO] [stdout]     src/lib.rs - JsResizeEventChannel (line 5)
[INFO] [stdout] 
[INFO] [stdout] test result: FAILED. 0 passed; 1 failed; 0 ignored; 0 measured; 0 filtered out; finished in 0.19s
[INFO] [stdout] 
[INFO] [stderr] error: doctest failed, to rerun pass `--doc`
[INFO] running `Command { std: "docker" "inspect" "3dd1a7fbec7e5dea00739f519ddbbcd248968d02d28e7bd94334b130c2dc06aa", kill_on_drop: false }`
[INFO] running `Command { std: "docker" "rm" "-f" "3dd1a7fbec7e5dea00739f519ddbbcd248968d02d28e7bd94334b130c2dc06aa", kill_on_drop: false }`
[INFO] [stdout] 3dd1a7fbec7e5dea00739f519ddbbcd248968d02d28e7bd94334b130c2dc06aa
