[INFO] fetching crate inflate 0.4.5...
[INFO] testing inflate-0.4.5 against 1.83.0 for beta-1.84.0-4-retry
[INFO] extracting crate inflate 0.4.5 into /workspace/builds/worker-7-tc1/source
[INFO] validating manifest of crates.io crate inflate 0.4.5 on toolchain 1.83.0
[INFO] running `Command { std: CARGO_HOME="/workspace/cargo-home" RUSTUP_HOME="/workspace/rustup-home" "/workspace/cargo-home/bin/cargo" "+1.83.0" "metadata" "--manifest-path" "Cargo.toml" "--no-deps", kill_on_drop: false }`
[INFO] started tweaking crates.io crate inflate 0.4.5
[INFO] finished tweaking crates.io crate inflate 0.4.5
[INFO] tweaked toml for crates.io crate inflate 0.4.5 written to /workspace/builds/worker-7-tc1/source/Cargo.toml
[INFO] running `Command { std: CARGO_HOME="/workspace/cargo-home" RUSTUP_HOME="/workspace/rustup-home" "/workspace/cargo-home/bin/cargo" "+1.83.0" "generate-lockfile" "--manifest-path" "Cargo.toml", kill_on_drop: false }`
[INFO] [stderr]     Updating crates.io index
[INFO] [stderr]     Blocking waiting for file lock on package cache
[INFO] [stderr]      Locking 1 package to latest compatible version
[INFO] running `Command { std: CARGO_HOME="/workspace/cargo-home" RUSTUP_HOME="/workspace/rustup-home" "/workspace/cargo-home/bin/cargo" "+1.83.0" "fetch" "--manifest-path" "Cargo.toml", kill_on_drop: false }`
[INFO] [stderr] warning: no edition set: defaulting to the 2015 edition while the latest is 2021
[INFO] [stderr]     Blocking waiting for file lock on package cache
[INFO] running `Command { std: "docker" "create" "-v" "/var/lib/crater-agent-workspace/builds/worker-7-tc1/target:/opt/rustwide/target:rw,Z" "-v" "/var/lib/crater-agent-workspace/builds/worker-7-tc1/source:/opt/rustwide/workdir:ro,Z" "-v" "/var/lib/crater-agent-workspace/cargo-home:/opt/rustwide/cargo-home:ro,Z" "-v" "/var/lib/crater-agent-workspace/rustup-home:/opt/rustwide/rustup-home:ro,Z" "-e" "SOURCE_DIR=/opt/rustwide/workdir" "-e" "CARGO_TARGET_DIR=/opt/rustwide/target" "-e" "CARGO_HOME=/opt/rustwide/cargo-home" "-e" "RUSTUP_HOME=/opt/rustwide/rustup-home" "-w" "/opt/rustwide/workdir" "-m" "1610612736" "--user" "0:0" "--network" "none" "ghcr.io/rust-lang/crates-build-env/linux@sha256:f3a9d4ad9d972b27faf3965f35b62e55ba32bbce8f20bc8fe909558a86702fde" "/opt/rustwide/cargo-home/bin/cargo" "+1.83.0" "metadata" "--no-deps" "--format-version=1", kill_on_drop: false }`
[INFO] [stdout] c26c92e0ff3be16ca6b0a5ccfe8daa8ef17e95a37c80e7d9f78b9aadba001664
[INFO] running `Command { std: "docker" "start" "-a" "c26c92e0ff3be16ca6b0a5ccfe8daa8ef17e95a37c80e7d9f78b9aadba001664", kill_on_drop: false }`
[INFO] running `Command { std: "docker" "inspect" "c26c92e0ff3be16ca6b0a5ccfe8daa8ef17e95a37c80e7d9f78b9aadba001664", kill_on_drop: false }`
[INFO] running `Command { std: "docker" "rm" "-f" "c26c92e0ff3be16ca6b0a5ccfe8daa8ef17e95a37c80e7d9f78b9aadba001664", kill_on_drop: false }`
[INFO] [stdout] c26c92e0ff3be16ca6b0a5ccfe8daa8ef17e95a37c80e7d9f78b9aadba001664
[INFO] running `Command { std: "docker" "create" "-v" "/var/lib/crater-agent-workspace/builds/worker-7-tc1/target:/opt/rustwide/target:rw,Z" "-v" "/var/lib/crater-agent-workspace/builds/worker-7-tc1/source:/opt/rustwide/workdir:ro,Z" "-v" "/var/lib/crater-agent-workspace/cargo-home:/opt/rustwide/cargo-home:ro,Z" "-v" "/var/lib/crater-agent-workspace/rustup-home:/opt/rustwide/rustup-home:ro,Z" "-e" "SOURCE_DIR=/opt/rustwide/workdir" "-e" "CARGO_TARGET_DIR=/opt/rustwide/target" "-e" "CARGO_INCREMENTAL=0" "-e" "RUST_BACKTRACE=full" "-e" "RUSTFLAGS=--cap-lints=warn" "-e" "RUSTDOCFLAGS=--cap-lints=warn" "-e" "CARGO_HOME=/opt/rustwide/cargo-home" "-e" "RUSTUP_HOME=/opt/rustwide/rustup-home" "-w" "/opt/rustwide/workdir" "-m" "1610612736" "--user" "0:0" "--network" "none" "ghcr.io/rust-lang/crates-build-env/linux@sha256:f3a9d4ad9d972b27faf3965f35b62e55ba32bbce8f20bc8fe909558a86702fde" "/opt/rustwide/cargo-home/bin/cargo" "+1.83.0" "build" "--frozen" "--message-format=json", kill_on_drop: false }`
[INFO] [stdout] 373ccb1a0ee17b7e0774be0b7e5e1d8d0e8cb1ecc82f45fa259a37a5377b6e18
[INFO] running `Command { std: "docker" "start" "-a" "373ccb1a0ee17b7e0774be0b7e5e1d8d0e8cb1ecc82f45fa259a37a5377b6e18", kill_on_drop: false }`
[INFO] [stderr] warning: no edition set: defaulting to the 2015 edition while the latest is 2021
[INFO] [stderr]    Compiling adler32 v1.2.0
[INFO] [stderr]    Compiling inflate v0.4.5 (/opt/rustwide/workdir)
[INFO] [stdout] warning: unexpected `cfg` condition name: `debug`
[INFO] [stdout]    --> src/lib.rs:183:7
[INFO] [stdout]     |
[INFO] [stdout] 183 | #[cfg(debug)]
[INFO] [stdout]     |       ^^^^^
[INFO] [stdout]     |
[INFO] [stdout]     = help: expected names are: `clippy`, `debug_assertions`, `doc`, `docsrs`, `doctest`, `feature`, `fmt_debug`, `miri`, `overflow_checks`, `panic`, `proc_macro`, `relocation_model`, `rustfmt`, `sanitize`, `sanitizer_cfi_generalize_pointers`, `sanitizer_cfi_normalize_integers`, `target_abi`, `target_arch`, `target_endian`, `target_env`, `target_family`, `target_feature`, `target_has_atomic`, `target_has_atomic_equal_alignment`, `target_has_atomic_load_store`, `target_os`, `target_pointer_width`, `target_thread_local`, `target_vendor`, `test`, `ub_checks`, `unix`, and `windows`
[INFO] [stdout]     = help: consider using a Cargo feature instead
[INFO] [stdout]     = help: or consider adding in `Cargo.toml` the `check-cfg` lint config for the lint:
[INFO] [stdout]              [lints.rust]
[INFO] [stdout]              unexpected_cfgs = { level = "warn", check-cfg = ['cfg(debug)'] }
[INFO] [stdout]     = help: or consider adding `println!("cargo::rustc-check-cfg=cfg(debug)");` to the top of the `build.rs`
[INFO] [stdout]     = note: see <https://doc.rust-lang.org/nightly/rustc/check-cfg/cargo-specifics.html> for more information about checking conditional configuration
[INFO] [stdout]     = note: `#[warn(unexpected_cfgs)]` on by default
[INFO] [stdout] 
[INFO] [stdout] 
[INFO] [stdout] warning: unexpected `cfg` condition name: `debug`
[INFO] [stdout]    --> src/lib.rs:185:11
[INFO] [stdout]     |
[INFO] [stdout] 185 | #[cfg(not(debug))]
[INFO] [stdout]     |           ^^^^^
[INFO] [stdout]     |
[INFO] [stdout]     = help: consider using a Cargo feature instead
[INFO] [stdout]     = help: or consider adding in `Cargo.toml` the `check-cfg` lint config for the lint:
[INFO] [stdout]              [lints.rust]
[INFO] [stdout]              unexpected_cfgs = { level = "warn", check-cfg = ['cfg(debug)'] }
[INFO] [stdout]     = help: or consider adding `println!("cargo::rustc-check-cfg=cfg(debug)");` to the top of the `build.rs`
[INFO] [stdout]     = note: see <https://doc.rust-lang.org/nightly/rustc/check-cfg/cargo-specifics.html> for more information about checking conditional configuration
[INFO] [stdout] 
[INFO] [stdout] 
[INFO] [stdout] warning: use of deprecated macro `try`: use the `?` operator instead
[INFO] [stdout]   --> src/writer.rs:37:9
[INFO] [stdout]    |
[INFO] [stdout] 37 |         try!(self.flush());
[INFO] [stdout]    |         ^^^
[INFO] [stdout]    |
[INFO] [stdout]    = note: `#[warn(deprecated)]` on by default
[INFO] [stdout] 
[INFO] [stdout] 
[INFO] [stdout] warning: use of deprecated macro `try`: use the `?` operator instead
[INFO] [stdout]   --> src/writer.rs:54:13
[INFO] [stdout]    |
[INFO] [stdout] 54 |             try!(self.writer.write(result));
[INFO] [stdout]    |             ^^^
[INFO] [stdout] 
[INFO] [stdout] 
[INFO] [stdout] warning: use of deprecated macro `try`: use the `?` operator instead
[INFO] [stdout]   --> src/writer.rs:52:44
[INFO] [stdout]    |
[INFO] [stdout] 52 |             let (num_bytes_read, result) = try!(update(&mut self.inflater, &buf[n..]));
[INFO] [stdout]    |                                            ^^^
[INFO] [stdout] 
[INFO] [stdout] 
[INFO] [stdout] warning: use of deprecated macro `try`: use the `?` operator instead
[INFO] [stdout]   --> src/writer.rs:61:9
[INFO] [stdout]    |
[INFO] [stdout] 61 |         try!(self.writer.write(result));
[INFO] [stdout]    |         ^^^
[INFO] [stdout] 
[INFO] [stdout] 
[INFO] [stdout] warning: use of deprecated macro `try`: use the `?` operator instead
[INFO] [stdout]   --> src/writer.rs:60:27
[INFO] [stdout]    |
[INFO] [stdout] 60 |         let (_, result) = try!(update(&mut self.inflater, &[]));
[INFO] [stdout]    |                           ^^^
[INFO] [stdout] 
[INFO] [stdout] 
[INFO] [stdout] warning: use of deprecated macro `try`: use the `?` operator instead
[INFO] [stdout]   --> src/utils.rs:20:39
[INFO] [stdout]    |
[INFO] [stdout] 20 |         let (num_bytes_read, bytes) = try!(inflater.update(&data[n..]));
[INFO] [stdout]    |                                       ^^^
[INFO] [stdout] 
[INFO] [stdout] 
[INFO] [stdout] warning: use of deprecated macro `try`: use the `?` operator instead
[INFO] [stdout]    --> src/reader.rs:180:25
[INFO] [stdout]     |
[INFO] [stdout] 180 |             let input = try!(self.reader.fill_buf());
[INFO] [stdout]     |                         ^^^
[INFO] [stdout] 
[INFO] [stdout] 
[INFO] [stdout] warning: use of deprecated macro `try`: use the `?` operator instead
[INFO] [stdout]    --> src/lib.rs:289:16
[INFO] [stdout]     |
[INFO] [stdout] 289 |           code = try!(
[INFO] [stdout]     |                  ^^^
[INFO] [stdout] ...
[INFO] [stdout] 327 | /         with_codes!(clens, 7 => u8, |i: u8, code: u8, bits| -> _ {
[INFO] [stdout] 328 | |             /*let base = match BIT_REV_U8.get((code << (8 - bits)) as usize) {
[INFO] [stdout] 329 | |                 Some(&base) => base,
[INFO] [stdout] 330 | |                 None => return Err("invalid length code".to_owned())
[INFO] [stdout] ...   |
[INFO] [stdout] 336 | |             Ok(())
[INFO] [stdout] 337 | |         });
[INFO] [stdout]     | |__________- in this macro invocation
[INFO] [stdout]     |
[INFO] [stdout]     = note: this warning originates in the macro `with_codes` (in Nightly builds, run with -Z macro-backtrace for more info)
[INFO] [stdout] 
[INFO] [stdout] 
[INFO] [stdout] warning: use of deprecated macro `try`: use the `?` operator instead
[INFO] [stdout]    --> src/lib.rs:302:28
[INFO] [stdout]     |
[INFO] [stdout] 302 |               let new_code = try!(
[INFO] [stdout]     |                              ^^^
[INFO] [stdout] ...
[INFO] [stdout] 327 | /         with_codes!(clens, 7 => u8, |i: u8, code: u8, bits| -> _ {
[INFO] [stdout] 328 | |             /*let base = match BIT_REV_U8.get((code << (8 - bits)) as usize) {
[INFO] [stdout] 329 | |                 Some(&base) => base,
[INFO] [stdout] 330 | |                 None => return Err("invalid length code".to_owned())
[INFO] [stdout] ...   |
[INFO] [stdout] 336 | |             Ok(())
[INFO] [stdout] 337 | |         });
[INFO] [stdout]     | |__________- in this macro invocation
[INFO] [stdout]     |
[INFO] [stdout]     = note: this warning originates in the macro `with_codes` (in Nightly builds, run with -Z macro-backtrace for more info)
[INFO] [stdout] 
[INFO] [stdout] 
[INFO] [stdout] warning: `...` range patterns are deprecated
[INFO] [stdout]    --> src/lib.rs:368:18
[INFO] [stdout]     |
[INFO] [stdout] 368 |                 0...15 => self.result.push(code),
[INFO] [stdout]     |                  ^^^ help: use `..=` for an inclusive range
[INFO] [stdout]     |
[INFO] [stdout]     = warning: this is accepted in the current edition (Rust 2015) but is a hard error in Rust 2021!
[INFO] [stdout]     = note: for more information, see <https://doc.rust-lang.org/nightly/edition-guide/rust-2021/warnings-promoted-to-error.html>
[INFO] [stdout]     = note: `#[warn(ellipsis_inclusive_range_patterns)]` on by default
[INFO] [stdout] 
[INFO] [stdout] 
[INFO] [stdout] warning: use of deprecated macro `try`: use the `?` operator instead
[INFO] [stdout]    --> src/lib.rs:397:19
[INFO] [stdout]     |
[INFO] [stdout] 397 |         let lit = try!(DynHuffman16::new(&self.result[..num_lit]));
[INFO] [stdout]     |                   ^^^
[INFO] [stdout] 
[INFO] [stdout] 
[INFO] [stdout] warning: use of deprecated macro `try`: use the `?` operator instead
[INFO] [stdout]    --> src/lib.rs:398:20
[INFO] [stdout]     |
[INFO] [stdout] 398 |         let dist = try!(DynHuffman16::new(&self.result[num_lit..]));
[INFO] [stdout]     |                    ^^^
[INFO] [stdout] 
[INFO] [stdout] 
[INFO] [stdout] warning: use of deprecated macro `try`: use the `?` operator instead
[INFO] [stdout]    --> src/lib.rs:289:16
[INFO] [stdout]     |
[INFO] [stdout] 289 |           code = try!(
[INFO] [stdout]     |                  ^^^
[INFO] [stdout] ...
[INFO] [stdout] 419 | /         with_codes!(clens, 15 => u16, |i: u16, code: u16, bits: u8| -> _ {
[INFO] [stdout] 420 | |             let entry = i | ((bits as u16) << 12);
[INFO] [stdout] 421 | |             if bits <= 8 {
[INFO] [stdout] 422 | |                 let base = match BIT_REV_U8.get((code << (8 - bits)) as usize) {
[INFO] [stdout] ...   |
[INFO] [stdout] 471 | |             Ok(())
[INFO] [stdout] 472 | |         });
[INFO] [stdout]     | |__________- in this macro invocation
[INFO] [stdout]     |
[INFO] [stdout]     = note: this warning originates in the macro `with_codes` (in Nightly builds, run with -Z macro-backtrace for more info)
[INFO] [stdout] 
[INFO] [stdout] 
[INFO] [stdout] warning: use of deprecated macro `try`: use the `?` operator instead
[INFO] [stdout]    --> src/lib.rs:302:28
[INFO] [stdout]     |
[INFO] [stdout] 302 |               let new_code = try!(
[INFO] [stdout]     |                              ^^^
[INFO] [stdout] ...
[INFO] [stdout] 419 | /         with_codes!(clens, 15 => u16, |i: u16, code: u16, bits: u8| -> _ {
[INFO] [stdout] 420 | |             let entry = i | ((bits as u16) << 12);
[INFO] [stdout] 421 | |             if bits <= 8 {
[INFO] [stdout] 422 | |                 let base = match BIT_REV_U8.get((code << (8 - bits)) as usize) {
[INFO] [stdout] ...   |
[INFO] [stdout] 471 | |             Ok(())
[INFO] [stdout] 472 | |         });
[INFO] [stdout]     | |__________- in this macro invocation
[INFO] [stdout]     |
[INFO] [stdout]     = note: this warning originates in the macro `with_codes` (in Nightly builds, run with -Z macro-backtrace for more info)
[INFO] [stdout] 
[INFO] [stdout] 
[INFO] [stdout] warning: use of deprecated macro `try`: use the `?` operator instead
[INFO] [stdout]    --> src/lib.rs:855:53
[INFO] [stdout]     |
[INFO] [stdout] 855 | ...                   ok!(BlockDynCodeLengths(try!(CodeLengthReader::new(clens, hlit as u16 + 256, hdist))))
[INFO] [stdout]     |                                               ^^^
[INFO] [stdout] 
[INFO] [stdout] 
[INFO] [stdout] warning: use of deprecated macro `try`: use the `?` operator instead
[INFO] [stdout]    --> src/lib.rs:859:40
[INFO] [stdout]     |
[INFO] [stdout] 859 |                         let finished = try!(reader.read(&mut stream));
[INFO] [stdout]     |                                        ^^^
[INFO] [stdout] 
[INFO] [stdout] 
[INFO] [stdout] warning: use of deprecated macro `try`: use the `?` operator instead
[INFO] [stdout]    --> src/lib.rs:861:47
[INFO] [stdout]     |
[INFO] [stdout] 861 | ...                   let (lit, dist) = try!(reader.to_lit_and_dist());
[INFO] [stdout]     |                                         ^^^
[INFO] [stdout] 
[INFO] [stdout] 
[INFO] [stdout] warning: use of deprecated macro `try`: use the `?` operator instead
[INFO] [stdout]    --> src/lib.rs:875:60
[INFO] [stdout]     |
[INFO] [stdout] 875 | ...                   let (save, code16) = match try!(huff_lit_len.read(&mut stream)) {
[INFO] [stdout]     |                                                  ^^^
[INFO] [stdout] 
[INFO] [stdout] 
[INFO] [stdout] warning: `...` range patterns are deprecated
[INFO] [stdout]    --> src/lib.rs:882:38
[INFO] [stdout]     |
[INFO] [stdout] 882 | ...                   0...255 => {
[INFO] [stdout]     |                        ^^^ help: use `..=` for an inclusive range
[INFO] [stdout]     |
[INFO] [stdout]     = warning: this is accepted in the current edition (Rust 2015) but is a hard error in Rust 2021!
[INFO] [stdout]     = note: for more information, see <https://doc.rust-lang.org/nightly/edition-guide/rust-2021/warnings-promoted-to-error.html>
[INFO] [stdout] 
[INFO] [stdout] 
[INFO] [stdout] warning: `...` range patterns are deprecated
[INFO] [stdout]    --> src/lib.rs:886:40
[INFO] [stdout]     |
[INFO] [stdout] 886 | ...                   256...285 => {}
[INFO] [stdout]     |                          ^^^ help: use `..=` for an inclusive range
[INFO] [stdout]     |
[INFO] [stdout]     = warning: this is accepted in the current edition (Rust 2015) but is a hard error in Rust 2021!
[INFO] [stdout]     = note: for more information, see <https://doc.rust-lang.org/nightly/edition-guide/rust-2021/warnings-promoted-to-error.html>
[INFO] [stdout] 
[INFO] [stdout] 
[INFO] [stdout] warning: `...` range patterns are deprecated
[INFO] [stdout]    --> src/lib.rs:910:38
[INFO] [stdout]     |
[INFO] [stdout] 910 | ...                   1...8 => len!(code, 0),
[INFO] [stdout]     |                        ^^^ help: use `..=` for an inclusive range
[INFO] [stdout]     |
[INFO] [stdout]     = warning: this is accepted in the current edition (Rust 2015) but is a hard error in Rust 2021!
[INFO] [stdout]     = note: for more information, see <https://doc.rust-lang.org/nightly/edition-guide/rust-2021/warnings-promoted-to-error.html>
[INFO] [stdout] 
[INFO] [stdout] 
[INFO] [stdout] warning: `...` range patterns are deprecated
[INFO] [stdout]    --> src/lib.rs:911:38
[INFO] [stdout]     |
[INFO] [stdout] 911 | ...                   9...12 => len!(code, 1),
[INFO] [stdout]     |                        ^^^ help: use `..=` for an inclusive range
[INFO] [stdout]     |
[INFO] [stdout]     = warning: this is accepted in the current edition (Rust 2015) but is a hard error in Rust 2021!
[INFO] [stdout]     = note: for more information, see <https://doc.rust-lang.org/nightly/edition-guide/rust-2021/warnings-promoted-to-error.html>
[INFO] [stdout] 
[INFO] [stdout] 
[INFO] [stdout] warning: `...` range patterns are deprecated
[INFO] [stdout]    --> src/lib.rs:912:39
[INFO] [stdout]     |
[INFO] [stdout] 912 | ...                   13...16 => len!(code, 2),
[INFO] [stdout]     |                         ^^^ help: use `..=` for an inclusive range
[INFO] [stdout]     |
[INFO] [stdout]     = warning: this is accepted in the current edition (Rust 2015) but is a hard error in Rust 2021!
[INFO] [stdout]     = note: for more information, see <https://doc.rust-lang.org/nightly/edition-guide/rust-2021/warnings-promoted-to-error.html>
[INFO] [stdout] 
[INFO] [stdout] 
[INFO] [stdout] warning: `...` range patterns are deprecated
[INFO] [stdout]    --> src/lib.rs:913:39
[INFO] [stdout]     |
[INFO] [stdout] 913 | ...                   17...20 => len!(code, 3),
[INFO] [stdout]     |                         ^^^ help: use `..=` for an inclusive range
[INFO] [stdout]     |
[INFO] [stdout]     = warning: this is accepted in the current edition (Rust 2015) but is a hard error in Rust 2021!
[INFO] [stdout]     = note: for more information, see <https://doc.rust-lang.org/nightly/edition-guide/rust-2021/warnings-promoted-to-error.html>
[INFO] [stdout] 
[INFO] [stdout] 
[INFO] [stdout] warning: `...` range patterns are deprecated
[INFO] [stdout]    --> src/lib.rs:914:39
[INFO] [stdout]     |
[INFO] [stdout] 914 | ...                   21...24 => len!(code, 4),
[INFO] [stdout]     |                         ^^^ help: use `..=` for an inclusive range
[INFO] [stdout]     |
[INFO] [stdout]     = warning: this is accepted in the current edition (Rust 2015) but is a hard error in Rust 2021!
[INFO] [stdout]     = note: for more information, see <https://doc.rust-lang.org/nightly/edition-guide/rust-2021/warnings-promoted-to-error.html>
[INFO] [stdout] 
[INFO] [stdout] 
[INFO] [stdout] warning: `...` range patterns are deprecated
[INFO] [stdout]    --> src/lib.rs:915:39
[INFO] [stdout]     |
[INFO] [stdout] 915 | ...                   25...28 => len!(code, 5),
[INFO] [stdout]     |                         ^^^ help: use `..=` for an inclusive range
[INFO] [stdout]     |
[INFO] [stdout]     = warning: this is accepted in the current edition (Rust 2015) but is a hard error in Rust 2021!
[INFO] [stdout]     = note: for more information, see <https://doc.rust-lang.org/nightly/edition-guide/rust-2021/warnings-promoted-to-error.html>
[INFO] [stdout] 
[INFO] [stdout] 
[INFO] [stdout] warning: use of deprecated macro `try`: use the `?` operator instead
[INFO] [stdout]    --> src/lib.rs:921:59
[INFO] [stdout]     |
[INFO] [stdout] 921 | ...                   let (save, dist_code) = match try!(huff_dist.read(&mut stream)) {
[INFO] [stdout]     |                                                     ^^^
[INFO] [stdout] 
[INFO] [stdout] 
[INFO] [stdout] warning: `...` range patterns are deprecated
[INFO] [stdout]    --> src/lib.rs:930:34
[INFO] [stdout]     |
[INFO] [stdout] 930 | ...                   0...3 => len_dist_case!(0),
[INFO] [stdout]     |                        ^^^ help: use `..=` for an inclusive range
[INFO] [stdout]     |
[INFO] [stdout]     = warning: this is accepted in the current edition (Rust 2015) but is a hard error in Rust 2021!
[INFO] [stdout]     = note: for more information, see <https://doc.rust-lang.org/nightly/edition-guide/rust-2021/warnings-promoted-to-error.html>
[INFO] [stdout] 
[INFO] [stdout] 
[INFO] [stdout] warning: use of deprecated macro `try`: use the `?` operator instead
[INFO] [stdout]    --> src/lib.rs:690:24
[INFO] [stdout]     |
[INFO] [stdout] 690 |             let left = try!(self.run_len_dist($len, dist));
[INFO] [stdout]     |                        ^^^
[INFO] [stdout] ...
[INFO] [stdout] 930 |                                 0...3 => len_dist_case!(0),
[INFO] [stdout]     |                                          ----------------- in this macro invocation
[INFO] [stdout]     |
[INFO] [stdout]     = note: this warning originates in the macro `run_len_dist` which comes from the expansion of the macro `len_dist_case` (in Nightly builds, run with -Z macro-backtrace for more info)
[INFO] [stdout] 
[INFO] [stdout] 
[INFO] [stdout] warning: `...` range patterns are deprecated
[INFO] [stdout]    --> src/lib.rs:931:34
[INFO] [stdout]     |
[INFO] [stdout] 931 | ...                   4...5 => len_dist_case!(1),
[INFO] [stdout]     |                        ^^^ help: use `..=` for an inclusive range
[INFO] [stdout]     |
[INFO] [stdout]     = warning: this is accepted in the current edition (Rust 2015) but is a hard error in Rust 2021!
[INFO] [stdout]     = note: for more information, see <https://doc.rust-lang.org/nightly/edition-guide/rust-2021/warnings-promoted-to-error.html>
[INFO] [stdout] 
[INFO] [stdout] 
[INFO] [stdout] warning: use of deprecated macro `try`: use the `?` operator instead
[INFO] [stdout]    --> src/lib.rs:690:24
[INFO] [stdout]     |
[INFO] [stdout] 690 |             let left = try!(self.run_len_dist($len, dist));
[INFO] [stdout]     |                        ^^^
[INFO] [stdout] ...
[INFO] [stdout] 931 |                                 4...5 => len_dist_case!(1),
[INFO] [stdout]     |                                          ----------------- in this macro invocation
[INFO] [stdout]     |
[INFO] [stdout]     = note: this warning originates in the macro `run_len_dist` which comes from the expansion of the macro `len_dist_case` (in Nightly builds, run with -Z macro-backtrace for more info)
[INFO] [stdout] 
[INFO] [stdout] 
[INFO] [stdout] warning: `...` range patterns are deprecated
[INFO] [stdout]    --> src/lib.rs:932:34
[INFO] [stdout]     |
[INFO] [stdout] 932 | ...                   6...7 => len_dist_case!(2),
[INFO] [stdout]     |                        ^^^ help: use `..=` for an inclusive range
[INFO] [stdout]     |
[INFO] [stdout]     = warning: this is accepted in the current edition (Rust 2015) but is a hard error in Rust 2021!
[INFO] [stdout]     = note: for more information, see <https://doc.rust-lang.org/nightly/edition-guide/rust-2021/warnings-promoted-to-error.html>
[INFO] [stdout] 
[INFO] [stdout] 
[INFO] [stdout] warning: use of deprecated macro `try`: use the `?` operator instead
[INFO] [stdout]    --> src/lib.rs:690:24
[INFO] [stdout]     |
[INFO] [stdout] 690 |             let left = try!(self.run_len_dist($len, dist));
[INFO] [stdout]     |                        ^^^
[INFO] [stdout] ...
[INFO] [stdout] 932 |                                 6...7 => len_dist_case!(2),
[INFO] [stdout]     |                                          ----------------- in this macro invocation
[INFO] [stdout]     |
[INFO] [stdout]     = note: this warning originates in the macro `run_len_dist` which comes from the expansion of the macro `len_dist_case` (in Nightly builds, run with -Z macro-backtrace for more info)
[INFO] [stdout] 
[INFO] [stdout] 
[INFO] [stdout] warning: `...` range patterns are deprecated
[INFO] [stdout]    --> src/lib.rs:933:34
[INFO] [stdout]     |
[INFO] [stdout] 933 | ...                   8...9 => len_dist_case!(3),
[INFO] [stdout]     |                        ^^^ help: use `..=` for an inclusive range
[INFO] [stdout]     |
[INFO] [stdout]     = warning: this is accepted in the current edition (Rust 2015) but is a hard error in Rust 2021!
[INFO] [stdout]     = note: for more information, see <https://doc.rust-lang.org/nightly/edition-guide/rust-2021/warnings-promoted-to-error.html>
[INFO] [stdout] 
[INFO] [stdout] 
[INFO] [stdout] warning: use of deprecated macro `try`: use the `?` operator instead
[INFO] [stdout]    --> src/lib.rs:690:24
[INFO] [stdout]     |
[INFO] [stdout] 690 |             let left = try!(self.run_len_dist($len, dist));
[INFO] [stdout]     |                        ^^^
[INFO] [stdout] ...
[INFO] [stdout] 933 |                                 8...9 => len_dist_case!(3),
[INFO] [stdout]     |                                          ----------------- in this macro invocation
[INFO] [stdout]     |
[INFO] [stdout]     = note: this warning originates in the macro `run_len_dist` which comes from the expansion of the macro `len_dist_case` (in Nightly builds, run with -Z macro-backtrace for more info)
[INFO] [stdout] 
[INFO] [stdout] 
[INFO] [stdout] warning: `...` range patterns are deprecated
[INFO] [stdout]    --> src/lib.rs:934:35
[INFO] [stdout]     |
[INFO] [stdout] 934 | ...                   10...11 => len_dist_case!(4),
[INFO] [stdout]     |                         ^^^ help: use `..=` for an inclusive range
[INFO] [stdout]     |
[INFO] [stdout]     = warning: this is accepted in the current edition (Rust 2015) but is a hard error in Rust 2021!
[INFO] [stdout]     = note: for more information, see <https://doc.rust-lang.org/nightly/edition-guide/rust-2021/warnings-promoted-to-error.html>
[INFO] [stdout] 
[INFO] [stdout] 
[INFO] [stdout] warning: use of deprecated macro `try`: use the `?` operator instead
[INFO] [stdout]    --> src/lib.rs:690:24
[INFO] [stdout]     |
[INFO] [stdout] 690 |             let left = try!(self.run_len_dist($len, dist));
[INFO] [stdout]     |                        ^^^
[INFO] [stdout] ...
[INFO] [stdout] 934 |                                 10...11 => len_dist_case!(4),
[INFO] [stdout]     |                                            ----------------- in this macro invocation
[INFO] [stdout]     |
[INFO] [stdout]     = note: this warning originates in the macro `run_len_dist` which comes from the expansion of the macro `len_dist_case` (in Nightly builds, run with -Z macro-backtrace for more info)
[INFO] [stdout] 
[INFO] [stdout] 
[INFO] [stdout] warning: `...` range patterns are deprecated
[INFO] [stdout]    --> src/lib.rs:935:35
[INFO] [stdout]     |
[INFO] [stdout] 935 | ...                   12...13 => len_dist_case!(5),
[INFO] [stdout]     |                         ^^^ help: use `..=` for an inclusive range
[INFO] [stdout]     |
[INFO] [stdout]     = warning: this is accepted in the current edition (Rust 2015) but is a hard error in Rust 2021!
[INFO] [stdout]     = note: for more information, see <https://doc.rust-lang.org/nightly/edition-guide/rust-2021/warnings-promoted-to-error.html>
[INFO] [stdout] 
[INFO] [stdout] 
[INFO] [stdout] warning: use of deprecated macro `try`: use the `?` operator instead
[INFO] [stdout]    --> src/lib.rs:690:24
[INFO] [stdout]     |
[INFO] [stdout] 690 |             let left = try!(self.run_len_dist($len, dist));
[INFO] [stdout]     |                        ^^^
[INFO] [stdout] ...
[INFO] [stdout] 935 |                                 12...13 => len_dist_case!(5),
[INFO] [stdout]     |                                            ----------------- in this macro invocation
[INFO] [stdout]     |
[INFO] [stdout]     = note: this warning originates in the macro `run_len_dist` which comes from the expansion of the macro `len_dist_case` (in Nightly builds, run with -Z macro-backtrace for more info)
[INFO] [stdout] 
[INFO] [stdout] 
[INFO] [stdout] warning: `...` range patterns are deprecated
[INFO] [stdout]    --> src/lib.rs:936:35
[INFO] [stdout]     |
[INFO] [stdout] 936 | ...                   14...15 => len_dist_case!(6),
[INFO] [stdout]     |                         ^^^ help: use `..=` for an inclusive range
[INFO] [stdout]     |
[INFO] [stdout]     = warning: this is accepted in the current edition (Rust 2015) but is a hard error in Rust 2021!
[INFO] [stdout]     = note: for more information, see <https://doc.rust-lang.org/nightly/edition-guide/rust-2021/warnings-promoted-to-error.html>
[INFO] [stdout] 
[INFO] [stdout] 
[INFO] [stdout] warning: use of deprecated macro `try`: use the `?` operator instead
[INFO] [stdout]    --> src/lib.rs:690:24
[INFO] [stdout]     |
[INFO] [stdout] 690 |             let left = try!(self.run_len_dist($len, dist));
[INFO] [stdout]     |                        ^^^
[INFO] [stdout] ...
[INFO] [stdout] 936 |                                 14...15 => len_dist_case!(6),
[INFO] [stdout]     |                                            ----------------- in this macro invocation
[INFO] [stdout]     |
[INFO] [stdout]     = note: this warning originates in the macro `run_len_dist` which comes from the expansion of the macro `len_dist_case` (in Nightly builds, run with -Z macro-backtrace for more info)
[INFO] [stdout] 
[INFO] [stdout] 
[INFO] [stdout] warning: `...` range patterns are deprecated
[INFO] [stdout]    --> src/lib.rs:937:35
[INFO] [stdout]     |
[INFO] [stdout] 937 | ...                   16...17 => len_dist_case!(7),
[INFO] [stdout]     |                         ^^^ help: use `..=` for an inclusive range
[INFO] [stdout]     |
[INFO] [stdout]     = warning: this is accepted in the current edition (Rust 2015) but is a hard error in Rust 2021!
[INFO] [stdout]     = note: for more information, see <https://doc.rust-lang.org/nightly/edition-guide/rust-2021/warnings-promoted-to-error.html>
[INFO] [stdout] 
[INFO] [stdout] 
[INFO] [stdout] warning: use of deprecated macro `try`: use the `?` operator instead
[INFO] [stdout]    --> src/lib.rs:690:24
[INFO] [stdout]     |
[INFO] [stdout] 690 |             let left = try!(self.run_len_dist($len, dist));
[INFO] [stdout]     |                        ^^^
[INFO] [stdout] ...
[INFO] [stdout] 937 |                                 16...17 => len_dist_case!(7),
[INFO] [stdout]     |                                            ----------------- in this macro invocation
[INFO] [stdout]     |
[INFO] [stdout]     = note: this warning originates in the macro `run_len_dist` which comes from the expansion of the macro `len_dist_case` (in Nightly builds, run with -Z macro-backtrace for more info)
[INFO] [stdout] 
[INFO] [stdout] 
[INFO] [stdout] warning: `...` range patterns are deprecated
[INFO] [stdout]    --> src/lib.rs:938:35
[INFO] [stdout]     |
[INFO] [stdout] 938 | ...                   18...19 => len_dist_case!(8),
[INFO] [stdout]     |                         ^^^ help: use `..=` for an inclusive range
[INFO] [stdout]     |
[INFO] [stdout]     = warning: this is accepted in the current edition (Rust 2015) but is a hard error in Rust 2021!
[INFO] [stdout]     = note: for more information, see <https://doc.rust-lang.org/nightly/edition-guide/rust-2021/warnings-promoted-to-error.html>
[INFO] [stdout] 
[INFO] [stdout] 
[INFO] [stdout] warning: use of deprecated macro `try`: use the `?` operator instead
[INFO] [stdout]    --> src/lib.rs:690:24
[INFO] [stdout]     |
[INFO] [stdout] 690 |             let left = try!(self.run_len_dist($len, dist));
[INFO] [stdout]     |                        ^^^
[INFO] [stdout] ...
[INFO] [stdout] 938 |                                 18...19 => len_dist_case!(8),
[INFO] [stdout]     |                                            ----------------- in this macro invocation
[INFO] [stdout]     |
[INFO] [stdout]     = note: this warning originates in the macro `run_len_dist` which comes from the expansion of the macro `len_dist_case` (in Nightly builds, run with -Z macro-backtrace for more info)
[INFO] [stdout] 
[INFO] [stdout] 
[INFO] [stdout] warning: `...` range patterns are deprecated
[INFO] [stdout]    --> src/lib.rs:939:35
[INFO] [stdout]     |
[INFO] [stdout] 939 | ...                   20...21 => len_dist_case!(9),
[INFO] [stdout]     |                         ^^^ help: use `..=` for an inclusive range
[INFO] [stdout]     |
[INFO] [stdout]     = warning: this is accepted in the current edition (Rust 2015) but is a hard error in Rust 2021!
[INFO] [stdout]     = note: for more information, see <https://doc.rust-lang.org/nightly/edition-guide/rust-2021/warnings-promoted-to-error.html>
[INFO] [stdout] 
[INFO] [stdout] 
[INFO] [stdout] warning: use of deprecated macro `try`: use the `?` operator instead
[INFO] [stdout]    --> src/lib.rs:690:24
[INFO] [stdout]     |
[INFO] [stdout] 690 |             let left = try!(self.run_len_dist($len, dist));
[INFO] [stdout]     |                        ^^^
[INFO] [stdout] ...
[INFO] [stdout] 939 |                                 20...21 => len_dist_case!(9),
[INFO] [stdout]     |                                            ----------------- in this macro invocation
[INFO] [stdout]     |
[INFO] [stdout]     = note: this warning originates in the macro `run_len_dist` which comes from the expansion of the macro `len_dist_case` (in Nightly builds, run with -Z macro-backtrace for more info)
[INFO] [stdout] 
[INFO] [stdout] 
[INFO] [stdout] warning: `...` range patterns are deprecated
[INFO] [stdout]    --> src/lib.rs:940:35
[INFO] [stdout]     |
[INFO] [stdout] 940 | ...                   22...23 => len_dist_case!(10),
[INFO] [stdout]     |                         ^^^ help: use `..=` for an inclusive range
[INFO] [stdout]     |
[INFO] [stdout]     = warning: this is accepted in the current edition (Rust 2015) but is a hard error in Rust 2021!
[INFO] [stdout]     = note: for more information, see <https://doc.rust-lang.org/nightly/edition-guide/rust-2021/warnings-promoted-to-error.html>
[INFO] [stdout] 
[INFO] [stdout] 
[INFO] [stdout] warning: use of deprecated macro `try`: use the `?` operator instead
[INFO] [stdout]    --> src/lib.rs:690:24
[INFO] [stdout]     |
[INFO] [stdout] 690 |             let left = try!(self.run_len_dist($len, dist));
[INFO] [stdout]     |                        ^^^
[INFO] [stdout] ...
[INFO] [stdout] 940 |                                 22...23 => len_dist_case!(10),
[INFO] [stdout]     |                                            ------------------ in this macro invocation
[INFO] [stdout]     |
[INFO] [stdout]     = note: this warning originates in the macro `run_len_dist` which comes from the expansion of the macro `len_dist_case` (in Nightly builds, run with -Z macro-backtrace for more info)
[INFO] [stdout] 
[INFO] [stdout] 
[INFO] [stdout] warning: `...` range patterns are deprecated
[INFO] [stdout]    --> src/lib.rs:941:35
[INFO] [stdout]     |
[INFO] [stdout] 941 | ...                   24...25 => len_dist_case!(11),
[INFO] [stdout]     |                         ^^^ help: use `..=` for an inclusive range
[INFO] [stdout]     |
[INFO] [stdout]     = warning: this is accepted in the current edition (Rust 2015) but is a hard error in Rust 2021!
[INFO] [stdout]     = note: for more information, see <https://doc.rust-lang.org/nightly/edition-guide/rust-2021/warnings-promoted-to-error.html>
[INFO] [stdout] 
[INFO] [stdout] 
[INFO] [stdout] warning: use of deprecated macro `try`: use the `?` operator instead
[INFO] [stdout]    --> src/lib.rs:690:24
[INFO] [stdout]     |
[INFO] [stdout] 690 |             let left = try!(self.run_len_dist($len, dist));
[INFO] [stdout]     |                        ^^^
[INFO] [stdout] ...
[INFO] [stdout] 941 |                                 24...25 => len_dist_case!(11),
[INFO] [stdout]     |                                            ------------------ in this macro invocation
[INFO] [stdout]     |
[INFO] [stdout]     = note: this warning originates in the macro `run_len_dist` which comes from the expansion of the macro `len_dist_case` (in Nightly builds, run with -Z macro-backtrace for more info)
[INFO] [stdout] 
[INFO] [stdout] 
[INFO] [stdout] warning: `...` range patterns are deprecated
[INFO] [stdout]    --> src/lib.rs:942:35
[INFO] [stdout]     |
[INFO] [stdout] 942 | ...                   26...27 => len_dist_case!(12),
[INFO] [stdout]     |                         ^^^ help: use `..=` for an inclusive range
[INFO] [stdout]     |
[INFO] [stdout]     = warning: this is accepted in the current edition (Rust 2015) but is a hard error in Rust 2021!
[INFO] [stdout]     = note: for more information, see <https://doc.rust-lang.org/nightly/edition-guide/rust-2021/warnings-promoted-to-error.html>
[INFO] [stdout] 
[INFO] [stdout] 
[INFO] [stdout] warning: use of deprecated macro `try`: use the `?` operator instead
[INFO] [stdout]    --> src/lib.rs:690:24
[INFO] [stdout]     |
[INFO] [stdout] 690 |             let left = try!(self.run_len_dist($len, dist));
[INFO] [stdout]     |                        ^^^
[INFO] [stdout] ...
[INFO] [stdout] 942 |                                 26...27 => len_dist_case!(12),
[INFO] [stdout]     |                                            ------------------ in this macro invocation
[INFO] [stdout]     |
[INFO] [stdout]     = note: this warning originates in the macro `run_len_dist` which comes from the expansion of the macro `len_dist_case` (in Nightly builds, run with -Z macro-backtrace for more info)
[INFO] [stdout] 
[INFO] [stdout] 
[INFO] [stdout] warning: `...` range patterns are deprecated
[INFO] [stdout]    --> src/lib.rs:943:35
[INFO] [stdout]     |
[INFO] [stdout] 943 | ...                   28...29 => len_dist_case!(13),
[INFO] [stdout]     |                         ^^^ help: use `..=` for an inclusive range
[INFO] [stdout]     |
[INFO] [stdout]     = warning: this is accepted in the current edition (Rust 2015) but is a hard error in Rust 2021!
[INFO] [stdout]     = note: for more information, see <https://doc.rust-lang.org/nightly/edition-guide/rust-2021/warnings-promoted-to-error.html>
[INFO] [stdout] 
[INFO] [stdout] 
[INFO] [stdout] warning: use of deprecated macro `try`: use the `?` operator instead
[INFO] [stdout]    --> src/lib.rs:690:24
[INFO] [stdout]     |
[INFO] [stdout] 690 |             let left = try!(self.run_len_dist($len, dist));
[INFO] [stdout]     |                        ^^^
[INFO] [stdout] ...
[INFO] [stdout] 943 |                                 28...29 => len_dist_case!(13),
[INFO] [stdout]     |                                            ------------------ in this macro invocation
[INFO] [stdout]     |
[INFO] [stdout]     = note: this warning originates in the macro `run_len_dist` which comes from the expansion of the macro `len_dist_case` (in Nightly builds, run with -Z macro-backtrace for more info)
[INFO] [stdout] 
[INFO] [stdout] 
[INFO] [stdout] warning: use of deprecated macro `try`: use the `?` operator instead
[INFO] [stdout]    --> src/lib.rs:690:24
[INFO] [stdout]     |
[INFO] [stdout] 690 |             let left = try!(self.run_len_dist($len, dist));
[INFO] [stdout]     |                        ^^^
[INFO] [stdout] ...
[INFO] [stdout] 951 |                 run_len_dist!(len, dist => (0, next, state));
[INFO] [stdout]     |                 -------------------------------------------- in this macro invocation
[INFO] [stdout]     |
[INFO] [stdout]     = note: this warning originates in the macro `run_len_dist` (in Nightly builds, run with -Z macro-backtrace for more info)
[INFO] [stdout] 
[INFO] [stdout] 
[INFO] [stdout] warning: use of deprecated macro `try`: use the `?` operator instead
[INFO] [stdout]     --> src/lib.rs:1027:13
[INFO] [stdout]      |
[INFO] [stdout] 1027 |             try!(self.checksum.check(c));
[INFO] [stdout]      |             ^^^
[INFO] [stdout] 
[INFO] [stdout] 
[INFO] [stderr]     Finished `dev` profile [unoptimized + debuginfo] target(s) in 0.34s
[INFO] running `Command { std: "docker" "inspect" "373ccb1a0ee17b7e0774be0b7e5e1d8d0e8cb1ecc82f45fa259a37a5377b6e18", kill_on_drop: false }`
[INFO] running `Command { std: "docker" "rm" "-f" "373ccb1a0ee17b7e0774be0b7e5e1d8d0e8cb1ecc82f45fa259a37a5377b6e18", kill_on_drop: false }`
[INFO] [stdout] 373ccb1a0ee17b7e0774be0b7e5e1d8d0e8cb1ecc82f45fa259a37a5377b6e18
[INFO] running `Command { std: "docker" "create" "-v" "/var/lib/crater-agent-workspace/builds/worker-7-tc1/target:/opt/rustwide/target:rw,Z" "-v" "/var/lib/crater-agent-workspace/builds/worker-7-tc1/source:/opt/rustwide/workdir:ro,Z" "-v" "/var/lib/crater-agent-workspace/cargo-home:/opt/rustwide/cargo-home:ro,Z" "-v" "/var/lib/crater-agent-workspace/rustup-home:/opt/rustwide/rustup-home:ro,Z" "-e" "SOURCE_DIR=/opt/rustwide/workdir" "-e" "CARGO_TARGET_DIR=/opt/rustwide/target" "-e" "CARGO_INCREMENTAL=0" "-e" "RUST_BACKTRACE=full" "-e" "RUSTFLAGS=--cap-lints=warn" "-e" "RUSTDOCFLAGS=--cap-lints=warn" "-e" "CARGO_HOME=/opt/rustwide/cargo-home" "-e" "RUSTUP_HOME=/opt/rustwide/rustup-home" "-w" "/opt/rustwide/workdir" "-m" "1610612736" "--user" "0:0" "--network" "none" "ghcr.io/rust-lang/crates-build-env/linux@sha256:f3a9d4ad9d972b27faf3965f35b62e55ba32bbce8f20bc8fe909558a86702fde" "/opt/rustwide/cargo-home/bin/cargo" "+1.83.0" "test" "--frozen" "--no-run" "--message-format=json", kill_on_drop: false }`
[INFO] [stdout] b1d56dfd1c68ff5051882c0ac54e33ad491e284a679a7e458511e09289d65df5
[INFO] running `Command { std: "docker" "start" "-a" "b1d56dfd1c68ff5051882c0ac54e33ad491e284a679a7e458511e09289d65df5", kill_on_drop: false }`
[INFO] [stderr] warning: no edition set: defaulting to the 2015 edition while the latest is 2021
[INFO] [stdout] warning: unexpected `cfg` condition name: `debug`
[INFO] [stdout]    --> src/lib.rs:183:7
[INFO] [stdout]     |
[INFO] [stdout] 183 | #[cfg(debug)]
[INFO] [stdout]     |       ^^^^^
[INFO] [stdout]     |
[INFO] [stdout]     = help: expected names are: `clippy`, `debug_assertions`, `doc`, `docsrs`, `doctest`, `feature`, `fmt_debug`, `miri`, `overflow_checks`, `panic`, `proc_macro`, `relocation_model`, `rustfmt`, `sanitize`, `sanitizer_cfi_generalize_pointers`, `sanitizer_cfi_normalize_integers`, `target_abi`, `target_arch`, `target_endian`, `target_env`, `target_family`, `target_feature`, `target_has_atomic`, `target_has_atomic_equal_alignment`, `target_has_atomic_load_store`, `target_os`, `target_pointer_width`, `target_thread_local`, `target_vendor`, `test`, `ub_checks`, `unix`, and `windows`
[INFO] [stdout]     = help: consider using a Cargo feature instead
[INFO] [stdout]     = help: or consider adding in `Cargo.toml` the `check-cfg` lint config for the lint:
[INFO] [stdout]              [lints.rust]
[INFO] [stdout]              unexpected_cfgs = { level = "warn", check-cfg = ['cfg(debug)'] }
[INFO] [stdout]     = help: or consider adding `println!("cargo::rustc-check-cfg=cfg(debug)");` to the top of the `build.rs`
[INFO] [stdout]     = note: see <https://doc.rust-lang.org/nightly/rustc/check-cfg/cargo-specifics.html> for more information about checking conditional configuration
[INFO] [stdout]     = note: `#[warn(unexpected_cfgs)]` on by default
[INFO] [stdout] 
[INFO] [stdout] 
[INFO] [stdout] warning: unexpected `cfg` condition name: `debug`
[INFO] [stdout]    --> src/lib.rs:185:11
[INFO] [stdout]     |
[INFO] [stdout] 185 | #[cfg(not(debug))]
[INFO] [stdout]     |           ^^^^^
[INFO] [stdout]     |
[INFO] [stdout]     = help: consider using a Cargo feature instead
[INFO] [stdout]     = help: or consider adding in `Cargo.toml` the `check-cfg` lint config for the lint:
[INFO] [stdout]              [lints.rust]
[INFO] [stdout]              unexpected_cfgs = { level = "warn", check-cfg = ['cfg(debug)'] }
[INFO] [stdout]     = help: or consider adding `println!("cargo::rustc-check-cfg=cfg(debug)");` to the top of the `build.rs`
[INFO] [stdout]     = note: see <https://doc.rust-lang.org/nightly/rustc/check-cfg/cargo-specifics.html> for more information about checking conditional configuration
[INFO] [stdout] 
[INFO] [stdout] 
[INFO] [stdout] warning: use of deprecated macro `try`: use the `?` operator instead
[INFO] [stdout]   --> src/writer.rs:37:9
[INFO] [stdout]    |
[INFO] [stdout] 37 |         try!(self.flush());
[INFO] [stdout]    |         ^^^
[INFO] [stdout]    |
[INFO] [stdout]    = note: `#[warn(deprecated)]` on by default
[INFO] [stdout] 
[INFO] [stdout] 
[INFO] [stdout] warning: use of deprecated macro `try`: use the `?` operator instead
[INFO] [stdout]   --> src/writer.rs:54:13
[INFO] [stdout]    |
[INFO] [stdout] 54 |             try!(self.writer.write(result));
[INFO] [stdout]    |             ^^^
[INFO] [stdout] 
[INFO] [stdout] 
[INFO] [stdout] warning: use of deprecated macro `try`: use the `?` operator instead
[INFO] [stdout]   --> src/writer.rs:52:44
[INFO] [stdout]    |
[INFO] [stdout] 52 |             let (num_bytes_read, result) = try!(update(&mut self.inflater, &buf[n..]));
[INFO] [stdout]    |                                            ^^^
[INFO] [stdout] 
[INFO] [stdout] 
[INFO] [stdout] warning: use of deprecated macro `try`: use the `?` operator instead
[INFO] [stdout]   --> src/writer.rs:61:9
[INFO] [stdout]    |
[INFO] [stdout] 61 |         try!(self.writer.write(result));
[INFO] [stdout]    |         ^^^
[INFO] [stdout] 
[INFO] [stdout] 
[INFO] [stdout] warning: use of deprecated macro `try`: use the `?` operator instead
[INFO] [stdout]   --> src/writer.rs:60:27
[INFO] [stdout]    |
[INFO] [stdout] 60 |         let (_, result) = try!(update(&mut self.inflater, &[]));
[INFO] [stdout]    |                           ^^^
[INFO] [stdout] 
[INFO] [stdout] 
[INFO] [stdout] warning: use of deprecated macro `try`: use the `?` operator instead
[INFO] [stdout]   --> src/utils.rs:20:39
[INFO] [stdout]    |
[INFO] [stdout] 20 |         let (num_bytes_read, bytes) = try!(inflater.update(&data[n..]));
[INFO] [stdout]    |                                       ^^^
[INFO] [stdout] 
[INFO] [stdout] 
[INFO] [stdout] warning: use of deprecated macro `try`: use the `?` operator instead
[INFO] [stdout]    --> src/reader.rs:180:25
[INFO] [stdout]     |
[INFO] [stdout] 180 |             let input = try!(self.reader.fill_buf());
[INFO] [stdout]     |                         ^^^
[INFO] [stdout] 
[INFO] [stdout] 
[INFO] [stdout] warning: use of deprecated macro `try`: use the `?` operator instead
[INFO] [stdout]    --> src/lib.rs:289:16
[INFO] [stdout]     |
[INFO] [stdout] 289 |           code = try!(
[INFO] [stdout]     |                  ^^^
[INFO] [stdout] ...
[INFO] [stdout] 327 | /         with_codes!(clens, 7 => u8, |i: u8, code: u8, bits| -> _ {
[INFO] [stdout] 328 | |             /*let base = match BIT_REV_U8.get((code << (8 - bits)) as usize) {
[INFO] [stdout] 329 | |                 Some(&base) => base,
[INFO] [stdout] 330 | |                 None => return Err("invalid length code".to_owned())
[INFO] [stdout] ...   |
[INFO] [stdout] 336 | |             Ok(())
[INFO] [stdout] 337 | |         });
[INFO] [stdout]     | |__________- in this macro invocation
[INFO] [stdout]     |
[INFO] [stdout]     = note: this warning originates in the macro `with_codes` (in Nightly builds, run with -Z macro-backtrace for more info)
[INFO] [stdout] 
[INFO] [stdout] 
[INFO] [stdout] warning: use of deprecated macro `try`: use the `?` operator instead
[INFO] [stdout]    --> src/lib.rs:302:28
[INFO] [stdout]     |
[INFO] [stdout] 302 |               let new_code = try!(
[INFO] [stdout]     |                              ^^^
[INFO] [stdout] ...
[INFO] [stdout] 327 | /         with_codes!(clens, 7 => u8, |i: u8, code: u8, bits| -> _ {
[INFO] [stdout] 328 | |             /*let base = match BIT_REV_U8.get((code << (8 - bits)) as usize) {
[INFO] [stdout] 329 | |                 Some(&base) => base,
[INFO] [stdout] 330 | |                 None => return Err("invalid length code".to_owned())
[INFO] [stdout] ...   |
[INFO] [stdout] 336 | |             Ok(())
[INFO] [stdout] 337 | |         });
[INFO] [stdout]     | |__________- in this macro invocation
[INFO] [stdout]     |
[INFO] [stdout]     = note: this warning originates in the macro `with_codes` (in Nightly builds, run with -Z macro-backtrace for more info)
[INFO] [stdout] 
[INFO] [stdout] 
[INFO] [stdout] warning: `...` range patterns are deprecated
[INFO] [stdout]    --> src/lib.rs:368:18
[INFO] [stdout]     |
[INFO] [stdout] 368 |                 0...15 => self.result.push(code),
[INFO] [stdout]     |                  ^^^ help: use `..=` for an inclusive range
[INFO] [stdout]     |
[INFO] [stdout]     = warning: this is accepted in the current edition (Rust 2015) but is a hard error in Rust 2021!
[INFO] [stdout]     = note: for more information, see <https://doc.rust-lang.org/nightly/edition-guide/rust-2021/warnings-promoted-to-error.html>
[INFO] [stdout]     = note: `#[warn(ellipsis_inclusive_range_patterns)]` on by default
[INFO] [stdout] 
[INFO] [stdout] 
[INFO] [stdout] warning: use of deprecated macro `try`: use the `?` operator instead
[INFO] [stdout]    --> src/lib.rs:397:19
[INFO] [stdout]     |
[INFO] [stdout] 397 |         let lit = try!(DynHuffman16::new(&self.result[..num_lit]));
[INFO] [stdout]     |                   ^^^
[INFO] [stdout] 
[INFO] [stdout] 
[INFO] [stdout] warning: use of deprecated macro `try`: use the `?` operator instead
[INFO] [stdout]    --> src/lib.rs:398:20
[INFO] [stdout]     |
[INFO] [stdout] 398 |         let dist = try!(DynHuffman16::new(&self.result[num_lit..]));
[INFO] [stdout]     |                    ^^^
[INFO] [stdout] 
[INFO] [stdout] 
[INFO] [stdout] warning: use of deprecated macro `try`: use the `?` operator instead
[INFO] [stdout]    --> src/lib.rs:289:16
[INFO] [stdout]     |
[INFO] [stdout] 289 |           code = try!(
[INFO] [stdout]     |                  ^^^
[INFO] [stdout] ...
[INFO] [stdout] 419 | /         with_codes!(clens, 15 => u16, |i: u16, code: u16, bits: u8| -> _ {
[INFO] [stdout] 420 | |             let entry = i | ((bits as u16) << 12);
[INFO] [stdout] 421 | |             if bits <= 8 {
[INFO] [stdout] 422 | |                 let base = match BIT_REV_U8.get((code << (8 - bits)) as usize) {
[INFO] [stdout] ...   |
[INFO] [stdout] 471 | |             Ok(())
[INFO] [stdout] 472 | |         });
[INFO] [stdout]     | |__________- in this macro invocation
[INFO] [stdout]     |
[INFO] [stdout]     = note: this warning originates in the macro `with_codes` (in Nightly builds, run with -Z macro-backtrace for more info)
[INFO] [stdout] 
[INFO] [stdout] 
[INFO] [stdout] warning: use of deprecated macro `try`: use the `?` operator instead
[INFO] [stdout]    --> src/lib.rs:302:28
[INFO] [stdout]     |
[INFO] [stdout] 302 |               let new_code = try!(
[INFO] [stdout]     |                              ^^^
[INFO] [stdout] ...
[INFO] [stdout] 419 | /         with_codes!(clens, 15 => u16, |i: u16, code: u16, bits: u8| -> _ {
[INFO] [stdout] 420 | |             let entry = i | ((bits as u16) << 12);
[INFO] [stdout] 421 | |             if bits <= 8 {
[INFO] [stdout] 422 | |                 let base = match BIT_REV_U8.get((code << (8 - bits)) as usize) {
[INFO] [stdout] ...   |
[INFO] [stdout] 471 | |             Ok(())
[INFO] [stdout] 472 | |         });
[INFO] [stdout]     | |__________- in this macro invocation
[INFO] [stdout]     |
[INFO] [stdout]     = note: this warning originates in the macro `with_codes` (in Nightly builds, run with -Z macro-backtrace for more info)
[INFO] [stdout] 
[INFO] [stdout] 
[INFO] [stdout] warning: use of deprecated macro `try`: use the `?` operator instead
[INFO] [stdout]    --> src/lib.rs:855:53
[INFO] [stdout]     |
[INFO] [stdout] 855 | ...                   ok!(BlockDynCodeLengths(try!(CodeLengthReader::new(clens, hlit as u16 + 256, hdist))))
[INFO] [stdout]     |                                               ^^^
[INFO] [stdout] 
[INFO] [stdout] 
[INFO] [stdout] warning: use of deprecated macro `try`: use the `?` operator instead
[INFO] [stdout]    --> src/lib.rs:859:40
[INFO] [stdout]     |
[INFO] [stdout] 859 |                         let finished = try!(reader.read(&mut stream));
[INFO] [stdout]     |                                        ^^^
[INFO] [stdout] 
[INFO] [stdout] 
[INFO] [stdout] warning: use of deprecated macro `try`: use the `?` operator instead
[INFO] [stdout]    --> src/lib.rs:861:47
[INFO] [stdout]     |
[INFO] [stdout] 861 | ...                   let (lit, dist) = try!(reader.to_lit_and_dist());
[INFO] [stdout]     |                                         ^^^
[INFO] [stdout] 
[INFO] [stdout] 
[INFO] [stdout] warning: use of deprecated macro `try`: use the `?` operator instead
[INFO] [stdout]    --> src/lib.rs:875:60
[INFO] [stdout]     |
[INFO] [stdout] 875 | ...                   let (save, code16) = match try!(huff_lit_len.read(&mut stream)) {
[INFO] [stdout]     |                                                  ^^^
[INFO] [stdout] 
[INFO] [stdout] 
[INFO] [stdout] warning: `...` range patterns are deprecated
[INFO] [stdout]    --> src/lib.rs:882:38
[INFO] [stdout]     |
[INFO] [stdout] 882 | ...                   0...255 => {
[INFO] [stdout]     |                        ^^^ help: use `..=` for an inclusive range
[INFO] [stdout]     |
[INFO] [stdout]     = warning: this is accepted in the current edition (Rust 2015) but is a hard error in Rust 2021!
[INFO] [stdout]     = note: for more information, see <https://doc.rust-lang.org/nightly/edition-guide/rust-2021/warnings-promoted-to-error.html>
[INFO] [stdout] 
[INFO] [stdout] 
[INFO] [stdout] warning: `...` range patterns are deprecated
[INFO] [stdout]    --> src/lib.rs:886:40
[INFO] [stdout]     |
[INFO] [stdout] 886 | ...                   256...285 => {}
[INFO] [stdout]     |                          ^^^ help: use `..=` for an inclusive range
[INFO] [stdout]     |
[INFO] [stdout]     = warning: this is accepted in the current edition (Rust 2015) but is a hard error in Rust 2021!
[INFO] [stdout]     = note: for more information, see <https://doc.rust-lang.org/nightly/edition-guide/rust-2021/warnings-promoted-to-error.html>
[INFO] [stdout] 
[INFO] [stdout] 
[INFO] [stdout] warning: `...` range patterns are deprecated
[INFO] [stdout]    --> src/lib.rs:910:38
[INFO] [stdout]     |
[INFO] [stdout] 910 | ...                   1...8 => len!(code, 0),
[INFO] [stdout]     |                        ^^^ help: use `..=` for an inclusive range
[INFO] [stdout]     |
[INFO] [stdout]     = warning: this is accepted in the current edition (Rust 2015) but is a hard error in Rust 2021!
[INFO] [stdout]     = note: for more information, see <https://doc.rust-lang.org/nightly/edition-guide/rust-2021/warnings-promoted-to-error.html>
[INFO] [stdout] 
[INFO] [stdout] 
[INFO] [stdout] warning: `...` range patterns are deprecated
[INFO] [stdout]    --> src/lib.rs:911:38
[INFO] [stdout]     |
[INFO] [stdout] 911 | ...                   9...12 => len!(code, 1),
[INFO] [stdout]     |                        ^^^ help: use `..=` for an inclusive range
[INFO] [stdout]     |
[INFO] [stdout]     = warning: this is accepted in the current edition (Rust 2015) but is a hard error in Rust 2021!
[INFO] [stdout]     = note: for more information, see <https://doc.rust-lang.org/nightly/edition-guide/rust-2021/warnings-promoted-to-error.html>
[INFO] [stdout] 
[INFO] [stdout] 
[INFO] [stdout] warning: `...` range patterns are deprecated
[INFO] [stdout]    --> src/lib.rs:912:39
[INFO] [stdout]     |
[INFO] [stdout] 912 | ...                   13...16 => len!(code, 2),
[INFO] [stdout]     |                         ^^^ help: use `..=` for an inclusive range
[INFO] [stdout]     |
[INFO] [stdout]     = warning: this is accepted in the current edition (Rust 2015) but is a hard error in Rust 2021!
[INFO] [stdout]     = note: for more information, see <https://doc.rust-lang.org/nightly/edition-guide/rust-2021/warnings-promoted-to-error.html>
[INFO] [stdout] 
[INFO] [stdout] 
[INFO] [stdout] warning: `...` range patterns are deprecated
[INFO] [stdout]    --> src/lib.rs:913:39
[INFO] [stdout]     |
[INFO] [stdout] 913 | ...                   17...20 => len!(code, 3),
[INFO] [stdout]     |                         ^^^ help: use `..=` for an inclusive range
[INFO] [stdout]     |
[INFO] [stdout]     = warning: this is accepted in the current edition (Rust 2015) but is a hard error in Rust 2021!
[INFO] [stdout]     = note: for more information, see <https://doc.rust-lang.org/nightly/edition-guide/rust-2021/warnings-promoted-to-error.html>
[INFO] [stdout] 
[INFO] [stdout] 
[INFO] [stdout] warning: `...` range patterns are deprecated
[INFO] [stdout]    --> src/lib.rs:914:39
[INFO] [stdout]     |
[INFO] [stdout] 914 | ...                   21...24 => len!(code, 4),
[INFO] [stdout]     |                         ^^^ help: use `..=` for an inclusive range
[INFO] [stdout]     |
[INFO] [stdout]     = warning: this is accepted in the current edition (Rust 2015) but is a hard error in Rust 2021!
[INFO] [stdout]     = note: for more information, see <https://doc.rust-lang.org/nightly/edition-guide/rust-2021/warnings-promoted-to-error.html>
[INFO] [stdout] 
[INFO] [stdout] 
[INFO] [stdout] warning: `...` range patterns are deprecated
[INFO] [stdout]    --> src/lib.rs:915:39
[INFO] [stdout]     |
[INFO] [stdout] 915 | ...                   25...28 => len!(code, 5),
[INFO] [stdout]     |                         ^^^ help: use `..=` for an inclusive range
[INFO] [stdout]     |
[INFO] [stdout]     = warning: this is accepted in the current edition (Rust 2015) but is a hard error in Rust 2021!
[INFO] [stdout]     = note: for more information, see <https://doc.rust-lang.org/nightly/edition-guide/rust-2021/warnings-promoted-to-error.html>
[INFO] [stdout] 
[INFO] [stdout] 
[INFO] [stdout] warning: use of deprecated macro `try`: use the `?` operator instead
[INFO] [stdout]    --> src/lib.rs:921:59
[INFO] [stdout]     |
[INFO] [stdout] 921 | ...                   let (save, dist_code) = match try!(huff_dist.read(&mut stream)) {
[INFO] [stdout]     |                                                     ^^^
[INFO] [stdout] 
[INFO] [stdout] 
[INFO] [stdout] warning: `...` range patterns are deprecated
[INFO] [stdout]    --> src/lib.rs:930:34
[INFO] [stdout]     |
[INFO] [stdout] 930 | ...                   0...3 => len_dist_case!(0),
[INFO] [stdout]     |                        ^^^ help: use `..=` for an inclusive range
[INFO] [stdout]     |
[INFO] [stdout]     = warning: this is accepted in the current edition (Rust 2015) but is a hard error in Rust 2021!
[INFO] [stdout]     = note: for more information, see <https://doc.rust-lang.org/nightly/edition-guide/rust-2021/warnings-promoted-to-error.html>
[INFO] [stdout] 
[INFO] [stdout] 
[INFO] [stdout] warning: use of deprecated macro `try`: use the `?` operator instead
[INFO] [stdout]    --> src/lib.rs:690:24
[INFO] [stdout]     |
[INFO] [stdout] 690 |             let left = try!(self.run_len_dist($len, dist));
[INFO] [stdout]     |                        ^^^
[INFO] [stdout] ...
[INFO] [stdout] 930 |                                 0...3 => len_dist_case!(0),
[INFO] [stdout]     |                                          ----------------- in this macro invocation
[INFO] [stdout]     |
[INFO] [stdout]     = note: this warning originates in the macro `run_len_dist` which comes from the expansion of the macro `len_dist_case` (in Nightly builds, run with -Z macro-backtrace for more info)
[INFO] [stdout] 
[INFO] [stdout] 
[INFO] [stdout] warning: `...` range patterns are deprecated
[INFO] [stdout]    --> src/lib.rs:931:34
[INFO] [stdout]     |
[INFO] [stdout] 931 | ...                   4...5 => len_dist_case!(1),
[INFO] [stdout]     |                        ^^^ help: use `..=` for an inclusive range
[INFO] [stdout]     |
[INFO] [stdout]     = warning: this is accepted in the current edition (Rust 2015) but is a hard error in Rust 2021!
[INFO] [stdout]     = note: for more information, see <https://doc.rust-lang.org/nightly/edition-guide/rust-2021/warnings-promoted-to-error.html>
[INFO] [stdout] 
[INFO] [stdout] 
[INFO] [stdout] warning: use of deprecated macro `try`: use the `?` operator instead
[INFO] [stdout]    --> src/lib.rs:690:24
[INFO] [stdout]     |
[INFO] [stdout] 690 |             let left = try!(self.run_len_dist($len, dist));
[INFO] [stdout]     |                        ^^^
[INFO] [stdout] ...
[INFO] [stdout] 931 |                                 4...5 => len_dist_case!(1),
[INFO] [stdout]     |                                          ----------------- in this macro invocation
[INFO] [stdout]     |
[INFO] [stdout]     = note: this warning originates in the macro `run_len_dist` which comes from the expansion of the macro `len_dist_case` (in Nightly builds, run with -Z macro-backtrace for more info)
[INFO] [stdout] 
[INFO] [stdout] 
[INFO] [stdout] warning: `...` range patterns are deprecated
[INFO] [stdout]    --> src/lib.rs:932:34
[INFO] [stdout]     |
[INFO] [stdout] 932 | ...                   6...7 => len_dist_case!(2),
[INFO] [stdout]     |                        ^^^ help: use `..=` for an inclusive range
[INFO] [stdout]     |
[INFO] [stdout]     = warning: this is accepted in the current edition (Rust 2015) but is a hard error in Rust 2021!
[INFO] [stdout]     = note: for more information, see <https://doc.rust-lang.org/nightly/edition-guide/rust-2021/warnings-promoted-to-error.html>
[INFO] [stdout] 
[INFO] [stdout] 
[INFO] [stdout] warning: use of deprecated macro `try`: use the `?` operator instead
[INFO] [stdout]    --> src/lib.rs:690:24
[INFO] [stdout]     |
[INFO] [stdout] 690 |             let left = try!(self.run_len_dist($len, dist));
[INFO] [stdout]     |                        ^^^
[INFO] [stdout] ...
[INFO] [stdout] 932 |                                 6...7 => len_dist_case!(2),
[INFO] [stdout]     |                                          ----------------- in this macro invocation
[INFO] [stdout]     |
[INFO] [stdout]     = note: this warning originates in the macro `run_len_dist` which comes from the expansion of the macro `len_dist_case` (in Nightly builds, run with -Z macro-backtrace for more info)
[INFO] [stdout] 
[INFO] [stdout] 
[INFO] [stdout] warning: `...` range patterns are deprecated
[INFO] [stdout]    --> src/lib.rs:933:34
[INFO] [stdout]     |
[INFO] [stdout] 933 | ...                   8...9 => len_dist_case!(3),
[INFO] [stdout]     |                        ^^^ help: use `..=` for an inclusive range
[INFO] [stdout]     |
[INFO] [stdout]     = warning: this is accepted in the current edition (Rust 2015) but is a hard error in Rust 2021!
[INFO] [stdout]     = note: for more information, see <https://doc.rust-lang.org/nightly/edition-guide/rust-2021/warnings-promoted-to-error.html>
[INFO] [stdout] 
[INFO] [stdout] 
[INFO] [stdout] warning: use of deprecated macro `try`: use the `?` operator instead
[INFO] [stdout]    --> src/lib.rs:690:24
[INFO] [stdout]     |
[INFO] [stdout] 690 |             let left = try!(self.run_len_dist($len, dist));
[INFO] [stdout]     |                        ^^^
[INFO] [stdout] ...
[INFO] [stdout] 933 |                                 8...9 => len_dist_case!(3),
[INFO] [stdout]     |                                          ----------------- in this macro invocation
[INFO] [stdout]     |
[INFO] [stdout]     = note: this warning originates in the macro `run_len_dist` which comes from the expansion of the macro `len_dist_case` (in Nightly builds, run with -Z macro-backtrace for more info)
[INFO] [stdout] 
[INFO] [stdout] 
[INFO] [stdout] warning: `...` range patterns are deprecated
[INFO] [stdout]    --> src/lib.rs:934:35
[INFO] [stdout]     |
[INFO] [stdout] 934 | ...                   10...11 => len_dist_case!(4),
[INFO] [stdout]     |                         ^^^ help: use `..=` for an inclusive range
[INFO] [stdout]     |
[INFO] [stdout]     = warning: this is accepted in the current edition (Rust 2015) but is a hard error in Rust 2021!
[INFO] [stdout]     = note: for more information, see <https://doc.rust-lang.org/nightly/edition-guide/rust-2021/warnings-promoted-to-error.html>
[INFO] [stdout] 
[INFO] [stdout] 
[INFO] [stdout] warning: use of deprecated macro `try`: use the `?` operator instead
[INFO] [stdout]    --> src/lib.rs:690:24
[INFO] [stdout]     |
[INFO] [stdout] 690 |             let left = try!(self.run_len_dist($len, dist));
[INFO] [stdout]     |                        ^^^
[INFO] [stdout] ...
[INFO] [stdout] 934 |                                 10...11 => len_dist_case!(4),
[INFO] [stdout]     |                                            ----------------- in this macro invocation
[INFO] [stdout]     |
[INFO] [stdout]     = note: this warning originates in the macro `run_len_dist` which comes from the expansion of the macro `len_dist_case` (in Nightly builds, run with -Z macro-backtrace for more info)
[INFO] [stdout] 
[INFO] [stdout] 
[INFO] [stdout] warning: `...` range patterns are deprecated
[INFO] [stdout]    --> src/lib.rs:935:35
[INFO] [stdout]     |
[INFO] [stdout] 935 | ...                   12...13 => len_dist_case!(5),
[INFO] [stdout]     |                         ^^^ help: use `..=` for an inclusive range
[INFO] [stdout]     |
[INFO] [stdout]     = warning: this is accepted in the current edition (Rust 2015) but is a hard error in Rust 2021!
[INFO] [stdout]     = note: for more information, see <https://doc.rust-lang.org/nightly/edition-guide/rust-2021/warnings-promoted-to-error.html>
[INFO] [stdout] 
[INFO] [stdout] 
[INFO] [stdout] warning: use of deprecated macro `try`: use the `?` operator instead
[INFO] [stdout]    --> src/lib.rs:690:24
[INFO] [stdout]     |
[INFO] [stdout] 690 |             let left = try!(self.run_len_dist($len, dist));
[INFO] [stdout]     |                        ^^^
[INFO] [stdout] ...
[INFO] [stdout] 935 |                                 12...13 => len_dist_case!(5),
[INFO] [stdout]     |                                            ----------------- in this macro invocation
[INFO] [stdout]     |
[INFO] [stdout]     = note: this warning originates in the macro `run_len_dist` which comes from the expansion of the macro `len_dist_case` (in Nightly builds, run with -Z macro-backtrace for more info)
[INFO] [stdout] 
[INFO] [stdout] 
[INFO] [stdout] warning: `...` range patterns are deprecated
[INFO] [stdout]    --> src/lib.rs:936:35
[INFO] [stdout]     |
[INFO] [stdout] 936 | ...                   14...15 => len_dist_case!(6),
[INFO] [stdout]     |                         ^^^ help: use `..=` for an inclusive range
[INFO] [stdout]     |
[INFO] [stdout]     = warning: this is accepted in the current edition (Rust 2015) but is a hard error in Rust 2021!
[INFO] [stdout]     = note: for more information, see <https://doc.rust-lang.org/nightly/edition-guide/rust-2021/warnings-promoted-to-error.html>
[INFO] [stdout] 
[INFO] [stdout] 
[INFO] [stdout] warning: use of deprecated macro `try`: use the `?` operator instead
[INFO] [stdout]    --> src/lib.rs:690:24
[INFO] [stdout]     |
[INFO] [stdout] 690 |             let left = try!(self.run_len_dist($len, dist));
[INFO] [stdout]     |                        ^^^
[INFO] [stdout] ...
[INFO] [stdout] 936 |                                 14...15 => len_dist_case!(6),
[INFO] [stdout]     |                                            ----------------- in this macro invocation
[INFO] [stdout]     |
[INFO] [stdout]     = note: this warning originates in the macro `run_len_dist` which comes from the expansion of the macro `len_dist_case` (in Nightly builds, run with -Z macro-backtrace for more info)
[INFO] [stdout] 
[INFO] [stdout] 
[INFO] [stdout] warning: `...` range patterns are deprecated
[INFO] [stdout]    --> src/lib.rs:937:35
[INFO] [stdout]     |
[INFO] [stdout] 937 | ...                   16...17 => len_dist_case!(7),
[INFO] [stdout]     |                         ^^^ help: use `..=` for an inclusive range
[INFO] [stdout]     |
[INFO] [stdout]     = warning: this is accepted in the current edition (Rust 2015) but is a hard error in Rust 2021!
[INFO] [stdout]     = note: for more information, see <https://doc.rust-lang.org/nightly/edition-guide/rust-2021/warnings-promoted-to-error.html>
[INFO] [stdout] 
[INFO] [stdout] 
[INFO] [stdout] warning: use of deprecated macro `try`: use the `?` operator instead
[INFO] [stdout]    --> src/lib.rs:690:24
[INFO] [stdout]     |
[INFO] [stdout] 690 |             let left = try!(self.run_len_dist($len, dist));
[INFO] [stdout]     |                        ^^^
[INFO] [stdout] ...
[INFO] [stdout] 937 |                                 16...17 => len_dist_case!(7),
[INFO] [stdout]     |                                            ----------------- in this macro invocation
[INFO] [stdout]     |
[INFO] [stdout]     = note: this warning originates in the macro `run_len_dist` which comes from the expansion of the macro `len_dist_case` (in Nightly builds, run with -Z macro-backtrace for more info)
[INFO] [stdout] 
[INFO] [stdout] 
[INFO] [stdout] warning: `...` range patterns are deprecated
[INFO] [stdout]    --> src/lib.rs:938:35
[INFO] [stdout]     |
[INFO] [stdout] 938 | ...                   18...19 => len_dist_case!(8),
[INFO] [stdout]     |                         ^^^ help: use `..=` for an inclusive range
[INFO] [stdout]     |
[INFO] [stdout]     = warning: this is accepted in the current edition (Rust 2015) but is a hard error in Rust 2021!
[INFO] [stdout]     = note: for more information, see <https://doc.rust-lang.org/nightly/edition-guide/rust-2021/warnings-promoted-to-error.html>
[INFO] [stdout] 
[INFO] [stdout] 
[INFO] [stdout] warning: use of deprecated macro `try`: use the `?` operator instead
[INFO] [stdout]    --> src/lib.rs:690:24
[INFO] [stdout]     |
[INFO] [stdout] 690 |             let left = try!(self.run_len_dist($len, dist));
[INFO] [stdout]     |                        ^^^
[INFO] [stdout] ...
[INFO] [stdout] 938 |                                 18...19 => len_dist_case!(8),
[INFO] [stdout]     |                                            ----------------- in this macro invocation
[INFO] [stdout]     |
[INFO] [stdout]     = note: this warning originates in the macro `run_len_dist` which comes from the expansion of the macro `len_dist_case` (in Nightly builds, run with -Z macro-backtrace for more info)
[INFO] [stdout] 
[INFO] [stdout] 
[INFO] [stdout] warning: `...` range patterns are deprecated
[INFO] [stdout]    --> src/lib.rs:939:35
[INFO] [stdout]     |
[INFO] [stdout] 939 | ...                   20...21 => len_dist_case!(9),
[INFO] [stdout]     |                         ^^^ help: use `..=` for an inclusive range
[INFO] [stdout]     |
[INFO] [stdout]     = warning: this is accepted in the current edition (Rust 2015) but is a hard error in Rust 2021!
[INFO] [stdout]     = note: for more information, see <https://doc.rust-lang.org/nightly/edition-guide/rust-2021/warnings-promoted-to-error.html>
[INFO] [stdout] 
[INFO] [stdout] 
[INFO] [stdout] warning: use of deprecated macro `try`: use the `?` operator instead
[INFO] [stdout]    --> src/lib.rs:690:24
[INFO] [stdout]     |
[INFO] [stdout] 690 |             let left = try!(self.run_len_dist($len, dist));
[INFO] [stdout]     |                        ^^^
[INFO] [stdout] ...
[INFO] [stdout] 939 |                                 20...21 => len_dist_case!(9),
[INFO] [stdout]     |                                            ----------------- in this macro invocation
[INFO] [stdout]     |
[INFO] [stdout]     = note: this warning originates in the macro `run_len_dist` which comes from the expansion of the macro `len_dist_case` (in Nightly builds, run with -Z macro-backtrace for more info)
[INFO] [stdout] 
[INFO] [stdout] 
[INFO] [stdout] warning: `...` range patterns are deprecated
[INFO] [stdout]    --> src/lib.rs:940:35
[INFO] [stdout]     |
[INFO] [stdout] 940 | ...                   22...23 => len_dist_case!(10),
[INFO] [stdout]     |                         ^^^ help: use `..=` for an inclusive range
[INFO] [stdout]     |
[INFO] [stdout]     = warning: this is accepted in the current edition (Rust 2015) but is a hard error in Rust 2021!
[INFO] [stdout]     = note: for more information, see <https://doc.rust-lang.org/nightly/edition-guide/rust-2021/warnings-promoted-to-error.html>
[INFO] [stdout] 
[INFO] [stdout] 
[INFO] [stdout] warning: use of deprecated macro `try`: use the `?` operator instead
[INFO] [stdout]    --> src/lib.rs:690:24
[INFO] [stdout]     |
[INFO] [stdout] 690 |             let left = try!(self.run_len_dist($len, dist));
[INFO] [stdout]     |                        ^^^
[INFO] [stdout] ...
[INFO] [stdout] 940 |                                 22...23 => len_dist_case!(10),
[INFO] [stdout]     |                                            ------------------ in this macro invocation
[INFO] [stdout]     |
[INFO] [stdout]     = note: this warning originates in the macro `run_len_dist` which comes from the expansion of the macro `len_dist_case` (in Nightly builds, run with -Z macro-backtrace for more info)
[INFO] [stdout] 
[INFO] [stdout] 
[INFO] [stdout] warning: `...` range patterns are deprecated
[INFO] [stdout]    --> src/lib.rs:941:35
[INFO] [stdout]     |
[INFO] [stdout] 941 | ...                   24...25 => len_dist_case!(11),
[INFO] [stdout]     |                         ^^^ help: use `..=` for an inclusive range
[INFO] [stdout]     |
[INFO] [stdout]     = warning: this is accepted in the current edition (Rust 2015) but is a hard error in Rust 2021!
[INFO] [stdout]     = note: for more information, see <https://doc.rust-lang.org/nightly/edition-guide/rust-2021/warnings-promoted-to-error.html>
[INFO] [stdout] 
[INFO] [stdout] 
[INFO] [stdout] warning: use of deprecated macro `try`: use the `?` operator instead
[INFO] [stdout]    --> src/lib.rs:690:24
[INFO] [stdout]     |
[INFO] [stdout] 690 |             let left = try!(self.run_len_dist($len, dist));
[INFO] [stdout]     |                        ^^^
[INFO] [stdout] ...
[INFO] [stdout] 941 |                                 24...25 => len_dist_case!(11),
[INFO] [stdout]     |                                            ------------------ in this macro invocation
[INFO] [stdout]     |
[INFO] [stdout]     = note: this warning originates in the macro `run_len_dist` which comes from the expansion of the macro `len_dist_case` (in Nightly builds, run with -Z macro-backtrace for more info)
[INFO] [stdout] 
[INFO] [stdout] 
[INFO] [stdout] warning: `...` range patterns are deprecated
[INFO] [stdout]    --> src/lib.rs:942:35
[INFO] [stdout]     |
[INFO] [stdout] 942 | ...                   26...27 => len_dist_case!(12),
[INFO] [stdout]     |                         ^^^ help: use `..=` for an inclusive range
[INFO] [stdout]     |
[INFO] [stdout]     = warning: this is accepted in the current edition (Rust 2015) but is a hard error in Rust 2021!
[INFO] [stdout]     = note: for more information, see <https://doc.rust-lang.org/nightly/edition-guide/rust-2021/warnings-promoted-to-error.html>
[INFO] [stdout] 
[INFO] [stdout] 
[INFO] [stdout] warning: use of deprecated macro `try`: use the `?` operator instead
[INFO] [stdout]    --> src/lib.rs:690:24
[INFO] [stdout]     |
[INFO] [stdout] 690 |             let left = try!(self.run_len_dist($len, dist));
[INFO] [stdout]     |                        ^^^
[INFO] [stdout] ...
[INFO] [stdout] 942 |                                 26...27 => len_dist_case!(12),
[INFO] [stdout]     |                                            ------------------ in this macro invocation
[INFO] [stdout]     |
[INFO] [stdout]     = note: this warning originates in the macro `run_len_dist` which comes from the expansion of the macro `len_dist_case` (in Nightly builds, run with -Z macro-backtrace for more info)
[INFO] [stdout] 
[INFO] [stdout] 
[INFO] [stdout] warning: `...` range patterns are deprecated
[INFO] [stdout]    --> src/lib.rs:943:35
[INFO] [stdout]     |
[INFO] [stdout] 943 | ...                   28...29 => len_dist_case!(13),
[INFO] [stdout]     |                         ^^^ help: use `..=` for an inclusive range
[INFO] [stdout]     |
[INFO] [stdout]     = warning: this is accepted in the current edition (Rust 2015) but is a hard error in Rust 2021!
[INFO] [stdout]     = note: for more information, see <https://doc.rust-lang.org/nightly/edition-guide/rust-2021/warnings-promoted-to-error.html>
[INFO] [stdout] 
[INFO] [stdout] 
[INFO] [stdout] warning: use of deprecated macro `try`: use the `?` operator instead
[INFO] [stdout]    --> src/lib.rs:690:24
[INFO] [stdout]     |
[INFO] [stdout] 690 |             let left = try!(self.run_len_dist($len, dist));
[INFO] [stdout]     |                        ^^^
[INFO] [stdout] ...
[INFO] [stdout] 943 |                                 28...29 => len_dist_case!(13),
[INFO] [stdout]     |                                            ------------------ in this macro invocation
[INFO] [stdout]     |
[INFO] [stdout]     = note: this warning originates in the macro `run_len_dist` which comes from the expansion of the macro `len_dist_case` (in Nightly builds, run with -Z macro-backtrace for more info)
[INFO] [stdout] 
[INFO] [stdout] 
[INFO] [stdout] warning: use of deprecated macro `try`: use the `?` operator instead
[INFO] [stdout]    --> src/lib.rs:690:24
[INFO] [stdout]     |
[INFO] [stdout] 690 |             let left = try!(self.run_len_dist($len, dist));
[INFO] [stdout]     |                        ^^^
[INFO] [stdout] ...
[INFO] [stdout] 951 |                 run_len_dist!(len, dist => (0, next, state));
[INFO] [stdout]     |                 -------------------------------------------- in this macro invocation
[INFO] [stdout]     |
[INFO] [stdout]     = note: this warning originates in the macro `run_len_dist` (in Nightly builds, run with -Z macro-backtrace for more info)
[INFO] [stdout] 
[INFO] [stdout] 
[INFO] [stdout] warning: use of deprecated macro `try`: use the `?` operator instead
[INFO] [stdout]     --> src/lib.rs:1027:13
[INFO] [stdout]      |
[INFO] [stdout] 1027 |             try!(self.checksum.check(c));
[INFO] [stdout]      |             ^^^
[INFO] [stdout] 
[INFO] [stdout] 
[INFO] [stderr]    Compiling inflate v0.4.5 (/opt/rustwide/workdir)
[INFO] [stdout] warning: unexpected `cfg` condition name: `debug`
[INFO] [stdout]    --> src/lib.rs:183:7
[INFO] [stdout]     |
[INFO] [stdout] 183 | #[cfg(debug)]
[INFO] [stdout]     |       ^^^^^
[INFO] [stdout]     |
[INFO] [stdout]     = help: expected names are: `clippy`, `debug_assertions`, `doc`, `docsrs`, `doctest`, `feature`, `fmt_debug`, `miri`, `overflow_checks`, `panic`, `proc_macro`, `relocation_model`, `rustfmt`, `sanitize`, `sanitizer_cfi_generalize_pointers`, `sanitizer_cfi_normalize_integers`, `target_abi`, `target_arch`, `target_endian`, `target_env`, `target_family`, `target_feature`, `target_has_atomic`, `target_has_atomic_equal_alignment`, `target_has_atomic_load_store`, `target_os`, `target_pointer_width`, `target_thread_local`, `target_vendor`, `test`, `ub_checks`, `unix`, and `windows`
[INFO] [stdout]     = help: consider using a Cargo feature instead
[INFO] [stdout]     = help: or consider adding in `Cargo.toml` the `check-cfg` lint config for the lint:
[INFO] [stdout]              [lints.rust]
[INFO] [stdout]              unexpected_cfgs = { level = "warn", check-cfg = ['cfg(debug)'] }
[INFO] [stdout]     = help: or consider adding `println!("cargo::rustc-check-cfg=cfg(debug)");` to the top of the `build.rs`
[INFO] [stdout]     = note: see <https://doc.rust-lang.org/nightly/rustc/check-cfg/cargo-specifics.html> for more information about checking conditional configuration
[INFO] [stdout]     = note: `#[warn(unexpected_cfgs)]` on by default
[INFO] [stdout] 
[INFO] [stdout] 
[INFO] [stdout] warning: unexpected `cfg` condition name: `debug`
[INFO] [stdout]    --> src/lib.rs:185:11
[INFO] [stdout]     |
[INFO] [stdout] 185 | #[cfg(not(debug))]
[INFO] [stdout]     |           ^^^^^
[INFO] [stdout]     |
[INFO] [stdout]     = help: consider using a Cargo feature instead
[INFO] [stdout]     = help: or consider adding in `Cargo.toml` the `check-cfg` lint config for the lint:
[INFO] [stdout]              [lints.rust]
[INFO] [stdout]              unexpected_cfgs = { level = "warn", check-cfg = ['cfg(debug)'] }
[INFO] [stdout]     = help: or consider adding `println!("cargo::rustc-check-cfg=cfg(debug)");` to the top of the `build.rs`
[INFO] [stdout]     = note: see <https://doc.rust-lang.org/nightly/rustc/check-cfg/cargo-specifics.html> for more information about checking conditional configuration
[INFO] [stdout] 
[INFO] [stdout] 
[INFO] [stdout] warning: use of deprecated macro `try`: use the `?` operator instead
[INFO] [stdout]   --> src/writer.rs:37:9
[INFO] [stdout]    |
[INFO] [stdout] 37 |         try!(self.flush());
[INFO] [stdout]    |         ^^^
[INFO] [stdout]    |
[INFO] [stdout]    = note: `#[warn(deprecated)]` on by default
[INFO] [stdout] 
[INFO] [stdout] 
[INFO] [stdout] warning: use of deprecated macro `try`: use the `?` operator instead
[INFO] [stdout]   --> src/writer.rs:54:13
[INFO] [stdout]    |
[INFO] [stdout] 54 |             try!(self.writer.write(result));
[INFO] [stdout]    |             ^^^
[INFO] [stdout] 
[INFO] [stdout] 
[INFO] [stdout] warning: use of deprecated macro `try`: use the `?` operator instead
[INFO] [stdout]   --> src/writer.rs:52:44
[INFO] [stdout]    |
[INFO] [stdout] 52 |             let (num_bytes_read, result) = try!(update(&mut self.inflater, &buf[n..]));
[INFO] [stdout]    |                                            ^^^
[INFO] [stdout] 
[INFO] [stdout] 
[INFO] [stdout] warning: use of deprecated macro `try`: use the `?` operator instead
[INFO] [stdout]   --> src/writer.rs:61:9
[INFO] [stdout]    |
[INFO] [stdout] 61 |         try!(self.writer.write(result));
[INFO] [stdout]    |         ^^^
[INFO] [stdout] 
[INFO] [stdout] 
[INFO] [stdout] warning: use of deprecated macro `try`: use the `?` operator instead
[INFO] [stdout]   --> src/writer.rs:60:27
[INFO] [stdout]    |
[INFO] [stdout] 60 |         let (_, result) = try!(update(&mut self.inflater, &[]));
[INFO] [stdout]    |                           ^^^
[INFO] [stdout] 
[INFO] [stdout] 
[INFO] [stdout] warning: use of deprecated macro `try`: use the `?` operator instead
[INFO] [stdout]   --> src/utils.rs:20:39
[INFO] [stdout]    |
[INFO] [stdout] 20 |         let (num_bytes_read, bytes) = try!(inflater.update(&data[n..]));
[INFO] [stdout]    |                                       ^^^
[INFO] [stdout] 
[INFO] [stdout] 
[INFO] [stdout] warning: use of deprecated macro `try`: use the `?` operator instead
[INFO] [stdout]    --> src/reader.rs:180:25
[INFO] [stdout]     |
[INFO] [stdout] 180 |             let input = try!(self.reader.fill_buf());
[INFO] [stdout]     |                         ^^^
[INFO] [stdout] 
[INFO] [stdout] 
[INFO] [stdout] warning: use of deprecated macro `try`: use the `?` operator instead
[INFO] [stdout]    --> src/lib.rs:289:16
[INFO] [stdout]     |
[INFO] [stdout] 289 |           code = try!(
[INFO] [stdout]     |                  ^^^
[INFO] [stdout] ...
[INFO] [stdout] 327 | /         with_codes!(clens, 7 => u8, |i: u8, code: u8, bits| -> _ {
[INFO] [stdout] 328 | |             /*let base = match BIT_REV_U8.get((code << (8 - bits)) as usize) {
[INFO] [stdout] 329 | |                 Some(&base) => base,
[INFO] [stdout] 330 | |                 None => return Err("invalid length code".to_owned())
[INFO] [stdout] ...   |
[INFO] [stdout] 336 | |             Ok(())
[INFO] [stdout] 337 | |         });
[INFO] [stdout]     | |__________- in this macro invocation
[INFO] [stdout]     |
[INFO] [stdout]     = note: this warning originates in the macro `with_codes` (in Nightly builds, run with -Z macro-backtrace for more info)
[INFO] [stdout] 
[INFO] [stdout] 
[INFO] [stdout] warning: use of deprecated macro `try`: use the `?` operator instead
[INFO] [stdout]    --> src/lib.rs:302:28
[INFO] [stdout]     |
[INFO] [stdout] 302 |               let new_code = try!(
[INFO] [stdout]     |                              ^^^
[INFO] [stdout] ...
[INFO] [stdout] 327 | /         with_codes!(clens, 7 => u8, |i: u8, code: u8, bits| -> _ {
[INFO] [stdout] 328 | |             /*let base = match BIT_REV_U8.get((code << (8 - bits)) as usize) {
[INFO] [stdout] 329 | |                 Some(&base) => base,
[INFO] [stdout] 330 | |                 None => return Err("invalid length code".to_owned())
[INFO] [stdout] ...   |
[INFO] [stdout] 336 | |             Ok(())
[INFO] [stdout] 337 | |         });
[INFO] [stdout]     | |__________- in this macro invocation
[INFO] [stdout]     |
[INFO] [stdout]     = note: this warning originates in the macro `with_codes` (in Nightly builds, run with -Z macro-backtrace for more info)
[INFO] [stdout] 
[INFO] [stdout] 
[INFO] [stdout] warning: `...` range patterns are deprecated
[INFO] [stdout]    --> src/lib.rs:368:18
[INFO] [stdout]     |
[INFO] [stdout] 368 |                 0...15 => self.result.push(code),
[INFO] [stdout]     |                  ^^^ help: use `..=` for an inclusive range
[INFO] [stdout]     |
[INFO] [stdout]     = warning: this is accepted in the current edition (Rust 2015) but is a hard error in Rust 2021!
[INFO] [stdout]     = note: for more information, see <https://doc.rust-lang.org/nightly/edition-guide/rust-2021/warnings-promoted-to-error.html>
[INFO] [stdout]     = note: `#[warn(ellipsis_inclusive_range_patterns)]` on by default
[INFO] [stdout] 
[INFO] [stdout] 
[INFO] [stdout] warning: use of deprecated macro `try`: use the `?` operator instead
[INFO] [stdout]    --> src/lib.rs:397:19
[INFO] [stdout]     |
[INFO] [stdout] 397 |         let lit = try!(DynHuffman16::new(&self.result[..num_lit]));
[INFO] [stdout]     |                   ^^^
[INFO] [stdout] 
[INFO] [stdout] 
[INFO] [stdout] warning: use of deprecated macro `try`: use the `?` operator instead
[INFO] [stdout]    --> src/lib.rs:398:20
[INFO] [stdout]     |
[INFO] [stdout] 398 |         let dist = try!(DynHuffman16::new(&self.result[num_lit..]));
[INFO] [stdout]     |                    ^^^
[INFO] [stdout] 
[INFO] [stdout] 
[INFO] [stdout] warning: use of deprecated macro `try`: use the `?` operator instead
[INFO] [stdout]    --> src/lib.rs:289:16
[INFO] [stdout]     |
[INFO] [stdout] 289 |           code = try!(
[INFO] [stdout]     |                  ^^^
[INFO] [stdout] ...
[INFO] [stdout] 419 | /         with_codes!(clens, 15 => u16, |i: u16, code: u16, bits: u8| -> _ {
[INFO] [stdout] 420 | |             let entry = i | ((bits as u16) << 12);
[INFO] [stdout] 421 | |             if bits <= 8 {
[INFO] [stdout] 422 | |                 let base = match BIT_REV_U8.get((code << (8 - bits)) as usize) {
[INFO] [stdout] ...   |
[INFO] [stdout] 471 | |             Ok(())
[INFO] [stdout] 472 | |         });
[INFO] [stdout]     | |__________- in this macro invocation
[INFO] [stdout]     |
[INFO] [stdout]     = note: this warning originates in the macro `with_codes` (in Nightly builds, run with -Z macro-backtrace for more info)
[INFO] [stdout] 
[INFO] [stdout] 
[INFO] [stdout] warning: use of deprecated macro `try`: use the `?` operator instead
[INFO] [stdout]    --> src/lib.rs:302:28
[INFO] [stdout]     |
[INFO] [stdout] 302 |               let new_code = try!(
[INFO] [stdout]     |                              ^^^
[INFO] [stdout] ...
[INFO] [stdout] 419 | /         with_codes!(clens, 15 => u16, |i: u16, code: u16, bits: u8| -> _ {
[INFO] [stdout] 420 | |             let entry = i | ((bits as u16) << 12);
[INFO] [stdout] 421 | |             if bits <= 8 {
[INFO] [stdout] 422 | |                 let base = match BIT_REV_U8.get((code << (8 - bits)) as usize) {
[INFO] [stdout] ...   |
[INFO] [stdout] 471 | |             Ok(())
[INFO] [stdout] 472 | |         });
[INFO] [stdout]     | |__________- in this macro invocation
[INFO] [stdout]     |
[INFO] [stdout]     = note: this warning originates in the macro `with_codes` (in Nightly builds, run with -Z macro-backtrace for more info)
[INFO] [stdout] 
[INFO] [stdout] 
[INFO] [stdout] warning: use of deprecated macro `try`: use the `?` operator instead
[INFO] [stdout]    --> src/lib.rs:855:53
[INFO] [stdout]     |
[INFO] [stdout] 855 | ...                   ok!(BlockDynCodeLengths(try!(CodeLengthReader::new(clens, hlit as u16 + 256, hdist))))
[INFO] [stdout]     |                                               ^^^
[INFO] [stdout] 
[INFO] [stdout] 
[INFO] [stdout] warning: use of deprecated macro `try`: use the `?` operator instead
[INFO] [stdout]    --> src/lib.rs:859:40
[INFO] [stdout]     |
[INFO] [stdout] 859 |                         let finished = try!(reader.read(&mut stream));
[INFO] [stdout]     |                                        ^^^
[INFO] [stdout] 
[INFO] [stdout] 
[INFO] [stdout] warning: use of deprecated macro `try`: use the `?` operator instead
[INFO] [stdout]    --> src/lib.rs:861:47
[INFO] [stdout]     |
[INFO] [stdout] 861 | ...                   let (lit, dist) = try!(reader.to_lit_and_dist());
[INFO] [stdout]     |                                         ^^^
[INFO] [stdout] 
[INFO] [stdout] 
[INFO] [stdout] warning: use of deprecated macro `try`: use the `?` operator instead
[INFO] [stdout]    --> src/lib.rs:875:60
[INFO] [stdout]     |
[INFO] [stdout] 875 | ...                   let (save, code16) = match try!(huff_lit_len.read(&mut stream)) {
[INFO] [stdout]     |                                                  ^^^
[INFO] [stdout] 
[INFO] [stdout] 
[INFO] [stdout] warning: `...` range patterns are deprecated
[INFO] [stdout]    --> src/lib.rs:882:38
[INFO] [stdout]     |
[INFO] [stdout] 882 | ...                   0...255 => {
[INFO] [stdout]     |                        ^^^ help: use `..=` for an inclusive range
[INFO] [stdout]     |
[INFO] [stdout]     = warning: this is accepted in the current edition (Rust 2015) but is a hard error in Rust 2021!
[INFO] [stdout]     = note: for more information, see <https://doc.rust-lang.org/nightly/edition-guide/rust-2021/warnings-promoted-to-error.html>
[INFO] [stdout] 
[INFO] [stdout] 
[INFO] [stdout] warning: `...` range patterns are deprecated
[INFO] [stdout]    --> src/lib.rs:886:40
[INFO] [stdout]     |
[INFO] [stdout] 886 | ...                   256...285 => {}
[INFO] [stdout]     |                          ^^^ help: use `..=` for an inclusive range
[INFO] [stdout]     |
[INFO] [stdout]     = warning: this is accepted in the current edition (Rust 2015) but is a hard error in Rust 2021!
[INFO] [stdout]     = note: for more information, see <https://doc.rust-lang.org/nightly/edition-guide/rust-2021/warnings-promoted-to-error.html>
[INFO] [stdout] 
[INFO] [stdout] 
[INFO] [stdout] warning: `...` range patterns are deprecated
[INFO] [stdout]    --> src/lib.rs:910:38
[INFO] [stdout]     |
[INFO] [stdout] 910 | ...                   1...8 => len!(code, 0),
[INFO] [stdout]     |                        ^^^ help: use `..=` for an inclusive range
[INFO] [stdout]     |
[INFO] [stdout]     = warning: this is accepted in the current edition (Rust 2015) but is a hard error in Rust 2021!
[INFO] [stdout]     = note: for more information, see <https://doc.rust-lang.org/nightly/edition-guide/rust-2021/warnings-promoted-to-error.html>
[INFO] [stdout] 
[INFO] [stdout] 
[INFO] [stdout] warning: `...` range patterns are deprecated
[INFO] [stdout]    --> src/lib.rs:911:38
[INFO] [stdout]     |
[INFO] [stdout] 911 | ...                   9...12 => len!(code, 1),
[INFO] [stdout]     |                        ^^^ help: use `..=` for an inclusive range
[INFO] [stdout]     |
[INFO] [stdout]     = warning: this is accepted in the current edition (Rust 2015) but is a hard error in Rust 2021!
[INFO] [stdout]     = note: for more information, see <https://doc.rust-lang.org/nightly/edition-guide/rust-2021/warnings-promoted-to-error.html>
[INFO] [stdout] 
[INFO] [stdout] 
[INFO] [stdout] warning: `...` range patterns are deprecated
[INFO] [stdout]    --> src/lib.rs:912:39
[INFO] [stdout]     |
[INFO] [stdout] 912 | ...                   13...16 => len!(code, 2),
[INFO] [stdout]     |                         ^^^ help: use `..=` for an inclusive range
[INFO] [stdout]     |
[INFO] [stdout]     = warning: this is accepted in the current edition (Rust 2015) but is a hard error in Rust 2021!
[INFO] [stdout]     = note: for more information, see <https://doc.rust-lang.org/nightly/edition-guide/rust-2021/warnings-promoted-to-error.html>
[INFO] [stdout] 
[INFO] [stdout] 
[INFO] [stdout] warning: `...` range patterns are deprecated
[INFO] [stdout]    --> src/lib.rs:913:39
[INFO] [stdout]     |
[INFO] [stdout] 913 | ...                   17...20 => len!(code, 3),
[INFO] [stdout]     |                         ^^^ help: use `..=` for an inclusive range
[INFO] [stdout]     |
[INFO] [stdout]     = warning: this is accepted in the current edition (Rust 2015) but is a hard error in Rust 2021!
[INFO] [stdout]     = note: for more information, see <https://doc.rust-lang.org/nightly/edition-guide/rust-2021/warnings-promoted-to-error.html>
[INFO] [stdout] 
[INFO] [stdout] 
[INFO] [stdout] warning: `...` range patterns are deprecated
[INFO] [stdout]    --> src/lib.rs:914:39
[INFO] [stdout]     |
[INFO] [stdout] 914 | ...                   21...24 => len!(code, 4),
[INFO] [stdout]     |                         ^^^ help: use `..=` for an inclusive range
[INFO] [stdout]     |
[INFO] [stdout]     = warning: this is accepted in the current edition (Rust 2015) but is a hard error in Rust 2021!
[INFO] [stdout]     = note: for more information, see <https://doc.rust-lang.org/nightly/edition-guide/rust-2021/warnings-promoted-to-error.html>
[INFO] [stdout] 
[INFO] [stdout] 
[INFO] [stdout] warning: `...` range patterns are deprecated
[INFO] [stdout]    --> src/lib.rs:915:39
[INFO] [stdout]     |
[INFO] [stdout] 915 | ...                   25...28 => len!(code, 5),
[INFO] [stdout]     |                         ^^^ help: use `..=` for an inclusive range
[INFO] [stdout]     |
[INFO] [stdout]     = warning: this is accepted in the current edition (Rust 2015) but is a hard error in Rust 2021!
[INFO] [stdout]     = note: for more information, see <https://doc.rust-lang.org/nightly/edition-guide/rust-2021/warnings-promoted-to-error.html>
[INFO] [stdout] 
[INFO] [stdout] 
[INFO] [stdout] warning: use of deprecated macro `try`: use the `?` operator instead
[INFO] [stdout]    --> src/lib.rs:921:59
[INFO] [stdout]     |
[INFO] [stdout] 921 | ...                   let (save, dist_code) = match try!(huff_dist.read(&mut stream)) {
[INFO] [stdout]     |                                                     ^^^
[INFO] [stdout] 
[INFO] [stdout] 
[INFO] [stdout] warning: `...` range patterns are deprecated
[INFO] [stdout]    --> src/lib.rs:930:34
[INFO] [stdout]     |
[INFO] [stdout] 930 | ...                   0...3 => len_dist_case!(0),
[INFO] [stdout]     |                        ^^^ help: use `..=` for an inclusive range
[INFO] [stdout]     |
[INFO] [stdout]     = warning: this is accepted in the current edition (Rust 2015) but is a hard error in Rust 2021!
[INFO] [stdout]     = note: for more information, see <https://doc.rust-lang.org/nightly/edition-guide/rust-2021/warnings-promoted-to-error.html>
[INFO] [stdout] 
[INFO] [stdout] 
[INFO] [stdout] warning: use of deprecated macro `try`: use the `?` operator instead
[INFO] [stdout]    --> src/lib.rs:690:24
[INFO] [stdout]     |
[INFO] [stdout] 690 |             let left = try!(self.run_len_dist($len, dist));
[INFO] [stdout]     |                        ^^^
[INFO] [stdout] ...
[INFO] [stdout] 930 |                                 0...3 => len_dist_case!(0),
[INFO] [stdout]     |                                          ----------------- in this macro invocation
[INFO] [stdout]     |
[INFO] [stdout]     = note: this warning originates in the macro `run_len_dist` which comes from the expansion of the macro `len_dist_case` (in Nightly builds, run with -Z macro-backtrace for more info)
[INFO] [stdout] 
[INFO] [stdout] 
[INFO] [stdout] warning: `...` range patterns are deprecated
[INFO] [stdout]    --> src/lib.rs:931:34
[INFO] [stdout]     |
[INFO] [stdout] 931 | ...                   4...5 => len_dist_case!(1),
[INFO] [stdout]     |                        ^^^ help: use `..=` for an inclusive range
[INFO] [stdout]     |
[INFO] [stdout]     = warning: this is accepted in the current edition (Rust 2015) but is a hard error in Rust 2021!
[INFO] [stdout]     = note: for more information, see <https://doc.rust-lang.org/nightly/edition-guide/rust-2021/warnings-promoted-to-error.html>
[INFO] [stdout] 
[INFO] [stdout] 
[INFO] [stdout] warning: use of deprecated macro `try`: use the `?` operator instead
[INFO] [stdout]    --> src/lib.rs:690:24
[INFO] [stdout]     |
[INFO] [stdout] 690 |             let left = try!(self.run_len_dist($len, dist));
[INFO] [stdout]     |                        ^^^
[INFO] [stdout] ...
[INFO] [stdout] 931 |                                 4...5 => len_dist_case!(1),
[INFO] [stdout]     |                                          ----------------- in this macro invocation
[INFO] [stdout]     |
[INFO] [stdout]     = note: this warning originates in the macro `run_len_dist` which comes from the expansion of the macro `len_dist_case` (in Nightly builds, run with -Z macro-backtrace for more info)
[INFO] [stdout] 
[INFO] [stdout] 
[INFO] [stdout] warning: `...` range patterns are deprecated
[INFO] [stdout]    --> src/lib.rs:932:34
[INFO] [stdout]     |
[INFO] [stdout] 932 | ...                   6...7 => len_dist_case!(2),
[INFO] [stdout]     |                        ^^^ help: use `..=` for an inclusive range
[INFO] [stdout]     |
[INFO] [stdout]     = warning: this is accepted in the current edition (Rust 2015) but is a hard error in Rust 2021!
[INFO] [stdout]     = note: for more information, see <https://doc.rust-lang.org/nightly/edition-guide/rust-2021/warnings-promoted-to-error.html>
[INFO] [stdout] 
[INFO] [stdout] 
[INFO] [stdout] warning: use of deprecated macro `try`: use the `?` operator instead
[INFO] [stdout]    --> src/lib.rs:690:24
[INFO] [stdout]     |
[INFO] [stdout] 690 |             let left = try!(self.run_len_dist($len, dist));
[INFO] [stdout]     |                        ^^^
[INFO] [stdout] ...
[INFO] [stdout] 932 |                                 6...7 => len_dist_case!(2),
[INFO] [stdout]     |                                          ----------------- in this macro invocation
[INFO] [stdout]     |
[INFO] [stdout]     = note: this warning originates in the macro `run_len_dist` which comes from the expansion of the macro `len_dist_case` (in Nightly builds, run with -Z macro-backtrace for more info)
[INFO] [stdout] 
[INFO] [stdout] 
[INFO] [stdout] warning: `...` range patterns are deprecated
[INFO] [stdout]    --> src/lib.rs:933:34
[INFO] [stdout]     |
[INFO] [stdout] 933 | ...                   8...9 => len_dist_case!(3),
[INFO] [stdout]     |                        ^^^ help: use `..=` for an inclusive range
[INFO] [stdout]     |
[INFO] [stdout]     = warning: this is accepted in the current edition (Rust 2015) but is a hard error in Rust 2021!
[INFO] [stdout]     = note: for more information, see <https://doc.rust-lang.org/nightly/edition-guide/rust-2021/warnings-promoted-to-error.html>
[INFO] [stdout] 
[INFO] [stdout] 
[INFO] [stdout] warning: use of deprecated macro `try`: use the `?` operator instead
[INFO] [stdout]    --> src/lib.rs:690:24
[INFO] [stdout]     |
[INFO] [stdout] 690 |             let left = try!(self.run_len_dist($len, dist));
[INFO] [stdout]     |                        ^^^
[INFO] [stdout] ...
[INFO] [stdout] 933 |                                 8...9 => len_dist_case!(3),
[INFO] [stdout]     |                                          ----------------- in this macro invocation
[INFO] [stdout]     |
[INFO] [stdout]     = note: this warning originates in the macro `run_len_dist` which comes from the expansion of the macro `len_dist_case` (in Nightly builds, run with -Z macro-backtrace for more info)
[INFO] [stdout] 
[INFO] [stdout] 
[INFO] [stdout] warning: `...` range patterns are deprecated
[INFO] [stdout]    --> src/lib.rs:934:35
[INFO] [stdout]     |
[INFO] [stdout] 934 | ...                   10...11 => len_dist_case!(4),
[INFO] [stdout]     |                         ^^^ help: use `..=` for an inclusive range
[INFO] [stdout]     |
[INFO] [stdout]     = warning: this is accepted in the current edition (Rust 2015) but is a hard error in Rust 2021!
[INFO] [stdout]     = note: for more information, see <https://doc.rust-lang.org/nightly/edition-guide/rust-2021/warnings-promoted-to-error.html>
[INFO] [stdout] 
[INFO] [stdout] 
[INFO] [stdout] warning: use of deprecated macro `try`: use the `?` operator instead
[INFO] [stdout]    --> src/lib.rs:690:24
[INFO] [stdout]     |
[INFO] [stdout] 690 |             let left = try!(self.run_len_dist($len, dist));
[INFO] [stdout]     |                        ^^^
[INFO] [stdout] ...
[INFO] [stdout] 934 |                                 10...11 => len_dist_case!(4),
[INFO] [stdout]     |                                            ----------------- in this macro invocation
[INFO] [stdout]     |
[INFO] [stdout]     = note: this warning originates in the macro `run_len_dist` which comes from the expansion of the macro `len_dist_case` (in Nightly builds, run with -Z macro-backtrace for more info)
[INFO] [stdout] 
[INFO] [stdout] 
[INFO] [stdout] warning: `...` range patterns are deprecated
[INFO] [stdout]    --> src/lib.rs:935:35
[INFO] [stdout]     |
[INFO] [stdout] 935 | ...                   12...13 => len_dist_case!(5),
[INFO] [stdout]     |                         ^^^ help: use `..=` for an inclusive range
[INFO] [stdout]     |
[INFO] [stdout]     = warning: this is accepted in the current edition (Rust 2015) but is a hard error in Rust 2021!
[INFO] [stdout]     = note: for more information, see <https://doc.rust-lang.org/nightly/edition-guide/rust-2021/warnings-promoted-to-error.html>
[INFO] [stdout] 
[INFO] [stdout] 
[INFO] [stdout] warning: use of deprecated macro `try`: use the `?` operator instead
[INFO] [stdout]    --> src/lib.rs:690:24
[INFO] [stdout]     |
[INFO] [stdout] 690 |             let left = try!(self.run_len_dist($len, dist));
[INFO] [stdout]     |                        ^^^
[INFO] [stdout] ...
[INFO] [stdout] 935 |                                 12...13 => len_dist_case!(5),
[INFO] [stdout]     |                                            ----------------- in this macro invocation
[INFO] [stdout]     |
[INFO] [stdout]     = note: this warning originates in the macro `run_len_dist` which comes from the expansion of the macro `len_dist_case` (in Nightly builds, run with -Z macro-backtrace for more info)
[INFO] [stdout] 
[INFO] [stdout] 
[INFO] [stdout] warning: `...` range patterns are deprecated
[INFO] [stdout]    --> src/lib.rs:936:35
[INFO] [stdout]     |
[INFO] [stdout] 936 | ...                   14...15 => len_dist_case!(6),
[INFO] [stdout]     |                         ^^^ help: use `..=` for an inclusive range
[INFO] [stdout]     |
[INFO] [stdout]     = warning: this is accepted in the current edition (Rust 2015) but is a hard error in Rust 2021!
[INFO] [stdout]     = note: for more information, see <https://doc.rust-lang.org/nightly/edition-guide/rust-2021/warnings-promoted-to-error.html>
[INFO] [stdout] 
[INFO] [stdout] 
[INFO] [stdout] warning: use of deprecated macro `try`: use the `?` operator instead
[INFO] [stdout]    --> src/lib.rs:690:24
[INFO] [stdout]     |
[INFO] [stdout] 690 |             let left = try!(self.run_len_dist($len, dist));
[INFO] [stdout]     |                        ^^^
[INFO] [stdout] ...
[INFO] [stdout] 936 |                                 14...15 => len_dist_case!(6),
[INFO] [stdout]     |                                            ----------------- in this macro invocation
[INFO] [stdout]     |
[INFO] [stdout]     = note: this warning originates in the macro `run_len_dist` which comes from the expansion of the macro `len_dist_case` (in Nightly builds, run with -Z macro-backtrace for more info)
[INFO] [stdout] 
[INFO] [stdout] 
[INFO] [stdout] warning: `...` range patterns are deprecated
[INFO] [stdout]    --> src/lib.rs:937:35
[INFO] [stdout]     |
[INFO] [stdout] 937 | ...                   16...17 => len_dist_case!(7),
[INFO] [stdout]     |                         ^^^ help: use `..=` for an inclusive range
[INFO] [stdout]     |
[INFO] [stdout]     = warning: this is accepted in the current edition (Rust 2015) but is a hard error in Rust 2021!
[INFO] [stdout]     = note: for more information, see <https://doc.rust-lang.org/nightly/edition-guide/rust-2021/warnings-promoted-to-error.html>
[INFO] [stdout] 
[INFO] [stdout] 
[INFO] [stdout] warning: use of deprecated macro `try`: use the `?` operator instead
[INFO] [stdout]    --> src/lib.rs:690:24
[INFO] [stdout]     |
[INFO] [stdout] 690 |             let left = try!(self.run_len_dist($len, dist));
[INFO] [stdout]     |                        ^^^
[INFO] [stdout] ...
[INFO] [stdout] 937 |                                 16...17 => len_dist_case!(7),
[INFO] [stdout]     |                                            ----------------- in this macro invocation
[INFO] [stdout]     |
[INFO] [stdout]     = note: this warning originates in the macro `run_len_dist` which comes from the expansion of the macro `len_dist_case` (in Nightly builds, run with -Z macro-backtrace for more info)
[INFO] [stdout] 
[INFO] [stdout] 
[INFO] [stdout] warning: `...` range patterns are deprecated
[INFO] [stdout]    --> src/lib.rs:938:35
[INFO] [stdout]     |
[INFO] [stdout] 938 | ...                   18...19 => len_dist_case!(8),
[INFO] [stdout]     |                         ^^^ help: use `..=` for an inclusive range
[INFO] [stdout]     |
[INFO] [stdout]     = warning: this is accepted in the current edition (Rust 2015) but is a hard error in Rust 2021!
[INFO] [stdout]     = note: for more information, see <https://doc.rust-lang.org/nightly/edition-guide/rust-2021/warnings-promoted-to-error.html>
[INFO] [stdout] 
[INFO] [stdout] 
[INFO] [stdout] warning: use of deprecated macro `try`: use the `?` operator instead
[INFO] [stdout]    --> src/lib.rs:690:24
[INFO] [stdout]     |
[INFO] [stdout] 690 |             let left = try!(self.run_len_dist($len, dist));
[INFO] [stdout]     |                        ^^^
[INFO] [stdout] ...
[INFO] [stdout] 938 |                                 18...19 => len_dist_case!(8),
[INFO] [stdout]     |                                            ----------------- in this macro invocation
[INFO] [stdout]     |
[INFO] [stdout]     = note: this warning originates in the macro `run_len_dist` which comes from the expansion of the macro `len_dist_case` (in Nightly builds, run with -Z macro-backtrace for more info)
[INFO] [stdout] 
[INFO] [stdout] 
[INFO] [stdout] warning: `...` range patterns are deprecated
[INFO] [stdout]    --> src/lib.rs:939:35
[INFO] [stdout]     |
[INFO] [stdout] 939 | ...                   20...21 => len_dist_case!(9),
[INFO] [stdout]     |                         ^^^ help: use `..=` for an inclusive range
[INFO] [stdout]     |
[INFO] [stdout]     = warning: this is accepted in the current edition (Rust 2015) but is a hard error in Rust 2021!
[INFO] [stdout]     = note: for more information, see <https://doc.rust-lang.org/nightly/edition-guide/rust-2021/warnings-promoted-to-error.html>
[INFO] [stdout] 
[INFO] [stdout] 
[INFO] [stdout] warning: use of deprecated macro `try`: use the `?` operator instead
[INFO] [stdout]    --> src/lib.rs:690:24
[INFO] [stdout]     |
[INFO] [stdout] 690 |             let left = try!(self.run_len_dist($len, dist));
[INFO] [stdout]     |                        ^^^
[INFO] [stdout] ...
[INFO] [stdout] 939 |                                 20...21 => len_dist_case!(9),
[INFO] [stdout]     |                                            ----------------- in this macro invocation
[INFO] [stdout]     |
[INFO] [stdout]     = note: this warning originates in the macro `run_len_dist` which comes from the expansion of the macro `len_dist_case` (in Nightly builds, run with -Z macro-backtrace for more info)
[INFO] [stdout] 
[INFO] [stdout] 
[INFO] [stdout] warning: `...` range patterns are deprecated
[INFO] [stdout]    --> src/lib.rs:940:35
[INFO] [stdout]     |
[INFO] [stdout] 940 | ...                   22...23 => len_dist_case!(10),
[INFO] [stdout]     |                         ^^^ help: use `..=` for an inclusive range
[INFO] [stdout]     |
[INFO] [stdout]     = warning: this is accepted in the current edition (Rust 2015) but is a hard error in Rust 2021!
[INFO] [stdout]     = note: for more information, see <https://doc.rust-lang.org/nightly/edition-guide/rust-2021/warnings-promoted-to-error.html>
[INFO] [stdout] 
[INFO] [stdout] 
[INFO] [stdout] warning: use of deprecated macro `try`: use the `?` operator instead
[INFO] [stdout]    --> src/lib.rs:690:24
[INFO] [stdout]     |
[INFO] [stdout] 690 |             let left = try!(self.run_len_dist($len, dist));
[INFO] [stdout]     |                        ^^^
[INFO] [stdout] ...
[INFO] [stdout] 940 |                                 22...23 => len_dist_case!(10),
[INFO] [stdout]     |                                            ------------------ in this macro invocation
[INFO] [stdout]     |
[INFO] [stdout]     = note: this warning originates in the macro `run_len_dist` which comes from the expansion of the macro `len_dist_case` (in Nightly builds, run with -Z macro-backtrace for more info)
[INFO] [stdout] 
[INFO] [stdout] 
[INFO] [stdout] warning: `...` range patterns are deprecated
[INFO] [stdout]    --> src/lib.rs:941:35
[INFO] [stdout]     |
[INFO] [stdout] 941 | ...                   24...25 => len_dist_case!(11),
[INFO] [stdout]     |                         ^^^ help: use `..=` for an inclusive range
[INFO] [stdout]     |
[INFO] [stdout]     = warning: this is accepted in the current edition (Rust 2015) but is a hard error in Rust 2021!
[INFO] [stdout]     = note: for more information, see <https://doc.rust-lang.org/nightly/edition-guide/rust-2021/warnings-promoted-to-error.html>
[INFO] [stdout] 
[INFO] [stdout] 
[INFO] [stdout] warning: use of deprecated macro `try`: use the `?` operator instead
[INFO] [stdout]    --> src/lib.rs:690:24
[INFO] [stdout]     |
[INFO] [stdout] 690 |             let left = try!(self.run_len_dist($len, dist));
[INFO] [stdout]     |                        ^^^
[INFO] [stdout] ...
[INFO] [stdout] 941 |                                 24...25 => len_dist_case!(11),
[INFO] [stdout]     |                                            ------------------ in this macro invocation
[INFO] [stdout]     |
[INFO] [stdout]     = note: this warning originates in the macro `run_len_dist` which comes from the expansion of the macro `len_dist_case` (in Nightly builds, run with -Z macro-backtrace for more info)
[INFO] [stdout] 
[INFO] [stdout] 
[INFO] [stdout] warning: `...` range patterns are deprecated
[INFO] [stdout]    --> src/lib.rs:942:35
[INFO] [stdout]     |
[INFO] [stdout] 942 | ...                   26...27 => len_dist_case!(12),
[INFO] [stdout]     |                         ^^^ help: use `..=` for an inclusive range
[INFO] [stdout]     |
[INFO] [stdout]     = warning: this is accepted in the current edition (Rust 2015) but is a hard error in Rust 2021!
[INFO] [stdout]     = note: for more information, see <https://doc.rust-lang.org/nightly/edition-guide/rust-2021/warnings-promoted-to-error.html>
[INFO] [stdout] 
[INFO] [stdout] 
[INFO] [stdout] warning: use of deprecated macro `try`: use the `?` operator instead
[INFO] [stdout]    --> src/lib.rs:690:24
[INFO] [stdout]     |
[INFO] [stdout] 690 |             let left = try!(self.run_len_dist($len, dist));
[INFO] [stdout]     |                        ^^^
[INFO] [stdout] ...
[INFO] [stdout] 942 |                                 26...27 => len_dist_case!(12),
[INFO] [stdout]     |                                            ------------------ in this macro invocation
[INFO] [stdout]     |
[INFO] [stdout]     = note: this warning originates in the macro `run_len_dist` which comes from the expansion of the macro `len_dist_case` (in Nightly builds, run with -Z macro-backtrace for more info)
[INFO] [stdout] 
[INFO] [stdout] 
[INFO] [stdout] warning: `...` range patterns are deprecated
[INFO] [stdout]    --> src/lib.rs:943:35
[INFO] [stdout]     |
[INFO] [stdout] 943 | ...                   28...29 => len_dist_case!(13),
[INFO] [stdout]     |                         ^^^ help: use `..=` for an inclusive range
[INFO] [stdout]     |
[INFO] [stdout]     = warning: this is accepted in the current edition (Rust 2015) but is a hard error in Rust 2021!
[INFO] [stdout]     = note: for more information, see <https://doc.rust-lang.org/nightly/edition-guide/rust-2021/warnings-promoted-to-error.html>
[INFO] [stdout] 
[INFO] [stdout] 
[INFO] [stdout] warning: use of deprecated macro `try`: use the `?` operator instead
[INFO] [stdout]    --> src/lib.rs:690:24
[INFO] [stdout]     |
[INFO] [stdout] 690 |             let left = try!(self.run_len_dist($len, dist));
[INFO] [stdout]     |                        ^^^
[INFO] [stdout] ...
[INFO] [stdout] 943 |                                 28...29 => len_dist_case!(13),
[INFO] [stdout]     |                                            ------------------ in this macro invocation
[INFO] [stdout]     |
[INFO] [stdout]     = note: this warning originates in the macro `run_len_dist` which comes from the expansion of the macro `len_dist_case` (in Nightly builds, run with -Z macro-backtrace for more info)
[INFO] [stdout] 
[INFO] [stdout] 
[INFO] [stdout] warning: use of deprecated macro `try`: use the `?` operator instead
[INFO] [stdout]    --> src/lib.rs:690:24
[INFO] [stdout]     |
[INFO] [stdout] 690 |             let left = try!(self.run_len_dist($len, dist));
[INFO] [stdout]     |                        ^^^
[INFO] [stdout] ...
[INFO] [stdout] 951 |                 run_len_dist!(len, dist => (0, next, state));
[INFO] [stdout]     |                 -------------------------------------------- in this macro invocation
[INFO] [stdout]     |
[INFO] [stdout]     = note: this warning originates in the macro `run_len_dist` (in Nightly builds, run with -Z macro-backtrace for more info)
[INFO] [stdout] 
[INFO] [stdout] 
[INFO] [stdout] warning: use of deprecated macro `try`: use the `?` operator instead
[INFO] [stdout]     --> src/lib.rs:1027:13
[INFO] [stdout]      |
[INFO] [stdout] 1027 |             try!(self.checksum.check(c));
[INFO] [stdout]      |             ^^^
[INFO] [stdout] 
[INFO] [stdout] 
[INFO] [stdout] warning: unused `Result` that must be used
[INFO] [stdout]   --> tests/test.rs:60:5
[INFO] [stdout]    |
[INFO] [stdout] 60 |     inflate::inflate_bytes_zlib(data);
[INFO] [stdout]    |     ^^^^^^^^^^^^^^^^^^^^^^^^^^^^^^^^^
[INFO] [stdout]    |
[INFO] [stdout]    = note: this `Result` may be an `Err` variant, which should be handled
[INFO] [stdout]    = note: `#[warn(unused_must_use)]` on by default
[INFO] [stdout] help: use `let _ = ...` to ignore the resulting value
[INFO] [stdout]    |
[INFO] [stdout] 60 |     let _ = inflate::inflate_bytes_zlib(data);
[INFO] [stdout]    |     +++++++
[INFO] [stdout] 
[INFO] [stdout] 
[INFO] [stdout] warning: unused `Result` that must be used
[INFO] [stdout]   --> tests/test.rs:68:5
[INFO] [stdout]    |
[INFO] [stdout] 68 |     inflate::inflate_bytes_zlib(data);
[INFO] [stdout]    |     ^^^^^^^^^^^^^^^^^^^^^^^^^^^^^^^^^
[INFO] [stdout]    |
[INFO] [stdout]    = note: this `Result` may be an `Err` variant, which should be handled
[INFO] [stdout] help: use `let _ = ...` to ignore the resulting value
[INFO] [stdout]    |
[INFO] [stdout] 68 |     let _ = inflate::inflate_bytes_zlib(data);
[INFO] [stdout]    |     +++++++
[INFO] [stdout] 
[INFO] [stdout] 
[INFO] [stderr]     Finished `test` profile [unoptimized + debuginfo] target(s) in 0.49s
[INFO] running `Command { std: "docker" "inspect" "b1d56dfd1c68ff5051882c0ac54e33ad491e284a679a7e458511e09289d65df5", kill_on_drop: false }`
[INFO] running `Command { std: "docker" "rm" "-f" "b1d56dfd1c68ff5051882c0ac54e33ad491e284a679a7e458511e09289d65df5", kill_on_drop: false }`
[INFO] [stdout] b1d56dfd1c68ff5051882c0ac54e33ad491e284a679a7e458511e09289d65df5
[INFO] running `Command { std: "docker" "create" "-v" "/var/lib/crater-agent-workspace/builds/worker-7-tc1/target:/opt/rustwide/target:rw,Z" "-v" "/var/lib/crater-agent-workspace/builds/worker-7-tc1/source:/opt/rustwide/workdir:ro,Z" "-v" "/var/lib/crater-agent-workspace/cargo-home:/opt/rustwide/cargo-home:ro,Z" "-v" "/var/lib/crater-agent-workspace/rustup-home:/opt/rustwide/rustup-home:ro,Z" "-e" "SOURCE_DIR=/opt/rustwide/workdir" "-e" "CARGO_TARGET_DIR=/opt/rustwide/target" "-e" "CARGO_INCREMENTAL=0" "-e" "RUST_BACKTRACE=full" "-e" "RUSTFLAGS=--cap-lints=warn" "-e" "RUSTDOCFLAGS=--cap-lints=warn" "-e" "CARGO_HOME=/opt/rustwide/cargo-home" "-e" "RUSTUP_HOME=/opt/rustwide/rustup-home" "-w" "/opt/rustwide/workdir" "-m" "1610612736" "--user" "0:0" "--network" "none" "ghcr.io/rust-lang/crates-build-env/linux@sha256:f3a9d4ad9d972b27faf3965f35b62e55ba32bbce8f20bc8fe909558a86702fde" "/opt/rustwide/cargo-home/bin/cargo" "+1.83.0" "test" "--frozen", kill_on_drop: false }`
[INFO] [stdout] 6a18bd2ae41169bba6c2b0d53aef73c1fdd0937939a841d8b14e51424379ad19
[INFO] running `Command { std: "docker" "start" "-a" "6a18bd2ae41169bba6c2b0d53aef73c1fdd0937939a841d8b14e51424379ad19", kill_on_drop: false }`
[INFO] [stderr] warning: no edition set: defaulting to the 2015 edition while the latest is 2021
[INFO] [stderr] warning: unexpected `cfg` condition name: `debug`
[INFO] [stderr]    --> src/lib.rs:183:7
[INFO] [stderr]     |
[INFO] [stderr] 183 | #[cfg(debug)]
[INFO] [stderr]     |       ^^^^^
[INFO] [stderr]     |
[INFO] [stderr]     = help: expected names are: `clippy`, `debug_assertions`, `doc`, `docsrs`, `doctest`, `feature`, `fmt_debug`, `miri`, `overflow_checks`, `panic`, `proc_macro`, `relocation_model`, `rustfmt`, `sanitize`, `sanitizer_cfi_generalize_pointers`, `sanitizer_cfi_normalize_integers`, `target_abi`, `target_arch`, `target_endian`, `target_env`, `target_family`, `target_feature`, `target_has_atomic`, `target_has_atomic_equal_alignment`, `target_has_atomic_load_store`, `target_os`, `target_pointer_width`, `target_thread_local`, `target_vendor`, `test`, `ub_checks`, `unix`, and `windows`
[INFO] [stderr]     = help: consider using a Cargo feature instead
[INFO] [stderr]     = help: or consider adding in `Cargo.toml` the `check-cfg` lint config for the lint:
[INFO] [stderr]              [lints.rust]
[INFO] [stderr]              unexpected_cfgs = { level = "warn", check-cfg = ['cfg(debug)'] }
[INFO] [stderr]     = help: or consider adding `println!("cargo::rustc-check-cfg=cfg(debug)");` to the top of the `build.rs`
[INFO] [stderr]     = note: see <https://doc.rust-lang.org/nightly/rustc/check-cfg/cargo-specifics.html> for more information about checking conditional configuration
[INFO] [stderr]     = note: `#[warn(unexpected_cfgs)]` on by default
[INFO] [stderr] 
[INFO] [stderr] warning: unexpected `cfg` condition name: `debug`
[INFO] [stderr]    --> src/lib.rs:185:11
[INFO] [stderr]     |
[INFO] [stderr] 185 | #[cfg(not(debug))]
[INFO] [stderr]     |           ^^^^^
[INFO] [stderr]     |
[INFO] [stderr]     = help: consider using a Cargo feature instead
[INFO] [stderr]     = help: or consider adding in `Cargo.toml` the `check-cfg` lint config for the lint:
[INFO] [stderr]              [lints.rust]
[INFO] [stderr]              unexpected_cfgs = { level = "warn", check-cfg = ['cfg(debug)'] }
[INFO] [stderr]     = help: or consider adding `println!("cargo::rustc-check-cfg=cfg(debug)");` to the top of the `build.rs`
[INFO] [stderr]     = note: see <https://doc.rust-lang.org/nightly/rustc/check-cfg/cargo-specifics.html> for more information about checking conditional configuration
[INFO] [stderr] 
[INFO] [stderr] warning: use of deprecated macro `try`: use the `?` operator instead
[INFO] [stderr]   --> src/writer.rs:37:9
[INFO] [stderr]    |
[INFO] [stderr] 37 |         try!(self.flush());
[INFO] [stderr]    |         ^^^
[INFO] [stderr]    |
[INFO] [stderr]    = note: `#[warn(deprecated)]` on by default
[INFO] [stderr] 
[INFO] [stderr] warning: use of deprecated macro `try`: use the `?` operator instead
[INFO] [stderr]   --> src/writer.rs:54:13
[INFO] [stderr]    |
[INFO] [stderr] 54 |             try!(self.writer.write(result));
[INFO] [stderr]    |             ^^^
[INFO] [stderr] 
[INFO] [stderr] warning: use of deprecated macro `try`: use the `?` operator instead
[INFO] [stderr]   --> src/writer.rs:52:44
[INFO] [stderr]    |
[INFO] [stderr] 52 |             let (num_bytes_read, result) = try!(update(&mut self.inflater, &buf[n..]));
[INFO] [stderr]    |                                            ^^^
[INFO] [stderr] 
[INFO] [stderr] warning: use of deprecated macro `try`: use the `?` operator instead
[INFO] [stderr]   --> src/writer.rs:61:9
[INFO] [stderr]    |
[INFO] [stderr] 61 |         try!(self.writer.write(result));
[INFO] [stderr]    |         ^^^
[INFO] [stderr] 
[INFO] [stderr] warning: use of deprecated macro `try`: use the `?` operator instead
[INFO] [stderr]   --> src/writer.rs:60:27
[INFO] [stderr]    |
[INFO] [stderr] 60 |         let (_, result) = try!(update(&mut self.inflater, &[]));
[INFO] [stderr]    |                           ^^^
[INFO] [stderr] 
[INFO] [stderr] warning: use of deprecated macro `try`: use the `?` operator instead
[INFO] [stderr]   --> src/utils.rs:20:39
[INFO] [stderr]    |
[INFO] [stderr] 20 |         let (num_bytes_read, bytes) = try!(inflater.update(&data[n..]));
[INFO] [stderr]    |                                       ^^^
[INFO] [stderr] 
[INFO] [stderr] warning: use of deprecated macro `try`: use the `?` operator instead
[INFO] [stderr]    --> src/reader.rs:180:25
[INFO] [stderr]     |
[INFO] [stderr] 180 |             let input = try!(self.reader.fill_buf());
[INFO] [stderr]     |                         ^^^
[INFO] [stderr] 
[INFO] [stderr] warning: use of deprecated macro `try`: use the `?` operator instead
[INFO] [stderr]    --> src/lib.rs:289:16
[INFO] [stderr]     |
[INFO] [stderr] 289 |           code = try!(
[INFO] [stderr]     |                  ^^^
[INFO] [stderr] ...
[INFO] [stderr] 327 | /         with_codes!(clens, 7 => u8, |i: u8, code: u8, bits| -> _ {
[INFO] [stderr] 328 | |             /*let base = match BIT_REV_U8.get((code << (8 - bits)) as usize) {
[INFO] [stderr] 329 | |                 Some(&base) => base,
[INFO] [stderr] 330 | |                 None => return Err("invalid length code".to_owned())
[INFO] [stderr] ...   |
[INFO] [stderr] 336 | |             Ok(())
[INFO] [stderr] 337 | |         });
[INFO] [stderr]     | |__________- in this macro invocation
[INFO] [stderr]     |
[INFO] [stderr]     = note: this warning originates in the macro `with_codes` (in Nightly builds, run with -Z macro-backtrace for more info)
[INFO] [stderr] 
[INFO] [stderr] warning: use of deprecated macro `try`: use the `?` operator instead
[INFO] [stderr]    --> src/lib.rs:302:28
[INFO] [stderr]     |
[INFO] [stderr] 302 |               let new_code = try!(
[INFO] [stderr]     |                              ^^^
[INFO] [stderr] ...
[INFO] [stderr] 327 | /         with_codes!(clens, 7 => u8, |i: u8, code: u8, bits| -> _ {
[INFO] [stderr] 328 | |             /*let base = match BIT_REV_U8.get((code << (8 - bits)) as usize) {
[INFO] [stderr] 329 | |                 Some(&base) => base,
[INFO] [stderr] 330 | |                 None => return Err("invalid length code".to_owned())
[INFO] [stderr] ...   |
[INFO] [stderr] 336 | |             Ok(())
[INFO] [stderr] 337 | |         });
[INFO] [stderr]     | |__________- in this macro invocation
[INFO] [stderr]     |
[INFO] [stderr]     = note: this warning originates in the macro `with_codes` (in Nightly builds, run with -Z macro-backtrace for more info)
[INFO] [stderr] 
[INFO] [stderr] warning: `...` range patterns are deprecated
[INFO] [stderr]    --> src/lib.rs:368:18
[INFO] [stderr]     |
[INFO] [stderr] 368 |                 0...15 => self.result.push(code),
[INFO] [stderr]     |                  ^^^ help: use `..=` for an inclusive range
[INFO] [stderr]     |
[INFO] [stderr]     = warning: this is accepted in the current edition (Rust 2015) but is a hard error in Rust 2021!
[INFO] [stderr]     = note: for more information, see <https://doc.rust-lang.org/nightly/edition-guide/rust-2021/warnings-promoted-to-error.html>
[INFO] [stderr]     = note: `#[warn(ellipsis_inclusive_range_patterns)]` on by default
[INFO] [stderr] 
[INFO] [stderr] warning: use of deprecated macro `try`: use the `?` operator instead
[INFO] [stderr]    --> src/lib.rs:397:19
[INFO] [stderr]     |
[INFO] [stderr] 397 |         let lit = try!(DynHuffman16::new(&self.result[..num_lit]));
[INFO] [stderr]     |                   ^^^
[INFO] [stderr] 
[INFO] [stderr] warning: use of deprecated macro `try`: use the `?` operator instead
[INFO] [stderr]    --> src/lib.rs:398:20
[INFO] [stderr]     |
[INFO] [stderr] 398 |         let dist = try!(DynHuffman16::new(&self.result[num_lit..]));
[INFO] [stderr]     |                    ^^^
[INFO] [stderr] 
[INFO] [stderr] warning: use of deprecated macro `try`: use the `?` operator instead
[INFO] [stderr]    --> src/lib.rs:289:16
[INFO] [stderr]     |
[INFO] [stderr] 289 |           code = try!(
[INFO] [stderr]     |                  ^^^
[INFO] [stderr] ...
[INFO] [stderr] 419 | /         with_codes!(clens, 15 => u16, |i: u16, code: u16, bits: u8| -> _ {
[INFO] [stderr] 420 | |             let entry = i | ((bits as u16) << 12);
[INFO] [stderr] 421 | |             if bits <= 8 {
[INFO] [stderr] 422 | |                 let base = match BIT_REV_U8.get((code << (8 - bits)) as usize) {
[INFO] [stderr] ...   |
[INFO] [stderr] 471 | |             Ok(())
[INFO] [stderr] 472 | |         });
[INFO] [stderr]     | |__________- in this macro invocation
[INFO] [stderr]     |
[INFO] [stderr]     = note: this warning originates in the macro `with_codes` (in Nightly builds, run with -Z macro-backtrace for more info)
[INFO] [stderr] 
[INFO] [stderr] warning: use of deprecated macro `try`: use the `?` operator instead
[INFO] [stderr]    --> src/lib.rs:302:28
[INFO] [stderr]     |
[INFO] [stderr] 302 |               let new_code = try!(
[INFO] [stderr]     |                              ^^^
[INFO] [stderr] ...
[INFO] [stderr] 419 | /         with_codes!(clens, 15 => u16, |i: u16, code: u16, bits: u8| -> _ {
[INFO] [stderr] 420 | |             let entry = i | ((bits as u16) << 12);
[INFO] [stderr] 421 | |             if bits <= 8 {
[INFO] [stderr] 422 | |                 let base = match BIT_REV_U8.get((code << (8 - bits)) as usize) {
[INFO] [stderr] ...   |
[INFO] [stderr] 471 | |             Ok(())
[INFO] [stderr] 472 | |         });
[INFO] [stderr]     | |__________- in this macro invocation
[INFO] [stderr]     |
[INFO] [stderr]     = note: this warning originates in the macro `with_codes` (in Nightly builds, run with -Z macro-backtrace for more info)
[INFO] [stderr] 
[INFO] [stderr] warning: use of deprecated macro `try`: use the `?` operator instead
[INFO] [stderr]    --> src/lib.rs:855:53
[INFO] [stderr]     |
[INFO] [stderr] 855 | ...                   ok!(BlockDynCodeLengths(try!(CodeLengthReader::new(clens, hlit as u16 + 256, hdist))))
[INFO] [stderr]     |                                               ^^^
[INFO] [stderr] 
[INFO] [stderr] warning: use of deprecated macro `try`: use the `?` operator instead
[INFO] [stderr]    --> src/lib.rs:859:40
[INFO] [stderr]     |
[INFO] [stderr] 859 |                         let finished = try!(reader.read(&mut stream));
[INFO] [stderr]     |                                        ^^^
[INFO] [stderr] 
[INFO] [stderr] warning: use of deprecated macro `try`: use the `?` operator instead
[INFO] [stderr]    --> src/lib.rs:861:47
[INFO] [stderr]     |
[INFO] [stderr] 861 | ...                   let (lit, dist) = try!(reader.to_lit_and_dist());
[INFO] [stderr]     |                                         ^^^
[INFO] [stderr] 
[INFO] [stderr] warning: use of deprecated macro `try`: use the `?` operator instead
[INFO] [stderr]    --> src/lib.rs:875:60
[INFO] [stderr]     |
[INFO] [stderr] 875 | ...                   let (save, code16) = match try!(huff_lit_len.read(&mut stream)) {
[INFO] [stderr]     |                                                  ^^^
[INFO] [stderr] 
[INFO] [stderr] warning: `...` range patterns are deprecated
[INFO] [stderr]    --> src/lib.rs:882:38
[INFO] [stderr]     |
[INFO] [stderr] 882 | ...                   0...255 => {
[INFO] [stderr]     |                        ^^^ help: use `..=` for an inclusive range
[INFO] [stderr]     |
[INFO] [stderr]     = warning: this is accepted in the current edition (Rust 2015) but is a hard error in Rust 2021!
[INFO] [stderr]     = note: for more information, see <https://doc.rust-lang.org/nightly/edition-guide/rust-2021/warnings-promoted-to-error.html>
[INFO] [stderr] 
[INFO] [stderr] warning: `...` range patterns are deprecated
[INFO] [stderr]    --> src/lib.rs:886:40
[INFO] [stderr]     |
[INFO] [stderr] 886 | ...                   256...285 => {}
[INFO] [stderr]     |                          ^^^ help: use `..=` for an inclusive range
[INFO] [stderr]     |
[INFO] [stderr]     = warning: this is accepted in the current edition (Rust 2015) but is a hard error in Rust 2021!
[INFO] [stderr]     = note: for more information, see <https://doc.rust-lang.org/nightly/edition-guide/rust-2021/warnings-promoted-to-error.html>
[INFO] [stderr] 
[INFO] [stderr] warning: `...` range patterns are deprecated
[INFO] [stderr]    --> src/lib.rs:910:38
[INFO] [stderr]     |
[INFO] [stderr] 910 | ...                   1...8 => len!(code, 0),
[INFO] [stderr]     |                        ^^^ help: use `..=` for an inclusive range
[INFO] [stderr]     |
[INFO] [stderr]     = warning: this is accepted in the current edition (Rust 2015) but is a hard error in Rust 2021!
[INFO] [stderr]     = note: for more information, see <https://doc.rust-lang.org/nightly/edition-guide/rust-2021/warnings-promoted-to-error.html>
[INFO] [stderr] 
[INFO] [stderr] warning: `...` range patterns are deprecated
[INFO] [stderr]    --> src/lib.rs:911:38
[INFO] [stderr]     |
[INFO] [stderr] 911 | ...                   9...12 => len!(code, 1),
[INFO] [stderr]     |                        ^^^ help: use `..=` for an inclusive range
[INFO] [stderr]     |
[INFO] [stderr]     = warning: this is accepted in the current edition (Rust 2015) but is a hard error in Rust 2021!
[INFO] [stderr]     = note: for more information, see <https://doc.rust-lang.org/nightly/edition-guide/rust-2021/warnings-promoted-to-error.html>
[INFO] [stderr] 
[INFO] [stderr] warning: `...` range patterns are deprecated
[INFO] [stderr]    --> src/lib.rs:912:39
[INFO] [stderr]     |
[INFO] [stderr] 912 | ...                   13...16 => len!(code, 2),
[INFO] [stderr]     |                         ^^^ help: use `..=` for an inclusive range
[INFO] [stderr]     |
[INFO] [stderr]     = warning: this is accepted in the current edition (Rust 2015) but is a hard error in Rust 2021!
[INFO] [stderr]     = note: for more information, see <https://doc.rust-lang.org/nightly/edition-guide/rust-2021/warnings-promoted-to-error.html>
[INFO] [stderr] 
[INFO] [stderr] warning: `...` range patterns are deprecated
[INFO] [stderr]    --> src/lib.rs:913:39
[INFO] [stderr]     |
[INFO] [stderr] 913 | ...                   17...20 => len!(code, 3),
[INFO] [stderr]     |                         ^^^ help: use `..=` for an inclusive range
[INFO] [stderr]     |
[INFO] [stderr]     = warning: this is accepted in the current edition (Rust 2015) but is a hard error in Rust 2021!
[INFO] [stderr]     = note: for more information, see <https://doc.rust-lang.org/nightly/edition-guide/rust-2021/warnings-promoted-to-error.html>
[INFO] [stderr] 
[INFO] [stderr] warning: `...` range patterns are deprecated
[INFO] [stderr]    --> src/lib.rs:914:39
[INFO] [stderr]     |
[INFO] [stderr] 914 | ...                   21...24 => len!(code, 4),
[INFO] [stderr]     |                         ^^^ help: use `..=` for an inclusive range
[INFO] [stderr]     |
[INFO] [stderr]     = warning: this is accepted in the current edition (Rust 2015) but is a hard error in Rust 2021!
[INFO] [stderr]     = note: for more information, see <https://doc.rust-lang.org/nightly/edition-guide/rust-2021/warnings-promoted-to-error.html>
[INFO] [stderr] 
[INFO] [stderr] warning: `...` range patterns are deprecated
[INFO] [stderr]    --> src/lib.rs:915:39
[INFO] [stderr]     |
[INFO] [stderr] 915 | ...                   25...28 => len!(code, 5),
[INFO] [stderr]     |                         ^^^ help: use `..=` for an inclusive range
[INFO] [stderr]     |
[INFO] [stderr]     = warning: this is accepted in the current edition (Rust 2015) but is a hard error in Rust 2021!
[INFO] [stderr]     = note: for more information, see <https://doc.rust-lang.org/nightly/edition-guide/rust-2021/warnings-promoted-to-error.html>
[INFO] [stderr] 
[INFO] [stderr] warning: use of deprecated macro `try`: use the `?` operator instead
[INFO] [stderr]    --> src/lib.rs:921:59
[INFO] [stderr]     |
[INFO] [stderr] 921 | ...                   let (save, dist_code) = match try!(huff_dist.read(&mut stream)) {
[INFO] [stderr]     |                                                     ^^^
[INFO] [stderr] 
[INFO] [stderr] warning: `...` range patterns are deprecated
[INFO] [stderr]    --> src/lib.rs:930:34
[INFO] [stderr]     |
[INFO] [stderr] 930 | ...                   0...3 => len_dist_case!(0),
[INFO] [stderr]     |                        ^^^ help: use `..=` for an inclusive range
[INFO] [stderr]     |
[INFO] [stderr]     = warning: this is accepted in the current edition (Rust 2015) but is a hard error in Rust 2021!
[INFO] [stderr]     = note: for more information, see <https://doc.rust-lang.org/nightly/edition-guide/rust-2021/warnings-promoted-to-error.html>
[INFO] [stderr] 
[INFO] [stderr] warning: use of deprecated macro `try`: use the `?` operator instead
[INFO] [stderr]    --> src/lib.rs:690:24
[INFO] [stderr]     |
[INFO] [stderr] 690 |             let left = try!(self.run_len_dist($len, dist));
[INFO] [stderr]     |                        ^^^
[INFO] [stderr] ...
[INFO] [stderr] 930 |                                 0...3 => len_dist_case!(0),
[INFO] [stderr]     |                                          ----------------- in this macro invocation
[INFO] [stderr]     |
[INFO] [stderr]     = note: this warning originates in the macro `run_len_dist` which comes from the expansion of the macro `len_dist_case` (in Nightly builds, run with -Z macro-backtrace for more info)
[INFO] [stderr] 
[INFO] [stderr] warning: `...` range patterns are deprecated
[INFO] [stderr]    --> src/lib.rs:931:34
[INFO] [stderr]     |
[INFO] [stderr] 931 | ...                   4...5 => len_dist_case!(1),
[INFO] [stderr]     |                        ^^^ help: use `..=` for an inclusive range
[INFO] [stderr]     |
[INFO] [stderr]     = warning: this is accepted in the current edition (Rust 2015) but is a hard error in Rust 2021!
[INFO] [stderr]     = note: for more information, see <https://doc.rust-lang.org/nightly/edition-guide/rust-2021/warnings-promoted-to-error.html>
[INFO] [stderr] 
[INFO] [stderr] warning: use of deprecated macro `try`: use the `?` operator instead
[INFO] [stderr]    --> src/lib.rs:690:24
[INFO] [stderr]     |
[INFO] [stderr] 690 |             let left = try!(self.run_len_dist($len, dist));
[INFO] [stderr]     |                        ^^^
[INFO] [stderr] ...
[INFO] [stderr] 931 |                                 4...5 => len_dist_case!(1),
[INFO] [stderr]     |                                          ----------------- in this macro invocation
[INFO] [stderr]     |
[INFO] [stderr]     = note: this warning originates in the macro `run_len_dist` which comes from the expansion of the macro `len_dist_case` (in Nightly builds, run with -Z macro-backtrace for more info)
[INFO] [stderr] 
[INFO] [stderr] warning: `...` range patterns are deprecated
[INFO] [stderr]    --> src/lib.rs:932:34
[INFO] [stderr]     |
[INFO] [stderr] 932 | ...                   6...7 => len_dist_case!(2),
[INFO] [stderr]     |                        ^^^ help: use `..=` for an inclusive range
[INFO] [stderr]     |
[INFO] [stderr]     = warning: this is accepted in the current edition (Rust 2015) but is a hard error in Rust 2021!
[INFO] [stderr]     = note: for more information, see <https://doc.rust-lang.org/nightly/edition-guide/rust-2021/warnings-promoted-to-error.html>
[INFO] [stderr] 
[INFO] [stderr] warning: use of deprecated macro `try`: use the `?` operator instead
[INFO] [stderr]    --> src/lib.rs:690:24
[INFO] [stderr]     |
[INFO] [stderr] 690 |             let left = try!(self.run_len_dist($len, dist));
[INFO] [stderr]     |                        ^^^
[INFO] [stderr] ...
[INFO] [stderr] 932 |                                 6...7 => len_dist_case!(2),
[INFO] [stderr]     |                                          ----------------- in this macro invocation
[INFO] [stderr]     |
[INFO] [stderr]     = note: this warning originates in the macro `run_len_dist` which comes from the expansion of the macro `len_dist_case` (in Nightly builds, run with -Z macro-backtrace for more info)
[INFO] [stderr] 
[INFO] [stderr] warning: `...` range patterns are deprecated
[INFO] [stderr]    --> src/lib.rs:933:34
[INFO] [stderr]     |
[INFO] [stderr] 933 | ...                   8...9 => len_dist_case!(3),
[INFO] [stderr]     |                        ^^^ help: use `..=` for an inclusive range
[INFO] [stderr]     |
[INFO] [stderr]     = warning: this is accepted in the current edition (Rust 2015) but is a hard error in Rust 2021!
[INFO] [stderr]     = note: for more information, see <https://doc.rust-lang.org/nightly/edition-guide/rust-2021/warnings-promoted-to-error.html>
[INFO] [stderr] 
[INFO] [stderr] warning: use of deprecated macro `try`: use the `?` operator instead
[INFO] [stderr]    --> src/lib.rs:690:24
[INFO] [stderr]     |
[INFO] [stderr] 690 |             let left = try!(self.run_len_dist($len, dist));
[INFO] [stderr]     |                        ^^^
[INFO] [stderr] ...
[INFO] [stderr] 933 |                                 8...9 => len_dist_case!(3),
[INFO] [stderr]     |                                          ----------------- in this macro invocation
[INFO] [stderr]     |
[INFO] [stderr]     = note: this warning originates in the macro `run_len_dist` which comes from the expansion of the macro `len_dist_case` (in Nightly builds, run with -Z macro-backtrace for more info)
[INFO] [stderr] 
[INFO] [stderr] warning: `...` range patterns are deprecated
[INFO] [stderr]    --> src/lib.rs:934:35
[INFO] [stderr]     |
[INFO] [stderr] 934 | ...                   10...11 => len_dist_case!(4),
[INFO] [stderr]     |                         ^^^ help: use `..=` for an inclusive range
[INFO] [stderr]     |
[INFO] [stderr]     = warning: this is accepted in the current edition (Rust 2015) but is a hard error in Rust 2021!
[INFO] [stderr]     = note: for more information, see <https://doc.rust-lang.org/nightly/edition-guide/rust-2021/warnings-promoted-to-error.html>
[INFO] [stderr] 
[INFO] [stderr] warning: use of deprecated macro `try`: use the `?` operator instead
[INFO] [stderr]    --> src/lib.rs:690:24
[INFO] [stderr]     |
[INFO] [stderr] 690 |             let left = try!(self.run_len_dist($len, dist));
[INFO] [stderr]     |                        ^^^
[INFO] [stderr] ...
[INFO] [stderr] 934 |                                 10...11 => len_dist_case!(4),
[INFO] [stderr]     |                                            ----------------- in this macro invocation
[INFO] [stderr]     |
[INFO] [stderr]     = note: this warning originates in the macro `run_len_dist` which comes from the expansion of the macro `len_dist_case` (in Nightly builds, run with -Z macro-backtrace for more info)
[INFO] [stderr] 
[INFO] [stderr] warning: `...` range patterns are deprecated
[INFO] [stderr]    --> src/lib.rs:935:35
[INFO] [stderr]     |
[INFO] [stderr] 935 | ...                   12...13 => len_dist_case!(5),
[INFO] [stderr]     |                         ^^^ help: use `..=` for an inclusive range
[INFO] [stderr]     |
[INFO] [stderr]     = warning: this is accepted in the current edition (Rust 2015) but is a hard error in Rust 2021!
[INFO] [stderr]     = note: for more information, see <https://doc.rust-lang.org/nightly/edition-guide/rust-2021/warnings-promoted-to-error.html>
[INFO] [stderr] 
[INFO] [stderr] warning: use of deprecated macro `try`: use the `?` operator instead
[INFO] [stderr]    --> src/lib.rs:690:24
[INFO] [stderr]     |
[INFO] [stderr] 690 |             let left = try!(self.run_len_dist($len, dist));
[INFO] [stderr]     |                        ^^^
[INFO] [stderr] ...
[INFO] [stderr] 935 |                                 12...13 => len_dist_case!(5),
[INFO] [stderr]     |                                            ----------------- in this macro invocation
[INFO] [stderr]     |
[INFO] [stderr]     = note: this warning originates in the macro `run_len_dist` which comes from the expansion of the macro `len_dist_case` (in Nightly builds, run with -Z macro-backtrace for more info)
[INFO] [stderr] 
[INFO] [stderr] warning: `...` range patterns are deprecated
[INFO] [stderr]    --> src/lib.rs:936:35
[INFO] [stderr]     |
[INFO] [stderr] 936 | ...                   14...15 => len_dist_case!(6),
[INFO] [stderr]     |                         ^^^ help: use `..=` for an inclusive range
[INFO] [stderr]     |
[INFO] [stderr]     = warning: this is accepted in the current edition (Rust 2015) but is a hard error in Rust 2021!
[INFO] [stderr]     = note: for more information, see <https://doc.rust-lang.org/nightly/edition-guide/rust-2021/warnings-promoted-to-error.html>
[INFO] [stderr] 
[INFO] [stderr] warning: use of deprecated macro `try`: use the `?` operator instead
[INFO] [stderr]    --> src/lib.rs:690:24
[INFO] [stderr]     |
[INFO] [stderr] 690 |             let left = try!(self.run_len_dist($len, dist));
[INFO] [stderr]     |                        ^^^
[INFO] [stderr] ...
[INFO] [stderr] 936 |                                 14...15 => len_dist_case!(6),
[INFO] [stderr]     |                                            ----------------- in this macro invocation
[INFO] [stderr]     |
[INFO] [stderr]     = note: this warning originates in the macro `run_len_dist` which comes from the expansion of the macro `len_dist_case` (in Nightly builds, run with -Z macro-backtrace for more info)
[INFO] [stderr] 
[INFO] [stderr] warning: `...` range patterns are deprecated
[INFO] [stderr]    --> src/lib.rs:937:35
[INFO] [stderr]     |
[INFO] [stderr] 937 | ...                   16...17 => len_dist_case!(7),
[INFO] [stderr]     |                         ^^^ help: use `..=` for an inclusive range
[INFO] [stderr]     |
[INFO] [stderr]     = warning: this is accepted in the current edition (Rust 2015) but is a hard error in Rust 2021!
[INFO] [stderr]     = note: for more information, see <https://doc.rust-lang.org/nightly/edition-guide/rust-2021/warnings-promoted-to-error.html>
[INFO] [stderr] 
[INFO] [stderr] warning: use of deprecated macro `try`: use the `?` operator instead
[INFO] [stderr]    --> src/lib.rs:690:24
[INFO] [stderr]     |
[INFO] [stderr] 690 |             let left = try!(self.run_len_dist($len, dist));
[INFO] [stderr]     |                        ^^^
[INFO] [stderr] ...
[INFO] [stderr] 937 |                                 16...17 => len_dist_case!(7),
[INFO] [stderr]     |                                            ----------------- in this macro invocation
[INFO] [stderr]     |
[INFO] [stderr]     = note: this warning originates in the macro `run_len_dist` which comes from the expansion of the macro `len_dist_case` (in Nightly builds, run with -Z macro-backtrace for more info)
[INFO] [stderr] 
[INFO] [stderr] warning: `...` range patterns are deprecated
[INFO] [stderr]    --> src/lib.rs:938:35
[INFO] [stderr]     |
[INFO] [stderr] 938 | ...                   18...19 => len_dist_case!(8),
[INFO] [stderr]     |                         ^^^ help: use `..=` for an inclusive range
[INFO] [stderr]     |
[INFO] [stderr]     = warning: this is accepted in the current edition (Rust 2015) but is a hard error in Rust 2021!
[INFO] [stderr]     = note: for more information, see <https://doc.rust-lang.org/nightly/edition-guide/rust-2021/warnings-promoted-to-error.html>
[INFO] [stderr] 
[INFO] [stderr] warning: use of deprecated macro `try`: use the `?` operator instead
[INFO] [stderr]    --> src/lib.rs:690:24
[INFO] [stderr]     |
[INFO] [stderr] 690 |             let left = try!(self.run_len_dist($len, dist));
[INFO] [stderr]     |                        ^^^
[INFO] [stderr] ...
[INFO] [stderr] 938 |                                 18...19 => len_dist_case!(8),
[INFO] [stderr]     |                                            ----------------- in this macro invocation
[INFO] [stderr]     |
[INFO] [stderr]     = note: this warning originates in the macro `run_len_dist` which comes from the expansion of the macro `len_dist_case` (in Nightly builds, run with -Z macro-backtrace for more info)
[INFO] [stderr] 
[INFO] [stderr] warning: `...` range patterns are deprecated
[INFO] [stderr]    --> src/lib.rs:939:35
[INFO] [stderr]     |
[INFO] [stderr] 939 | ...                   20...21 => len_dist_case!(9),
[INFO] [stderr]     |                         ^^^ help: use `..=` for an inclusive range
[INFO] [stderr]     |
[INFO] [stderr]     = warning: this is accepted in the current edition (Rust 2015) but is a hard error in Rust 2021!
[INFO] [stderr]     = note: for more information, see <https://doc.rust-lang.org/nightly/edition-guide/rust-2021/warnings-promoted-to-error.html>
[INFO] [stderr] 
[INFO] [stderr] warning: use of deprecated macro `try`: use the `?` operator instead
[INFO] [stderr]    --> src/lib.rs:690:24
[INFO] [stderr]     |
[INFO] [stderr] 690 |             let left = try!(self.run_len_dist($len, dist));
[INFO] [stderr]     |                        ^^^
[INFO] [stderr] ...
[INFO] [stderr] 939 |                                 20...21 => len_dist_case!(9),
[INFO] [stderr]     |                                            ----------------- in this macro invocation
[INFO] [stderr]     |
[INFO] [stderr]     = note: this warning originates in the macro `run_len_dist` which comes from the expansion of the macro `len_dist_case` (in Nightly builds, run with -Z macro-backtrace for more info)
[INFO] [stderr] 
[INFO] [stderr] warning: `...` range patterns are deprecated
[INFO] [stderr]    --> src/lib.rs:940:35
[INFO] [stderr]     |
[INFO] [stderr] 940 | ...                   22...23 => len_dist_case!(10),
[INFO] [stderr]     |                         ^^^ help: use `..=` for an inclusive range
[INFO] [stderr]     |
[INFO] [stderr]     = warning: this is accepted in the current edition (Rust 2015) but is a hard error in Rust 2021!
[INFO] [stderr]     = note: for more information, see <https://doc.rust-lang.org/nightly/edition-guide/rust-2021/warnings-promoted-to-error.html>
[INFO] [stderr] 
[INFO] [stderr] warning: use of deprecated macro `try`: use the `?` operator instead
[INFO] [stderr]    --> src/lib.rs:690:24
[INFO] [stderr]     |
[INFO] [stderr] 690 |             let left = try!(self.run_len_dist($len, dist));
[INFO] [stderr]     |                        ^^^
[INFO] [stderr] ...
[INFO] [stderr] 940 |                                 22...23 => len_dist_case!(10),
[INFO] [stderr]     |                                            ------------------ in this macro invocation
[INFO] [stderr]     |
[INFO] [stderr]     = note: this warning originates in the macro `run_len_dist` which comes from the expansion of the macro `len_dist_case` (in Nightly builds, run with -Z macro-backtrace for more info)
[INFO] [stderr] 
[INFO] [stderr] warning: `...` range patterns are deprecated
[INFO] [stderr]    --> src/lib.rs:941:35
[INFO] [stderr]     |
[INFO] [stderr] 941 | ...                   24...25 => len_dist_case!(11),
[INFO] [stderr]     |                         ^^^ help: use `..=` for an inclusive range
[INFO] [stderr]     |
[INFO] [stderr]     = warning: this is accepted in the current edition (Rust 2015) but is a hard error in Rust 2021!
[INFO] [stderr]     = note: for more information, see <https://doc.rust-lang.org/nightly/edition-guide/rust-2021/warnings-promoted-to-error.html>
[INFO] [stderr] 
[INFO] [stderr] warning: use of deprecated macro `try`: use the `?` operator instead
[INFO] [stderr]    --> src/lib.rs:690:24
[INFO] [stderr]     |
[INFO] [stderr] 690 |             let left = try!(self.run_len_dist($len, dist));
[INFO] [stderr]     |                        ^^^
[INFO] [stderr] ...
[INFO] [stderr] 941 |                                 24...25 => len_dist_case!(11),
[INFO] [stderr]     |                                            ------------------ in this macro invocation
[INFO] [stderr]     |
[INFO] [stderr]     = note: this warning originates in the macro `run_len_dist` which comes from the expansion of the macro `len_dist_case` (in Nightly builds, run with -Z macro-backtrace for more info)
[INFO] [stderr] 
[INFO] [stderr] warning: `...` range patterns are deprecated
[INFO] [stderr]    --> src/lib.rs:942:35
[INFO] [stderr]     |
[INFO] [stderr] 942 | ...                   26...27 => len_dist_case!(12),
[INFO] [stderr]     |                         ^^^ help: use `..=` for an inclusive range
[INFO] [stderr]     |
[INFO] [stderr]     = warning: this is accepted in the current edition (Rust 2015) but is a hard error in Rust 2021!
[INFO] [stderr]     = note: for more information, see <https://doc.rust-lang.org/nightly/edition-guide/rust-2021/warnings-promoted-to-error.html>
[INFO] [stderr] 
[INFO] [stderr] warning: use of deprecated macro `try`: use the `?` operator instead
[INFO] [stderr]    --> src/lib.rs:690:24
[INFO] [stderr]     |
[INFO] [stderr] 690 |             let left = try!(self.run_len_dist($len, dist));
[INFO] [stderr]     |                        ^^^
[INFO] [stderr] ...
[INFO] [stderr] 942 |                                 26...27 => len_dist_case!(12),
[INFO] [stderr]     |                                            ------------------ in this macro invocation
[INFO] [stderr]     |
[INFO] [stderr]     = note: this warning originates in the macro `run_len_dist` which comes from the expansion of the macro `len_dist_case` (in Nightly builds, run with -Z macro-backtrace for more info)
[INFO] [stderr] 
[INFO] [stderr] warning: `...` range patterns are deprecated
[INFO] [stderr]    --> src/lib.rs:943:35
[INFO] [stderr]     |
[INFO] [stderr] 943 | ...                   28...29 => len_dist_case!(13),
[INFO] [stderr]     |                         ^^^ help: use `..=` for an inclusive range
[INFO] [stderr]     |
[INFO] [stderr]     = warning: this is accepted in the current edition (Rust 2015) but is a hard error in Rust 2021!
[INFO] [stderr]     = note: for more information, see <https://doc.rust-lang.org/nightly/edition-guide/rust-2021/warnings-promoted-to-error.html>
[INFO] [stderr] 
[INFO] [stderr] warning: use of deprecated macro `try`: use the `?` operator instead
[INFO] [stderr]    --> src/lib.rs:690:24
[INFO] [stderr]     |
[INFO] [stderr] 690 |             let left = try!(self.run_len_dist($len, dist));
[INFO] [stderr]     |                        ^^^
[INFO] [stderr] ...
[INFO] [stderr] 943 |                                 28...29 => len_dist_case!(13),
[INFO] [stderr]     |                                            ------------------ in this macro invocation
[INFO] [stderr]     |
[INFO] [stderr]     = note: this warning originates in the macro `run_len_dist` which comes from the expansion of the macro `len_dist_case` (in Nightly builds, run with -Z macro-backtrace for more info)
[INFO] [stderr] 
[INFO] [stderr] warning: use of deprecated macro `try`: use the `?` operator instead
[INFO] [stderr]    --> src/lib.rs:690:24
[INFO] [stderr]     |
[INFO] [stderr] 690 |             let left = try!(self.run_len_dist($len, dist));
[INFO] [stderr]     |                        ^^^
[INFO] [stderr] ...
[INFO] [stderr] 951 |                 run_len_dist!(len, dist => (0, next, state));
[INFO] [stderr]     |                 -------------------------------------------- in this macro invocation
[INFO] [stderr]     |
[INFO] [stderr]     = note: this warning originates in the macro `run_len_dist` (in Nightly builds, run with -Z macro-backtrace for more info)
[INFO] [stderr] 
[INFO] [stderr] warning: use of deprecated macro `try`: use the `?` operator instead
[INFO] [stderr]     --> src/lib.rs:1027:13
[INFO] [stderr]      |
[INFO] [stderr] 1027 |             try!(self.checksum.check(c));
[INFO] [stderr]      |             ^^^
[INFO] [stderr] 
[INFO] [stderr] warning: `inflate` (lib) generated 59 warnings (run `cargo fix --lib -p inflate` to apply 23 suggestions)
[INFO] [stderr] warning: unused `Result` that must be used
[INFO] [stderr]   --> tests/test.rs:60:5
[INFO] [stderr]    |
[INFO] [stderr] 60 |     inflate::inflate_bytes_zlib(data);
[INFO] [stderr]    |     ^^^^^^^^^^^^^^^^^^^^^^^^^^^^^^^^^
[INFO] [stderr]    |
[INFO] [stderr]    = note: this `Result` may be an `Err` variant, which should be handled
[INFO] [stderr]    = note: `#[warn(unused_must_use)]` on by default
[INFO] [stderr] help: use `let _ = ...` to ignore the resulting value
[INFO] [stderr]    |
[INFO] [stderr] 60 |     let _ = inflate::inflate_bytes_zlib(data);
[INFO] [stderr]    |     +++++++
[INFO] [stderr] 
[INFO] [stderr] warning: unused `Result` that must be used
[INFO] [stderr]   --> tests/test.rs:68:5
[INFO] [stderr]    |
[INFO] [stderr] 68 |     inflate::inflate_bytes_zlib(data);
[INFO] [stderr]    |     ^^^^^^^^^^^^^^^^^^^^^^^^^^^^^^^^^
[INFO] [stderr]    |
[INFO] [stderr]    = note: this `Result` may be an `Err` variant, which should be handled
[INFO] [stderr] help: use `let _ = ...` to ignore the resulting value
[INFO] [stderr]    |
[INFO] [stderr] 68 |     let _ = inflate::inflate_bytes_zlib(data);
[INFO] [stderr]    |     +++++++
[INFO] [stderr] 
[INFO] [stderr] warning: `inflate` (test "test") generated 2 warnings
[INFO] [stderr] warning: `inflate` (lib test) generated 59 warnings (59 duplicates)
[INFO] [stderr]     Finished `test` profile [unoptimized + debuginfo] target(s) in 0.01s
[INFO] [stderr]      Running unittests src/lib.rs (/opt/rustwide/target/debug/deps/inflate-e7566924bed1b196)
[INFO] [stdout] 
[INFO] [stdout] running 8 tests
[INFO] [stdout] test checksum::test::adler32 ... ok
[INFO] [stdout] test reader::test::deflate_reader ... ok
[INFO] [stdout] test reader::test::zlib_reader ... ok
[INFO] [stdout] test utils::test::inflate_bytes_with_zlib ... ok
[INFO] [stdout] test utils::test::inflate_bytes_with_zlib_checksum_fail ... ok
[INFO] [stdout] test utils::test::inflate_bytes_with_zlib_trailing ... ok
[INFO] [stdout] test writer::test::inflate_writer ... ok
[INFO] [stdout] test writer::test::inflate_writer_from_zlib ... ok
[INFO] [stdout] 
[INFO] [stdout] test result: ok. 8 passed; 0 failed; 0 ignored; 0 measured; 0 filtered out; finished in 0.00s
[INFO] [stdout] 
[INFO] [stderr]      Running tests/test.rs (/opt/rustwide/target/debug/deps/test-da66efbbcb82ec52)
[INFO] [stdout] 
[INFO] [stdout] running 12 tests
[INFO] [stdout] test issue_17 ... ok
[INFO] [stdout] test issue_14 ... ok
[INFO] [stdout] test issue_16 ... ok
[INFO] [stdout] test issue_30_realworld ... ok
[INFO] [stdout] test issue_30_small ... ok
[INFO] [stdout] test issue_26 ... ok
[INFO] [stdout] test issue_38_update_bits ... ok
[INFO] [stdout] test issue_47_uncompressed ... ok
[INFO] [stdout] test issue_38_update_no_progress ... ok
[INFO] [stdout] test no_checksum ... ok
[INFO] [stdout] test issue_38_inflate ... ok
[INFO] [stdout] test issue_38_update_lendist ... ok
[INFO] [stdout] 
[INFO] [stdout] test result: ok. 12 passed; 0 failed; 0 ignored; 0 measured; 0 filtered out; finished in 0.01s
[INFO] [stdout] 
[INFO] [stderr]    Doc-tests inflate
[INFO] [stderr] warning: `...` range patterns are deprecated
[INFO] [stderr]    --> src/lib.rs:368:18
[INFO] [stderr]     |
[INFO] [stderr] 368 |                 0...15 => self.result.push(code),
[INFO] [stderr]     |                  ^^^ help: use `..=` for an inclusive range
[INFO] [stderr]     |
[INFO] [stderr]     = warning: this is accepted in the current edition (Rust 2015) but is a hard error in Rust 2021!
[INFO] [stderr]     = note: for more information, see <https://doc.rust-lang.org/nightly/edition-guide/rust-2021/warnings-promoted-to-error.html>
[INFO] [stderr]     = note: `#[warn(ellipsis_inclusive_range_patterns)]` on by default
[INFO] [stderr] 
[INFO] [stderr] warning: `...` range patterns are deprecated
[INFO] [stderr]    --> src/lib.rs:882:38
[INFO] [stderr]     |
[INFO] [stderr] 882 | ...                   0...255 => {
[INFO] [stderr]     |                        ^^^ help: use `..=` for an inclusive range
[INFO] [stderr]     |
[INFO] [stderr]     = warning: this is accepted in the current edition (Rust 2015) but is a hard error in Rust 2021!
[INFO] [stderr]     = note: for more information, see <https://doc.rust-lang.org/nightly/edition-guide/rust-2021/warnings-promoted-to-error.html>
[INFO] [stderr] 
[INFO] [stderr] warning: `...` range patterns are deprecated
[INFO] [stderr]    --> src/lib.rs:886:40
[INFO] [stderr]     |
[INFO] [stderr] 886 | ...                   256...285 => {}
[INFO] [stderr]     |                          ^^^ help: use `..=` for an inclusive range
[INFO] [stderr]     |
[INFO] [stderr]     = warning: this is accepted in the current edition (Rust 2015) but is a hard error in Rust 2021!
[INFO] [stderr]     = note: for more information, see <https://doc.rust-lang.org/nightly/edition-guide/rust-2021/warnings-promoted-to-error.html>
[INFO] [stderr] 
[INFO] [stderr] warning: `...` range patterns are deprecated
[INFO] [stderr]    --> src/lib.rs:910:38
[INFO] [stderr]     |
[INFO] [stderr] 910 | ...                   1...8 => len!(code, 0),
[INFO] [stderr]     |                        ^^^ help: use `..=` for an inclusive range
[INFO] [stderr]     |
[INFO] [stderr]     = warning: this is accepted in the current edition (Rust 2015) but is a hard error in Rust 2021!
[INFO] [stderr]     = note: for more information, see <https://doc.rust-lang.org/nightly/edition-guide/rust-2021/warnings-promoted-to-error.html>
[INFO] [stderr] 
[INFO] [stderr] warning: `...` range patterns are deprecated
[INFO] [stderr]    --> src/lib.rs:911:38
[INFO] [stderr]     |
[INFO] [stderr] 911 | ...                   9...12 => len!(code, 1),
[INFO] [stderr]     |                        ^^^ help: use `..=` for an inclusive range
[INFO] [stderr]     |
[INFO] [stderr]     = warning: this is accepted in the current edition (Rust 2015) but is a hard error in Rust 2021!
[INFO] [stderr]     = note: for more information, see <https://doc.rust-lang.org/nightly/edition-guide/rust-2021/warnings-promoted-to-error.html>
[INFO] [stderr] 
[INFO] [stderr] warning: `...` range patterns are deprecated
[INFO] [stderr]    --> src/lib.rs:912:39
[INFO] [stderr]     |
[INFO] [stderr] 912 | ...                   13...16 => len!(code, 2),
[INFO] [stderr]     |                         ^^^ help: use `..=` for an inclusive range
[INFO] [stderr]     |
[INFO] [stderr]     = warning: this is accepted in the current edition (Rust 2015) but is a hard error in Rust 2021!
[INFO] [stderr]     = note: for more information, see <https://doc.rust-lang.org/nightly/edition-guide/rust-2021/warnings-promoted-to-error.html>
[INFO] [stderr] 
[INFO] [stderr] warning: `...` range patterns are deprecated
[INFO] [stderr]    --> src/lib.rs:913:39
[INFO] [stderr]     |
[INFO] [stderr] 913 | ...                   17...20 => len!(code, 3),
[INFO] [stderr]     |                         ^^^ help: use `..=` for an inclusive range
[INFO] [stderr]     |
[INFO] [stderr]     = warning: this is accepted in the current edition (Rust 2015) but is a hard error in Rust 2021!
[INFO] [stderr]     = note: for more information, see <https://doc.rust-lang.org/nightly/edition-guide/rust-2021/warnings-promoted-to-error.html>
[INFO] [stderr] 
[INFO] [stderr] warning: `...` range patterns are deprecated
[INFO] [stderr]    --> src/lib.rs:914:39
[INFO] [stderr]     |
[INFO] [stderr] 914 | ...                   21...24 => len!(code, 4),
[INFO] [stderr]     |                         ^^^ help: use `..=` for an inclusive range
[INFO] [stderr]     |
[INFO] [stderr]     = warning: this is accepted in the current edition (Rust 2015) but is a hard error in Rust 2021!
[INFO] [stderr]     = note: for more information, see <https://doc.rust-lang.org/nightly/edition-guide/rust-2021/warnings-promoted-to-error.html>
[INFO] [stderr] 
[INFO] [stderr] warning: `...` range patterns are deprecated
[INFO] [stderr]    --> src/lib.rs:915:39
[INFO] [stderr]     |
[INFO] [stderr] 915 | ...                   25...28 => len!(code, 5),
[INFO] [stderr]     |                         ^^^ help: use `..=` for an inclusive range
[INFO] [stderr]     |
[INFO] [stderr]     = warning: this is accepted in the current edition (Rust 2015) but is a hard error in Rust 2021!
[INFO] [stderr]     = note: for more information, see <https://doc.rust-lang.org/nightly/edition-guide/rust-2021/warnings-promoted-to-error.html>
[INFO] [stderr] 
[INFO] [stderr] warning: `...` range patterns are deprecated
[INFO] [stderr]    --> src/lib.rs:930:34
[INFO] [stderr]     |
[INFO] [stderr] 930 | ...                   0...3 => len_dist_case!(0),
[INFO] [stderr]     |                        ^^^ help: use `..=` for an inclusive range
[INFO] [stderr]     |
[INFO] [stderr]     = warning: this is accepted in the current edition (Rust 2015) but is a hard error in Rust 2021!
[INFO] [stderr]     = note: for more information, see <https://doc.rust-lang.org/nightly/edition-guide/rust-2021/warnings-promoted-to-error.html>
[INFO] [stderr] 
[INFO] [stderr] warning: `...` range patterns are deprecated
[INFO] [stderr]    --> src/lib.rs:931:34
[INFO] [stderr]     |
[INFO] [stderr] 931 | ...                   4...5 => len_dist_case!(1),
[INFO] [stderr]     |                        ^^^ help: use `..=` for an inclusive range
[INFO] [stderr]     |
[INFO] [stderr]     = warning: this is accepted in the current edition (Rust 2015) but is a hard error in Rust 2021!
[INFO] [stderr]     = note: for more information, see <https://doc.rust-lang.org/nightly/edition-guide/rust-2021/warnings-promoted-to-error.html>
[INFO] [stderr] 
[INFO] [stderr] warning: `...` range patterns are deprecated
[INFO] [stderr]    --> src/lib.rs:932:34
[INFO] [stderr]     |
[INFO] [stderr] 932 | ...                   6...7 => len_dist_case!(2),
[INFO] [stderr]     |                        ^^^ help: use `..=` for an inclusive range
[INFO] [stderr]     |
[INFO] [stderr]     = warning: this is accepted in the current edition (Rust 2015) but is a hard error in Rust 2021!
[INFO] [stderr]     = note: for more information, see <https://doc.rust-lang.org/nightly/edition-guide/rust-2021/warnings-promoted-to-error.html>
[INFO] [stderr] 
[INFO] [stderr] warning: `...` range patterns are deprecated
[INFO] [stderr]    --> src/lib.rs:933:34
[INFO] [stderr]     |
[INFO] [stderr] 933 | ...                   8...9 => len_dist_case!(3),
[INFO] [stderr]     |                        ^^^ help: use `..=` for an inclusive range
[INFO] [stderr]     |
[INFO] [stderr]     = warning: this is accepted in the current edition (Rust 2015) but is a hard error in Rust 2021!
[INFO] [stderr]     = note: for more information, see <https://doc.rust-lang.org/nightly/edition-guide/rust-2021/warnings-promoted-to-error.html>
[INFO] [stderr] 
[INFO] [stderr] warning: `...` range patterns are deprecated
[INFO] [stderr]    --> src/lib.rs:934:35
[INFO] [stderr]     |
[INFO] [stderr] 934 | ...                   10...11 => len_dist_case!(4),
[INFO] [stderr]     |                         ^^^ help: use `..=` for an inclusive range
[INFO] [stderr]     |
[INFO] [stderr]     = warning: this is accepted in the current edition (Rust 2015) but is a hard error in Rust 2021!
[INFO] [stderr]     = note: for more information, see <https://doc.rust-lang.org/nightly/edition-guide/rust-2021/warnings-promoted-to-error.html>
[INFO] [stderr] 
[INFO] [stderr] warning: `...` range patterns are deprecated
[INFO] [stderr]    --> src/lib.rs:935:35
[INFO] [stderr]     |
[INFO] [stderr] 935 | ...                   12...13 => len_dist_case!(5),
[INFO] [stderr]     |                         ^^^ help: use `..=` for an inclusive range
[INFO] [stderr]     |
[INFO] [stderr]     = warning: this is accepted in the current edition (Rust 2015) but is a hard error in Rust 2021!
[INFO] [stderr]     = note: for more information, see <https://doc.rust-lang.org/nightly/edition-guide/rust-2021/warnings-promoted-to-error.html>
[INFO] [stderr] 
[INFO] [stderr] warning: `...` range patterns are deprecated
[INFO] [stderr]    --> src/lib.rs:936:35
[INFO] [stderr]     |
[INFO] [stderr] 936 | ...                   14...15 => len_dist_case!(6),
[INFO] [stderr]     |                         ^^^ help: use `..=` for an inclusive range
[INFO] [stderr]     |
[INFO] [stderr]     = warning: this is accepted in the current edition (Rust 2015) but is a hard error in Rust 2021!
[INFO] [stderr]     = note: for more information, see <https://doc.rust-lang.org/nightly/edition-guide/rust-2021/warnings-promoted-to-error.html>
[INFO] [stderr] 
[INFO] [stderr] warning: `...` range patterns are deprecated
[INFO] [stderr]    --> src/lib.rs:937:35
[INFO] [stderr]     |
[INFO] [stderr] 937 | ...                   16...17 => len_dist_case!(7),
[INFO] [stderr]     |                         ^^^ help: use `..=` for an inclusive range
[INFO] [stderr]     |
[INFO] [stderr]     = warning: this is accepted in the current edition (Rust 2015) but is a hard error in Rust 2021!
[INFO] [stderr]     = note: for more information, see <https://doc.rust-lang.org/nightly/edition-guide/rust-2021/warnings-promoted-to-error.html>
[INFO] [stderr] 
[INFO] [stderr] warning: `...` range patterns are deprecated
[INFO] [stderr]    --> src/lib.rs:938:35
[INFO] [stderr]     |
[INFO] [stderr] 938 | ...                   18...19 => len_dist_case!(8),
[INFO] [stderr]     |                         ^^^ help: use `..=` for an inclusive range
[INFO] [stderr]     |
[INFO] [stderr]     = warning: this is accepted in the current edition (Rust 2015) but is a hard error in Rust 2021!
[INFO] [stderr]     = note: for more information, see <https://doc.rust-lang.org/nightly/edition-guide/rust-2021/warnings-promoted-to-error.html>
[INFO] [stderr] 
[INFO] [stderr] warning: `...` range patterns are deprecated
[INFO] [stderr]    --> src/lib.rs:939:35
[INFO] [stderr]     |
[INFO] [stderr] 939 | ...                   20...21 => len_dist_case!(9),
[INFO] [stderr]     |                         ^^^ help: use `..=` for an inclusive range
[INFO] [stderr]     |
[INFO] [stderr]     = warning: this is accepted in the current edition (Rust 2015) but is a hard error in Rust 2021!
[INFO] [stderr]     = note: for more information, see <https://doc.rust-lang.org/nightly/edition-guide/rust-2021/warnings-promoted-to-error.html>
[INFO] [stderr] 
[INFO] [stderr] warning: `...` range patterns are deprecated
[INFO] [stderr]    --> src/lib.rs:940:35
[INFO] [stderr]     |
[INFO] [stderr] 940 | ...                   22...23 => len_dist_case!(10),
[INFO] [stderr]     |                         ^^^ help: use `..=` for an inclusive range
[INFO] [stderr]     |
[INFO] [stderr]     = warning: this is accepted in the current edition (Rust 2015) but is a hard error in Rust 2021!
[INFO] [stderr]     = note: for more information, see <https://doc.rust-lang.org/nightly/edition-guide/rust-2021/warnings-promoted-to-error.html>
[INFO] [stderr] 
[INFO] [stderr] warning: `...` range patterns are deprecated
[INFO] [stderr]    --> src/lib.rs:941:35
[INFO] [stderr]     |
[INFO] [stderr] 941 | ...                   24...25 => len_dist_case!(11),
[INFO] [stderr]     |                         ^^^ help: use `..=` for an inclusive range
[INFO] [stderr]     |
[INFO] [stderr]     = warning: this is accepted in the current edition (Rust 2015) but is a hard error in Rust 2021!
[INFO] [stderr]     = note: for more information, see <https://doc.rust-lang.org/nightly/edition-guide/rust-2021/warnings-promoted-to-error.html>
[INFO] [stderr] 
[INFO] [stderr] warning: `...` range patterns are deprecated
[INFO] [stderr]    --> src/lib.rs:942:35
[INFO] [stderr]     |
[INFO] [stderr] 942 | ...                   26...27 => len_dist_case!(12),
[INFO] [stderr]     |                         ^^^ help: use `..=` for an inclusive range
[INFO] [stderr]     |
[INFO] [stderr]     = warning: this is accepted in the current edition (Rust 2015) but is a hard error in Rust 2021!
[INFO] [stderr]     = note: for more information, see <https://doc.rust-lang.org/nightly/edition-guide/rust-2021/warnings-promoted-to-error.html>
[INFO] [stderr] 
[INFO] [stderr] warning: `...` range patterns are deprecated
[INFO] [stderr]    --> src/lib.rs:943:35
[INFO] [stderr]     |
[INFO] [stderr] 943 | ...                   28...29 => len_dist_case!(13),
[INFO] [stderr]     |                         ^^^ help: use `..=` for an inclusive range
[INFO] [stderr]     |
[INFO] [stderr]     = warning: this is accepted in the current edition (Rust 2015) but is a hard error in Rust 2021!
[INFO] [stderr]     = note: for more information, see <https://doc.rust-lang.org/nightly/edition-guide/rust-2021/warnings-promoted-to-error.html>
[INFO] [stderr] 
[INFO] [stderr] warning: 23 warnings emitted
[INFO] [stderr] 
[INFO] [stdout] 
[INFO] [stdout] running 7 tests
[INFO] [stdout] test src/utils.rs - utils::InflateStream (line 4) ... FAILED
[INFO] [stdout] test src/writer.rs - writer::InflateWriter (line 12) ... FAILED
[INFO] [stdout] test src/lib.rs - (line 50) ... FAILED
[INFO] [stdout] test src/lib.rs - (line 21) ... FAILED
[INFO] [stdout] test src/reader.rs - reader::DeflateDecoder (line 222) ... FAILED
[INFO] [stdout] test src/reader.rs - reader::DeflateDecoderBuf (line 20) ... FAILED
[INFO] [stdout] test src/lib.rs - (line 34) ... FAILED
[INFO] [stdout] 
[INFO] [stdout] failures:
[INFO] [stdout] 
[INFO] [stdout] ---- src/utils.rs - utils::InflateStream (line 4) stdout ----
[INFO] [stdout] error: linking with `cc` failed: exit status: 1
[INFO] [stdout]   |
[INFO] [stdout]   = note: LC_ALL="C" PATH="/opt/rustwide/rustup-home/toolchains/1.83.0-x86_64-unknown-linux-gnu/lib/rustlib/x86_64-unknown-linux-gnu/bin:/opt/rustwide/cargo-home/bin:/usr/local/sbin:/usr/local/bin:/usr/sbin:/usr/bin:/sbin:/bin" VSLANG="1033" "cc" "-m64" "/tmp/rustcHUXc9n/symbols.o" "/tmp/rustdoctesto8AAT1/rust_out.rust_out.cb03291d53e4e161-cgu.0.rcgu.o" "/tmp/rustdoctesto8AAT1/rust_out.1s7umcihpz0t7nkz1uc2ifee9.rcgu.o" "-Wl,--as-needed" "-Wl,-Bstatic" "/opt/rustwide/target/debug/deps/libinflate-750864d46fb21ed2.rlib" "/opt/rustwide/target/debug/deps/libadler32-7a5c8679c0a1633f.rlib" "/opt/rustwide/rustup-home/toolchains/1.83.0-x86_64-unknown-linux-gnu/lib/rustlib/x86_64-unknown-linux-gnu/lib/libstd-ca74a2d9c5166d9f.rlib" "/opt/rustwide/rustup-home/toolchains/1.83.0-x86_64-unknown-linux-gnu/lib/rustlib/x86_64-unknown-linux-gnu/lib/libpanic_unwind-e31ab23316ed5080.rlib" "/opt/rustwide/rustup-home/toolchains/1.83.0-x86_64-unknown-linux-gnu/lib/rustlib/x86_64-unknown-linux-gnu/lib/libobject-27dc4aa955912662.rlib" "/opt/rustwide/rustup-home/toolchains/1.83.0-x86_64-unknown-linux-gnu/lib/rustlib/x86_64-unknown-linux-gnu/lib/libmemchr-bd0d6cccce077b99.rlib" "/opt/rustwide/rustup-home/toolchains/1.83.0-x86_64-unknown-linux-gnu/lib/rustlib/x86_64-unknown-linux-gnu/lib/libaddr2line-8d001680935b5e3c.rlib" "/opt/rustwide/rustup-home/toolchains/1.83.0-x86_64-unknown-linux-gnu/lib/rustlib/x86_64-unknown-linux-gnu/lib/libgimli-ba8ce71964f984f4.rlib" "/opt/rustwide/rustup-home/toolchains/1.83.0-x86_64-unknown-linux-gnu/lib/rustlib/x86_64-unknown-linux-gnu/lib/librustc_demangle-99a73526abcec14b.rlib" "/opt/rustwide/rustup-home/toolchains/1.83.0-x86_64-unknown-linux-gnu/lib/rustlib/x86_64-unknown-linux-gnu/lib/libstd_detect-63ac0d22cff92579.rlib" "/opt/rustwide/rustup-home/toolchains/1.83.0-x86_64-unknown-linux-gnu/lib/rustlib/x86_64-unknown-linux-gnu/lib/libhashbrown-9057355c92c922d5.rlib" "/opt/rustwide/rustup-home/toolchains/1.83.0-x86_64-unknown-linux-gnu/lib/rustlib/x86_64-unknown-linux-gnu/lib/librustc_std_workspace_alloc-358be9bc1f6bab04.rlib" "/opt/rustwide/rustup-home/toolchains/1.83.0-x86_64-unknown-linux-gnu/lib/rustlib/x86_64-unknown-linux-gnu/lib/libminiz_oxide-aca15549d5bff974.rlib" "/opt/rustwide/rustup-home/toolchains/1.83.0-x86_64-unknown-linux-gnu/lib/rustlib/x86_64-unknown-linux-gnu/lib/libadler-8251d2cef7072448.rlib" "/opt/rustwide/rustup-home/toolchains/1.83.0-x86_64-unknown-linux-gnu/lib/rustlib/x86_64-unknown-linux-gnu/lib/libunwind-7d50b86011c66411.rlib" "/opt/rustwide/rustup-home/toolchains/1.83.0-x86_64-unknown-linux-gnu/lib/rustlib/x86_64-unknown-linux-gnu/lib/libcfg_if-51ea098fce5006bf.rlib" "/opt/rustwide/rustup-home/toolchains/1.83.0-x86_64-unknown-linux-gnu/lib/rustlib/x86_64-unknown-linux-gnu/lib/liblibc-5a14e0d0b712e731.rlib" "/opt/rustwide/rustup-home/toolchains/1.83.0-x86_64-unknown-linux-gnu/lib/rustlib/x86_64-unknown-linux-gnu/lib/liballoc-8b83dbf3a7b8f999.rlib" "/opt/rustwide/rustup-home/toolchains/1.83.0-x86_64-unknown-linux-gnu/lib/rustlib/x86_64-unknown-linux-gnu/lib/librustc_std_workspace_core-c6fd227bdc7b39ff.rlib" "/opt/rustwide/rustup-home/toolchains/1.83.0-x86_64-unknown-linux-gnu/lib/rustlib/x86_64-unknown-linux-gnu/lib/libcore-959d3389fa3da8a5.rlib" "/opt/rustwide/rustup-home/toolchains/1.83.0-x86_64-unknown-linux-gnu/lib/rustlib/x86_64-unknown-linux-gnu/lib/libcompiler_builtins-abe05db089cc2c62.rlib" "-Wl,-Bdynamic" "-lgcc_s" "-lutil" "-lrt" "-lpthread" "-lm" "-ldl" "-lc" "-Wl,--eh-frame-hdr" "-Wl,-z,noexecstack" "-L" "/opt/rustwide/rustup-home/toolchains/1.83.0-x86_64-unknown-linux-gnu/lib/rustlib/x86_64-unknown-linux-gnu/lib" "-o" "/tmp/rustdoctesto8AAT1/rust_out" "-Wl,--gc-sections" "-pie" "-Wl,-z,relro,-z,now" "-nodefaultlibs"
[INFO] [stdout]   = note: /usr/bin/ld: final link failed: No space left on device
[INFO] [stdout]           collect2: error: ld returned 1 exit status
[INFO] [stdout]           
[INFO] [stdout] 
[INFO] [stdout] error: aborting due to 1 previous error
[INFO] [stdout] 
[INFO] [stdout] Couldn't compile the test.
[INFO] [stdout] ---- src/writer.rs - writer::InflateWriter (line 12) stdout ----
[INFO] [stdout] error: linking with `cc` failed: exit status: 1
[INFO] [stdout]   |
[INFO] [stdout]   = note: LC_ALL="C" PATH="/opt/rustwide/rustup-home/toolchains/1.83.0-x86_64-unknown-linux-gnu/lib/rustlib/x86_64-unknown-linux-gnu/bin:/opt/rustwide/cargo-home/bin:/usr/local/sbin:/usr/local/bin:/usr/sbin:/usr/bin:/sbin:/bin" VSLANG="1033" "cc" "-m64" "/tmp/rustcYWrD2j/symbols.o" "/tmp/rustdoctest8KMRDG/rust_out.rust_out.cb03291d53e4e161-cgu.0.rcgu.o" "/tmp/rustdoctest8KMRDG/rust_out.1s7umcihpz0t7nkz1uc2ifee9.rcgu.o" "-Wl,--as-needed" "-Wl,-Bstatic" "/opt/rustwide/target/debug/deps/libinflate-750864d46fb21ed2.rlib" "/opt/rustwide/target/debug/deps/libadler32-7a5c8679c0a1633f.rlib" "/opt/rustwide/rustup-home/toolchains/1.83.0-x86_64-unknown-linux-gnu/lib/rustlib/x86_64-unknown-linux-gnu/lib/libstd-ca74a2d9c5166d9f.rlib" "/opt/rustwide/rustup-home/toolchains/1.83.0-x86_64-unknown-linux-gnu/lib/rustlib/x86_64-unknown-linux-gnu/lib/libpanic_unwind-e31ab23316ed5080.rlib" "/opt/rustwide/rustup-home/toolchains/1.83.0-x86_64-unknown-linux-gnu/lib/rustlib/x86_64-unknown-linux-gnu/lib/libobject-27dc4aa955912662.rlib" "/opt/rustwide/rustup-home/toolchains/1.83.0-x86_64-unknown-linux-gnu/lib/rustlib/x86_64-unknown-linux-gnu/lib/libmemchr-bd0d6cccce077b99.rlib" "/opt/rustwide/rustup-home/toolchains/1.83.0-x86_64-unknown-linux-gnu/lib/rustlib/x86_64-unknown-linux-gnu/lib/libaddr2line-8d001680935b5e3c.rlib" "/opt/rustwide/rustup-home/toolchains/1.83.0-x86_64-unknown-linux-gnu/lib/rustlib/x86_64-unknown-linux-gnu/lib/libgimli-ba8ce71964f984f4.rlib" "/opt/rustwide/rustup-home/toolchains/1.83.0-x86_64-unknown-linux-gnu/lib/rustlib/x86_64-unknown-linux-gnu/lib/librustc_demangle-99a73526abcec14b.rlib" "/opt/rustwide/rustup-home/toolchains/1.83.0-x86_64-unknown-linux-gnu/lib/rustlib/x86_64-unknown-linux-gnu/lib/libstd_detect-63ac0d22cff92579.rlib" "/opt/rustwide/rustup-home/toolchains/1.83.0-x86_64-unknown-linux-gnu/lib/rustlib/x86_64-unknown-linux-gnu/lib/libhashbrown-9057355c92c922d5.rlib" "/opt/rustwide/rustup-home/toolchains/1.83.0-x86_64-unknown-linux-gnu/lib/rustlib/x86_64-unknown-linux-gnu/lib/librustc_std_workspace_alloc-358be9bc1f6bab04.rlib" "/opt/rustwide/rustup-home/toolchains/1.83.0-x86_64-unknown-linux-gnu/lib/rustlib/x86_64-unknown-linux-gnu/lib/libminiz_oxide-aca15549d5bff974.rlib" "/opt/rustwide/rustup-home/toolchains/1.83.0-x86_64-unknown-linux-gnu/lib/rustlib/x86_64-unknown-linux-gnu/lib/libadler-8251d2cef7072448.rlib" "/opt/rustwide/rustup-home/toolchains/1.83.0-x86_64-unknown-linux-gnu/lib/rustlib/x86_64-unknown-linux-gnu/lib/libunwind-7d50b86011c66411.rlib" "/opt/rustwide/rustup-home/toolchains/1.83.0-x86_64-unknown-linux-gnu/lib/rustlib/x86_64-unknown-linux-gnu/lib/libcfg_if-51ea098fce5006bf.rlib" "/opt/rustwide/rustup-home/toolchains/1.83.0-x86_64-unknown-linux-gnu/lib/rustlib/x86_64-unknown-linux-gnu/lib/liblibc-5a14e0d0b712e731.rlib" "/opt/rustwide/rustup-home/toolchains/1.83.0-x86_64-unknown-linux-gnu/lib/rustlib/x86_64-unknown-linux-gnu/lib/liballoc-8b83dbf3a7b8f999.rlib" "/opt/rustwide/rustup-home/toolchains/1.83.0-x86_64-unknown-linux-gnu/lib/rustlib/x86_64-unknown-linux-gnu/lib/librustc_std_workspace_core-c6fd227bdc7b39ff.rlib" "/opt/rustwide/rustup-home/toolchains/1.83.0-x86_64-unknown-linux-gnu/lib/rustlib/x86_64-unknown-linux-gnu/lib/libcore-959d3389fa3da8a5.rlib" "/opt/rustwide/rustup-home/toolchains/1.83.0-x86_64-unknown-linux-gnu/lib/rustlib/x86_64-unknown-linux-gnu/lib/libcompiler_builtins-abe05db089cc2c62.rlib" "-Wl,-Bdynamic" "-lgcc_s" "-lutil" "-lrt" "-lpthread" "-lm" "-ldl" "-lc" "-Wl,--eh-frame-hdr" "-Wl,-z,noexecstack" "-L" "/opt/rustwide/rustup-home/toolchains/1.83.0-x86_64-unknown-linux-gnu/lib/rustlib/x86_64-unknown-linux-gnu/lib" "-o" "/tmp/rustdoctest8KMRDG/rust_out" "-Wl,--gc-sections" "-pie" "-Wl,-z,relro,-z,now" "-nodefaultlibs"
[INFO] [stdout]   = note: /usr/bin/ld: final link failed: No space left on device
[INFO] [stdout]           collect2: error: ld returned 1 exit status
[INFO] [stdout]           
[INFO] [stdout] 
[INFO] [stdout] error: aborting due to 1 previous error
[INFO] [stdout] 
[INFO] [stdout] Couldn't compile the test.
[INFO] [stdout] ---- src/lib.rs - (line 50) stdout ----
[INFO] [stdout] error: linking with `cc` failed: exit status: 1
[INFO] [stdout]   |
[INFO] [stdout]   = note: LC_ALL="C" PATH="/opt/rustwide/rustup-home/toolchains/1.83.0-x86_64-unknown-linux-gnu/lib/rustlib/x86_64-unknown-linux-gnu/bin:/opt/rustwide/cargo-home/bin:/usr/local/sbin:/usr/local/bin:/usr/sbin:/usr/bin:/sbin:/bin" VSLANG="1033" "cc" "-m64" "/tmp/rustch8Mulr/symbols.o" "/tmp/rustdoctestxIKGj3/rust_out.rust_out.cb03291d53e4e161-cgu.0.rcgu.o" "/tmp/rustdoctestxIKGj3/rust_out.1s7umcihpz0t7nkz1uc2ifee9.rcgu.o" "-Wl,--as-needed" "-Wl,-Bstatic" "/opt/rustwide/target/debug/deps/libinflate-750864d46fb21ed2.rlib" "/opt/rustwide/target/debug/deps/libadler32-7a5c8679c0a1633f.rlib" "/opt/rustwide/rustup-home/toolchains/1.83.0-x86_64-unknown-linux-gnu/lib/rustlib/x86_64-unknown-linux-gnu/lib/libstd-ca74a2d9c5166d9f.rlib" "/opt/rustwide/rustup-home/toolchains/1.83.0-x86_64-unknown-linux-gnu/lib/rustlib/x86_64-unknown-linux-gnu/lib/libpanic_unwind-e31ab23316ed5080.rlib" "/opt/rustwide/rustup-home/toolchains/1.83.0-x86_64-unknown-linux-gnu/lib/rustlib/x86_64-unknown-linux-gnu/lib/libobject-27dc4aa955912662.rlib" "/opt/rustwide/rustup-home/toolchains/1.83.0-x86_64-unknown-linux-gnu/lib/rustlib/x86_64-unknown-linux-gnu/lib/libmemchr-bd0d6cccce077b99.rlib" "/opt/rustwide/rustup-home/toolchains/1.83.0-x86_64-unknown-linux-gnu/lib/rustlib/x86_64-unknown-linux-gnu/lib/libaddr2line-8d001680935b5e3c.rlib" "/opt/rustwide/rustup-home/toolchains/1.83.0-x86_64-unknown-linux-gnu/lib/rustlib/x86_64-unknown-linux-gnu/lib/libgimli-ba8ce71964f984f4.rlib" "/opt/rustwide/rustup-home/toolchains/1.83.0-x86_64-unknown-linux-gnu/lib/rustlib/x86_64-unknown-linux-gnu/lib/librustc_demangle-99a73526abcec14b.rlib" "/opt/rustwide/rustup-home/toolchains/1.83.0-x86_64-unknown-linux-gnu/lib/rustlib/x86_64-unknown-linux-gnu/lib/libstd_detect-63ac0d22cff92579.rlib" "/opt/rustwide/rustup-home/toolchains/1.83.0-x86_64-unknown-linux-gnu/lib/rustlib/x86_64-unknown-linux-gnu/lib/libhashbrown-9057355c92c922d5.rlib" "/opt/rustwide/rustup-home/toolchains/1.83.0-x86_64-unknown-linux-gnu/lib/rustlib/x86_64-unknown-linux-gnu/lib/librustc_std_workspace_alloc-358be9bc1f6bab04.rlib" "/opt/rustwide/rustup-home/toolchains/1.83.0-x86_64-unknown-linux-gnu/lib/rustlib/x86_64-unknown-linux-gnu/lib/libminiz_oxide-aca15549d5bff974.rlib" "/opt/rustwide/rustup-home/toolchains/1.83.0-x86_64-unknown-linux-gnu/lib/rustlib/x86_64-unknown-linux-gnu/lib/libadler-8251d2cef7072448.rlib" "/opt/rustwide/rustup-home/toolchains/1.83.0-x86_64-unknown-linux-gnu/lib/rustlib/x86_64-unknown-linux-gnu/lib/libunwind-7d50b86011c66411.rlib" "/opt/rustwide/rustup-home/toolchains/1.83.0-x86_64-unknown-linux-gnu/lib/rustlib/x86_64-unknown-linux-gnu/lib/libcfg_if-51ea098fce5006bf.rlib" "/opt/rustwide/rustup-home/toolchains/1.83.0-x86_64-unknown-linux-gnu/lib/rustlib/x86_64-unknown-linux-gnu/lib/liblibc-5a14e0d0b712e731.rlib" "/opt/rustwide/rustup-home/toolchains/1.83.0-x86_64-unknown-linux-gnu/lib/rustlib/x86_64-unknown-linux-gnu/lib/liballoc-8b83dbf3a7b8f999.rlib" "/opt/rustwide/rustup-home/toolchains/1.83.0-x86_64-unknown-linux-gnu/lib/rustlib/x86_64-unknown-linux-gnu/lib/librustc_std_workspace_core-c6fd227bdc7b39ff.rlib" "/opt/rustwide/rustup-home/toolchains/1.83.0-x86_64-unknown-linux-gnu/lib/rustlib/x86_64-unknown-linux-gnu/lib/libcore-959d3389fa3da8a5.rlib" "/opt/rustwide/rustup-home/toolchains/1.83.0-x86_64-unknown-linux-gnu/lib/rustlib/x86_64-unknown-linux-gnu/lib/libcompiler_builtins-abe05db089cc2c62.rlib" "-Wl,-Bdynamic" "-lgcc_s" "-lutil" "-lrt" "-lpthread" "-lm" "-ldl" "-lc" "-Wl,--eh-frame-hdr" "-Wl,-z,noexecstack" "-L" "/opt/rustwide/rustup-home/toolchains/1.83.0-x86_64-unknown-linux-gnu/lib/rustlib/x86_64-unknown-linux-gnu/lib" "-o" "/tmp/rustdoctestxIKGj3/rust_out" "-Wl,--gc-sections" "-pie" "-Wl,-z,relro,-z,now" "-nodefaultlibs"
[INFO] [stdout]   = note: /usr/bin/ld: final link failed: No space left on device
[INFO] [stdout]           collect2: error: ld returned 1 exit status
[INFO] [stdout]           
[INFO] [stdout] 
[INFO] [stdout] error: aborting due to 1 previous error
[INFO] [stdout] 
[INFO] [stdout] Couldn't compile the test.
[INFO] [stdout] ---- src/lib.rs - (line 21) stdout ----
[INFO] [stdout] error: linking with `cc` failed: exit status: 1
[INFO] [stdout]   |
[INFO] [stdout]   = note: LC_ALL="C" PATH="/opt/rustwide/rustup-home/toolchains/1.83.0-x86_64-unknown-linux-gnu/lib/rustlib/x86_64-unknown-linux-gnu/bin:/opt/rustwide/cargo-home/bin:/usr/local/sbin:/usr/local/bin:/usr/sbin:/usr/bin:/sbin:/bin" VSLANG="1033" "cc" "-m64" "/tmp/rustchqrshc/symbols.o" "/tmp/rustdoctest5GMCDu/rust_out.rust_out.cb03291d53e4e161-cgu.0.rcgu.o" "/tmp/rustdoctest5GMCDu/rust_out.1s7umcihpz0t7nkz1uc2ifee9.rcgu.o" "-Wl,--as-needed" "-Wl,-Bstatic" "/opt/rustwide/target/debug/deps/libinflate-750864d46fb21ed2.rlib" "/opt/rustwide/target/debug/deps/libadler32-7a5c8679c0a1633f.rlib" "/opt/rustwide/rustup-home/toolchains/1.83.0-x86_64-unknown-linux-gnu/lib/rustlib/x86_64-unknown-linux-gnu/lib/libstd-ca74a2d9c5166d9f.rlib" "/opt/rustwide/rustup-home/toolchains/1.83.0-x86_64-unknown-linux-gnu/lib/rustlib/x86_64-unknown-linux-gnu/lib/libpanic_unwind-e31ab23316ed5080.rlib" "/opt/rustwide/rustup-home/toolchains/1.83.0-x86_64-unknown-linux-gnu/lib/rustlib/x86_64-unknown-linux-gnu/lib/libobject-27dc4aa955912662.rlib" "/opt/rustwide/rustup-home/toolchains/1.83.0-x86_64-unknown-linux-gnu/lib/rustlib/x86_64-unknown-linux-gnu/lib/libmemchr-bd0d6cccce077b99.rlib" "/opt/rustwide/rustup-home/toolchains/1.83.0-x86_64-unknown-linux-gnu/lib/rustlib/x86_64-unknown-linux-gnu/lib/libaddr2line-8d001680935b5e3c.rlib" "/opt/rustwide/rustup-home/toolchains/1.83.0-x86_64-unknown-linux-gnu/lib/rustlib/x86_64-unknown-linux-gnu/lib/libgimli-ba8ce71964f984f4.rlib" "/opt/rustwide/rustup-home/toolchains/1.83.0-x86_64-unknown-linux-gnu/lib/rustlib/x86_64-unknown-linux-gnu/lib/librustc_demangle-99a73526abcec14b.rlib" "/opt/rustwide/rustup-home/toolchains/1.83.0-x86_64-unknown-linux-gnu/lib/rustlib/x86_64-unknown-linux-gnu/lib/libstd_detect-63ac0d22cff92579.rlib" "/opt/rustwide/rustup-home/toolchains/1.83.0-x86_64-unknown-linux-gnu/lib/rustlib/x86_64-unknown-linux-gnu/lib/libhashbrown-9057355c92c922d5.rlib" "/opt/rustwide/rustup-home/toolchains/1.83.0-x86_64-unknown-linux-gnu/lib/rustlib/x86_64-unknown-linux-gnu/lib/librustc_std_workspace_alloc-358be9bc1f6bab04.rlib" "/opt/rustwide/rustup-home/toolchains/1.83.0-x86_64-unknown-linux-gnu/lib/rustlib/x86_64-unknown-linux-gnu/lib/libminiz_oxide-aca15549d5bff974.rlib" "/opt/rustwide/rustup-home/toolchains/1.83.0-x86_64-unknown-linux-gnu/lib/rustlib/x86_64-unknown-linux-gnu/lib/libadler-8251d2cef7072448.rlib" "/opt/rustwide/rustup-home/toolchains/1.83.0-x86_64-unknown-linux-gnu/lib/rustlib/x86_64-unknown-linux-gnu/lib/libunwind-7d50b86011c66411.rlib" "/opt/rustwide/rustup-home/toolchains/1.83.0-x86_64-unknown-linux-gnu/lib/rustlib/x86_64-unknown-linux-gnu/lib/libcfg_if-51ea098fce5006bf.rlib" "/opt/rustwide/rustup-home/toolchains/1.83.0-x86_64-unknown-linux-gnu/lib/rustlib/x86_64-unknown-linux-gnu/lib/liblibc-5a14e0d0b712e731.rlib" "/opt/rustwide/rustup-home/toolchains/1.83.0-x86_64-unknown-linux-gnu/lib/rustlib/x86_64-unknown-linux-gnu/lib/liballoc-8b83dbf3a7b8f999.rlib" "/opt/rustwide/rustup-home/toolchains/1.83.0-x86_64-unknown-linux-gnu/lib/rustlib/x86_64-unknown-linux-gnu/lib/librustc_std_workspace_core-c6fd227bdc7b39ff.rlib" "/opt/rustwide/rustup-home/toolchains/1.83.0-x86_64-unknown-linux-gnu/lib/rustlib/x86_64-unknown-linux-gnu/lib/libcore-959d3389fa3da8a5.rlib" "/opt/rustwide/rustup-home/toolchains/1.83.0-x86_64-unknown-linux-gnu/lib/rustlib/x86_64-unknown-linux-gnu/lib/libcompiler_builtins-abe05db089cc2c62.rlib" "-Wl,-Bdynamic" "-lgcc_s" "-lutil" "-lrt" "-lpthread" "-lm" "-ldl" "-lc" "-Wl,--eh-frame-hdr" "-Wl,-z,noexecstack" "-L" "/opt/rustwide/rustup-home/toolchains/1.83.0-x86_64-unknown-linux-gnu/lib/rustlib/x86_64-unknown-linux-gnu/lib" "-o" "/tmp/rustdoctest5GMCDu/rust_out" "-Wl,--gc-sections" "-pie" "-Wl,-z,relro,-z,now" "-nodefaultlibs"
[INFO] [stdout]   = note: /usr/bin/ld: final link failed: No space left on device
[INFO] [stdout]           collect2: error: ld returned 1 exit status
[INFO] [stdout]           
[INFO] [stdout] 
[INFO] [stdout] error: aborting due to 1 previous error
[INFO] [stdout] 
[INFO] [stdout] Couldn't compile the test.
[INFO] [stdout] ---- src/reader.rs - reader::DeflateDecoder (line 222) stdout ----
[INFO] [stdout] error: linking with `cc` failed: exit status: 1
[INFO] [stdout]   |
[INFO] [stdout]   = note: LC_ALL="C" PATH="/opt/rustwide/rustup-home/toolchains/1.83.0-x86_64-unknown-linux-gnu/lib/rustlib/x86_64-unknown-linux-gnu/bin:/opt/rustwide/cargo-home/bin:/usr/local/sbin:/usr/local/bin:/usr/sbin:/usr/bin:/sbin:/bin" VSLANG="1033" "cc" "-m64" "/tmp/rustcJavll1/symbols.o" "/tmp/rustdoctestqtjQoT/rust_out.rust_out.cb03291d53e4e161-cgu.0.rcgu.o" "/tmp/rustdoctestqtjQoT/rust_out.1s7umcihpz0t7nkz1uc2ifee9.rcgu.o" "-Wl,--as-needed" "-Wl,-Bstatic" "/opt/rustwide/target/debug/deps/libinflate-750864d46fb21ed2.rlib" "/opt/rustwide/target/debug/deps/libadler32-7a5c8679c0a1633f.rlib" "/opt/rustwide/rustup-home/toolchains/1.83.0-x86_64-unknown-linux-gnu/lib/rustlib/x86_64-unknown-linux-gnu/lib/libstd-ca74a2d9c5166d9f.rlib" "/opt/rustwide/rustup-home/toolchains/1.83.0-x86_64-unknown-linux-gnu/lib/rustlib/x86_64-unknown-linux-gnu/lib/libpanic_unwind-e31ab23316ed5080.rlib" "/opt/rustwide/rustup-home/toolchains/1.83.0-x86_64-unknown-linux-gnu/lib/rustlib/x86_64-unknown-linux-gnu/lib/libobject-27dc4aa955912662.rlib" "/opt/rustwide/rustup-home/toolchains/1.83.0-x86_64-unknown-linux-gnu/lib/rustlib/x86_64-unknown-linux-gnu/lib/libmemchr-bd0d6cccce077b99.rlib" "/opt/rustwide/rustup-home/toolchains/1.83.0-x86_64-unknown-linux-gnu/lib/rustlib/x86_64-unknown-linux-gnu/lib/libaddr2line-8d001680935b5e3c.rlib" "/opt/rustwide/rustup-home/toolchains/1.83.0-x86_64-unknown-linux-gnu/lib/rustlib/x86_64-unknown-linux-gnu/lib/libgimli-ba8ce71964f984f4.rlib" "/opt/rustwide/rustup-home/toolchains/1.83.0-x86_64-unknown-linux-gnu/lib/rustlib/x86_64-unknown-linux-gnu/lib/librustc_demangle-99a73526abcec14b.rlib" "/opt/rustwide/rustup-home/toolchains/1.83.0-x86_64-unknown-linux-gnu/lib/rustlib/x86_64-unknown-linux-gnu/lib/libstd_detect-63ac0d22cff92579.rlib" "/opt/rustwide/rustup-home/toolchains/1.83.0-x86_64-unknown-linux-gnu/lib/rustlib/x86_64-unknown-linux-gnu/lib/libhashbrown-9057355c92c922d5.rlib" "/opt/rustwide/rustup-home/toolchains/1.83.0-x86_64-unknown-linux-gnu/lib/rustlib/x86_64-unknown-linux-gnu/lib/librustc_std_workspace_alloc-358be9bc1f6bab04.rlib" "/opt/rustwide/rustup-home/toolchains/1.83.0-x86_64-unknown-linux-gnu/lib/rustlib/x86_64-unknown-linux-gnu/lib/libminiz_oxide-aca15549d5bff974.rlib" "/opt/rustwide/rustup-home/toolchains/1.83.0-x86_64-unknown-linux-gnu/lib/rustlib/x86_64-unknown-linux-gnu/lib/libadler-8251d2cef7072448.rlib" "/opt/rustwide/rustup-home/toolchains/1.83.0-x86_64-unknown-linux-gnu/lib/rustlib/x86_64-unknown-linux-gnu/lib/libunwind-7d50b86011c66411.rlib" "/opt/rustwide/rustup-home/toolchains/1.83.0-x86_64-unknown-linux-gnu/lib/rustlib/x86_64-unknown-linux-gnu/lib/libcfg_if-51ea098fce5006bf.rlib" "/opt/rustwide/rustup-home/toolchains/1.83.0-x86_64-unknown-linux-gnu/lib/rustlib/x86_64-unknown-linux-gnu/lib/liblibc-5a14e0d0b712e731.rlib" "/opt/rustwide/rustup-home/toolchains/1.83.0-x86_64-unknown-linux-gnu/lib/rustlib/x86_64-unknown-linux-gnu/lib/liballoc-8b83dbf3a7b8f999.rlib" "/opt/rustwide/rustup-home/toolchains/1.83.0-x86_64-unknown-linux-gnu/lib/rustlib/x86_64-unknown-linux-gnu/lib/librustc_std_workspace_core-c6fd227bdc7b39ff.rlib" "/opt/rustwide/rustup-home/toolchains/1.83.0-x86_64-unknown-linux-gnu/lib/rustlib/x86_64-unknown-linux-gnu/lib/libcore-959d3389fa3da8a5.rlib" "/opt/rustwide/rustup-home/toolchains/1.83.0-x86_64-unknown-linux-gnu/lib/rustlib/x86_64-unknown-linux-gnu/lib/libcompiler_builtins-abe05db089cc2c62.rlib" "-Wl,-Bdynamic" "-lgcc_s" "-lutil" "-lrt" "-lpthread" "-lm" "-ldl" "-lc" "-Wl,--eh-frame-hdr" "-Wl,-z,noexecstack" "-L" "/opt/rustwide/rustup-home/toolchains/1.83.0-x86_64-unknown-linux-gnu/lib/rustlib/x86_64-unknown-linux-gnu/lib" "-o" "/tmp/rustdoctestqtjQoT/rust_out" "-Wl,--gc-sections" "-pie" "-Wl,-z,relro,-z,now" "-nodefaultlibs"
[INFO] [stdout]   = note: /usr/bin/ld: final link failed: No space left on device
[INFO] [stdout]           collect2: error: ld returned 1 exit status
[INFO] [stdout]           
[INFO] [stdout] 
[INFO] [stdout] error: aborting due to 1 previous error
[INFO] [stdout] 
[INFO] [stdout] Couldn't compile the test.
[INFO] [stdout] ---- src/reader.rs - reader::DeflateDecoderBuf (line 20) stdout ----
[INFO] [stdout] error: linking with `cc` failed: exit status: 1
[INFO] [stdout]   |
[INFO] [stdout]   = note: LC_ALL="C" PATH="/opt/rustwide/rustup-home/toolchains/1.83.0-x86_64-unknown-linux-gnu/lib/rustlib/x86_64-unknown-linux-gnu/bin:/opt/rustwide/cargo-home/bin:/usr/local/sbin:/usr/local/bin:/usr/sbin:/usr/bin:/sbin:/bin" VSLANG="1033" "cc" "-m64" "/tmp/rustc83B27d/symbols.o" "/tmp/rustdoctestnNodks/rust_out.rust_out.cb03291d53e4e161-cgu.0.rcgu.o" "/tmp/rustdoctestnNodks/rust_out.1s7umcihpz0t7nkz1uc2ifee9.rcgu.o" "-Wl,--as-needed" "-Wl,-Bstatic" "/opt/rustwide/target/debug/deps/libinflate-750864d46fb21ed2.rlib" "/opt/rustwide/target/debug/deps/libadler32-7a5c8679c0a1633f.rlib" "/opt/rustwide/rustup-home/toolchains/1.83.0-x86_64-unknown-linux-gnu/lib/rustlib/x86_64-unknown-linux-gnu/lib/libstd-ca74a2d9c5166d9f.rlib" "/opt/rustwide/rustup-home/toolchains/1.83.0-x86_64-unknown-linux-gnu/lib/rustlib/x86_64-unknown-linux-gnu/lib/libpanic_unwind-e31ab23316ed5080.rlib" "/opt/rustwide/rustup-home/toolchains/1.83.0-x86_64-unknown-linux-gnu/lib/rustlib/x86_64-unknown-linux-gnu/lib/libobject-27dc4aa955912662.rlib" "/opt/rustwide/rustup-home/toolchains/1.83.0-x86_64-unknown-linux-gnu/lib/rustlib/x86_64-unknown-linux-gnu/lib/libmemchr-bd0d6cccce077b99.rlib" "/opt/rustwide/rustup-home/toolchains/1.83.0-x86_64-unknown-linux-gnu/lib/rustlib/x86_64-unknown-linux-gnu/lib/libaddr2line-8d001680935b5e3c.rlib" "/opt/rustwide/rustup-home/toolchains/1.83.0-x86_64-unknown-linux-gnu/lib/rustlib/x86_64-unknown-linux-gnu/lib/libgimli-ba8ce71964f984f4.rlib" "/opt/rustwide/rustup-home/toolchains/1.83.0-x86_64-unknown-linux-gnu/lib/rustlib/x86_64-unknown-linux-gnu/lib/librustc_demangle-99a73526abcec14b.rlib" "/opt/rustwide/rustup-home/toolchains/1.83.0-x86_64-unknown-linux-gnu/lib/rustlib/x86_64-unknown-linux-gnu/lib/libstd_detect-63ac0d22cff92579.rlib" "/opt/rustwide/rustup-home/toolchains/1.83.0-x86_64-unknown-linux-gnu/lib/rustlib/x86_64-unknown-linux-gnu/lib/libhashbrown-9057355c92c922d5.rlib" "/opt/rustwide/rustup-home/toolchains/1.83.0-x86_64-unknown-linux-gnu/lib/rustlib/x86_64-unknown-linux-gnu/lib/librustc_std_workspace_alloc-358be9bc1f6bab04.rlib" "/opt/rustwide/rustup-home/toolchains/1.83.0-x86_64-unknown-linux-gnu/lib/rustlib/x86_64-unknown-linux-gnu/lib/libminiz_oxide-aca15549d5bff974.rlib" "/opt/rustwide/rustup-home/toolchains/1.83.0-x86_64-unknown-linux-gnu/lib/rustlib/x86_64-unknown-linux-gnu/lib/libadler-8251d2cef7072448.rlib" "/opt/rustwide/rustup-home/toolchains/1.83.0-x86_64-unknown-linux-gnu/lib/rustlib/x86_64-unknown-linux-gnu/lib/libunwind-7d50b86011c66411.rlib" "/opt/rustwide/rustup-home/toolchains/1.83.0-x86_64-unknown-linux-gnu/lib/rustlib/x86_64-unknown-linux-gnu/lib/libcfg_if-51ea098fce5006bf.rlib" "/opt/rustwide/rustup-home/toolchains/1.83.0-x86_64-unknown-linux-gnu/lib/rustlib/x86_64-unknown-linux-gnu/lib/liblibc-5a14e0d0b712e731.rlib" "/opt/rustwide/rustup-home/toolchains/1.83.0-x86_64-unknown-linux-gnu/lib/rustlib/x86_64-unknown-linux-gnu/lib/liballoc-8b83dbf3a7b8f999.rlib" "/opt/rustwide/rustup-home/toolchains/1.83.0-x86_64-unknown-linux-gnu/lib/rustlib/x86_64-unknown-linux-gnu/lib/librustc_std_workspace_core-c6fd227bdc7b39ff.rlib" "/opt/rustwide/rustup-home/toolchains/1.83.0-x86_64-unknown-linux-gnu/lib/rustlib/x86_64-unknown-linux-gnu/lib/libcore-959d3389fa3da8a5.rlib" "/opt/rustwide/rustup-home/toolchains/1.83.0-x86_64-unknown-linux-gnu/lib/rustlib/x86_64-unknown-linux-gnu/lib/libcompiler_builtins-abe05db089cc2c62.rlib" "-Wl,-Bdynamic" "-lgcc_s" "-lutil" "-lrt" "-lpthread" "-lm" "-ldl" "-lc" "-Wl,--eh-frame-hdr" "-Wl,-z,noexecstack" "-L" "/opt/rustwide/rustup-home/toolchains/1.83.0-x86_64-unknown-linux-gnu/lib/rustlib/x86_64-unknown-linux-gnu/lib" "-o" "/tmp/rustdoctestnNodks/rust_out" "-Wl,--gc-sections" "-pie" "-Wl,-z,relro,-z,now" "-nodefaultlibs"
[INFO] [stdout]   = note: /usr/bin/ld: final link failed: No space left on device
[INFO] [stdout]           collect2: error: ld returned 1 exit status
[INFO] [stdout]           
[INFO] [stdout] 
[INFO] [stdout] error: aborting due to 1 previous error
[INFO] [stdout] 
[INFO] [stdout] Couldn't compile the test.
[INFO] [stdout] ---- src/lib.rs - (line 34) stdout ----
[INFO] [stdout] error: linking with `cc` failed: exit status: 1
[INFO] [stdout]   |
[INFO] [stdout]   = note: LC_ALL="C" PATH="/opt/rustwide/rustup-home/toolchains/1.83.0-x86_64-unknown-linux-gnu/lib/rustlib/x86_64-unknown-linux-gnu/bin:/opt/rustwide/cargo-home/bin:/usr/local/sbin:/usr/local/bin:/usr/sbin:/usr/bin:/sbin:/bin" VSLANG="1033" "cc" "-m64" "/tmp/rustc5HTNgS/symbols.o" "/tmp/rustdoctestoqa2EP/rust_out.rust_out.cb03291d53e4e161-cgu.0.rcgu.o" "/tmp/rustdoctestoqa2EP/rust_out.1s7umcihpz0t7nkz1uc2ifee9.rcgu.o" "-Wl,--as-needed" "-Wl,-Bstatic" "/opt/rustwide/target/debug/deps/libinflate-750864d46fb21ed2.rlib" "/opt/rustwide/target/debug/deps/libadler32-7a5c8679c0a1633f.rlib" "/opt/rustwide/rustup-home/toolchains/1.83.0-x86_64-unknown-linux-gnu/lib/rustlib/x86_64-unknown-linux-gnu/lib/libstd-ca74a2d9c5166d9f.rlib" "/opt/rustwide/rustup-home/toolchains/1.83.0-x86_64-unknown-linux-gnu/lib/rustlib/x86_64-unknown-linux-gnu/lib/libpanic_unwind-e31ab23316ed5080.rlib" "/opt/rustwide/rustup-home/toolchains/1.83.0-x86_64-unknown-linux-gnu/lib/rustlib/x86_64-unknown-linux-gnu/lib/libobject-27dc4aa955912662.rlib" "/opt/rustwide/rustup-home/toolchains/1.83.0-x86_64-unknown-linux-gnu/lib/rustlib/x86_64-unknown-linux-gnu/lib/libmemchr-bd0d6cccce077b99.rlib" "/opt/rustwide/rustup-home/toolchains/1.83.0-x86_64-unknown-linux-gnu/lib/rustlib/x86_64-unknown-linux-gnu/lib/libaddr2line-8d001680935b5e3c.rlib" "/opt/rustwide/rustup-home/toolchains/1.83.0-x86_64-unknown-linux-gnu/lib/rustlib/x86_64-unknown-linux-gnu/lib/libgimli-ba8ce71964f984f4.rlib" "/opt/rustwide/rustup-home/toolchains/1.83.0-x86_64-unknown-linux-gnu/lib/rustlib/x86_64-unknown-linux-gnu/lib/librustc_demangle-99a73526abcec14b.rlib" "/opt/rustwide/rustup-home/toolchains/1.83.0-x86_64-unknown-linux-gnu/lib/rustlib/x86_64-unknown-linux-gnu/lib/libstd_detect-63ac0d22cff92579.rlib" "/opt/rustwide/rustup-home/toolchains/1.83.0-x86_64-unknown-linux-gnu/lib/rustlib/x86_64-unknown-linux-gnu/lib/libhashbrown-9057355c92c922d5.rlib" "/opt/rustwide/rustup-home/toolchains/1.83.0-x86_64-unknown-linux-gnu/lib/rustlib/x86_64-unknown-linux-gnu/lib/librustc_std_workspace_alloc-358be9bc1f6bab04.rlib" "/opt/rustwide/rustup-home/toolchains/1.83.0-x86_64-unknown-linux-gnu/lib/rustlib/x86_64-unknown-linux-gnu/lib/libminiz_oxide-aca15549d5bff974.rlib" "/opt/rustwide/rustup-home/toolchains/1.83.0-x86_64-unknown-linux-gnu/lib/rustlib/x86_64-unknown-linux-gnu/lib/libadler-8251d2cef7072448.rlib" "/opt/rustwide/rustup-home/toolchains/1.83.0-x86_64-unknown-linux-gnu/lib/rustlib/x86_64-unknown-linux-gnu/lib/libunwind-7d50b86011c66411.rlib" "/opt/rustwide/rustup-home/toolchains/1.83.0-x86_64-unknown-linux-gnu/lib/rustlib/x86_64-unknown-linux-gnu/lib/libcfg_if-51ea098fce5006bf.rlib" "/opt/rustwide/rustup-home/toolchains/1.83.0-x86_64-unknown-linux-gnu/lib/rustlib/x86_64-unknown-linux-gnu/lib/liblibc-5a14e0d0b712e731.rlib" "/opt/rustwide/rustup-home/toolchains/1.83.0-x86_64-unknown-linux-gnu/lib/rustlib/x86_64-unknown-linux-gnu/lib/liballoc-8b83dbf3a7b8f999.rlib" "/opt/rustwide/rustup-home/toolchains/1.83.0-x86_64-unknown-linux-gnu/lib/rustlib/x86_64-unknown-linux-gnu/lib/librustc_std_workspace_core-c6fd227bdc7b39ff.rlib" "/opt/rustwide/rustup-home/toolchains/1.83.0-x86_64-unknown-linux-gnu/lib/rustlib/x86_64-unknown-linux-gnu/lib/libcore-959d3389fa3da8a5.rlib" "/opt/rustwide/rustup-home/toolchains/1.83.0-x86_64-unknown-linux-gnu/lib/rustlib/x86_64-unknown-linux-gnu/lib/libcompiler_builtins-abe05db089cc2c62.rlib" "-Wl,-Bdynamic" "-lgcc_s" "-lutil" "-lrt" "-lpthread" "-lm" "-ldl" "-lc" "-Wl,--eh-frame-hdr" "-Wl,-z,noexecstack" "-L" "/opt/rustwide/rustup-home/toolchains/1.83.0-x86_64-unknown-linux-gnu/lib/rustlib/x86_64-unknown-linux-gnu/lib" "-o" "/tmp/rustdoctestoqa2EP/rust_out" "-Wl,--gc-sections" "-pie" "-Wl,-z,relro,-z,now" "-nodefaultlibs"
[INFO] [stdout]   = note: /usr/bin/ld: final link failed: No space left on device
[INFO] [stdout]           collect2: error: ld returned 1 exit status
[INFO] [stdout]           
[INFO] [stdout] 
[INFO] [stdout] error: aborting due to 1 previous error
[INFO] [stdout] 
[INFO] [stdout] Couldn't compile the test.
[INFO] [stdout] 
[INFO] [stdout] failures:
[INFO] [stdout]     src/lib.rs - (line 21)
[INFO] [stdout]     src/lib.rs - (line 34)
[INFO] [stdout]     src/lib.rs - (line 50)
[INFO] [stdout]     src/reader.rs - reader::DeflateDecoder (line 222)
[INFO] [stdout]     src/reader.rs - reader::DeflateDecoderBuf (line 20)
[INFO] [stdout]     src/utils.rs - utils::InflateStream (line 4)
[INFO] [stdout]     src/writer.rs - writer::InflateWriter (line 12)
[INFO] [stdout] 
[INFO] [stdout] test result: FAILED. 0 passed; 7 failed; 0 ignored; 0 measured; 0 filtered out; finished in 0.23s
[INFO] [stdout] 
[INFO] [stderr] error: doctest failed, to rerun pass `--doc`
[INFO] running `Command { std: "docker" "inspect" "6a18bd2ae41169bba6c2b0d53aef73c1fdd0937939a841d8b14e51424379ad19", kill_on_drop: false }`
[INFO] running `Command { std: "docker" "rm" "-f" "6a18bd2ae41169bba6c2b0d53aef73c1fdd0937939a841d8b14e51424379ad19", kill_on_drop: false }`
[INFO] [stdout] 6a18bd2ae41169bba6c2b0d53aef73c1fdd0937939a841d8b14e51424379ad19
