[INFO] fetching crate ffizer 2.13.0...
[INFO] testing ffizer-2.13.0 against 1.83.0 for beta-1.84.0-4-retry
[INFO] extracting crate ffizer 2.13.0 into /workspace/builds/worker-4-tc1/source
[INFO] validating manifest of crates.io crate ffizer 2.13.0 on toolchain 1.83.0
[INFO] running `Command { std: CARGO_HOME="/workspace/cargo-home" RUSTUP_HOME="/workspace/rustup-home" "/workspace/cargo-home/bin/cargo" "+1.83.0" "metadata" "--manifest-path" "Cargo.toml" "--no-deps", kill_on_drop: false }`
[INFO] started tweaking crates.io crate ffizer 2.13.0
[INFO] finished tweaking crates.io crate ffizer 2.13.0
[INFO] tweaked toml for crates.io crate ffizer 2.13.0 written to /workspace/builds/worker-4-tc1/source/Cargo.toml
[INFO] crate crates.io crate ffizer 2.13.0 already has a lockfile, it will not be regenerated
[INFO] running `Command { std: CARGO_HOME="/workspace/cargo-home" RUSTUP_HOME="/workspace/rustup-home" "/workspace/cargo-home/bin/cargo" "+1.83.0" "fetch" "--manifest-path" "Cargo.toml", kill_on_drop: false }`
[INFO] [stderr]     Blocking waiting for file lock on package cache
[INFO] [stderr]     Updating crates.io index
[INFO] [stderr]     Blocking waiting for file lock on package cache
[INFO] [stderr]  Downloading crates ...
[INFO] [stderr]   Downloaded human-panic v2.0.2
[INFO] [stderr]   Downloaded run_script v0.11.0
[INFO] [stderr]   Downloaded num-order v1.2.0
[INFO] [stderr]   Downloaded git2_credentials v0.13.0
[INFO] [stderr]   Downloaded num-modular v0.6.1
[INFO] [stderr]   Downloaded jmespath v0.3.0
[INFO] [stderr]   Downloaded cruet v0.14.0
[INFO] [stderr]   Downloaded handlebars_misc_helpers v0.17.0
[INFO] [stderr]   Downloaded handlebars v6.2.0
[INFO] [stderr]   Downloaded cliclack v0.3.5
[INFO] [stderr]   Downloaded fsio v0.4.0
[INFO] [stderr]   Downloaded openssl-src v300.4.0+3.4.0
[INFO] running `Command { std: "docker" "create" "-v" "/var/lib/crater-agent-workspace/builds/worker-4-tc1/target:/opt/rustwide/target:rw,Z" "-v" "/var/lib/crater-agent-workspace/builds/worker-4-tc1/source:/opt/rustwide/workdir:ro,Z" "-v" "/var/lib/crater-agent-workspace/cargo-home:/opt/rustwide/cargo-home:ro,Z" "-v" "/var/lib/crater-agent-workspace/rustup-home:/opt/rustwide/rustup-home:ro,Z" "-e" "SOURCE_DIR=/opt/rustwide/workdir" "-e" "CARGO_TARGET_DIR=/opt/rustwide/target" "-e" "CARGO_HOME=/opt/rustwide/cargo-home" "-e" "RUSTUP_HOME=/opt/rustwide/rustup-home" "-w" "/opt/rustwide/workdir" "-m" "1610612736" "--user" "0:0" "--network" "none" "ghcr.io/rust-lang/crates-build-env/linux@sha256:f3a9d4ad9d972b27faf3965f35b62e55ba32bbce8f20bc8fe909558a86702fde" "/opt/rustwide/cargo-home/bin/cargo" "+1.83.0" "metadata" "--no-deps" "--format-version=1", kill_on_drop: false }`
[INFO] [stdout] 99001b4d84656fef0ee7ae4406b50f957d4d24da5cece238eda797e92a73a1da
[INFO] running `Command { std: "docker" "start" "-a" "99001b4d84656fef0ee7ae4406b50f957d4d24da5cece238eda797e92a73a1da", kill_on_drop: false }`
[INFO] running `Command { std: "docker" "inspect" "99001b4d84656fef0ee7ae4406b50f957d4d24da5cece238eda797e92a73a1da", kill_on_drop: false }`
[INFO] running `Command { std: "docker" "rm" "-f" "99001b4d84656fef0ee7ae4406b50f957d4d24da5cece238eda797e92a73a1da", kill_on_drop: false }`
[INFO] [stdout] 99001b4d84656fef0ee7ae4406b50f957d4d24da5cece238eda797e92a73a1da
[INFO] running `Command { std: "docker" "create" "-v" "/var/lib/crater-agent-workspace/builds/worker-4-tc1/target:/opt/rustwide/target:rw,Z" "-v" "/var/lib/crater-agent-workspace/builds/worker-4-tc1/source:/opt/rustwide/workdir:ro,Z" "-v" "/var/lib/crater-agent-workspace/cargo-home:/opt/rustwide/cargo-home:ro,Z" "-v" "/var/lib/crater-agent-workspace/rustup-home:/opt/rustwide/rustup-home:ro,Z" "-e" "SOURCE_DIR=/opt/rustwide/workdir" "-e" "CARGO_TARGET_DIR=/opt/rustwide/target" "-e" "CARGO_INCREMENTAL=0" "-e" "RUST_BACKTRACE=full" "-e" "RUSTFLAGS=--cap-lints=warn" "-e" "RUSTDOCFLAGS=--cap-lints=warn" "-e" "CARGO_HOME=/opt/rustwide/cargo-home" "-e" "RUSTUP_HOME=/opt/rustwide/rustup-home" "-w" "/opt/rustwide/workdir" "-m" "1610612736" "--user" "0:0" "--network" "none" "ghcr.io/rust-lang/crates-build-env/linux@sha256:f3a9d4ad9d972b27faf3965f35b62e55ba32bbce8f20bc8fe909558a86702fde" "/opt/rustwide/cargo-home/bin/cargo" "+1.83.0" "build" "--frozen" "--message-format=json", kill_on_drop: false }`
[INFO] [stdout] 50e46790f658d00853c6d0860fe2dbf3e2830faa20acfd33bcd138a3a7cfbe1d
[INFO] running `Command { std: "docker" "start" "-a" "50e46790f658d00853c6d0860fe2dbf3e2830faa20acfd33bcd138a3a7cfbe1d", kill_on_drop: false }`
[INFO] [stderr]    Compiling proc-macro2 v1.0.89
[INFO] [stderr]    Compiling unicode-ident v1.0.13
[INFO] [stderr]    Compiling libc v0.2.161
[INFO] [stderr]    Compiling itoa v1.0.11
[INFO] [stderr]    Compiling serde v1.0.214
[INFO] [stderr]    Compiling pkg-config v0.3.31
[INFO] [stderr]    Compiling vcpkg v0.2.15
[INFO] [stderr]    Compiling smallvec v1.13.2
[INFO] [stderr]    Compiling litemap v0.7.3
[INFO] [stderr]    Compiling bytes v1.8.0
[INFO] [stderr]    Compiling thiserror v1.0.68
[INFO] [stderr]    Compiling futures-core v0.3.31
[INFO] [stderr]    Compiling serde_json v1.0.132
[INFO] [stderr]    Compiling aho-corasick v1.1.3
[INFO] [stderr]    Compiling tracing-core v0.1.32
[INFO] [stderr]    Compiling futures-sink v0.3.31
[INFO] [stderr]    Compiling regex-syntax v0.8.5
[INFO] [stderr]    Compiling rustls-pki-types v1.10.0
[INFO] [stderr]    Compiling httparse v1.9.5
[INFO] [stderr]    Compiling ucd-trie v0.1.7
[INFO] [stderr]    Compiling percent-encoding v2.3.1
[INFO] [stderr]    Compiling http v1.1.0
[INFO] [stderr]    Compiling futures-util v0.3.31
[INFO] [stderr]    Compiling form_urlencoded v1.2.1
[INFO] [stderr]    Compiling bitflags v2.6.0
[INFO] [stderr]    Compiling rustls v0.23.16
[INFO] [stderr]    Compiling try-lock v0.2.5
[INFO] [stderr]    Compiling unicode-width v0.1.14
[INFO] [stderr]    Compiling byteorder v1.5.0
[INFO] [stderr]    Compiling equivalent v1.0.1
[INFO] [stderr]    Compiling hashbrown v0.15.1
[INFO] [stderr]    Compiling want v0.3.1
[INFO] [stderr]    Compiling futures-channel v0.3.31
[INFO] [stderr]    Compiling rustix v0.38.39
[INFO] [stderr]    Compiling subtle v2.6.1
[INFO] [stderr]    Compiling utf8parse v0.2.2
[INFO] [stderr]    Compiling deunicode v1.6.0
[INFO] [stderr]    Compiling winnow v0.6.20
[INFO] [stderr]    Compiling anstyle-parse v0.2.6
[INFO] [stderr]    Compiling jobserver v0.1.32
[INFO] [stderr]    Compiling getrandom v0.2.15
[INFO] [stderr]    Compiling quote v1.0.37
[INFO] [stderr]    Compiling socket2 v0.5.7
[INFO] [stderr]    Compiling mio v1.0.2
[INFO] [stderr]    Compiling http-body v1.0.1
[INFO] [stderr]    Compiling slug v0.1.6
[INFO] [stderr]    Compiling syn v2.0.87
[INFO] [stderr]    Compiling cc v1.1.35
[INFO] [stderr]    Compiling rand_core v0.6.4
[INFO] [stderr]    Compiling console v0.15.8
[INFO] [stderr]    Compiling anstyle-query v1.1.2
[INFO] [stderr]    Compiling tokio v1.41.0
[INFO] [stderr]    Compiling indexmap v2.6.0
[INFO] [stderr]    Compiling option-ext v0.2.0
[INFO] [stderr]    Compiling portable-atomic v1.9.0
[INFO] [stderr]    Compiling anstyle v1.0.10
[INFO] [stderr]    Compiling linux-raw-sys v0.4.14
[INFO] [stderr]    Compiling tower-service v0.3.3
[INFO] [stderr]    Compiling is_terminal_polyfill v1.70.1
[INFO] [stderr]    Compiling colorchoice v1.0.3
[INFO] [stderr]    Compiling dirs-sys v0.4.1
[INFO] [stderr]    Compiling webpki-roots v0.26.6
[INFO] [stderr]    Compiling anstream v0.6.18
[INFO] [stderr]    Compiling strsim v0.11.1
[INFO] [stderr]    Compiling num-modular v0.6.1
[INFO] [stderr]    Compiling regex-automata v0.4.8
[INFO] [stderr]    Compiling fastrand v2.1.1
[INFO] [stderr]    Compiling openssl-src v300.4.0+3.4.0
[INFO] [stderr]    Compiling addr2line v0.24.2
[INFO] [stderr]    Compiling num-order v1.2.0
[INFO] [stderr]    Compiling tracing-log v0.2.0
[INFO] [stderr]    Compiling rustls-pemfile v2.2.0
[INFO] [stderr]    Compiling sync_wrapper v1.0.1
[INFO] [stderr]    Compiling base64 v0.22.1
[INFO] [stderr]    Compiling mime v0.3.17
[INFO] [stderr]    Compiling smawk v0.3.2
[INFO] [stderr]    Compiling foreign-types-shared v0.1.1
[INFO] [stderr]    Compiling ipnet v2.10.1
[INFO] [stderr]    Compiling openssl v0.10.68
[INFO] [stderr]    Compiling unicode-linebreak v0.1.5
[INFO] [stderr]    Compiling schemars v0.8.21
[INFO] [stderr]    Compiling tempfile v3.13.0
[INFO] [stderr]    Compiling number_prefix v0.4.0
[INFO] [stderr]    Compiling clap_lex v0.7.2
[INFO] [stderr]    Compiling openssl-probe v0.1.5
[INFO] [stderr]    Compiling heck v0.5.0
[INFO] [stderr]    Compiling shell-words v1.1.0
[INFO] [stderr]    Compiling openssl-sys v0.9.104
[INFO] [stderr]    Compiling ring v0.17.8
[INFO] [stderr]    Compiling libz-sys v1.1.20
[INFO] [stderr]    Compiling libssh2-sys v0.3.0
[INFO] [stderr]    Compiling jsonnet-sys v0.17.0
[INFO] [stderr]    Compiling libgit2-sys v0.16.2+1.7.2
[INFO] [stderr]    Compiling http-body-util v0.1.2
[INFO] [stderr]    Compiling unsafe-libyaml v0.2.11
[INFO] [stderr]    Compiling clap_builder v4.5.20
[INFO] [stderr]    Compiling indicatif v0.17.8
[INFO] [stderr]    Compiling textwrap v0.16.1
[INFO] [stderr]    Compiling regex v1.11.1
[INFO] [stderr]    Compiling foreign-types v0.3.2
[INFO] [stderr]    Compiling backtrace v0.3.74
[INFO] [stderr]    Compiling dirs v5.0.1
[INFO] [stderr]    Compiling uuid v1.11.0
[INFO] [stderr]    Compiling bstr v1.10.0
[INFO] [stderr]    Compiling same-file v1.0.6
[INFO] [stderr]    Compiling unicode-segmentation v1.12.0
[INFO] [stderr]    Compiling dyn-clone v1.0.17
[INFO] [stderr]    Compiling walkdir v2.5.0
[INFO] [stderr]    Compiling cruet v0.14.0
[INFO] [stderr]    Compiling globset v0.4.15
[INFO] [stderr]    Compiling similar v2.6.0
[INFO] [stderr]    Compiling directories v5.0.1
[INFO] [stderr]    Compiling jmespath v0.3.0
[INFO] [stderr]    Compiling md5 v0.7.0
[INFO] [stderr]    Compiling synstructure v0.13.1
[INFO] [stderr]    Compiling hyper v1.5.0
[INFO] [stderr]    Compiling serde_derive_internals v0.29.1
[INFO] [stderr]    Compiling zerofrom-derive v0.1.4
[INFO] [stderr]    Compiling serde_derive v1.0.214
[INFO] [stderr]    Compiling yoke-derive v0.7.4
[INFO] [stderr]    Compiling zerovec-derive v0.10.3
[INFO] [stderr]    Compiling displaydoc v0.2.5
[INFO] [stderr]    Compiling icu_provider_macros v1.5.0
[INFO] [stderr]    Compiling thiserror-impl v1.0.68
[INFO] [stderr]    Compiling zeroize_derive v1.4.2
[INFO] [stderr]    Compiling tracing-attributes v0.1.27
[INFO] [stderr]    Compiling zerocopy-derive v0.7.35
[INFO] [stderr]    Compiling schemars_derive v0.8.21
[INFO] [stderr]    Compiling openssl-macros v0.1.1
[INFO] [stderr]    Compiling clap_derive v4.5.18
[INFO] [stderr]    Compiling zeroize v1.8.1
[INFO] [stderr]    Compiling dialoguer v0.10.4
[INFO] [stderr]    Compiling cliclack v0.3.5
[INFO] [stderr]    Compiling zerocopy v0.7.35
[INFO] [stderr]    Compiling tracing v0.1.40
[INFO] [stderr]    Compiling pest v2.7.14
[INFO] [stderr]    Compiling hyper-util v0.1.10
[INFO] [stderr]    Compiling enquote v1.1.0
[INFO] [stderr]    Compiling ppv-lite86 v0.2.20
[INFO] [stderr]    Compiling zerofrom v0.1.4
[INFO] [stderr]    Compiling yoke v0.7.4
[INFO] [stderr]    Compiling tracing-subscriber v0.3.18
[INFO] [stderr]    Compiling zerovec v0.10.4
[INFO] [stderr]    Compiling rustls-webpki v0.102.8
[INFO] [stderr]    Compiling rand_chacha v0.3.1
[INFO] [stderr]    Compiling tinystr v0.7.6
[INFO] [stderr]    Compiling icu_collections v1.5.0
[INFO] [stderr]    Compiling icu_locid v1.5.0
[INFO] [stderr]    Compiling pest_meta v2.7.14
[INFO] [stderr]    Compiling rand v0.8.5
[INFO] [stderr]    Compiling clap v4.5.20
[INFO] [stderr]    Compiling tracing-error v0.2.0
[INFO] [stderr]    Compiling icu_provider v1.5.0
[INFO] [stderr]    Compiling pest_generator v2.7.14
[INFO] [stderr]    Compiling fsio v0.4.0
[INFO] [stderr]    Compiling icu_locid_transform v1.5.0
[INFO] [stderr]    Compiling run_script v0.11.0
[INFO] [stderr]    Compiling icu_properties v1.5.1
[INFO] [stderr]    Compiling pest_derive v2.7.14
[INFO] [stderr]    Compiling tokio-rustls v0.26.0
[INFO] [stderr]    Compiling icu_normalizer v1.5.0
[INFO] [stderr]    Compiling hyper-rustls v0.27.3
[INFO] [stderr]    Compiling toml_datetime v0.6.8
[INFO] [stderr]    Compiling serde_spanned v0.6.8
[INFO] [stderr]    Compiling serde_urlencoded v0.7.1
[INFO] [stderr]    Compiling serde_yaml v0.9.34+deprecated
[INFO] [stderr]    Compiling os_info v3.8.2
[INFO] [stderr]    Compiling serde_plain v1.0.2
[INFO] [stderr]    Compiling toml_edit v0.22.22
[INFO] [stderr]    Compiling idna_adapter v1.2.0
[INFO] [stderr]    Compiling idna v1.0.3
[INFO] [stderr]    Compiling url v2.5.3
[INFO] [stderr]    Compiling reqwest v0.12.9
[INFO] [stderr]    Compiling handlebars v6.2.0
[INFO] [stderr]    Compiling toml v0.8.19
[INFO] [stderr]    Compiling human-panic v2.0.2
[INFO] [stderr]    Compiling jsonnet-rs v0.17.0
[INFO] [stderr]    Compiling handlebars_misc_helpers v0.17.0
[INFO] [stderr]    Compiling git2 v0.18.3
[INFO] [stderr]    Compiling git2_credentials v0.13.0
[INFO] [stderr]    Compiling ffizer v2.13.0 (/opt/rustwide/workdir)
[INFO] [stderr]     Finished `dev` profile [unoptimized + debuginfo] target(s) in 3m 17s
[INFO] running `Command { std: "docker" "inspect" "50e46790f658d00853c6d0860fe2dbf3e2830faa20acfd33bcd138a3a7cfbe1d", kill_on_drop: false }`
[INFO] running `Command { std: "docker" "rm" "-f" "50e46790f658d00853c6d0860fe2dbf3e2830faa20acfd33bcd138a3a7cfbe1d", kill_on_drop: false }`
[INFO] [stdout] 50e46790f658d00853c6d0860fe2dbf3e2830faa20acfd33bcd138a3a7cfbe1d
[INFO] running `Command { std: "docker" "create" "-v" "/var/lib/crater-agent-workspace/builds/worker-4-tc1/target:/opt/rustwide/target:rw,Z" "-v" "/var/lib/crater-agent-workspace/builds/worker-4-tc1/source:/opt/rustwide/workdir:ro,Z" "-v" "/var/lib/crater-agent-workspace/cargo-home:/opt/rustwide/cargo-home:ro,Z" "-v" "/var/lib/crater-agent-workspace/rustup-home:/opt/rustwide/rustup-home:ro,Z" "-e" "SOURCE_DIR=/opt/rustwide/workdir" "-e" "CARGO_TARGET_DIR=/opt/rustwide/target" "-e" "CARGO_INCREMENTAL=0" "-e" "RUST_BACKTRACE=full" "-e" "RUSTFLAGS=--cap-lints=warn" "-e" "RUSTDOCFLAGS=--cap-lints=warn" "-e" "CARGO_HOME=/opt/rustwide/cargo-home" "-e" "RUSTUP_HOME=/opt/rustwide/rustup-home" "-w" "/opt/rustwide/workdir" "-m" "1610612736" "--user" "0:0" "--network" "none" "ghcr.io/rust-lang/crates-build-env/linux@sha256:f3a9d4ad9d972b27faf3965f35b62e55ba32bbce8f20bc8fe909558a86702fde" "/opt/rustwide/cargo-home/bin/cargo" "+1.83.0" "test" "--frozen" "--no-run" "--message-format=json", kill_on_drop: false }`
[INFO] [stdout] b381d3ea66abbf6805c9eb249822ca016a0ae4a2b3879f78e6302f3c6efbc9f5
[INFO] running `Command { std: "docker" "start" "-a" "b381d3ea66abbf6805c9eb249822ca016a0ae4a2b3879f78e6302f3c6efbc9f5", kill_on_drop: false }`
[INFO] [stderr]    Compiling futures-channel v0.3.31
[INFO] [stderr]    Compiling regex-automata v0.4.8
[INFO] [stderr]    Compiling futures-macro v0.3.31
[INFO] [stderr]    Compiling semver v1.0.23
[INFO] [stderr]    Compiling num-traits v0.2.19
[INFO] [stderr]    Compiling proc-macro2 v0.4.30
[INFO] [stderr]    Compiling aho-corasick v1.1.3
[INFO] [stderr]    Compiling unicode-xid v0.1.0
[INFO] [stderr]    Compiling toml_edit v0.22.22
[INFO] [stderr]    Compiling syn v0.15.44
[INFO] [stderr]    Compiling predicates-core v1.0.8
[INFO] [stderr]    Compiling doc-comment v0.3.3
[INFO] [stderr]    Compiling glob v0.3.1
[INFO] [stderr]    Compiling assert_cmd v2.0.16
[INFO] [stderr]    Compiling termtree v0.4.1
[INFO] [stderr]    Compiling difflib v0.4.0
[INFO] [stderr]    Compiling relative-path v1.9.3
[INFO] [stderr]    Compiling normalize-line-endings v0.3.0
[INFO] [stderr]    Compiling wait-timeout v0.2.0
[INFO] [stderr]    Compiling futures-timer v3.0.3
[INFO] [stderr]    Compiling predicates-tree v1.0.11
[INFO] [stderr]    Compiling diff v0.1.13
[INFO] [stderr]    Compiling yansi v1.0.1
[INFO] [stderr]    Compiling similar-asserts v1.6.0
[INFO] [stderr]    Compiling rustc_version v0.4.1
[INFO] [stderr]    Compiling pretty_assertions v1.4.1
[INFO] [stderr]    Compiling rstest_macros v0.23.0
[INFO] [stderr]    Compiling quote v0.6.13
[INFO] [stderr]    Compiling float-cmp v0.9.0
[INFO] [stderr]    Compiling futures-util v0.3.31
[INFO] [stderr]    Compiling proc-macro-crate v3.2.0
[INFO] [stderr]    Compiling regex v1.11.1
[INFO] [stderr]    Compiling bstr v1.10.0
[INFO] [stderr]    Compiling test-generator v0.3.1
[INFO] [stderr]    Compiling globset v0.4.15
[INFO] [stderr]    Compiling tracing-subscriber v0.3.18
[INFO] [stderr]    Compiling cruet v0.14.0
[INFO] [stderr]    Compiling git2_credentials v0.13.0
[INFO] [stderr]    Compiling predicates v3.1.2
[INFO] [stderr]    Compiling hyper v1.5.0
[INFO] [stderr]    Compiling http-body-util v0.1.2
[INFO] [stderr]    Compiling futures-executor v0.3.31
[INFO] [stderr]    Compiling futures v0.3.31
[INFO] [stderr]    Compiling hyper-util v0.1.10
[INFO] [stderr]    Compiling tracing-error v0.2.0
[INFO] [stderr]    Compiling hyper-rustls v0.27.3
[INFO] [stderr]    Compiling reqwest v0.12.9
[INFO] [stderr]    Compiling handlebars_misc_helpers v0.17.0
[INFO] [stderr]    Compiling ffizer v2.13.0 (/opt/rustwide/workdir)
[INFO] [stderr]    Compiling rstest v0.23.0
[INFO] [stderr]     Finished `test` profile [unoptimized + debuginfo] target(s) in 55.82s
[INFO] running `Command { std: "docker" "inspect" "b381d3ea66abbf6805c9eb249822ca016a0ae4a2b3879f78e6302f3c6efbc9f5", kill_on_drop: false }`
[INFO] running `Command { std: "docker" "rm" "-f" "b381d3ea66abbf6805c9eb249822ca016a0ae4a2b3879f78e6302f3c6efbc9f5", kill_on_drop: false }`
[INFO] [stdout] b381d3ea66abbf6805c9eb249822ca016a0ae4a2b3879f78e6302f3c6efbc9f5
[INFO] running `Command { std: "docker" "create" "-v" "/var/lib/crater-agent-workspace/builds/worker-4-tc1/target:/opt/rustwide/target:rw,Z" "-v" "/var/lib/crater-agent-workspace/builds/worker-4-tc1/source:/opt/rustwide/workdir:ro,Z" "-v" "/var/lib/crater-agent-workspace/cargo-home:/opt/rustwide/cargo-home:ro,Z" "-v" "/var/lib/crater-agent-workspace/rustup-home:/opt/rustwide/rustup-home:ro,Z" "-e" "SOURCE_DIR=/opt/rustwide/workdir" "-e" "CARGO_TARGET_DIR=/opt/rustwide/target" "-e" "CARGO_INCREMENTAL=0" "-e" "RUST_BACKTRACE=full" "-e" "RUSTFLAGS=--cap-lints=warn" "-e" "RUSTDOCFLAGS=--cap-lints=warn" "-e" "CARGO_HOME=/opt/rustwide/cargo-home" "-e" "RUSTUP_HOME=/opt/rustwide/rustup-home" "-w" "/opt/rustwide/workdir" "-m" "1610612736" "--user" "0:0" "--network" "none" "ghcr.io/rust-lang/crates-build-env/linux@sha256:f3a9d4ad9d972b27faf3965f35b62e55ba32bbce8f20bc8fe909558a86702fde" "/opt/rustwide/cargo-home/bin/cargo" "+1.83.0" "test" "--frozen", kill_on_drop: false }`
[INFO] [stdout] 4c20d081360835026b4ba7789804c421867bfe629c079e0a413d05880958a317
[INFO] running `Command { std: "docker" "start" "-a" "4c20d081360835026b4ba7789804c421867bfe629c079e0a413d05880958a317", kill_on_drop: false }`
[INFO] [stderr]     Finished `test` profile [unoptimized + debuginfo] target(s) in 0.62s
[INFO] [stderr]      Running unittests src/lib.rs (/opt/rustwide/target/debug/deps/ffizer-ecc7f175cadc12ba)
[INFO] [stdout] 
[INFO] [stdout] running 59 tests
[INFO] [stdout] test cfg::template_cfg::tests::test_deserialize_cfg_yaml_use_template_dir_false ... ok
[INFO] [stdout] test cfg::template_cfg::tests::test_accept_ignores_with_values ... ok
[INFO] [stdout] test files::tests::test_is_ffizer_handlebars ... ok
[INFO] [stdout] test cfg::template_cfg::tests::various_assert_equals ... ok
[INFO] [stdout] test cfg::template_cfg::tests::test_transforms_values ... ok
[INFO] [stdout] test files::tests::test_remove_special_suffix_on_filename::case_1 ... ok
[INFO] [stdout] test files::tests::test_remove_special_suffix_on_filename::case_2 ... ok
[INFO] [stdout] test files::tests::test_remove_special_suffix_on_filename::case_3 ... ok
[INFO] [stdout] test cfg::template_cfg::tests::test_deserialize_cfg_yaml_use_template_dir_true ... ok
[INFO] [stdout] test cli_opt::tests::verify_cli ... ok
[INFO] [stdout] test files::tests::test_remove_special_suffix_on_filename::case_6 ... ok
[INFO] [stdout] test files::tests::test_add_suffix ... ok
[INFO] [stdout] test cfg::template_cfg::tests::test_deserialize_cfg_yaml ... ok
[INFO] [stdout] test files::tests::test_remove_special_suffix_on_filename::case_4 ... ok
[INFO] [stdout] test files::tests::test_remove_special_suffix_on_filename::case_7 ... ok
[INFO] [stdout] test files::tests::test_remove_special_suffix_on_filename::case_8 ... ok
[INFO] [stdout] test files::tests::test_remove_special_suffix_on_filename::case_9 ... okgit version 2.34.1
[INFO] [stdout] 
[INFO] [stdout] test git::tests::should_get_merge_cmd ... ignored, Only works on my laptop
[INFO] [stdout] test source_file::tests::test_cmp_sourcefile ... ok
[INFO] [stdout] test files::tests::test_remove_special_suffix_on_filename::case_5 ... ok
[INFO] [stdout] test graph::tests::test_find_edges_ordered_by_depth ... ok
[INFO] [stdout] test path_pattern::tests::test_pattern_with_glob ... ok
[INFO] [stdout] test path_pattern::tests::test_pattern_are_trimmed ... ok
[INFO] [stdout] test tests::test_compute_dst_path_asis ... ok
[INFO] [stdout] test source_uri::tests::assert_source_uri_from_str::case_2_git_with_git_extension ... ok
[INFO] [stdout] test tests::test_compute_dst_path_ffizer_handlebars ... ok
[INFO] [stdout] test source_uri::tests::assert_source_uri_from_str::case_4_https_with_git_extension ... ok
[INFO] [stdout] test source_uri::tests::assert_source_uri_from_str::case_8_abbreviation_gl ... ok
[INFO] [stdout] test source_uri::tests::assert_source_uri_from_str::case_1_abs_localpath ... ok
[INFO] [stdout] test tests::test_copy_file_permissions ... ok
[INFO] [stdout] test source_uri::tests::assert_source_uri_from_str::case_3_git_without_git_extension ... ok
[INFO] [stdout] test tests::test_compute_dst_path_rendered_filename ... ok
[INFO] [stdout] test tests::test_path_extension_extraction ... ok
[INFO] [stdout] test tests::test_plan_with_empty ... ok
[INFO] [stdout] test scripts::tests::should_redirect_io ... ok
[INFO] [stdout] test tests::test_mk_file_by_copy ... ok
[INFO] [stdout] test tests::test_update_file_current_as_local ... ok
[INFO] [stdout] test tests::test_mk_file_by_render ... ok
[INFO] [stdout] test tests::test_compute_dst_path_rendered_folder ... ok
[INFO] [stdout] test timeline::tests::test_make_template::multi_source ... ok
[INFO] [stdout] test timeline::tests::test_make_template::single_source ... ok
[INFO] [stdout] test tests::test_update_file_keep ... ok
[INFO] [stdout] test timeline::tests::test_make_template::empty ... ok
[INFO] [stdout] test variables::tests::test_to_value ... ok
[INFO] [stdout] test source_uri::tests::assert_source_uri_from_str::case_7_abbreviation_gh ... ok
[INFO] [stdout] test timeline::tests::test_save_load_variables ... ok
[INFO] [stdout] test tests::test_update_file_override ... ok
[INFO] [stdout] test tests::test_update_file_update_as_remote ... ok
[INFO] [stdout] test tests::test_hbs_expression ... ok
[INFO] [stdout] test source_uri::tests::assert_source_uri_from_str::case_9_abbreviation_bitbucket ... ok
[INFO] [stdout] test tests::test_plan_with_duplicate_from_2_templates ... ok
[INFO] [stdout] test source_uri::tests::assert_source_uri_from_str::case_5_https_without_git_extension ... ok
[INFO] [stdout] test source_uri::tests::assert_source_uri_from_str::case_6_https_with_git_extension_and_username ... ok
[INFO] [stdout] test ui::tree::tests::test_ ... ok
[INFO] [stdout] test timeline::tests::test_save_load_srcs::multi_use_with_replacement ... ok
[INFO] [stdout] test timeline::tests::test_save_load_srcs::single_use ... ok
[INFO] [stdout] test timeline::tests::test_save_load_srcs::multi_use ... ok
[INFO] [stdout] test git::git2::tests::retrieve_should_update_existing_template ... FAILED
[INFO] [stdout] test git::tests::retrieve_should_update_existing_template ... ok
[INFO] [stdout] 
[INFO] [stdout] failures:
[INFO] [stdout] 
[INFO] [stdout] ---- git::git2::tests::retrieve_should_update_existing_template stdout ----
[INFO] [stdout] thread 'git::git2::tests::retrieve_should_update_existing_template' panicked at src/git/git2.rs:102:14:
[INFO] [stdout] setting default subscriber failed: SetGlobalDefaultError("a global default trace dispatcher has already been set")
[INFO] [stdout] stack backtrace:
[INFO] [stdout]    0:     0x630fd1fec44a - std::backtrace_rs::backtrace::libunwind::trace::h5a5b8284f2d0c266
[INFO] [stdout]                                at /rustc/90b35a6239c3d8bdabc530a6a0816f7ff89a0aaf/library/std/src/../../backtrace/src/backtrace/libunwind.rs:116:5
[INFO] [stdout]    1:     0x630fd1fec44a - std::backtrace_rs::backtrace::trace_unsynchronized::h76d4f1c9b0b875e3
[INFO] [stdout]                                at /rustc/90b35a6239c3d8bdabc530a6a0816f7ff89a0aaf/library/std/src/../../backtrace/src/backtrace/mod.rs:66:5
[INFO] [stdout]    2:     0x630fd1fec44a - std::sys::backtrace::_print_fmt::hc4546b8364a537c6
[INFO] [stdout]                                at /rustc/90b35a6239c3d8bdabc530a6a0816f7ff89a0aaf/library/std/src/sys/backtrace.rs:66:9
[INFO] [stdout]    3:     0x630fd1fec44a - <std::sys::backtrace::BacktraceLock::print::DisplayBacktrace as core::fmt::Display>::fmt::h5b6bd5631a6d1f6b
[INFO] [stdout]                                at /rustc/90b35a6239c3d8bdabc530a6a0816f7ff89a0aaf/library/std/src/sys/backtrace.rs:39:26
[INFO] [stdout]    4:     0x630fd201a663 - core::fmt::rt::Argument::fmt::h270f6602a2b96f62
[INFO] [stdout]                                at /rustc/90b35a6239c3d8bdabc530a6a0816f7ff89a0aaf/library/core/src/fmt/rt.rs:177:76
[INFO] [stdout]    5:     0x630fd201a663 - core::fmt::write::h7550c97b06c86515
[INFO] [stdout]                                at /rustc/90b35a6239c3d8bdabc530a6a0816f7ff89a0aaf/library/core/src/fmt/mod.rs:1186:21
[INFO] [stdout]    6:     0x630fd1fe7763 - std::io::Write::write_fmt::h509ff860e5956e5e
[INFO] [stdout]                                at /rustc/90b35a6239c3d8bdabc530a6a0816f7ff89a0aaf/library/std/src/io/mod.rs:1839:15
[INFO] [stdout]    7:     0x630fd1fec292 - std::sys::backtrace::BacktraceLock::print::h2395ccd2c84ba3aa
[INFO] [stdout]                                at /rustc/90b35a6239c3d8bdabc530a6a0816f7ff89a0aaf/library/std/src/sys/backtrace.rs:42:9
[INFO] [stdout]    8:     0x630fd1fed92a - std::panicking::default_hook::{{closure}}::he19d4c7230e07961
[INFO] [stdout]                                at /rustc/90b35a6239c3d8bdabc530a6a0816f7ff89a0aaf/library/std/src/panicking.rs:268:22
[INFO] [stdout]    9:     0x630fd1fed734 - std::panicking::default_hook::hf614597d3c67bbdb
[INFO] [stdout]                                at /rustc/90b35a6239c3d8bdabc530a6a0816f7ff89a0aaf/library/std/src/panicking.rs:292:9
[INFO] [stdout]   10:     0x630fd0d75489 - <alloc::boxed::Box<F,A> as core::ops::function::Fn<Args>>::call::h39b51ce4599c23d1
[INFO] [stdout]                                at /rustc/90b35a6239c3d8bdabc530a6a0816f7ff89a0aaf/library/alloc/src/boxed.rs:2468:9
[INFO] [stdout]   11:     0x630fd0d75489 - test::test_main::{{closure}}::he977ae839a582784
[INFO] [stdout]                                at /rustc/90b35a6239c3d8bdabc530a6a0816f7ff89a0aaf/library/test/src/lib.rs:133:21
[INFO] [stdout]   12:     0x630fd1fedfc8 - <alloc::boxed::Box<F,A> as core::ops::function::Fn<Args>>::call::h9455091b6b06f9fb
[INFO] [stdout]                                at /rustc/90b35a6239c3d8bdabc530a6a0816f7ff89a0aaf/library/alloc/src/boxed.rs:2468:9
[INFO] [stdout]   13:     0x630fd1fedfc8 - std::panicking::rust_panic_with_hook::h8942133a8b252070
[INFO] [stdout]                                at /rustc/90b35a6239c3d8bdabc530a6a0816f7ff89a0aaf/library/std/src/panicking.rs:809:13
[INFO] [stdout]   14:     0x630fd1fedd8a - std::panicking::begin_panic_handler::{{closure}}::hb5f5963570096b29
[INFO] [stdout]                                at /rustc/90b35a6239c3d8bdabc530a6a0816f7ff89a0aaf/library/std/src/panicking.rs:674:13
[INFO] [stdout]   15:     0x630fd1fec929 - std::sys::backtrace::__rust_end_short_backtrace::h6208cedc1922feda
[INFO] [stdout]                                at /rustc/90b35a6239c3d8bdabc530a6a0816f7ff89a0aaf/library/std/src/sys/backtrace.rs:170:18
[INFO] [stdout]   16:     0x630fd1feda1c - rust_begin_unwind
[INFO] [stdout]                                at /rustc/90b35a6239c3d8bdabc530a6a0816f7ff89a0aaf/library/std/src/panicking.rs:665:5
[INFO] [stdout]   17:     0x630fd0bd25d0 - core::panicking::panic_fmt::h0c3082644d1bf418
[INFO] [stdout]                                at /rustc/90b35a6239c3d8bdabc530a6a0816f7ff89a0aaf/library/core/src/panicking.rs:74:14
[INFO] [stdout]   18:     0x630fd0bd2ab6 - core::result::unwrap_failed::hd20b4aa073bda1e2
[INFO] [stdout]                                at /rustc/90b35a6239c3d8bdabc530a6a0816f7ff89a0aaf/library/core/src/result.rs:1700:5
[INFO] [stdout]   19:     0x630fd0c93fee - core::result::Result<T,E>::expect::hbd3ebadc4897557b
[INFO] [stdout]                                at /rustc/90b35a6239c3d8bdabc530a6a0816f7ff89a0aaf/library/core/src/result.rs:1061:23
[INFO] [stdout]   20:     0x630fd0c4f407 - ffizer::git::git2::tests::retrieve_should_update_existing_template::h79757c6b25e6e445
[INFO] [stdout]                                at /opt/rustwide/workdir/src/git/git2.rs:101:9
[INFO] [stdout]   21:     0x630fd0c4f317 - ffizer::git::git2::tests::retrieve_should_update_existing_template::{{closure}}::h282f602536c6b46f
[INFO] [stdout]                                at /opt/rustwide/workdir/src/git/git2.rs:95:50
[INFO] [stdout]   22:     0x630fd0cd2d26 - core::ops::function::FnOnce::call_once::h7b4a939f3e17dcbb
[INFO] [stdout]                                at /rustc/90b35a6239c3d8bdabc530a6a0816f7ff89a0aaf/library/core/src/ops/function.rs:250:5
[INFO] [stdout]   23:     0x630fd0d79e4b - core::ops::function::FnOnce::call_once::h109cf8051a59b34e
[INFO] [stdout]                                at /rustc/90b35a6239c3d8bdabc530a6a0816f7ff89a0aaf/library/core/src/ops/function.rs:250:5
[INFO] [stdout]   24:     0x630fd0d79e4b - test::__rust_begin_short_backtrace::hf4fff89d377446ba
[INFO] [stdout]                                at /rustc/90b35a6239c3d8bdabc530a6a0816f7ff89a0aaf/library/test/src/lib.rs:621:18
[INFO] [stdout]   25:     0x630fd0d79687 - test::run_test_in_process::{{closure}}::h0e39181dd7ee5a43
[INFO] [stdout]                                at /rustc/90b35a6239c3d8bdabc530a6a0816f7ff89a0aaf/library/test/src/lib.rs:644:60
[INFO] [stdout]   26:     0x630fd0d79687 - <core::panic::unwind_safe::AssertUnwindSafe<F> as core::ops::function::FnOnce<()>>::call_once::hc5a66a30f0bdfd1f
[INFO] [stdout]                                at /rustc/90b35a6239c3d8bdabc530a6a0816f7ff89a0aaf/library/core/src/panic/unwind_safe.rs:272:9
[INFO] [stdout]   27:     0x630fd0d79687 - std::panicking::try::do_call::h873b7cf639554a5e
[INFO] [stdout]                                at /rustc/90b35a6239c3d8bdabc530a6a0816f7ff89a0aaf/library/std/src/panicking.rs:557:40
[INFO] [stdout]   28:     0x630fd0d79687 - std::panicking::try::hdb19862fad9c8bd1
[INFO] [stdout]                                at /rustc/90b35a6239c3d8bdabc530a6a0816f7ff89a0aaf/library/std/src/panicking.rs:520:19
[INFO] [stdout]   29:     0x630fd0d79687 - std::panic::catch_unwind::h281fe732d236d260
[INFO] [stdout]                                at /rustc/90b35a6239c3d8bdabc530a6a0816f7ff89a0aaf/library/std/src/panic.rs:358:14
[INFO] [stdout]   30:     0x630fd0d79687 - test::run_test_in_process::h949b6df8457ed338
[INFO] [stdout]                                at /rustc/90b35a6239c3d8bdabc530a6a0816f7ff89a0aaf/library/test/src/lib.rs:644:27
[INFO] [stdout]   31:     0x630fd0d79687 - test::run_test::{{closure}}::h52c556a6d4740e10
[INFO] [stdout]                                at /rustc/90b35a6239c3d8bdabc530a6a0816f7ff89a0aaf/library/test/src/lib.rs:565:43
[INFO] [stdout]   32:     0x630fd0d3e964 - test::run_test::{{closure}}::h4237f6381c45ccb9
[INFO] [stdout]                                at /rustc/90b35a6239c3d8bdabc530a6a0816f7ff89a0aaf/library/test/src/lib.rs:595:41
[INFO] [stdout]   33:     0x630fd0d3e964 - std::sys::backtrace::__rust_begin_short_backtrace::h505c97a579eca628
[INFO] [stdout]                                at /rustc/90b35a6239c3d8bdabc530a6a0816f7ff89a0aaf/library/std/src/sys/backtrace.rs:154:18
[INFO] [stdout]   34:     0x630fd0d4202e - std::thread::Builder::spawn_unchecked_::{{closure}}::{{closure}}::h9e86b2e2bc107ea3
[INFO] [stdout]                                at /rustc/90b35a6239c3d8bdabc530a6a0816f7ff89a0aaf/library/std/src/thread/mod.rs:538:17
[INFO] [stdout]   35:     0x630fd0d4202e - <core::panic::unwind_safe::AssertUnwindSafe<F> as core::ops::function::FnOnce<()>>::call_once::h8b06ddb275ff4a25
[INFO] [stdout]                                at /rustc/90b35a6239c3d8bdabc530a6a0816f7ff89a0aaf/library/core/src/panic/unwind_safe.rs:272:9
[INFO] [stdout]   36:     0x630fd0d4202e - std::panicking::try::do_call::hb26ecd7cd9a9355d
[INFO] [stdout]                                at /rustc/90b35a6239c3d8bdabc530a6a0816f7ff89a0aaf/library/std/src/panicking.rs:557:40
[INFO] [stdout]   37:     0x630fd0d4202e - std::panicking::try::h8ddeca9d705f9069
[INFO] [stdout]                                at /rustc/90b35a6239c3d8bdabc530a6a0816f7ff89a0aaf/library/std/src/panicking.rs:520:19
[INFO] [stdout]   38:     0x630fd0d4202e - std::panic::catch_unwind::h49e1c33078844c46
[INFO] [stdout]                                at /rustc/90b35a6239c3d8bdabc530a6a0816f7ff89a0aaf/library/std/src/panic.rs:358:14
[INFO] [stdout]   39:     0x630fd0d4202e - std::thread::Builder::spawn_unchecked_::{{closure}}::h6073db6ff56ad35d
[INFO] [stdout]                                at /rustc/90b35a6239c3d8bdabc530a6a0816f7ff89a0aaf/library/std/src/thread/mod.rs:537:30
[INFO] [stdout]   40:     0x630fd0d4202e - core::ops::function::FnOnce::call_once{{vtable.shim}}::h2c5a5f3779c774f1
[INFO] [stdout]                                at /rustc/90b35a6239c3d8bdabc530a6a0816f7ff89a0aaf/library/core/src/ops/function.rs:250:5
[INFO] [stdout]   41:     0x630fd1ff44eb - <alloc::boxed::Box<F,A> as core::ops::function::FnOnce<Args>>::call_once::hf75717d9f28faebf
[INFO] [stdout]                                at /rustc/90b35a6239c3d8bdabc530a6a0816f7ff89a0aaf/library/alloc/src/boxed.rs:2454:9
[INFO] [stdout]   42:     0x630fd1ff44eb - <alloc::boxed::Box<F,A> as core::ops::function::FnOnce<Args>>::call_once::h7bd883a5f3c5f3c1
[INFO] [stdout]                                at /rustc/90b35a6239c3d8bdabc530a6a0816f7ff89a0aaf/library/alloc/src/boxed.rs:2454:9
[INFO] [stdout]   43:     0x630fd1ff44eb - std::sys::pal::unix::thread::Thread::new::thread_start::hcc78f3943333fa94
[INFO] [stdout]                                at /rustc/90b35a6239c3d8bdabc530a6a0816f7ff89a0aaf/library/std/src/sys/pal/unix/thread.rs:105:17
[INFO] [stdout]   44:     0x7fc0a9845ac3 - <unknown>
[INFO] [stdout]   45:     0x7fc0a98d6a04 - clone
[INFO] [stdout]   46:                0x0 - <unknown>
[INFO] [stdout] 
[INFO] [stdout] 
[INFO] [stdout] failures:
[INFO] [stdout]     git::git2::tests::retrieve_should_update_existing_template
[INFO] [stdout] 
[INFO] [stdout] test result: FAILED. 57 passed; 1 failed; 1 ignored; 0 measured; 0 filtered out; finished in 0.37s
[INFO] [stdout] 
[INFO] [stderr] error: test failed, to rerun pass `--lib`
[INFO] running `Command { std: "docker" "inspect" "4c20d081360835026b4ba7789804c421867bfe629c079e0a413d05880958a317", kill_on_drop: false }`
[INFO] running `Command { std: "docker" "rm" "-f" "4c20d081360835026b4ba7789804c421867bfe629c079e0a413d05880958a317", kill_on_drop: false }`
[INFO] [stdout] 4c20d081360835026b4ba7789804c421867bfe629c079e0a413d05880958a317
