[INFO] fetching crate fast-fibonacci 0.2.0...
[INFO] testing fast-fibonacci-0.2.0 against 1.83.0 for beta-1.84.0-4-retry
[INFO] extracting crate fast-fibonacci 0.2.0 into /workspace/builds/worker-6-tc1/source
[INFO] validating manifest of crates.io crate fast-fibonacci 0.2.0 on toolchain 1.83.0
[INFO] running `Command { std: CARGO_HOME="/workspace/cargo-home" RUSTUP_HOME="/workspace/rustup-home" "/workspace/cargo-home/bin/cargo" "+1.83.0" "metadata" "--manifest-path" "Cargo.toml" "--no-deps", kill_on_drop: false }`
[INFO] started tweaking crates.io crate fast-fibonacci 0.2.0
[INFO] finished tweaking crates.io crate fast-fibonacci 0.2.0
[INFO] tweaked toml for crates.io crate fast-fibonacci 0.2.0 written to /workspace/builds/worker-6-tc1/source/Cargo.toml
[INFO] running `Command { std: CARGO_HOME="/workspace/cargo-home" RUSTUP_HOME="/workspace/rustup-home" "/workspace/cargo-home/bin/cargo" "+1.83.0" "generate-lockfile" "--manifest-path" "Cargo.toml", kill_on_drop: false }`
[INFO] [stderr]     Blocking waiting for file lock on package cache
[INFO] [stderr]     Updating crates.io index
[INFO] [stderr]     Blocking waiting for file lock on package cache
[INFO] [stderr]      Locking 11 packages to latest compatible versions
[INFO] [stderr]       Adding ndarray v0.13.1 (available: v0.16.1)
[INFO] [stderr]       Adding num v0.2.1 (available: v0.4.3)
[INFO] [stderr]       Adding num-bigint v0.2.6 (available: v0.4.6)
[INFO] running `Command { std: CARGO_HOME="/workspace/cargo-home" RUSTUP_HOME="/workspace/rustup-home" "/workspace/cargo-home/bin/cargo" "+1.83.0" "fetch" "--manifest-path" "Cargo.toml", kill_on_drop: false }`
[INFO] [stderr]     Blocking waiting for file lock on package cache
[INFO] [stderr]     Blocking waiting for file lock on package cache
[INFO] running `Command { std: "docker" "create" "-v" "/var/lib/crater-agent-workspace/builds/worker-6-tc1/target:/opt/rustwide/target:rw,Z" "-v" "/var/lib/crater-agent-workspace/builds/worker-6-tc1/source:/opt/rustwide/workdir:ro,Z" "-v" "/var/lib/crater-agent-workspace/cargo-home:/opt/rustwide/cargo-home:ro,Z" "-v" "/var/lib/crater-agent-workspace/rustup-home:/opt/rustwide/rustup-home:ro,Z" "-e" "SOURCE_DIR=/opt/rustwide/workdir" "-e" "CARGO_TARGET_DIR=/opt/rustwide/target" "-e" "CARGO_HOME=/opt/rustwide/cargo-home" "-e" "RUSTUP_HOME=/opt/rustwide/rustup-home" "-w" "/opt/rustwide/workdir" "-m" "1610612736" "--user" "0:0" "--network" "none" "ghcr.io/rust-lang/crates-build-env/linux@sha256:f3a9d4ad9d972b27faf3965f35b62e55ba32bbce8f20bc8fe909558a86702fde" "/opt/rustwide/cargo-home/bin/cargo" "+1.83.0" "metadata" "--no-deps" "--format-version=1", kill_on_drop: false }`
[INFO] [stdout] 85111ece90a5068be7c32a24663c21fb38911f35fb3a191b1f79643e653725a0
[INFO] running `Command { std: "docker" "start" "-a" "85111ece90a5068be7c32a24663c21fb38911f35fb3a191b1f79643e653725a0", kill_on_drop: false }`
[INFO] running `Command { std: "docker" "inspect" "85111ece90a5068be7c32a24663c21fb38911f35fb3a191b1f79643e653725a0", kill_on_drop: false }`
[INFO] running `Command { std: "docker" "rm" "-f" "85111ece90a5068be7c32a24663c21fb38911f35fb3a191b1f79643e653725a0", kill_on_drop: false }`
[INFO] [stdout] 85111ece90a5068be7c32a24663c21fb38911f35fb3a191b1f79643e653725a0
[INFO] running `Command { std: "docker" "create" "-v" "/var/lib/crater-agent-workspace/builds/worker-6-tc1/target:/opt/rustwide/target:rw,Z" "-v" "/var/lib/crater-agent-workspace/builds/worker-6-tc1/source:/opt/rustwide/workdir:ro,Z" "-v" "/var/lib/crater-agent-workspace/cargo-home:/opt/rustwide/cargo-home:ro,Z" "-v" "/var/lib/crater-agent-workspace/rustup-home:/opt/rustwide/rustup-home:ro,Z" "-e" "SOURCE_DIR=/opt/rustwide/workdir" "-e" "CARGO_TARGET_DIR=/opt/rustwide/target" "-e" "CARGO_INCREMENTAL=0" "-e" "RUST_BACKTRACE=full" "-e" "RUSTFLAGS=--cap-lints=warn" "-e" "RUSTDOCFLAGS=--cap-lints=warn" "-e" "CARGO_HOME=/opt/rustwide/cargo-home" "-e" "RUSTUP_HOME=/opt/rustwide/rustup-home" "-w" "/opt/rustwide/workdir" "-m" "1610612736" "--user" "0:0" "--network" "none" "ghcr.io/rust-lang/crates-build-env/linux@sha256:f3a9d4ad9d972b27faf3965f35b62e55ba32bbce8f20bc8fe909558a86702fde" "/opt/rustwide/cargo-home/bin/cargo" "+1.83.0" "build" "--frozen" "--message-format=json", kill_on_drop: false }`
[INFO] [stdout] 06f2152494b6d58b961ab4cf8a62e97f11eb3f9ac7cb4c5ab22fe2d83f8d4164
[INFO] running `Command { std: "docker" "start" "-a" "06f2152494b6d58b961ab4cf8a62e97f11eb3f9ac7cb4c5ab22fe2d83f8d4164", kill_on_drop: false }`
[INFO] [stderr]    Compiling num-traits v0.2.19
[INFO] [stderr]    Compiling num-complex v0.2.4
[INFO] [stderr]    Compiling num-bigint v0.2.6
[INFO] [stderr]    Compiling num-rational v0.2.4
[INFO] [stderr]    Compiling rawpointer v0.2.1
[INFO] [stderr]    Compiling ndarray v0.13.1
[INFO] [stderr]    Compiling matrixmultiply v0.2.4
[INFO] [stderr]    Compiling num-integer v0.1.46
[INFO] [stderr]    Compiling num-iter v0.1.45
[INFO] [stderr]    Compiling num v0.2.1
[INFO] [stderr]    Compiling fast-fibonacci v0.2.0 (/opt/rustwide/workdir)
[INFO] [stdout] warning: variable `ZERO` should have a snake case name
[INFO] [stdout]   --> src/lib.rs:83:9
[INFO] [stdout]    |
[INFO] [stdout] 83 |     let ZERO: BigUint = FromPrimitive::from_u64(0).unwrap();
[INFO] [stdout]    |         ^^^^ help: convert the identifier to snake case: `zero`
[INFO] [stdout]    |
[INFO] [stdout]    = note: `#[warn(non_snake_case)]` on by default
[INFO] [stdout] 
[INFO] [stdout] 
[INFO] [stdout] warning: variable `ONE` should have a snake case name
[INFO] [stdout]   --> src/lib.rs:84:9
[INFO] [stdout]    |
[INFO] [stdout] 84 |     let ONE: BigUint = FromPrimitive::from_u64(1).unwrap();
[INFO] [stdout]    |         ^^^ help: convert the identifier to snake case: `one`
[INFO] [stdout] 
[INFO] [stdout] 
[INFO] [stdout] warning: variable `ONE` should have a snake case name
[INFO] [stdout]    --> src/lib.rs:104:9
[INFO] [stdout]     |
[INFO] [stdout] 104 |     let ONE: BigUint = FromPrimitive::from_u64(1).unwrap();
[INFO] [stdout]     |         ^^^ help: convert the identifier to snake case: `one`
[INFO] [stdout] 
[INFO] [stdout] 
[INFO] [stdout] warning: variable `TWO` should have a snake case name
[INFO] [stdout]    --> src/lib.rs:105:9
[INFO] [stdout]     |
[INFO] [stdout] 105 |     let TWO: BigUint = FromPrimitive::from_u64(2).unwrap();
[INFO] [stdout]     |         ^^^ help: convert the identifier to snake case: `two`
[INFO] [stdout] 
[INFO] [stdout] 
[INFO] [stdout] warning: variable `ZERO` should have a snake case name
[INFO] [stdout]    --> src/lib.rs:122:9
[INFO] [stdout]     |
[INFO] [stdout] 122 |     let ZERO: BigUint = FromPrimitive::from_u64(0).unwrap();
[INFO] [stdout]     |         ^^^^ help: convert the identifier to snake case: `zero`
[INFO] [stdout] 
[INFO] [stdout] 
[INFO] [stderr]     Finished `dev` profile [unoptimized + debuginfo] target(s) in 5.11s
[INFO] running `Command { std: "docker" "inspect" "06f2152494b6d58b961ab4cf8a62e97f11eb3f9ac7cb4c5ab22fe2d83f8d4164", kill_on_drop: false }`
[INFO] running `Command { std: "docker" "rm" "-f" "06f2152494b6d58b961ab4cf8a62e97f11eb3f9ac7cb4c5ab22fe2d83f8d4164", kill_on_drop: false }`
[INFO] [stdout] 06f2152494b6d58b961ab4cf8a62e97f11eb3f9ac7cb4c5ab22fe2d83f8d4164
[INFO] running `Command { std: "docker" "create" "-v" "/var/lib/crater-agent-workspace/builds/worker-6-tc1/target:/opt/rustwide/target:rw,Z" "-v" "/var/lib/crater-agent-workspace/builds/worker-6-tc1/source:/opt/rustwide/workdir:ro,Z" "-v" "/var/lib/crater-agent-workspace/cargo-home:/opt/rustwide/cargo-home:ro,Z" "-v" "/var/lib/crater-agent-workspace/rustup-home:/opt/rustwide/rustup-home:ro,Z" "-e" "SOURCE_DIR=/opt/rustwide/workdir" "-e" "CARGO_TARGET_DIR=/opt/rustwide/target" "-e" "CARGO_INCREMENTAL=0" "-e" "RUST_BACKTRACE=full" "-e" "RUSTFLAGS=--cap-lints=warn" "-e" "RUSTDOCFLAGS=--cap-lints=warn" "-e" "CARGO_HOME=/opt/rustwide/cargo-home" "-e" "RUSTUP_HOME=/opt/rustwide/rustup-home" "-w" "/opt/rustwide/workdir" "-m" "1610612736" "--user" "0:0" "--network" "none" "ghcr.io/rust-lang/crates-build-env/linux@sha256:f3a9d4ad9d972b27faf3965f35b62e55ba32bbce8f20bc8fe909558a86702fde" "/opt/rustwide/cargo-home/bin/cargo" "+1.83.0" "test" "--frozen" "--no-run" "--message-format=json", kill_on_drop: false }`
[INFO] [stdout] f2774441d181dbe81b333c4768e1d1b8e598f8b36c411065a7b504ee5a8ead38
[INFO] running `Command { std: "docker" "start" "-a" "f2774441d181dbe81b333c4768e1d1b8e598f8b36c411065a7b504ee5a8ead38", kill_on_drop: false }`
[INFO] [stdout] warning: variable `ZERO` should have a snake case name
[INFO] [stdout]   --> src/lib.rs:83:9
[INFO] [stdout]    |
[INFO] [stdout] 83 |     let ZERO: BigUint = FromPrimitive::from_u64(0).unwrap();
[INFO] [stdout]    |         ^^^^ help: convert the identifier to snake case: `zero`
[INFO] [stdout]    |
[INFO] [stdout]    = note: `#[warn(non_snake_case)]` on by default
[INFO] [stdout] 
[INFO] [stdout] 
[INFO] [stdout] warning: variable `ONE` should have a snake case name
[INFO] [stdout]   --> src/lib.rs:84:9
[INFO] [stdout]    |
[INFO] [stdout] 84 |     let ONE: BigUint = FromPrimitive::from_u64(1).unwrap();
[INFO] [stdout]    |         ^^^ help: convert the identifier to snake case: `one`
[INFO] [stdout] 
[INFO] [stdout] 
[INFO] [stdout] warning: variable `ONE` should have a snake case name
[INFO] [stdout]    --> src/lib.rs:104:9
[INFO] [stdout]     |
[INFO] [stdout] 104 |     let ONE: BigUint = FromPrimitive::from_u64(1).unwrap();
[INFO] [stdout]     |         ^^^ help: convert the identifier to snake case: `one`
[INFO] [stdout] 
[INFO] [stdout] 
[INFO] [stdout] warning: variable `TWO` should have a snake case name
[INFO] [stdout]    --> src/lib.rs:105:9
[INFO] [stdout]     |
[INFO] [stdout] 105 |     let TWO: BigUint = FromPrimitive::from_u64(2).unwrap();
[INFO] [stdout]     |         ^^^ help: convert the identifier to snake case: `two`
[INFO] [stdout] 
[INFO] [stdout] 
[INFO] [stderr]    Compiling fast-fibonacci v0.2.0 (/opt/rustwide/workdir)
[INFO] [stdout] warning: variable `ZERO` should have a snake case name
[INFO] [stdout]    --> src/lib.rs:122:9
[INFO] [stdout]     |
[INFO] [stdout] 122 |     let ZERO: BigUint = FromPrimitive::from_u64(0).unwrap();
[INFO] [stdout]     |         ^^^^ help: convert the identifier to snake case: `zero`
[INFO] [stdout] 
[INFO] [stdout] 
[INFO] [stdout] warning: variable `ZERO` should have a snake case name
[INFO] [stdout]   --> src/lib.rs:83:9
[INFO] [stdout]    |
[INFO] [stdout] 83 |     let ZERO: BigUint = FromPrimitive::from_u64(0).unwrap();
[INFO] [stdout]    |         ^^^^ help: convert the identifier to snake case: `zero`
[INFO] [stdout]    |
[INFO] [stdout]    = note: `#[warn(non_snake_case)]` on by default
[INFO] [stdout] 
[INFO] [stdout] 
[INFO] [stdout] warning: variable `ONE` should have a snake case name
[INFO] [stdout]   --> src/lib.rs:84:9
[INFO] [stdout]    |
[INFO] [stdout] 84 |     let ONE: BigUint = FromPrimitive::from_u64(1).unwrap();
[INFO] [stdout]    |         ^^^ help: convert the identifier to snake case: `one`
[INFO] [stdout] 
[INFO] [stdout] 
[INFO] [stdout] warning: variable `ONE` should have a snake case name
[INFO] [stdout]    --> src/lib.rs:104:9
[INFO] [stdout]     |
[INFO] [stdout] 104 |     let ONE: BigUint = FromPrimitive::from_u64(1).unwrap();
[INFO] [stdout]     |         ^^^ help: convert the identifier to snake case: `one`
[INFO] [stdout] 
[INFO] [stdout] 
[INFO] [stdout] warning: variable `TWO` should have a snake case name
[INFO] [stdout]    --> src/lib.rs:105:9
[INFO] [stdout]     |
[INFO] [stdout] 105 |     let TWO: BigUint = FromPrimitive::from_u64(2).unwrap();
[INFO] [stdout]     |         ^^^ help: convert the identifier to snake case: `two`
[INFO] [stdout] 
[INFO] [stdout] 
[INFO] [stdout] warning: variable `ZERO` should have a snake case name
[INFO] [stdout]    --> src/lib.rs:122:9
[INFO] [stdout]     |
[INFO] [stdout] 122 |     let ZERO: BigUint = FromPrimitive::from_u64(0).unwrap();
[INFO] [stdout]     |         ^^^^ help: convert the identifier to snake case: `zero`
[INFO] [stdout] 
[INFO] [stdout] 
[INFO] [stderr]     Finished `test` profile [unoptimized + debuginfo] target(s) in 0.68s
[INFO] running `Command { std: "docker" "inspect" "f2774441d181dbe81b333c4768e1d1b8e598f8b36c411065a7b504ee5a8ead38", kill_on_drop: false }`
[INFO] running `Command { std: "docker" "rm" "-f" "f2774441d181dbe81b333c4768e1d1b8e598f8b36c411065a7b504ee5a8ead38", kill_on_drop: false }`
[INFO] [stdout] f2774441d181dbe81b333c4768e1d1b8e598f8b36c411065a7b504ee5a8ead38
[INFO] running `Command { std: "docker" "create" "-v" "/var/lib/crater-agent-workspace/builds/worker-6-tc1/target:/opt/rustwide/target:rw,Z" "-v" "/var/lib/crater-agent-workspace/builds/worker-6-tc1/source:/opt/rustwide/workdir:ro,Z" "-v" "/var/lib/crater-agent-workspace/cargo-home:/opt/rustwide/cargo-home:ro,Z" "-v" "/var/lib/crater-agent-workspace/rustup-home:/opt/rustwide/rustup-home:ro,Z" "-e" "SOURCE_DIR=/opt/rustwide/workdir" "-e" "CARGO_TARGET_DIR=/opt/rustwide/target" "-e" "CARGO_INCREMENTAL=0" "-e" "RUST_BACKTRACE=full" "-e" "RUSTFLAGS=--cap-lints=warn" "-e" "RUSTDOCFLAGS=--cap-lints=warn" "-e" "CARGO_HOME=/opt/rustwide/cargo-home" "-e" "RUSTUP_HOME=/opt/rustwide/rustup-home" "-w" "/opt/rustwide/workdir" "-m" "1610612736" "--user" "0:0" "--network" "none" "ghcr.io/rust-lang/crates-build-env/linux@sha256:f3a9d4ad9d972b27faf3965f35b62e55ba32bbce8f20bc8fe909558a86702fde" "/opt/rustwide/cargo-home/bin/cargo" "+1.83.0" "test" "--frozen", kill_on_drop: false }`
[INFO] [stdout] 2b5eae34e21e0f71ebc55e8b82e9b28ce27113108c893b6ed6e36102ec7ef49e
[INFO] running `Command { std: "docker" "start" "-a" "2b5eae34e21e0f71ebc55e8b82e9b28ce27113108c893b6ed6e36102ec7ef49e", kill_on_drop: false }`
[INFO] [stderr] warning: variable `ZERO` should have a snake case name
[INFO] [stderr]   --> src/lib.rs:83:9
[INFO] [stderr]    |
[INFO] [stderr] 83 |     let ZERO: BigUint = FromPrimitive::from_u64(0).unwrap();
[INFO] [stderr]    |         ^^^^ help: convert the identifier to snake case: `zero`
[INFO] [stderr]    |
[INFO] [stderr]    = note: `#[warn(non_snake_case)]` on by default
[INFO] [stderr] 
[INFO] [stderr] warning: variable `ONE` should have a snake case name
[INFO] [stderr]   --> src/lib.rs:84:9
[INFO] [stderr]    |
[INFO] [stderr] 84 |     let ONE: BigUint = FromPrimitive::from_u64(1).unwrap();
[INFO] [stderr]    |         ^^^ help: convert the identifier to snake case: `one`
[INFO] [stderr] 
[INFO] [stderr] warning: variable `ONE` should have a snake case name
[INFO] [stderr]    --> src/lib.rs:104:9
[INFO] [stderr]     |
[INFO] [stderr] 104 |     let ONE: BigUint = FromPrimitive::from_u64(1).unwrap();
[INFO] [stderr]     |         ^^^ help: convert the identifier to snake case: `one`
[INFO] [stderr] 
[INFO] [stderr] warning: variable `TWO` should have a snake case name
[INFO] [stderr]    --> src/lib.rs:105:9
[INFO] [stderr]     |
[INFO] [stderr] 105 |     let TWO: BigUint = FromPrimitive::from_u64(2).unwrap();
[INFO] [stderr]     |         ^^^ help: convert the identifier to snake case: `two`
[INFO] [stderr] 
[INFO] [stderr] warning: variable `ZERO` should have a snake case name
[INFO] [stderr]    --> src/lib.rs:122:9
[INFO] [stderr]     |
[INFO] [stderr] 122 |     let ZERO: BigUint = FromPrimitive::from_u64(0).unwrap();
[INFO] [stderr]     |         ^^^^ help: convert the identifier to snake case: `zero`
[INFO] [stderr] 
[INFO] [stderr] warning: `fast-fibonacci` (lib) generated 5 warnings
[INFO] [stderr] warning: `fast-fibonacci` (lib test) generated 5 warnings (5 duplicates)
[INFO] [stderr]     Finished `test` profile [unoptimized + debuginfo] target(s) in 0.03s
[INFO] [stderr]      Running unittests src/lib.rs (/opt/rustwide/target/debug/deps/fast_fibonacci-89f3c6dbb46ed934)
[INFO] [stdout] 
[INFO] [stdout] running 5 tests
[INFO] [stdout] test tests::test_modulo ... ok
[INFO] [stdout] test tests::test_first_few ... ok
[INFO] [stdout] test tests::test_bigfib ... ok
[INFO] [stdout] test tests::test_big ... ok
[INFO] [stdout] test tests::test_large_bigfib ... ok
[INFO] [stdout] 
[INFO] [stdout] test result: ok. 5 passed; 0 failed; 0 ignored; 0 measured; 0 filtered out; finished in 0.06s
[INFO] [stderr]    Doc-tests fast_fibonacci
[INFO] [stdout] 
[INFO] [stdout] 
[INFO] [stdout] running 3 tests
[INFO] [stdout] test src/lib.rs - bigfib_with_mod (line 70) ... FAILED
[INFO] [stdout] test src/lib.rs - fib_with_mod (line 17) ... FAILED
[INFO] [stdout] test src/lib.rs - bigfib_with_mod (line 52) ... FAILED
[INFO] [stdout] 
[INFO] [stdout] failures:
[INFO] [stdout] 
[INFO] [stdout] ---- src/lib.rs - bigfib_with_mod (line 70) stdout ----
[INFO] [stdout] error: linking with `cc` failed: exit status: 1
[INFO] [stdout]   |
[INFO] [stdout]   = note: LC_ALL="C" PATH="/opt/rustwide/rustup-home/toolchains/1.83.0-x86_64-unknown-linux-gnu/lib/rustlib/x86_64-unknown-linux-gnu/bin:/opt/rustwide/cargo-home/bin:/usr/local/sbin:/usr/local/bin:/usr/sbin:/usr/bin:/sbin:/bin" VSLANG="1033" "cc" "-m64" "/tmp/rustcFENADy/symbols.o" "/tmp/rustdoctestXoCyn5/rust_out.rust_out.cb03291d53e4e161-cgu.0.rcgu.o" "/tmp/rustdoctestXoCyn5/rust_out.1s7umcihpz0t7nkz1uc2ifee9.rcgu.o" "-Wl,--as-needed" "-Wl,-Bstatic" "/opt/rustwide/target/debug/deps/libfast_fibonacci-f69fc1870b34aa07.rlib" "/opt/rustwide/target/debug/deps/libnum-27b5cecb11f9a5b1.rlib" "/opt/rustwide/target/debug/deps/libnum_rational-cf0ee854ac1448f3.rlib" "/opt/rustwide/target/debug/deps/libnum_iter-3a76a6d262ecc097.rlib" "/opt/rustwide/target/debug/deps/libnum_bigint-e2c5ee42b016c610.rlib" "/opt/rustwide/target/debug/deps/libndarray-2780a6a85c4b8f8e.rlib" "/opt/rustwide/target/debug/deps/libmatrixmultiply-b5e23c1617f5357e.rlib" "/opt/rustwide/target/debug/deps/libnum_complex-fdbd4bb092b1594e.rlib" "/opt/rustwide/target/debug/deps/libnum_integer-24ba7273a25c7cf1.rlib" "/opt/rustwide/target/debug/deps/libnum_traits-15e1fbffc26ebd9a.rlib" "/opt/rustwide/target/debug/deps/librawpointer-82a8acb23f770ede.rlib" "/opt/rustwide/rustup-home/toolchains/1.83.0-x86_64-unknown-linux-gnu/lib/rustlib/x86_64-unknown-linux-gnu/lib/libstd-ca74a2d9c5166d9f.rlib" "/opt/rustwide/rustup-home/toolchains/1.83.0-x86_64-unknown-linux-gnu/lib/rustlib/x86_64-unknown-linux-gnu/lib/libpanic_unwind-e31ab23316ed5080.rlib" "/opt/rustwide/rustup-home/toolchains/1.83.0-x86_64-unknown-linux-gnu/lib/rustlib/x86_64-unknown-linux-gnu/lib/libobject-27dc4aa955912662.rlib" "/opt/rustwide/rustup-home/toolchains/1.83.0-x86_64-unknown-linux-gnu/lib/rustlib/x86_64-unknown-linux-gnu/lib/libmemchr-bd0d6cccce077b99.rlib" "/opt/rustwide/rustup-home/toolchains/1.83.0-x86_64-unknown-linux-gnu/lib/rustlib/x86_64-unknown-linux-gnu/lib/libaddr2line-8d001680935b5e3c.rlib" "/opt/rustwide/rustup-home/toolchains/1.83.0-x86_64-unknown-linux-gnu/lib/rustlib/x86_64-unknown-linux-gnu/lib/libgimli-ba8ce71964f984f4.rlib" "/opt/rustwide/rustup-home/toolchains/1.83.0-x86_64-unknown-linux-gnu/lib/rustlib/x86_64-unknown-linux-gnu/lib/librustc_demangle-99a73526abcec14b.rlib" "/opt/rustwide/rustup-home/toolchains/1.83.0-x86_64-unknown-linux-gnu/lib/rustlib/x86_64-unknown-linux-gnu/lib/libstd_detect-63ac0d22cff92579.rlib" "/opt/rustwide/rustup-home/toolchains/1.83.0-x86_64-unknown-linux-gnu/lib/rustlib/x86_64-unknown-linux-gnu/lib/libhashbrown-9057355c92c922d5.rlib" "/opt/rustwide/rustup-home/toolchains/1.83.0-x86_64-unknown-linux-gnu/lib/rustlib/x86_64-unknown-linux-gnu/lib/librustc_std_workspace_alloc-358be9bc1f6bab04.rlib" "/opt/rustwide/rustup-home/toolchains/1.83.0-x86_64-unknown-linux-gnu/lib/rustlib/x86_64-unknown-linux-gnu/lib/libminiz_oxide-aca15549d5bff974.rlib" "/opt/rustwide/rustup-home/toolchains/1.83.0-x86_64-unknown-linux-gnu/lib/rustlib/x86_64-unknown-linux-gnu/lib/libadler-8251d2cef7072448.rlib" "/opt/rustwide/rustup-home/toolchains/1.83.0-x86_64-unknown-linux-gnu/lib/rustlib/x86_64-unknown-linux-gnu/lib/libunwind-7d50b86011c66411.rlib" "/opt/rustwide/rustup-home/toolchains/1.83.0-x86_64-unknown-linux-gnu/lib/rustlib/x86_64-unknown-linux-gnu/lib/libcfg_if-51ea098fce5006bf.rlib" "/opt/rustwide/rustup-home/toolchains/1.83.0-x86_64-unknown-linux-gnu/lib/rustlib/x86_64-unknown-linux-gnu/lib/liblibc-5a14e0d0b712e731.rlib" "/opt/rustwide/rustup-home/toolchains/1.83.0-x86_64-unknown-linux-gnu/lib/rustlib/x86_64-unknown-linux-gnu/lib/liballoc-8b83dbf3a7b8f999.rlib" "/opt/rustwide/rustup-home/toolchains/1.83.0-x86_64-unknown-linux-gnu/lib/rustlib/x86_64-unknown-linux-gnu/lib/librustc_std_workspace_core-c6fd227bdc7b39ff.rlib" "/opt/rustwide/rustup-home/toolchains/1.83.0-x86_64-unknown-linux-gnu/lib/rustlib/x86_64-unknown-linux-gnu/lib/libcore-959d3389fa3da8a5.rlib" "/opt/rustwide/rustup-home/toolchains/1.83.0-x86_64-unknown-linux-gnu/lib/rustlib/x86_64-unknown-linux-gnu/lib/libcompiler_builtins-abe05db089cc2c62.rlib" "-Wl,-Bdynamic" "-lgcc_s" "-lutil" "-lrt" "-lpthread" "-lm" "-ldl" "-lc" "-Wl,--eh-frame-hdr" "-Wl,-z,noexecstack" "-L" "/opt/rustwide/rustup-home/toolchains/1.83.0-x86_64-unknown-linux-gnu/lib/rustlib/x86_64-unknown-linux-gnu/lib" "-o" "/tmp/rustdoctestXoCyn5/rust_out" "-Wl,--gc-sections" "-pie" "-Wl,-z,relro,-z,now" "-nodefaultlibs"
[INFO] [stdout]   = note: /usr/bin/ld: final link failed: No space left on device
[INFO] [stdout]           collect2: error: ld returned 1 exit status
[INFO] [stdout]           
[INFO] [stdout] 
[INFO] [stdout] error: aborting due to 1 previous error
[INFO] [stdout] 
[INFO] [stdout] Couldn't compile the test.
[INFO] [stdout] ---- src/lib.rs - fib_with_mod (line 17) stdout ----
[INFO] [stdout] error: linking with `cc` failed: exit status: 1
[INFO] [stdout]   |
[INFO] [stdout]   = note: LC_ALL="C" PATH="/opt/rustwide/rustup-home/toolchains/1.83.0-x86_64-unknown-linux-gnu/lib/rustlib/x86_64-unknown-linux-gnu/bin:/opt/rustwide/cargo-home/bin:/usr/local/sbin:/usr/local/bin:/usr/sbin:/usr/bin:/sbin:/bin" VSLANG="1033" "cc" "-m64" "/tmp/rustckoffkN/symbols.o" "/tmp/rustdoctest9u9VXo/rust_out.rust_out.cb03291d53e4e161-cgu.0.rcgu.o" "/tmp/rustdoctest9u9VXo/rust_out.1s7umcihpz0t7nkz1uc2ifee9.rcgu.o" "-Wl,--as-needed" "-Wl,-Bstatic" "/opt/rustwide/target/debug/deps/libfast_fibonacci-f69fc1870b34aa07.rlib" "/opt/rustwide/target/debug/deps/libnum-27b5cecb11f9a5b1.rlib" "/opt/rustwide/target/debug/deps/libnum_rational-cf0ee854ac1448f3.rlib" "/opt/rustwide/target/debug/deps/libnum_iter-3a76a6d262ecc097.rlib" "/opt/rustwide/target/debug/deps/libnum_bigint-e2c5ee42b016c610.rlib" "/opt/rustwide/target/debug/deps/libndarray-2780a6a85c4b8f8e.rlib" "/opt/rustwide/target/debug/deps/libmatrixmultiply-b5e23c1617f5357e.rlib" "/opt/rustwide/target/debug/deps/libnum_complex-fdbd4bb092b1594e.rlib" "/opt/rustwide/target/debug/deps/libnum_integer-24ba7273a25c7cf1.rlib" "/opt/rustwide/target/debug/deps/libnum_traits-15e1fbffc26ebd9a.rlib" "/opt/rustwide/target/debug/deps/librawpointer-82a8acb23f770ede.rlib" "/opt/rustwide/rustup-home/toolchains/1.83.0-x86_64-unknown-linux-gnu/lib/rustlib/x86_64-unknown-linux-gnu/lib/libstd-ca74a2d9c5166d9f.rlib" "/opt/rustwide/rustup-home/toolchains/1.83.0-x86_64-unknown-linux-gnu/lib/rustlib/x86_64-unknown-linux-gnu/lib/libpanic_unwind-e31ab23316ed5080.rlib" "/opt/rustwide/rustup-home/toolchains/1.83.0-x86_64-unknown-linux-gnu/lib/rustlib/x86_64-unknown-linux-gnu/lib/libobject-27dc4aa955912662.rlib" "/opt/rustwide/rustup-home/toolchains/1.83.0-x86_64-unknown-linux-gnu/lib/rustlib/x86_64-unknown-linux-gnu/lib/libmemchr-bd0d6cccce077b99.rlib" "/opt/rustwide/rustup-home/toolchains/1.83.0-x86_64-unknown-linux-gnu/lib/rustlib/x86_64-unknown-linux-gnu/lib/libaddr2line-8d001680935b5e3c.rlib" "/opt/rustwide/rustup-home/toolchains/1.83.0-x86_64-unknown-linux-gnu/lib/rustlib/x86_64-unknown-linux-gnu/lib/libgimli-ba8ce71964f984f4.rlib" "/opt/rustwide/rustup-home/toolchains/1.83.0-x86_64-unknown-linux-gnu/lib/rustlib/x86_64-unknown-linux-gnu/lib/librustc_demangle-99a73526abcec14b.rlib" "/opt/rustwide/rustup-home/toolchains/1.83.0-x86_64-unknown-linux-gnu/lib/rustlib/x86_64-unknown-linux-gnu/lib/libstd_detect-63ac0d22cff92579.rlib" "/opt/rustwide/rustup-home/toolchains/1.83.0-x86_64-unknown-linux-gnu/lib/rustlib/x86_64-unknown-linux-gnu/lib/libhashbrown-9057355c92c922d5.rlib" "/opt/rustwide/rustup-home/toolchains/1.83.0-x86_64-unknown-linux-gnu/lib/rustlib/x86_64-unknown-linux-gnu/lib/librustc_std_workspace_alloc-358be9bc1f6bab04.rlib" "/opt/rustwide/rustup-home/toolchains/1.83.0-x86_64-unknown-linux-gnu/lib/rustlib/x86_64-unknown-linux-gnu/lib/libminiz_oxide-aca15549d5bff974.rlib" "/opt/rustwide/rustup-home/toolchains/1.83.0-x86_64-unknown-linux-gnu/lib/rustlib/x86_64-unknown-linux-gnu/lib/libadler-8251d2cef7072448.rlib" "/opt/rustwide/rustup-home/toolchains/1.83.0-x86_64-unknown-linux-gnu/lib/rustlib/x86_64-unknown-linux-gnu/lib/libunwind-7d50b86011c66411.rlib" "/opt/rustwide/rustup-home/toolchains/1.83.0-x86_64-unknown-linux-gnu/lib/rustlib/x86_64-unknown-linux-gnu/lib/libcfg_if-51ea098fce5006bf.rlib" "/opt/rustwide/rustup-home/toolchains/1.83.0-x86_64-unknown-linux-gnu/lib/rustlib/x86_64-unknown-linux-gnu/lib/liblibc-5a14e0d0b712e731.rlib" "/opt/rustwide/rustup-home/toolchains/1.83.0-x86_64-unknown-linux-gnu/lib/rustlib/x86_64-unknown-linux-gnu/lib/liballoc-8b83dbf3a7b8f999.rlib" "/opt/rustwide/rustup-home/toolchains/1.83.0-x86_64-unknown-linux-gnu/lib/rustlib/x86_64-unknown-linux-gnu/lib/librustc_std_workspace_core-c6fd227bdc7b39ff.rlib" "/opt/rustwide/rustup-home/toolchains/1.83.0-x86_64-unknown-linux-gnu/lib/rustlib/x86_64-unknown-linux-gnu/lib/libcore-959d3389fa3da8a5.rlib" "/opt/rustwide/rustup-home/toolchains/1.83.0-x86_64-unknown-linux-gnu/lib/rustlib/x86_64-unknown-linux-gnu/lib/libcompiler_builtins-abe05db089cc2c62.rlib" "-Wl,-Bdynamic" "-lgcc_s" "-lutil" "-lrt" "-lpthread" "-lm" "-ldl" "-lc" "-Wl,--eh-frame-hdr" "-Wl,-z,noexecstack" "-L" "/opt/rustwide/rustup-home/toolchains/1.83.0-x86_64-unknown-linux-gnu/lib/rustlib/x86_64-unknown-linux-gnu/lib" "-o" "/tmp/rustdoctest9u9VXo/rust_out" "-Wl,--gc-sections" "-pie" "-Wl,-z,relro,-z,now" "-nodefaultlibs"
[INFO] [stdout]   = note: /usr/bin/ld: final link failed: No space left on device
[INFO] [stdout]           collect2: error: ld returned 1 exit status
[INFO] [stdout]           
[INFO] [stdout] 
[INFO] [stdout] error: aborting due to 1 previous error
[INFO] [stdout] 
[INFO] [stdout] Couldn't compile the test.
[INFO] [stdout] ---- src/lib.rs - bigfib_with_mod (line 52) stdout ----
[INFO] [stdout] error: linking with `cc` failed: exit status: 1
[INFO] [stdout]   |
[INFO] [stdout]   = note: LC_ALL="C" PATH="/opt/rustwide/rustup-home/toolchains/1.83.0-x86_64-unknown-linux-gnu/lib/rustlib/x86_64-unknown-linux-gnu/bin:/opt/rustwide/cargo-home/bin:/usr/local/sbin:/usr/local/bin:/usr/sbin:/usr/bin:/sbin:/bin" VSLANG="1033" "cc" "-m64" "/tmp/rustc4pAAxU/symbols.o" "/tmp/rustdoctestb4rQkl/rust_out.rust_out.cb03291d53e4e161-cgu.0.rcgu.o" "/tmp/rustdoctestb4rQkl/rust_out.1s7umcihpz0t7nkz1uc2ifee9.rcgu.o" "-Wl,--as-needed" "-Wl,-Bstatic" "/opt/rustwide/target/debug/deps/libfast_fibonacci-f69fc1870b34aa07.rlib" "/opt/rustwide/target/debug/deps/libnum-27b5cecb11f9a5b1.rlib" "/opt/rustwide/target/debug/deps/libnum_rational-cf0ee854ac1448f3.rlib" "/opt/rustwide/target/debug/deps/libnum_iter-3a76a6d262ecc097.rlib" "/opt/rustwide/target/debug/deps/libnum_bigint-e2c5ee42b016c610.rlib" "/opt/rustwide/target/debug/deps/libndarray-2780a6a85c4b8f8e.rlib" "/opt/rustwide/target/debug/deps/libmatrixmultiply-b5e23c1617f5357e.rlib" "/opt/rustwide/target/debug/deps/libnum_complex-fdbd4bb092b1594e.rlib" "/opt/rustwide/target/debug/deps/libnum_integer-24ba7273a25c7cf1.rlib" "/opt/rustwide/target/debug/deps/libnum_traits-15e1fbffc26ebd9a.rlib" "/opt/rustwide/target/debug/deps/librawpointer-82a8acb23f770ede.rlib" "/opt/rustwide/rustup-home/toolchains/1.83.0-x86_64-unknown-linux-gnu/lib/rustlib/x86_64-unknown-linux-gnu/lib/libstd-ca74a2d9c5166d9f.rlib" "/opt/rustwide/rustup-home/toolchains/1.83.0-x86_64-unknown-linux-gnu/lib/rustlib/x86_64-unknown-linux-gnu/lib/libpanic_unwind-e31ab23316ed5080.rlib" "/opt/rustwide/rustup-home/toolchains/1.83.0-x86_64-unknown-linux-gnu/lib/rustlib/x86_64-unknown-linux-gnu/lib/libobject-27dc4aa955912662.rlib" "/opt/rustwide/rustup-home/toolchains/1.83.0-x86_64-unknown-linux-gnu/lib/rustlib/x86_64-unknown-linux-gnu/lib/libmemchr-bd0d6cccce077b99.rlib" "/opt/rustwide/rustup-home/toolchains/1.83.0-x86_64-unknown-linux-gnu/lib/rustlib/x86_64-unknown-linux-gnu/lib/libaddr2line-8d001680935b5e3c.rlib" "/opt/rustwide/rustup-home/toolchains/1.83.0-x86_64-unknown-linux-gnu/lib/rustlib/x86_64-unknown-linux-gnu/lib/libgimli-ba8ce71964f984f4.rlib" "/opt/rustwide/rustup-home/toolchains/1.83.0-x86_64-unknown-linux-gnu/lib/rustlib/x86_64-unknown-linux-gnu/lib/librustc_demangle-99a73526abcec14b.rlib" "/opt/rustwide/rustup-home/toolchains/1.83.0-x86_64-unknown-linux-gnu/lib/rustlib/x86_64-unknown-linux-gnu/lib/libstd_detect-63ac0d22cff92579.rlib" "/opt/rustwide/rustup-home/toolchains/1.83.0-x86_64-unknown-linux-gnu/lib/rustlib/x86_64-unknown-linux-gnu/lib/libhashbrown-9057355c92c922d5.rlib" "/opt/rustwide/rustup-home/toolchains/1.83.0-x86_64-unknown-linux-gnu/lib/rustlib/x86_64-unknown-linux-gnu/lib/librustc_std_workspace_alloc-358be9bc1f6bab04.rlib" "/opt/rustwide/rustup-home/toolchains/1.83.0-x86_64-unknown-linux-gnu/lib/rustlib/x86_64-unknown-linux-gnu/lib/libminiz_oxide-aca15549d5bff974.rlib" "/opt/rustwide/rustup-home/toolchains/1.83.0-x86_64-unknown-linux-gnu/lib/rustlib/x86_64-unknown-linux-gnu/lib/libadler-8251d2cef7072448.rlib" "/opt/rustwide/rustup-home/toolchains/1.83.0-x86_64-unknown-linux-gnu/lib/rustlib/x86_64-unknown-linux-gnu/lib/libunwind-7d50b86011c66411.rlib" "/opt/rustwide/rustup-home/toolchains/1.83.0-x86_64-unknown-linux-gnu/lib/rustlib/x86_64-unknown-linux-gnu/lib/libcfg_if-51ea098fce5006bf.rlib" "/opt/rustwide/rustup-home/toolchains/1.83.0-x86_64-unknown-linux-gnu/lib/rustlib/x86_64-unknown-linux-gnu/lib/liblibc-5a14e0d0b712e731.rlib" "/opt/rustwide/rustup-home/toolchains/1.83.0-x86_64-unknown-linux-gnu/lib/rustlib/x86_64-unknown-linux-gnu/lib/liballoc-8b83dbf3a7b8f999.rlib" "/opt/rustwide/rustup-home/toolchains/1.83.0-x86_64-unknown-linux-gnu/lib/rustlib/x86_64-unknown-linux-gnu/lib/librustc_std_workspace_core-c6fd227bdc7b39ff.rlib" "/opt/rustwide/rustup-home/toolchains/1.83.0-x86_64-unknown-linux-gnu/lib/rustlib/x86_64-unknown-linux-gnu/lib/libcore-959d3389fa3da8a5.rlib" "/opt/rustwide/rustup-home/toolchains/1.83.0-x86_64-unknown-linux-gnu/lib/rustlib/x86_64-unknown-linux-gnu/lib/libcompiler_builtins-abe05db089cc2c62.rlib" "-Wl,-Bdynamic" "-lgcc_s" "-lutil" "-lrt" "-lpthread" "-lm" "-ldl" "-lc" "-Wl,--eh-frame-hdr" "-Wl,-z,noexecstack" "-L" "/opt/rustwide/rustup-home/toolchains/1.83.0-x86_64-unknown-linux-gnu/lib/rustlib/x86_64-unknown-linux-gnu/lib" "-o" "/tmp/rustdoctestb4rQkl/rust_out" "-Wl,--gc-sections" "-pie" "-Wl,-z,relro,-z,now" "-nodefaultlibs"
[INFO] [stdout]   = note: /usr/bin/ld: final link failed: No space left on device
[INFO] [stdout]           collect2: error: ld returned 1 exit status
[INFO] [stdout]           
[INFO] [stdout] 
[INFO] [stdout] error: aborting due to 1 previous error
[INFO] [stdout] 
[INFO] [stdout] Couldn't compile the test.
[INFO] [stdout] 
[INFO] [stdout] failures:
[INFO] [stdout]     src/lib.rs - bigfib_with_mod (line 52)
[INFO] [stdout]     src/lib.rs - bigfib_with_mod (line 70)
[INFO] [stdout]     src/lib.rs - fib_with_mod (line 17)
[INFO] [stdout] 
[INFO] [stdout] test result: FAILED. 0 passed; 3 failed; 0 ignored; 0 measured; 0 filtered out; finished in 0.58s
[INFO] [stdout] 
[INFO] [stderr] error: doctest failed, to rerun pass `--doc`
[INFO] running `Command { std: "docker" "inspect" "2b5eae34e21e0f71ebc55e8b82e9b28ce27113108c893b6ed6e36102ec7ef49e", kill_on_drop: false }`
[INFO] running `Command { std: "docker" "rm" "-f" "2b5eae34e21e0f71ebc55e8b82e9b28ce27113108c893b6ed6e36102ec7ef49e", kill_on_drop: false }`
[INFO] [stdout] 2b5eae34e21e0f71ebc55e8b82e9b28ce27113108c893b6ed6e36102ec7ef49e
