[INFO] fetching crate eza 0.20.12...
[INFO] testing eza-0.20.12 against beta-2024-12-08 for beta-1.84.0-4-retry
[INFO] extracting crate eza 0.20.12 into /workspace/builds/worker-2-tc2/source
[INFO] validating manifest of crates.io crate eza 0.20.12 on toolchain beta-2024-12-08
[INFO] running `Command { std: CARGO_HOME="/workspace/cargo-home" RUSTUP_HOME="/workspace/rustup-home" "/workspace/cargo-home/bin/cargo" "+beta-2024-12-08" "metadata" "--manifest-path" "Cargo.toml" "--no-deps", kill_on_drop: false }`
[INFO] started tweaking crates.io crate eza 0.20.12
[INFO] finished tweaking crates.io crate eza 0.20.12
[INFO] tweaked toml for crates.io crate eza 0.20.12 written to /workspace/builds/worker-2-tc2/source/Cargo.toml
[INFO] crate crates.io crate eza 0.20.12 already has a lockfile, it will not be regenerated
[INFO] running `Command { std: CARGO_HOME="/workspace/cargo-home" RUSTUP_HOME="/workspace/rustup-home" "/workspace/cargo-home/bin/cargo" "+beta-2024-12-08" "fetch" "--manifest-path" "Cargo.toml", kill_on_drop: false }`
[INFO] running `Command { std: "docker" "create" "-v" "/var/lib/crater-agent-workspace/builds/worker-2-tc2/target:/opt/rustwide/target:rw,Z" "-v" "/var/lib/crater-agent-workspace/builds/worker-2-tc2/source:/opt/rustwide/workdir:ro,Z" "-v" "/var/lib/crater-agent-workspace/cargo-home:/opt/rustwide/cargo-home:ro,Z" "-v" "/var/lib/crater-agent-workspace/rustup-home:/opt/rustwide/rustup-home:ro,Z" "-e" "SOURCE_DIR=/opt/rustwide/workdir" "-e" "CARGO_TARGET_DIR=/opt/rustwide/target" "-e" "CARGO_HOME=/opt/rustwide/cargo-home" "-e" "RUSTUP_HOME=/opt/rustwide/rustup-home" "-w" "/opt/rustwide/workdir" "-m" "1610612736" "--user" "0:0" "--network" "none" "ghcr.io/rust-lang/crates-build-env/linux@sha256:f3a9d4ad9d972b27faf3965f35b62e55ba32bbce8f20bc8fe909558a86702fde" "/opt/rustwide/cargo-home/bin/cargo" "+beta-2024-12-08" "metadata" "--no-deps" "--format-version=1", kill_on_drop: false }`
[INFO] [stdout] 7e022dd63231062a9a63754b9ee97e838dabfeb78df4fa07fe184956bbd1a21a
[INFO] running `Command { std: "docker" "start" "-a" "7e022dd63231062a9a63754b9ee97e838dabfeb78df4fa07fe184956bbd1a21a", kill_on_drop: false }`
[INFO] running `Command { std: "docker" "inspect" "7e022dd63231062a9a63754b9ee97e838dabfeb78df4fa07fe184956bbd1a21a", kill_on_drop: false }`
[INFO] running `Command { std: "docker" "rm" "-f" "7e022dd63231062a9a63754b9ee97e838dabfeb78df4fa07fe184956bbd1a21a", kill_on_drop: false }`
[INFO] [stdout] 7e022dd63231062a9a63754b9ee97e838dabfeb78df4fa07fe184956bbd1a21a
[INFO] running `Command { std: "docker" "create" "-v" "/var/lib/crater-agent-workspace/builds/worker-2-tc2/target:/opt/rustwide/target:rw,Z" "-v" "/var/lib/crater-agent-workspace/builds/worker-2-tc2/source:/opt/rustwide/workdir:ro,Z" "-v" "/var/lib/crater-agent-workspace/cargo-home:/opt/rustwide/cargo-home:ro,Z" "-v" "/var/lib/crater-agent-workspace/rustup-home:/opt/rustwide/rustup-home:ro,Z" "-e" "SOURCE_DIR=/opt/rustwide/workdir" "-e" "CARGO_TARGET_DIR=/opt/rustwide/target" "-e" "CARGO_INCREMENTAL=0" "-e" "RUST_BACKTRACE=full" "-e" "RUSTFLAGS=--cap-lints=warn" "-e" "RUSTDOCFLAGS=--cap-lints=warn" "-e" "CARGO_HOME=/opt/rustwide/cargo-home" "-e" "RUSTUP_HOME=/opt/rustwide/rustup-home" "-w" "/opt/rustwide/workdir" "-m" "1610612736" "--user" "0:0" "--network" "none" "ghcr.io/rust-lang/crates-build-env/linux@sha256:f3a9d4ad9d972b27faf3965f35b62e55ba32bbce8f20bc8fe909558a86702fde" "/opt/rustwide/cargo-home/bin/cargo" "+beta-2024-12-08" "build" "--frozen" "--message-format=json", kill_on_drop: false }`
[INFO] [stdout] eb2b345073e29a70ea018ab1a08fe59fa671574d7d8fa248d7a20624d7a14387
[INFO] running `Command { std: "docker" "start" "-a" "eb2b345073e29a70ea018ab1a08fe59fa671574d7d8fa248d7a20624d7a14387", kill_on_drop: false }`
[INFO] [stderr]    Compiling proc-macro2 v1.0.92
[INFO] [stderr]    Compiling unicode-ident v1.0.14
[INFO] [stderr]    Compiling libc v0.2.167
[INFO] [stderr]    Compiling stable_deref_trait v1.2.0
[INFO] [stderr]    Compiling litemap v0.7.4
[INFO] [stderr]    Compiling writeable v0.5.5
[INFO] [stderr]    Compiling shlex v1.3.0
[INFO] [stderr]    Compiling pkg-config v0.3.31
[INFO] [stderr]    Compiling icu_locid_transform_data v1.5.0
[INFO] [stderr]    Compiling autocfg v1.4.0
[INFO] [stderr]    Compiling vcpkg v0.2.15
[INFO] [stderr]    Compiling crossbeam-utils v0.8.20
[INFO] [stderr]    Compiling icu_properties_data v1.5.0
[INFO] [stderr]    Compiling smallvec v1.13.2
[INFO] [stderr]    Compiling utf16_iter v1.0.5
[INFO] [stderr]    Compiling write16 v1.0.0
[INFO] [stderr]    Compiling utf8_iter v1.0.4
[INFO] [stderr]    Compiling siphasher v0.3.11
[INFO] [stderr]    Compiling icu_normalizer_data v1.5.0
[INFO] [stderr]    Compiling memchr v2.7.4
[INFO] [stderr]    Compiling serde v1.0.215
[INFO] [stderr]    Compiling rand_core v0.6.4
[INFO] [stderr]    Compiling thiserror v1.0.69
[INFO] [stderr]    Compiling iana-time-zone v0.1.61
[INFO] [stderr]    Compiling phf_shared v0.11.2
[INFO] [stderr]    Compiling rustix v0.38.41
[INFO] [stderr]    Compiling rand v0.8.5
[INFO] [stderr]    Compiling powerfmt v0.2.0
[INFO] [stderr]    Compiling hashbrown v0.15.2
[INFO] [stderr]    Compiling itoa v1.0.14
[INFO] [stderr]    Compiling equivalent v1.0.1
[INFO] [stderr]    Compiling rayon-core v1.12.1
[INFO] [stderr]    Compiling bitflags v2.6.0
[INFO] [stderr]    Compiling percent-encoding v2.3.1
[INFO] [stderr]    Compiling quote v1.0.37
[INFO] [stderr]    Compiling deranged v0.3.11
[INFO] [stderr]    Compiling num-traits v0.2.19
[INFO] [stderr]    Compiling num-conv v0.1.0
[INFO] [stderr]    Compiling unicode-width v0.1.14
[INFO] [stderr]    Compiling linux-raw-sys v0.4.14
[INFO] [stderr]    Compiling form_urlencoded v1.2.1
[INFO] [stderr]    Compiling syn v2.0.90
[INFO] [stderr]    Compiling gimli v0.31.1
[INFO] [stderr]    Compiling by_address v1.2.1
[INFO] [stderr]    Compiling log v0.4.22
[INFO] [stderr]    Compiling adler2 v2.0.0
[INFO] [stderr]    Compiling time-core v0.1.2
[INFO] [stderr]    Compiling option-ext v0.2.0
[INFO] [stderr]    Compiling palette v0.7.6
[INFO] [stderr]    Compiling ansi-width v0.1.0
[INFO] [stderr]    Compiling miniz_oxide v0.8.0
[INFO] [stderr]    Compiling object v0.36.5
[INFO] [stderr]    Compiling quick-xml v0.32.0
[INFO] [stderr]    Compiling byteorder v1.5.0
[INFO] [stderr]    Compiling crossbeam-epoch v0.9.18
[INFO] [stderr]    Compiling jobserver v0.1.32
[INFO] [stderr]    Compiling indexmap v2.7.0
[INFO] [stderr]    Compiling phf_generator v0.11.2
[INFO] [stderr]    Compiling cc v1.2.2
[INFO] [stderr]    Compiling dirs-sys v0.4.1
[INFO] [stderr]    Compiling datetime v0.5.2
[INFO] [stderr]    Compiling base64 v0.22.1
[INFO] [stderr]    Compiling time v0.3.37
[INFO] [stderr]    Compiling cfg-if v1.0.0
[INFO] [stderr]    Compiling either v1.13.0
[INFO] [stderr]    Compiling fast-srgb8 v1.0.0
[INFO] [stderr]    Compiling ryu v1.0.18
[INFO] [stderr]    Compiling crossbeam-deque v0.8.5
[INFO] [stderr]    Compiling chrono v0.4.38
[INFO] [stderr]    Compiling rustc-demangle v0.1.24
[INFO] [stderr]    Compiling unsafe-libyaml-norway v0.2.13
[INFO] [stderr]    Compiling zoneinfo_compiled v0.5.1
[INFO] [stderr]    Compiling dirs v5.0.1
[INFO] [stderr]    Compiling locale v0.2.2
[INFO] [stderr]    Compiling uzers v0.12.1
[INFO] [stderr]    Compiling uutils_term_grid v0.6.0
[INFO] [stderr]    Compiling glob v0.3.1
[INFO] [stderr]    Compiling natord v1.0.9
[INFO] [stderr]    Compiling unicode-width v0.2.0
[INFO] [stderr]    Compiling once_cell v1.20.2
[INFO] [stderr]    Compiling number_prefix v0.4.0
[INFO] [stderr]    Compiling timeago v0.4.2
[INFO] [stderr]    Compiling terminal_size v0.4.1
[INFO] [stderr]    Compiling path-clean v1.0.1
[INFO] [stderr]    Compiling rayon v1.10.0
[INFO] [stderr]    Compiling libz-sys v1.1.20
[INFO] [stderr]    Compiling libgit2-sys v0.17.0+1.8.1
[INFO] [stderr]    Compiling plist v1.7.0
[INFO] [stderr]    Compiling eza v0.20.12 (/opt/rustwide/workdir)
[INFO] [stderr]    Compiling addr2line v0.24.2
[INFO] [stderr]    Compiling backtrace v0.3.74
[INFO] [stderr]    Compiling synstructure v0.13.1
[INFO] [stderr]    Compiling zerofrom-derive v0.1.5
[INFO] [stderr]    Compiling yoke-derive v0.7.5
[INFO] [stderr]    Compiling zerovec-derive v0.10.3
[INFO] [stderr]    Compiling displaydoc v0.2.5
[INFO] [stderr]    Compiling icu_provider_macros v1.5.0
[INFO] [stderr]    Compiling thiserror-impl v1.0.69
[INFO] [stderr]    Compiling serde_derive v1.0.215
[INFO] [stderr]    Compiling phf_macros v0.11.2
[INFO] [stderr]    Compiling palette_derive v0.7.6
[INFO] [stderr]    Compiling zerofrom v0.1.5
[INFO] [stderr]    Compiling partition-identity v0.3.0
[INFO] [stderr]    Compiling phf v0.11.2
[INFO] [stderr]    Compiling yoke v0.7.5
[INFO] [stderr]    Compiling proc-mounts v0.3.0
[INFO] [stderr]    Compiling zerovec v0.10.4
[INFO] [stderr]    Compiling tinystr v0.7.6
[INFO] [stderr]    Compiling icu_collections v1.5.0
[INFO] [stderr]    Compiling icu_locid v1.5.0
[INFO] [stderr]    Compiling icu_provider v1.5.0
[INFO] [stderr]    Compiling icu_locid_transform v1.5.0
[INFO] [stderr]    Compiling icu_properties v1.5.1
[INFO] [stderr]    Compiling icu_normalizer v1.5.0
[INFO] [stderr]    Compiling serde_norway v0.9.41
[INFO] [stderr]    Compiling nu-ansi-term v0.50.1
[INFO] [stderr]    Compiling idna_adapter v1.2.0
[INFO] [stderr]    Compiling idna v1.0.3
[INFO] [stderr]    Compiling url v2.5.4
[INFO] [stderr]    Compiling git2 v0.19.0
[INFO] [stderr]     Finished `dev` profile [unoptimized + debuginfo] target(s) in 1m 11s
[INFO] running `Command { std: "docker" "inspect" "eb2b345073e29a70ea018ab1a08fe59fa671574d7d8fa248d7a20624d7a14387", kill_on_drop: false }`
[INFO] running `Command { std: "docker" "rm" "-f" "eb2b345073e29a70ea018ab1a08fe59fa671574d7d8fa248d7a20624d7a14387", kill_on_drop: false }`
[INFO] [stdout] eb2b345073e29a70ea018ab1a08fe59fa671574d7d8fa248d7a20624d7a14387
[INFO] running `Command { std: "docker" "create" "-v" "/var/lib/crater-agent-workspace/builds/worker-2-tc2/target:/opt/rustwide/target:rw,Z" "-v" "/var/lib/crater-agent-workspace/builds/worker-2-tc2/source:/opt/rustwide/workdir:ro,Z" "-v" "/var/lib/crater-agent-workspace/cargo-home:/opt/rustwide/cargo-home:ro,Z" "-v" "/var/lib/crater-agent-workspace/rustup-home:/opt/rustwide/rustup-home:ro,Z" "-e" "SOURCE_DIR=/opt/rustwide/workdir" "-e" "CARGO_TARGET_DIR=/opt/rustwide/target" "-e" "CARGO_INCREMENTAL=0" "-e" "RUST_BACKTRACE=full" "-e" "RUSTFLAGS=--cap-lints=warn" "-e" "RUSTDOCFLAGS=--cap-lints=warn" "-e" "CARGO_HOME=/opt/rustwide/cargo-home" "-e" "RUSTUP_HOME=/opt/rustwide/rustup-home" "-w" "/opt/rustwide/workdir" "-m" "1610612736" "--user" "0:0" "--network" "none" "ghcr.io/rust-lang/crates-build-env/linux@sha256:f3a9d4ad9d972b27faf3965f35b62e55ba32bbce8f20bc8fe909558a86702fde" "/opt/rustwide/cargo-home/bin/cargo" "+beta-2024-12-08" "test" "--frozen" "--no-run" "--message-format=json", kill_on_drop: false }`
[INFO] [stdout] a99bb21f9372e4201e105f8cf87026f06decb26acb220de018e5e6c63c73c6aa
[INFO] running `Command { std: "docker" "start" "-a" "a99bb21f9372e4201e105f8cf87026f06decb26acb220de018e5e6c63c73c6aa", kill_on_drop: false }`
[INFO] [stderr]    Compiling serde v1.0.215
[INFO] [stderr]    Compiling shlex v1.3.0
[INFO] [stderr]    Compiling rustix v0.38.41
[INFO] [stderr]    Compiling anstyle v1.0.10
[INFO] [stderr]    Compiling num-traits v0.2.19
[INFO] [stderr]    Compiling either v1.13.0
[INFO] [stderr]    Compiling utf8parse v0.2.2
[INFO] [stderr]    Compiling colorchoice v1.0.3
[INFO] [stderr]    Compiling anstyle-query v1.1.2
[INFO] [stderr]    Compiling is_terminal_polyfill v1.70.1
[INFO] [stderr]    Compiling serde_json v1.0.133
[INFO] [stderr]    Compiling same-file v1.0.6
[INFO] [stderr]    Compiling half v2.4.1
[INFO] [stderr]    Compiling regex-syntax v0.8.5
[INFO] [stderr]    Compiling ciborium-io v0.2.2
[INFO] [stderr]    Compiling anstyle-parse v0.2.6
[INFO] [stderr]    Compiling clap_lex v0.7.3
[INFO] [stderr]    Compiling fastrand v2.2.0
[INFO] [stderr]    Compiling plotters-backend v0.3.7
[INFO] [stderr]    Compiling walkdir v2.5.0
[INFO] [stderr]    Compiling rayon v1.10.0
[INFO] [stderr]    Compiling clap_builder v4.5.22
[INFO] [stderr]    Compiling cc v1.2.2
[INFO] [stderr]    Compiling anstream v0.6.18
[INFO] [stderr]    Compiling ciborium-ll v0.2.2
[INFO] [stderr]    Compiling itertools v0.10.5
[INFO] [stderr]    Compiling plotters-svg v0.3.7
[INFO] [stderr]    Compiling filetime v0.2.25
[INFO] [stderr]    Compiling wait-timeout v0.2.0
[INFO] [stderr]    Compiling snapbox-macros v0.3.10
[INFO] [stderr]    Compiling os_pipe v1.2.1
[INFO] [stderr]    Compiling content_inspector v0.2.4
[INFO] [stderr]    Compiling humantime v2.1.0
[INFO] [stderr]    Compiling chrono v0.4.38
[INFO] [stderr]    Compiling winnow v0.6.20
[INFO] [stderr]    Compiling normalize-line-endings v0.3.0
[INFO] [stderr]    Compiling cast v0.3.0
[INFO] [stderr]    Compiling dunce v1.0.5
[INFO] [stderr]    Compiling similar v2.6.0
[INFO] [stderr]    Compiling automod v1.0.14
[INFO] [stderr]    Compiling is-terminal v0.4.13
[INFO] [stderr]    Compiling oorandom v11.1.4
[INFO] [stderr]    Compiling anes v0.1.6
[INFO] [stderr]    Compiling plotters v0.3.7
[INFO] [stderr]    Compiling regex-automata v0.4.9
[INFO] [stderr]    Compiling criterion-plot v0.5.0
[INFO] [stderr]    Compiling libz-sys v1.1.20
[INFO] [stderr]    Compiling libgit2-sys v0.17.0+1.8.1
[INFO] [stderr]    Compiling eza v0.20.12 (/opt/rustwide/workdir)
[INFO] [stderr]    Compiling tempfile v3.14.0
[INFO] [stderr]    Compiling terminal_size v0.4.1
[INFO] [stderr]    Compiling clap v4.5.22
[INFO] [stderr]    Compiling regex v1.11.1
[INFO] [stderr]    Compiling snapbox v0.6.20
[INFO] [stderr]    Compiling toml_datetime v0.6.8
[INFO] [stderr]    Compiling serde_spanned v0.6.8
[INFO] [stderr]    Compiling serde_norway v0.9.41
[INFO] [stderr]    Compiling humantime-serde v1.1.1
[INFO] [stderr]    Compiling ciborium v0.2.2
[INFO] [stderr]    Compiling nu-ansi-term v0.50.1
[INFO] [stderr]    Compiling toml_edit v0.22.22
[INFO] [stderr] rustc-LLVM ERROR: IO failure on output stream: No space left on device
[INFO] [stdout] error: failed to write /tmp/rustcnpEW4D/lib.rmeta: No space left on device (os error 28)
[INFO] [stdout] 
[INFO] [stdout] 
[INFO] [stderr] error: could not compile `ciborium` (lib) due to 1 previous error
[INFO] [stderr] warning: build failed, waiting for other jobs to finish...
[INFO] [stderr] error: could not compile `snapbox` (lib)
[INFO] [stderr] 
[INFO] [stderr] Caused by:
[INFO] [stderr]   No space left on device (os error 28)
[INFO] [stderr] 
[INFO] [stderr] Caused by:
[INFO] [stderr]   failed to parse process output: `/opt/rustwide/rustup-home/toolchains/beta-2024-12-08-x86_64-unknown-linux-gnu/bin/rustc --crate-name snapbox --edition=2021 /opt/rustwide/cargo-home/registry/src/index.crates.io-6f17d22bba15001f/snapbox-0.6.20/src/lib.rs --error-format=json --json=diagnostic-rendered-ansi,artifacts,future-incompat --crate-type lib --emit=dep-info,metadata,link -C embed-bitcode=no -C debuginfo=2 --warn=rust_2018_idioms '--warn=clippy::zero_sized_map_values' '--warn=clippy::wildcard_imports' '--warn=clippy::verbose_file_reads' --warn=unused_qualifications --warn=unused_macro_rules --warn=unused_lifetimes --warn=unsafe_op_in_unsafe_fn --warn=unreachable_pub '--warn=clippy::uninlined_format_args' '--warn=clippy::trait_duplication_in_bounds' '--warn=clippy::todo' '--warn=clippy::string_to_string' '--warn=clippy::string_lit_as_bytes' '--warn=clippy::string_add_assign' '--warn=clippy::string_add' '--warn=clippy::str_to_string' '--warn=clippy::semicolon_if_nothing_returned' '--warn=clippy::self_named_module_files' '--warn=clippy::same_functions_in_if_condition' '--warn=clippy::rest_pat_in_fully_bound_structs' '--warn=clippy::ref_option_ref' '--warn=clippy::redundant_feature_names' '--warn=clippy::rc_mutex' '--warn=clippy::ptr_as_ptr' '--warn=clippy::path_buf_push_overwrite' '--warn=clippy::negative_feature_names' '--warn=clippy::needless_for_each' '--warn=clippy::needless_continue' '--warn=clippy::mutex_integer' '--warn=clippy::mem_forget' '--warn=clippy::macro_use_imports' '--warn=clippy::lossy_float_literal' '--warn=clippy::linkedlist' '--allow=clippy::let_and_return' '--warn=clippy::large_types_passed_by_value' '--warn=clippy::large_stack_arrays' '--warn=clippy::large_digit_groups' '--warn=clippy::invalid_upcast_comparisons' '--warn=clippy::infinite_loop' '--warn=clippy::inefficient_to_string' '--warn=clippy::inconsistent_struct_constructor' '--warn=clippy::imprecise_flops' '--warn=clippy::implicit_clone' '--allow=clippy::if_same_then_else' '--warn=clippy::from_iter_instead_of_collect' '--warn=clippy::fn_params_excessive_bools' '--warn=clippy::float_cmp_const' '--warn=clippy::flat_map_option' '--warn=clippy::filter_map_next' '--warn=clippy::fallible_impl_from' '--warn=clippy::explicit_into_iter_loop' '--warn=clippy::explicit_deref_methods' '--warn=clippy::expl_impl_clone_on_copy' '--warn=clippy::enum_glob_use' '--warn=clippy::empty_enum' '--warn=clippy::doc_markdown' '--warn=clippy::debug_assert_with_mut_call' '--warn=clippy::dbg_macro' '--warn=clippy::create_dir' '--allow=clippy::collapsible_else_if' '--warn=clippy::checked_conversions' '--allow=clippy::branches_sharing_code' '--allow=clippy::bool_assert_comparison' --cfg 'feature="cmd"' --cfg 'feature="color"' --cfg 'feature="color-auto"' --cfg 'feature="detect-encoding"' --cfg 'feature="diff"' --cfg 'feature="dir"' --check-cfg 'cfg(docsrs)' --check-cfg 'cfg(feature, values("cmd", "color", "color-auto", "debug", "default", "detect-encoding", "diff", "dir", "document-features", "examples", "json", "path", "regex", "structured-data", "term-svg"))' -C metadata=cefe8a8613c7cc7f -C extra-filename=-cefe8a8613c7cc7f --out-dir /opt/rustwide/target/debug/deps -L dependency=/opt/rustwide/target/debug/deps --extern anstream=/opt/rustwide/target/debug/deps/libanstream-97736171f3dff28c.rmeta --extern anstyle=/opt/rustwide/target/debug/deps/libanstyle-24a79ac05bf1db67.rmeta --extern content_inspector=/opt/rustwide/target/debug/deps/libcontent_inspector-71ee973294bd8813.rmeta --extern dunce=/opt/rustwide/target/debug/deps/libdunce-08e499c227d08cb5.rmeta --extern filetime=/opt/rustwide/target/debug/deps/libfiletime-236e7ea951bd8999.rmeta --extern libc=/opt/rustwide/target/debug/deps/liblibc-d9f21d9d66b0b081.rmeta --extern normalize_line_endings=/opt/rustwide/target/debug/deps/libnormalize_line_endings-c2d590e6d31d7c8c.rmeta --extern os_pipe=/opt/rustwide/target/debug/deps/libos_pipe-1b73ba2afb62e718.rmeta --extern similar=/opt/rustwide/target/debug/deps/libsimilar-d01b1309d818c4a7.rmeta --extern snapbox_macros=/opt/rustwide/target/debug/deps/libsnapbox_macros-13a7af699cc4e997.rmeta --extern tempfile=/opt/rustwide/target/debug/deps/libtempfile-84dc372d3d7cfe12.rmeta --extern wait_timeout=/opt/rustwide/target/debug/deps/libwait_timeout-709e0ba52ab49042.rmeta --extern walkdir=/opt/rustwide/target/debug/deps/libwalkdir-16a83d3e0202b63d.rmeta --cap-lints allow --cap-lints=warn` (exit status: 101)
[INFO] [stdout] error: failed to write to `/opt/rustwide/target/debug/deps/rmetaNqvEcN/lib.rmeta`: No space left on device (os error 28)
[INFO] [stdout] 
[INFO] [stdout] 
[INFO] [stderr] error: could not compile `nu-ansi-term` (lib) due to 1 previous error
[INFO] [stdout] error: couldn't create a temp dir: No space left on device (os error 28) at path "/opt/rustwide/target/debug/deps/rmetasowVAy"
[INFO] [stdout] 
[INFO] [stdout] 
[INFO] [stderr] error: could not compile `serde_json` (lib) due to 1 previous error
[INFO] [stdout] error: failed to write to `/opt/rustwide/target/debug/deps/rmetaiU6MCs/lib.rmeta`: No space left on device (os error 28)
[INFO] [stdout] 
[INFO] [stdout] 
[INFO] [stderr] error: could not compile `serde_norway` (lib) due to 1 previous error
[INFO] [stderr] warning: libgit2-sys@0.17.0+1.8.1: failed to probe system libgit2: 
[INFO] [stderr] warning: libgit2-sys@0.17.0+1.8.1: /tmp/ccCCCQqW.s: Assembler messages:
[INFO] [stderr] warning: libgit2-sys@0.17.0+1.8.1: /tmp/ccCCCQqW.s: Fatal error: can't write 30 bytes to section .text.git_str_oom of /opt/rustwide/target/debug/build/libgit2-sys-788bef0fae3f3c99/out/build/43a19b30e9e69d8f-iterator.o: 'No space left on device'
[INFO] [stderr] warning: libgit2-sys@0.17.0+1.8.1: /tmp/ccCCCQqW.s: Fatal error: /opt/rustwide/target/debug/build/libgit2-sys-788bef0fae3f3c99/out/build/43a19b30e9e69d8f-iterator.o: No space left on device
[INFO] [stderr] warning: libgit2-sys@0.17.0+1.8.1: ToolExecError: Command LC_ALL="C" "cc" "-O0" "-ffunction-sections" "-fdata-sections" "-fPIC" "-gdwarf-4" "-fno-omit-frame-pointer" "-m64" "-I" "/opt/rustwide/target/debug/build/libgit2-sys-788bef0fae3f3c99/out/include" "-I" "libgit2/src/libgit2" "-I" "libgit2/src/util" "-I" "libgit2/deps/llhttp" "-I" "libgit2/deps/xdiff" "-I" "libgit2/deps/pcre" "-I" "/usr/include" "-fvisibility=hidden" "-DGIT_REGEX_BUILTIN=1" "-DHAVE_STDINT_H=1" "-DHAVE_MEMMOVE=1" "-DNO_RECURSE=1" "-DNEWLINE=10" "-DPOSIX_MALLOC_THRESHOLD=10" "-DLINK_SIZE=2" "-DPARENS_NEST_LIMIT=250" "-DMATCH_LIMIT=10000000" "-DMATCH_LIMIT_RECURSION=MATCH_LIMIT" "-DMAX_NAME_SIZE=32" "-DMAX_NAME_COUNT=10000" "-DSHA1DC_NO_STANDARD_INCLUDES=1" "-DSHA1DC_CUSTOM_INCLUDE_SHA1_C=\"common.h\"" "-DSHA1DC_CUSTOM_INCLUDE_UBC_CHECK_C=\"common.h\"" "-o" "/opt/rustwide/target/debug/build/libgit2-sys-788bef0fae3f3c99/out/build/43a19b30e9e69d8f-iterator.o" "-c" "libgit2/src/libgit2/iterator.c" with args cc did not execute successfully (status code exit status: 1).cargo:warning=libgit2/src/libgit2/parse.c:138:1: fatal error: error writing to /tmp/ccMSNlvM.s: No space left on device
[INFO] [stderr] warning: libgit2-sys@0.17.0+1.8.1:   138 | }
[INFO] [stderr] warning: libgit2-sys@0.17.0+1.8.1:       | ^
[INFO] [stderr] warning: libgit2-sys@0.17.0+1.8.1: compilation terminated.
[INFO] [stderr] warning: libgit2-sys@0.17.0+1.8.1: ToolExecError: Command LC_ALL="C" "cc" "-O0" "-ffunction-sections" "-fdata-sections" "-fPIC" "-gdwarf-4" "-fno-omit-frame-pointer" "-m64" "-I" "/opt/rustwide/target/debug/build/libgit2-sys-788bef0fae3f3c99/out/include" "-I" "libgit2/src/libgit2" "-I" "libgit2/src/util" "-I" "libgit2/deps/llhttp" "-I" "libgit2/deps/xdiff" "-I" "libgit2/deps/pcre" "-I" "/usr/include" "-fvisibility=hidden" "-DGIT_REGEX_BUILTIN=1" "-DHAVE_STDINT_H=1" "-DHAVE_MEMMOVE=1" "-DNO_RECURSE=1" "-DNEWLINE=10" "-DPOSIX_MALLOC_THRESHOLD=10" "-DLINK_SIZE=2" "-DPARENS_NEST_LIMIT=250" "-DMATCH_LIMIT=10000000" "-DMATCH_LIMIT_RECURSION=MATCH_LIMIT" "-DMAX_NAME_SIZE=32" "-DMAX_NAME_COUNT=10000" "-DSHA1DC_NO_STANDARD_INCLUDES=1" "-DSHA1DC_CUSTOM_INCLUDE_SHA1_C=\"common.h\"" "-DSHA1DC_CUSTOM_INCLUDE_UBC_CHECK_C=\"common.h\"" "-o" "/opt/rustwide/target/debug/build/libgit2-sys-788bef0fae3f3c99/out/build/43a19b30e9e69d8f-parse.o" "-c" "libgit2/src/libgit2/parse.c" with args cc did not execute successfully (status code exit status: 1).cargo:warning=libgit2/src/libgit2/index.c:3977:1: fatal error: error writing to /tmp/ccTJP9Qk.s: No space left on device
[INFO] [stderr] warning: libgit2-sys@0.17.0+1.8.1:  3977 | }
[INFO] [stderr] warning: libgit2-sys@0.17.0+1.8.1:       | ^
[INFO] [stderr] warning: libgit2-sys@0.17.0+1.8.1: compilation terminated.
[INFO] [stderr] warning: libgit2-sys@0.17.0+1.8.1: ToolExecError: Command LC_ALL="C" "cc" "-O0" "-ffunction-sections" "-fdata-sections" "-fPIC" "-gdwarf-4" "-fno-omit-frame-pointer" "-m64" "-I" "/opt/rustwide/target/debug/build/libgit2-sys-788bef0fae3f3c99/out/include" "-I" "libgit2/src/libgit2" "-I" "libgit2/src/util" "-I" "libgit2/deps/llhttp" "-I" "libgit2/deps/xdiff" "-I" "libgit2/deps/pcre" "-I" "/usr/include" "-fvisibility=hidden" "-DGIT_REGEX_BUILTIN=1" "-DHAVE_STDINT_H=1" "-DHAVE_MEMMOVE=1" "-DNO_RECURSE=1" "-DNEWLINE=10" "-DPOSIX_MALLOC_THRESHOLD=10" "-DLINK_SIZE=2" "-DPARENS_NEST_LIMIT=250" "-DMATCH_LIMIT=10000000" "-DMATCH_LIMIT_RECURSION=MATCH_LIMIT" "-DMAX_NAME_SIZE=32" "-DMAX_NAME_COUNT=10000" "-DSHA1DC_NO_STANDARD_INCLUDES=1" "-DSHA1DC_CUSTOM_INCLUDE_SHA1_C=\"common.h\"" "-DSHA1DC_CUSTOM_INCLUDE_UBC_CHECK_C=\"common.h\"" "-o" "/opt/rustwide/target/debug/build/libgit2-sys-788bef0fae3f3c99/out/build/43a19b30e9e69d8f-index.o" "-c" "libgit2/src/libgit2/index.c" with args cc did not execute successfully (status code exit status: 1).cargo:warning=libgit2/src/libgit2/pack.c:1665:1: fatal error: error writing to /tmp/cc1HENjw.s: No space left on device
[INFO] [stderr] warning: libgit2-sys@0.17.0+1.8.1:  1665 | }
[INFO] [stderr] warning: libgit2-sys@0.17.0+1.8.1:       | ^
[INFO] [stderr] warning: libgit2-sys@0.17.0+1.8.1: compilation terminated.
[INFO] [stderr] warning: libgit2-sys@0.17.0+1.8.1: ToolExecError: Command LC_ALL="C" "cc" "-O0" "-ffunction-sections" "-fdata-sections" "-fPIC" "-gdwarf-4" "-fno-omit-frame-pointer" "-m64" "-I" "/opt/rustwide/target/debug/build/libgit2-sys-788bef0fae3f3c99/out/include" "-I" "libgit2/src/libgit2" "-I" "libgit2/src/util" "-I" "libgit2/deps/llhttp" "-I" "libgit2/deps/xdiff" "-I" "libgit2/deps/pcre" "-I" "/usr/include" "-fvisibility=hidden" "-DGIT_REGEX_BUILTIN=1" "-DHAVE_STDINT_H=1" "-DHAVE_MEMMOVE=1" "-DNO_RECURSE=1" "-DNEWLINE=10" "-DPOSIX_MALLOC_THRESHOLD=10" "-DLINK_SIZE=2" "-DPARENS_NEST_LIMIT=250" "-DMATCH_LIMIT=10000000" "-DMATCH_LIMIT_RECURSION=MATCH_LIMIT" "-DMAX_NAME_SIZE=32" "-DMAX_NAME_COUNT=10000" "-DSHA1DC_NO_STANDARD_INCLUDES=1" "-DSHA1DC_CUSTOM_INCLUDE_SHA1_C=\"common.h\"" "-DSHA1DC_CUSTOM_INCLUDE_UBC_CHECK_C=\"common.h\"" "-o" "/opt/rustwide/target/debug/build/libgit2-sys-788bef0fae3f3c99/out/build/43a19b30e9e69d8f-pack.o" "-c" "libgit2/src/libgit2/pack.c" with args cc did not execute successfully (status code exit status: 1).
[INFO] [stderr] warning: libgit2-sys@0.17.0+1.8.1: libgit2/src/libgit2/remote.c:3119:1: fatal error: error writing to /tmp/ccKyfXYc.s: No space left on device
[INFO] [stderr] warning: libgit2-sys@0.17.0+1.8.1:  3119 | }
[INFO] [stderr] warning: libgit2-sys@0.17.0+1.8.1:       | ^
[INFO] [stderr] warning: libgit2-sys@0.17.0+1.8.1: compilation terminated.
[INFO] [stderr] warning: libgit2-sys@0.17.0+1.8.1: libgit2/src/libgit2/reset.c:204:1: fatal error: error writing to /tmp/cc9N2TXN.s: No space left on device
[INFO] [stderr] warning: libgit2-sys@0.17.0+1.8.1:   204 | }
[INFO] [stderr] warning: libgit2-sys@0.17.0+1.8.1:       | ^
[INFO] [stderr] warning: libgit2-sys@0.17.0+1.8.1: compilation terminated.
[INFO] [stderr] warning: libgit2-sys@0.17.0+1.8.1: ToolExecError: Command LC_ALL="C" "cc" "-O0" "-ffunction-sections" "-fdata-sections" "-fPIC" "-gdwarf-4" "-fno-omit-frame-pointer" "-m64" "-I" "/opt/rustwide/target/debug/build/libgit2-sys-788bef0fae3f3c99/out/include" "-I" "libgit2/src/libgit2" "-I" "libgit2/src/util" "-I" "libgit2/deps/llhttp" "-I" "libgit2/deps/xdiff" "-I" "libgit2/deps/pcre" "-I" "/usr/include" "-fvisibility=hidden" "-DGIT_REGEX_BUILTIN=1" "-DHAVE_STDINT_H=1" "-DHAVE_MEMMOVE=1" "-DNO_RECURSE=1" "-DNEWLINE=10" "-DPOSIX_MALLOC_THRESHOLD=10" "-DLINK_SIZE=2" "-DPARENS_NEST_LIMIT=250" "-DMATCH_LIMIT=10000000" "-DMATCH_LIMIT_RECURSION=MATCH_LIMIT" "-DMAX_NAME_SIZE=32" "-DMAX_NAME_COUNT=10000" "-DSHA1DC_NO_STANDARD_INCLUDES=1" "-DSHA1DC_CUSTOM_INCLUDE_SHA1_C=\"common.h\"" "-DSHA1DC_CUSTOM_INCLUDE_UBC_CHECK_C=\"common.h\"" "-o" "/opt/rustwide/target/debug/build/libgit2-sys-788bef0fae3f3c99/out/build/43a19b30e9e69d8f-reset.o" "-c" "libgit2/src/libgit2/reset.c" with args cc did not execute successfully (status code exit status: 1).cargo:warning=libgit2/src/libgit2/revparse.c:968:1: fatal error: error writing to /tmp/ccLcU5d0.s: No space left on device
[INFO] [stderr] warning: libgit2-sys@0.17.0+1.8.1:   968 | }
[INFO] [stderr] warning: libgit2-sys@0.17.0+1.8.1:       | ^
[INFO] [stderr] warning: libgit2-sys@0.17.0+1.8.1: compilation terminated.
[INFO] [stderr] warning: libgit2-sys@0.17.0+1.8.1: ToolExecError: Command LC_ALL="C" "cc" "-O0" "-ffunction-sections" "-fdata-sections" "-fPIC" "-gdwarf-4" "-fno-omit-frame-pointer" "-m64" "-I" "/opt/rustwide/target/debug/build/libgit2-sys-788bef0fae3f3c99/out/include" "-I" "libgit2/src/libgit2" "-I" "libgit2/src/util" "-I" "libgit2/deps/llhttp" "-I" "libgit2/deps/xdiff" "-I" "libgit2/deps/pcre" "-I" "/usr/include" "-fvisibility=hidden" "-DGIT_REGEX_BUILTIN=1" "-DHAVE_STDINT_H=1" "-DHAVE_MEMMOVE=1" "-DNO_RECURSE=1" "-DNEWLINE=10" "-DPOSIX_MALLOC_THRESHOLD=10" "-DLINK_SIZE=2" "-DPARENS_NEST_LIMIT=250" "-DMATCH_LIMIT=10000000" "-DMATCH_LIMIT_RECURSION=MATCH_LIMIT" "-DMAX_NAME_SIZE=32" "-DMAX_NAME_COUNT=10000" "-DSHA1DC_NO_STANDARD_INCLUDES=1" "-DSHA1DC_CUSTOM_INCLUDE_SHA1_C=\"common.h\"" "-DSHA1DC_CUSTOM_INCLUDE_UBC_CHECK_C=\"common.h\"" "-o" "/opt/rustwide/target/debug/build/libgit2-sys-788bef0fae3f3c99/out/build/43a19b30e9e69d8f-revparse.o" "-c" "libgit2/src/libgit2/revparse.c" with args cc did not execute successfully (status code exit status: 1).cargo:warning=libgit2/src/libgit2/revwalk.c:845:1: fatal error: error writing to /tmp/ccVQZh2S.s: No space left on device
[INFO] [stderr] warning: libgit2-sys@0.17.0+1.8.1:   845 | }
[INFO] [stderr] warning: libgit2-sys@0.17.0+1.8.1:       | ^
[INFO] [stderr] warning: libgit2-sys@0.17.0+1.8.1: compilation terminated.
[INFO] [stderr] warning: libgit2-sys@0.17.0+1.8.1: ToolExecError: Command LC_ALL="C" "cc" "-O0" "-ffunction-sections" "-fdata-sections" "-fPIC" "-gdwarf-4" "-fno-omit-frame-pointer" "-m64" "-I" "/opt/rustwide/target/debug/build/libgit2-sys-788bef0fae3f3c99/out/include" "-I" "libgit2/src/libgit2" "-I" "libgit2/src/util" "-I" "libgit2/deps/llhttp" "-I" "libgit2/deps/xdiff" "-I" "libgit2/deps/pcre" "-I" "/usr/include" "-fvisibility=hidden" "-DGIT_REGEX_BUILTIN=1" "-DHAVE_STDINT_H=1" "-DHAVE_MEMMOVE=1" "-DNO_RECURSE=1" "-DNEWLINE=10" "-DPOSIX_MALLOC_THRESHOLD=10" "-DLINK_SIZE=2" "-DPARENS_NEST_LIMIT=250" "-DMATCH_LIMIT=10000000" "-DMATCH_LIMIT_RECURSION=MATCH_LIMIT" "-DMAX_NAME_SIZE=32" "-DMAX_NAME_COUNT=10000" "-DSHA1DC_NO_STANDARD_INCLUDES=1" "-DSHA1DC_CUSTOM_INCLUDE_SHA1_C=\"common.h\"" "-DSHA1DC_CUSTOM_INCLUDE_UBC_CHECK_C=\"common.h\"" "-o" "/opt/rustwide/target/debug/build/libgit2-sys-788bef0fae3f3c99/out/build/43a19b30e9e69d8f-revwalk.o" "-c" "libgit2/src/libgit2/revwalk.c" with args cc did not execute successfully (status code exit status: 1).
[INFO] [stderr] warning: libgit2-sys@0.17.0+1.8.1: ToolExecError: Command LC_ALL="C" "cc" "-O0" "-ffunction-sections" "-fdata-sections" "-fPIC" "-gdwarf-4" "-fno-omit-frame-pointer" "-m64" "-I" "/opt/rustwide/target/debug/build/libgit2-sys-788bef0fae3f3c99/out/include" "-I" "libgit2/src/libgit2" "-I" "libgit2/src/util" "-I" "libgit2/deps/llhttp" "-I" "libgit2/deps/xdiff" "-I" "libgit2/deps/pcre" "-I" "/usr/include" "-fvisibility=hidden" "-DGIT_REGEX_BUILTIN=1" "-DHAVE_STDINT_H=1" "-DHAVE_MEMMOVE=1" "-DNO_RECURSE=1" "-DNEWLINE=10" "-DPOSIX_MALLOC_THRESHOLD=10" "-DLINK_SIZE=2" "-DPARENS_NEST_LIMIT=250" "-DMATCH_LIMIT=10000000" "-DMATCH_LIMIT_RECURSION=MATCH_LIMIT" "-DMAX_NAME_SIZE=32" "-DMAX_NAME_COUNT=10000" "-DSHA1DC_NO_STANDARD_INCLUDES=1" "-DSHA1DC_CUSTOM_INCLUDE_SHA1_C=\"common.h\"" "-DSHA1DC_CUSTOM_INCLUDE_UBC_CHECK_C=\"common.h\"" "-o" "/opt/rustwide/target/debug/build/libgit2-sys-788bef0fae3f3c99/out/build/43a19b30e9e69d8f-remote.o" "-c" "libgit2/src/libgit2/remote.c" with args cc did not execute successfully (status code exit status: 1).cargo:warning=libgit2/src/libgit2/repository.c:4011:1: fatal error: error writing to /tmp/ccQcV3x0.s: No space left on device
[INFO] [stderr] warning: libgit2-sys@0.17.0+1.8.1:  4011 | }
[INFO] [stderr] warning: libgit2-sys@0.17.0+1.8.1:       | ^
[INFO] [stderr] warning: libgit2-sys@0.17.0+1.8.1: compilation terminated.
[INFO] [stderr] warning: libgit2-sys@0.17.0+1.8.1: ToolExecError: Command LC_ALL="C" "cc" "-O0" "-ffunction-sections" "-fdata-sections" "-fPIC" "-gdwarf-4" "-fno-omit-frame-pointer" "-m64" "-I" "/opt/rustwide/target/debug/build/libgit2-sys-788bef0fae3f3c99/out/include" "-I" "libgit2/src/libgit2" "-I" "libgit2/src/util" "-I" "libgit2/deps/llhttp" "-I" "libgit2/deps/xdiff" "-I" "libgit2/deps/pcre" "-I" "/usr/include" "-fvisibility=hidden" "-DGIT_REGEX_BUILTIN=1" "-DHAVE_STDINT_H=1" "-DHAVE_MEMMOVE=1" "-DNO_RECURSE=1" "-DNEWLINE=10" "-DPOSIX_MALLOC_THRESHOLD=10" "-DLINK_SIZE=2" "-DPARENS_NEST_LIMIT=250" "-DMATCH_LIMIT=10000000" "-DMATCH_LIMIT_RECURSION=MATCH_LIMIT" "-DMAX_NAME_SIZE=32" "-DMAX_NAME_COUNT=10000" "-DSHA1DC_NO_STANDARD_INCLUDES=1" "-DSHA1DC_CUSTOM_INCLUDE_SHA1_C=\"common.h\"" "-DSHA1DC_CUSTOM_INCLUDE_UBC_CHECK_C=\"common.h\"" "-o" "/opt/rustwide/target/debug/build/libgit2-sys-788bef0fae3f3c99/out/build/43a19b30e9e69d8f-repository.o" "-c" "libgit2/src/libgit2/repository.c" with args cc did not execute successfully (status code exit status: 1).cargo:warning=/tmp/ccelkZoH.s: Assembler messages:
[INFO] [stderr] warning: libgit2-sys@0.17.0+1.8.1: /tmp/ccelkZoH.s: Fatal error: can't write 256 bytes to section .data.from_hex of /opt/rustwide/target/debug/build/libgit2-sys-788bef0fae3f3c99/out/build/43a19b30e9e69d8f-settings.o: 'No space left on device'
[INFO] [stderr] warning: libgit2-sys@0.17.0+1.8.1: /tmp/ccelkZoH.s: Fatal error: /opt/rustwide/target/debug/build/libgit2-sys-788bef0fae3f3c99/out/build/43a19b30e9e69d8f-settings.o: No space left on device
[INFO] [stderr] warning: libgit2-sys@0.17.0+1.8.1: ToolExecError: Command LC_ALL="C" "cc" "-O0" "-ffunction-sections" "-fdata-sections" "-fPIC" "-gdwarf-4" "-fno-omit-frame-pointer" "-m64" "-I" "/opt/rustwide/target/debug/build/libgit2-sys-788bef0fae3f3c99/out/include" "-I" "libgit2/src/libgit2" "-I" "libgit2/src/util" "-I" "libgit2/deps/llhttp" "-I" "libgit2/deps/xdiff" "-I" "libgit2/deps/pcre" "-I" "/usr/include" "-fvisibility=hidden" "-DGIT_REGEX_BUILTIN=1" "-DHAVE_STDINT_H=1" "-DHAVE_MEMMOVE=1" "-DNO_RECURSE=1" "-DNEWLINE=10" "-DPOSIX_MALLOC_THRESHOLD=10" "-DLINK_SIZE=2" "-DPARENS_NEST_LIMIT=250" "-DMATCH_LIMIT=10000000" "-DMATCH_LIMIT_RECURSION=MATCH_LIMIT" "-DMAX_NAME_SIZE=32" "-DMAX_NAME_COUNT=10000" "-DSHA1DC_NO_STANDARD_INCLUDES=1" "-DSHA1DC_CUSTOM_INCLUDE_SHA1_C=\"common.h\"" "-DSHA1DC_CUSTOM_INCLUDE_UBC_CHECK_C=\"common.h\"" "-o" "/opt/rustwide/target/debug/build/libgit2-sys-788bef0fae3f3c99/out/build/43a19b30e9e69d8f-settings.o" "-c" "libgit2/src/libgit2/settings.c" with args cc did not execute successfully (status code exit status: 1).cargo:warning=/tmp/ccZcZg6f.s: Assembler messages:
[INFO] [stderr] warning: libgit2-sys@0.17.0+1.8.1: /tmp/ccZcZg6f.s: Fatal error: can't write 22 bytes to section .text.git__memrchr of /opt/rustwide/target/debug/build/libgit2-sys-788bef0fae3f3c99/out/build/43a19b30e9e69d8f-signature.o: 'No space left on device'
[INFO] [stderr] warning: libgit2-sys@0.17.0+1.8.1: /tmp/ccZcZg6f.s: Fatal error: /opt/rustwide/target/debug/build/libgit2-sys-788bef0fae3f3c99/out/build/43a19b30e9e69d8f-signature.o: No space left on device
[INFO] [stderr] warning: libgit2-sys@0.17.0+1.8.1: ToolExecError: Command LC_ALL="C" "cc" "-O0" "-ffunction-sections" "-fdata-sections" "-fPIC" "-gdwarf-4" "-fno-omit-frame-pointer" "-m64" "-I" "/opt/rustwide/target/debug/build/libgit2-sys-788bef0fae3f3c99/out/include" "-I" "libgit2/src/libgit2" "-I" "libgit2/src/util" "-I" "libgit2/deps/llhttp" "-I" "libgit2/deps/xdiff" "-I" "libgit2/deps/pcre" "-I" "/usr/include" "-fvisibility=hidden" "-DGIT_REGEX_BUILTIN=1" "-DHAVE_STDINT_H=1" "-DHAVE_MEMMOVE=1" "-DNO_RECURSE=1" "-DNEWLINE=10" "-DPOSIX_MALLOC_THRESHOLD=10" "-DLINK_SIZE=2" "-DPARENS_NEST_LIMIT=250" "-DMATCH_LIMIT=10000000" "-DMATCH_LIMIT_RECURSION=MATCH_LIMIT" "-DMAX_NAME_SIZE=32" "-DMAX_NAME_COUNT=10000" "-DSHA1DC_NO_STANDARD_INCLUDES=1" "-DSHA1DC_CUSTOM_INCLUDE_SHA1_C=\"common.h\"" "-DSHA1DC_CUSTOM_INCLUDE_UBC_CHECK_C=\"common.h\"" "-o" "/opt/rustwide/target/debug/build/libgit2-sys-788bef0fae3f3c99/out/build/43a19b30e9e69d8f-signature.o" "-c" "libgit2/src/libgit2/signature.c" with args cc did not execute successfully (status code exit status: 1).cargo:warning=libgit2/src/libgit2/stash.c:1286:1: fatal error: error writing to /tmp/ccJEIXBz.s: No space left on device
[INFO] [stderr] warning: libgit2-sys@0.17.0+1.8.1:  1286 | }
[INFO] [stderr] warning: libgit2-sys@0.17.0+1.8.1:       | ^
[INFO] [stderr] warning: libgit2-sys@0.17.0+1.8.1: compilation terminated.
[INFO] [stderr] warning: libgit2-sys@0.17.0+1.8.1: /tmp/ccnSD9Be.s: Assembler messages:
[INFO] [stderr] warning: libgit2-sys@0.17.0+1.8.1: /tmp/ccnSD9Be.s: Fatal error: can't write 30 bytes to section .text.git_str_oom of /opt/rustwide/target/debug/build/libgit2-sys-788bef0fae3f3c99/out/build/43a19b30e9e69d8f-sysdir.o: 'No space left on device'
[INFO] [stderr] warning: libgit2-sys@0.17.0+1.8.1: /tmp/ccnSD9Be.s: Fatal error: /opt/rustwide/target/debug/build/libgit2-sys-788bef0fae3f3c99/out/build/43a19b30e9e69d8f-sysdir.o: No space left on device
[INFO] [stderr] warning: libgit2-sys@0.17.0+1.8.1: ToolExecError: Command LC_ALL="C" "cc" "-O0" "-ffunction-sections" "-fdata-sections" "-fPIC" "-gdwarf-4" "-fno-omit-frame-pointer" "-m64" "-I" "/opt/rustwide/target/debug/build/libgit2-sys-788bef0fae3f3c99/out/include" "-I" "libgit2/src/libgit2" "-I" "libgit2/src/util" "-I" "libgit2/deps/llhttp" "-I" "libgit2/deps/xdiff" "-I" "libgit2/deps/pcre" "-I" "/usr/include" "-fvisibility=hidden" "-DGIT_REGEX_BUILTIN=1" "-DHAVE_STDINT_H=1" "-DHAVE_MEMMOVE=1" "-DNO_RECURSE=1" "-DNEWLINE=10" "-DPOSIX_MALLOC_THRESHOLD=10" "-DLINK_SIZE=2" "-DPARENS_NEST_LIMIT=250" "-DMATCH_LIMIT=10000000" "-DMATCH_LIMIT_RECURSION=MATCH_LIMIT" "-DMAX_NAME_SIZE=32" "-DMAX_NAME_COUNT=10000" "-DSHA1DC_NO_STANDARD_INCLUDES=1" "-DSHA1DC_CUSTOM_INCLUDE_SHA1_C=\"common.h\"" "-DSHA1DC_CUSTOM_INCLUDE_UBC_CHECK_C=\"common.h\"" "-o" "/opt/rustwide/target/debug/build/libgit2-sys-788bef0fae3f3c99/out/build/43a19b30e9e69d8f-sysdir.o" "-c" "libgit2/src/libgit2/sysdir.c" with args cc did not execute successfully (status code exit status: 1).cargo:warning=libgit2/src/libgit2/tag.c:598:1: fatal error: error writing to /tmp/ccCC11lS.s: No space left on device
[INFO] [stderr] warning: libgit2-sys@0.17.0+1.8.1:   598 | }
[INFO] [stderr] warning: libgit2-sys@0.17.0+1.8.1:       | ^
[INFO] [stderr] warning: libgit2-sys@0.17.0+1.8.1: compilation terminated.
[INFO] [stderr] warning: libgit2-sys@0.17.0+1.8.1: ToolExecError: Command LC_ALL="C" "cc" "-O0" "-ffunction-sections" "-fdata-sections" "-fPIC" "-gdwarf-4" "-fno-omit-frame-pointer" "-m64" "-I" "/opt/rustwide/target/debug/build/libgit2-sys-788bef0fae3f3c99/out/include" "-I" "libgit2/src/libgit2" "-I" "libgit2/src/util" "-I" "libgit2/deps/llhttp" "-I" "libgit2/deps/xdiff" "-I" "libgit2/deps/pcre" "-I" "/usr/include" "-fvisibility=hidden" "-DGIT_REGEX_BUILTIN=1" "-DHAVE_STDINT_H=1" "-DHAVE_MEMMOVE=1" "-DNO_RECURSE=1" "-DNEWLINE=10" "-DPOSIX_MALLOC_THRESHOLD=10" "-DLINK_SIZE=2" "-DPARENS_NEST_LIMIT=250" "-DMATCH_LIMIT=10000000" "-DMATCH_LIMIT_RECURSION=MATCH_LIMIT" "-DMAX_NAME_SIZE=32" "-DMAX_NAME_COUNT=10000" "-DSHA1DC_NO_STANDARD_INCLUDES=1" "-DSHA1DC_CUSTOM_INCLUDE_SHA1_C=\"common.h\"" "-DSHA1DC_CUSTOM_INCLUDE_UBC_CHECK_C=\"common.h\"" "-o" "/opt/rustwide/target/debug/build/libgit2-sys-788bef0fae3f3c99/out/build/43a19b30e9e69d8f-tag.o" "-c" "libgit2/src/libgit2/tag.c" with args cc did not execute successfully (status code exit status: 1).cargo:warning=libgit2/src/libgit2/trace.c:25:1: fatal error: error writing to /tmp/ccEpGNIr.s: No space left on device
[INFO] [stderr] warning: libgit2-sys@0.17.0+1.8.1:    25 | }
[INFO] [stderr] warning: libgit2-sys@0.17.0+1.8.1:       | ^
[INFO] [stderr] warning: libgit2-sys@0.17.0+1.8.1: compilation terminated.
[INFO] [stderr] warning: libgit2-sys@0.17.0+1.8.1: ToolExecError: Command LC_ALL="C" "cc" "-O0" "-ffunction-sections" "-fdata-sections" "-fPIC" "-gdwarf-4" "-fno-omit-frame-pointer" "-m64" "-I" "/opt/rustwide/target/debug/build/libgit2-sys-788bef0fae3f3c99/out/include" "-I" "libgit2/src/libgit2" "-I" "libgit2/src/util" "-I" "libgit2/deps/llhttp" "-I" "libgit2/deps/xdiff" "-I" "libgit2/deps/pcre" "-I" "/usr/include" "-fvisibility=hidden" "-DGIT_REGEX_BUILTIN=1" "-DHAVE_STDINT_H=1" "-DHAVE_MEMMOVE=1" "-DNO_RECURSE=1" "-DNEWLINE=10" "-DPOSIX_MALLOC_THRESHOLD=10" "-DLINK_SIZE=2" "-DPARENS_NEST_LIMIT=250" "-DMATCH_LIMIT=10000000" "-DMATCH_LIMIT_RECURSION=MATCH_LIMIT" "-DMAX_NAME_SIZE=32" "-DMAX_NAME_COUNT=10000" "-DSHA1DC_NO_STANDARD_INCLUDES=1" "-DSHA1DC_CUSTOM_INCLUDE_SHA1_C=\"common.h\"" "-DSHA1DC_CUSTOM_INCLUDE_UBC_CHECK_C=\"common.h\"" "-o" "/opt/rustwide/target/debug/build/libgit2-sys-788bef0fae3f3c99/out/build/43a19b30e9e69d8f-trace.o" "-c" "libgit2/src/libgit2/trace.c" with args cc did not execute successfully (status code exit status: 1).cargo:warning=libgit2/src/libgit2/trailer.c:430:1: fatal error: error writing to /tmp/ccEpRLZg.s: No space left on device
[INFO] [stderr] warning: libgit2-sys@0.17.0+1.8.1:   430 | }
[INFO] [stderr] warning: libgit2-sys@0.17.0+1.8.1:       | ^
[INFO] [stderr] warning: libgit2-sys@0.17.0+1.8.1: compilation terminated.
[INFO] [stderr] warning: libgit2-sys@0.17.0+1.8.1: ToolExecError: Command LC_ALL="C" "cc" "-O0" "-ffunction-sections" "-fdata-sections" "-fPIC" "-gdwarf-4" "-fno-omit-frame-pointer" "-m64" "-I" "/opt/rustwide/target/debug/build/libgit2-sys-788bef0fae3f3c99/out/include" "-I" "libgit2/src/libgit2" "-I" "libgit2/src/util" "-I" "libgit2/deps/llhttp" "-I" "libgit2/deps/xdiff" "-I" "libgit2/deps/pcre" "-I" "/usr/include" "-fvisibility=hidden" "-DGIT_REGEX_BUILTIN=1" "-DHAVE_STDINT_H=1" "-DHAVE_MEMMOVE=1" "-DNO_RECURSE=1" "-DNEWLINE=10" "-DPOSIX_MALLOC_THRESHOLD=10" "-DLINK_SIZE=2" "-DPARENS_NEST_LIMIT=250" "-DMATCH_LIMIT=10000000" "-DMATCH_LIMIT_RECURSION=MATCH_LIMIT" "-DMAX_NAME_SIZE=32" "-DMAX_NAME_COUNT=10000" "-DSHA1DC_NO_STANDARD_INCLUDES=1" "-DSHA1DC_CUSTOM_INCLUDE_SHA1_C=\"common.h\"" "-DSHA1DC_CUSTOM_INCLUDE_UBC_CHECK_C=\"common.h\"" "-o" "/opt/rustwide/target/debug/build/libgit2-sys-788bef0fae3f3c99/out/build/43a19b30e9e69d8f-trailer.o" "-c" "libgit2/src/libgit2/trailer.c" with args cc did not execute successfully (status code exit status: 1).
[INFO] [stderr] warning: libgit2-sys@0.17.0+1.8.1: ToolExecError: Command LC_ALL="C" "cc" "-O0" "-ffunction-sections" "-fdata-sections" "-fPIC" "-gdwarf-4" "-fno-omit-frame-pointer" "-m64" "-I" "/opt/rustwide/target/debug/build/libgit2-sys-788bef0fae3f3c99/out/include" "-I" "libgit2/src/libgit2" "-I" "libgit2/src/util" "-I" "libgit2/deps/llhttp" "-I" "libgit2/deps/xdiff" "-I" "libgit2/deps/pcre" "-I" "/usr/include" "-fvisibility=hidden" "-DGIT_REGEX_BUILTIN=1" "-DHAVE_STDINT_H=1" "-DHAVE_MEMMOVE=1" "-DNO_RECURSE=1" "-DNEWLINE=10" "-DPOSIX_MALLOC_THRESHOLD=10" "-DLINK_SIZE=2" "-DPARENS_NEST_LIMIT=250" "-DMATCH_LIMIT=10000000" "-DMATCH_LIMIT_RECURSION=MATCH_LIMIT" "-DMAX_NAME_SIZE=32" "-DMAX_NAME_COUNT=10000" "-DSHA1DC_NO_STANDARD_INCLUDES=1" "-DSHA1DC_CUSTOM_INCLUDE_SHA1_C=\"common.h\"" "-DSHA1DC_CUSTOM_INCLUDE_UBC_CHECK_C=\"common.h\"" "-o" "/opt/rustwide/target/debug/build/libgit2-sys-788bef0fae3f3c99/out/build/43a19b30e9e69d8f-stash.o" "-c" "libgit2/src/libgit2/stash.c" with args cc did not execute successfully (status code exit status: 1).cargo:warning=libgit2/src/libgit2/transaction.c:400:1: fatal error: error writing to /tmp/ccD9BB9S.s: No space left on device
[INFO] [stderr] warning: libgit2-sys@0.17.0+1.8.1:   400 | }
[INFO] [stderr] warning: libgit2-sys@0.17.0+1.8.1:       | ^
[INFO] [stderr] warning: libgit2-sys@0.17.0+1.8.1: compilation terminated.
[INFO] [stderr] warning: libgit2-sys@0.17.0+1.8.1: libgit2/src/libgit2/submodule.c:2384:1: fatal error: error writing to /tmp/ccLSoxep.s: No space left on device
[INFO] [stderr] warning: libgit2-sys@0.17.0+1.8.1:  2384 | }
[INFO] [stderr] warning: libgit2-sys@0.17.0+1.8.1:       | ^
[INFO] [stderr] warning: libgit2-sys@0.17.0+1.8.1: compilation terminated.
[INFO] [stderr] warning: libgit2-sys@0.17.0+1.8.1: ToolExecError: Command LC_ALL="C" "cc" "-O0" "-ffunction-sections" "-fdata-sections" "-fPIC" "-gdwarf-4" "-fno-omit-frame-pointer" "-m64" "-I" "/opt/rustwide/target/debug/build/libgit2-sys-788bef0fae3f3c99/out/include" "-I" "libgit2/src/libgit2" "-I" "libgit2/src/util" "-I" "libgit2/deps/llhttp" "-I" "libgit2/deps/xdiff" "-I" "libgit2/deps/pcre" "-I" "/usr/include" "-fvisibility=hidden" "-DGIT_REGEX_BUILTIN=1" "-DHAVE_STDINT_H=1" "-DHAVE_MEMMOVE=1" "-DNO_RECURSE=1" "-DNEWLINE=10" "-DPOSIX_MALLOC_THRESHOLD=10" "-DLINK_SIZE=2" "-DPARENS_NEST_LIMIT=250" "-DMATCH_LIMIT=10000000" "-DMATCH_LIMIT_RECURSION=MATCH_LIMIT" "-DMAX_NAME_SIZE=32" "-DMAX_NAME_COUNT=10000" "-DSHA1DC_NO_STANDARD_INCLUDES=1" "-DSHA1DC_CUSTOM_INCLUDE_SHA1_C=\"common.h\"" "-DSHA1DC_CUSTOM_INCLUDE_UBC_CHECK_C=\"common.h\"" "-o" "/opt/rustwide/target/debug/build/libgit2-sys-788bef0fae3f3c99/out/build/43a19b30e9e69d8f-submodule.o" "-c" "libgit2/src/libgit2/submodule.c" with args cc did not execute successfully (status code exit status: 1).
[INFO] [stderr] warning: libgit2-sys@0.17.0+1.8.1: ToolExecError: Command LC_ALL="C" "cc" "-O0" "-ffunction-sections" "-fdata-sections" "-fPIC" "-gdwarf-4" "-fno-omit-frame-pointer" "-m64" "-I" "/opt/rustwide/target/debug/build/libgit2-sys-788bef0fae3f3c99/out/include" "-I" "libgit2/src/libgit2" "-I" "libgit2/src/util" "-I" "libgit2/deps/llhttp" "-I" "libgit2/deps/xdiff" "-I" "libgit2/deps/pcre" "-I" "/usr/include" "-fvisibility=hidden" "-DGIT_REGEX_BUILTIN=1" "-DHAVE_STDINT_H=1" "-DHAVE_MEMMOVE=1" "-DNO_RECURSE=1" "-DNEWLINE=10" "-DPOSIX_MALLOC_THRESHOLD=10" "-DLINK_SIZE=2" "-DPARENS_NEST_LIMIT=250" "-DMATCH_LIMIT=10000000" "-DMATCH_LIMIT_RECURSION=MATCH_LIMIT" "-DMAX_NAME_SIZE=32" "-DMAX_NAME_COUNT=10000" "-DSHA1DC_NO_STANDARD_INCLUDES=1" "-DSHA1DC_CUSTOM_INCLUDE_SHA1_C=\"common.h\"" "-DSHA1DC_CUSTOM_INCLUDE_UBC_CHECK_C=\"common.h\"" "-o" "/opt/rustwide/target/debug/build/libgit2-sys-788bef0fae3f3c99/out/build/43a19b30e9e69d8f-transaction.o" "-c" "libgit2/src/libgit2/transaction.c" with args cc did not execute successfully (status code exit status: 1).cargo:warning=libgit2/src/libgit2/tree.c:1328:1: fatal error: error writing to /tmp/cc4KqbHQ.s: No space left on device
[INFO] [stderr] warning: libgit2-sys@0.17.0+1.8.1:  1328 | }
[INFO] [stderr] warning: libgit2-sys@0.17.0+1.8.1:       | ^
[INFO] [stderr] warning: libgit2-sys@0.17.0+1.8.1: compilation terminated.
[INFO] [stderr] warning: libgit2-sys@0.17.0+1.8.1: libgit2/src/util/date.c:898:1: fatal error: error writing to /tmp/ccxlIY8N.s: No space left on device
[INFO] [stderr] warning: libgit2-sys@0.17.0+1.8.1:   898 | }
[INFO] [stderr] warning: libgit2-sys@0.17.0+1.8.1:       | ^
[INFO] [stderr] warning: libgit2-sys@0.17.0+1.8.1: compilation terminated.
[INFO] [stderr] warning: libgit2-sys@0.17.0+1.8.1: ToolExecError: Command LC_ALL="C" "cc" "-O0" "-ffunction-sections" "-fdata-sections" "-fPIC" "-gdwarf-4" "-fno-omit-frame-pointer" "-m64" "-I" "/opt/rustwide/target/debug/build/libgit2-sys-788bef0fae3f3c99/out/include" "-I" "libgit2/src/libgit2" "-I" "libgit2/src/util" "-I" "libgit2/deps/llhttp" "-I" "libgit2/deps/xdiff" "-I" "libgit2/deps/pcre" "-I" "/usr/include" "-fvisibility=hidden" "-DGIT_REGEX_BUILTIN=1" "-DHAVE_STDINT_H=1" "-DHAVE_MEMMOVE=1" "-DNO_RECURSE=1" "-DNEWLINE=10" "-DPOSIX_MALLOC_THRESHOLD=10" "-DLINK_SIZE=2" "-DPARENS_NEST_LIMIT=250" "-DMATCH_LIMIT=10000000" "-DMATCH_LIMIT_RECURSION=MATCH_LIMIT" "-DMAX_NAME_SIZE=32" "-DMAX_NAME_COUNT=10000" "-DSHA1DC_NO_STANDARD_INCLUDES=1" "-DSHA1DC_CUSTOM_INCLUDE_SHA1_C=\"common.h\"" "-DSHA1DC_CUSTOM_INCLUDE_UBC_CHECK_C=\"common.h\"" "-o" "/opt/rustwide/target/debug/build/libgit2-sys-788bef0fae3f3c99/out/build/f6e81ea219c0b9f3-date.o" "-c" "libgit2/src/util/date.c" with args cc did not execute successfully (status code exit status: 1).cargo:warning=libgit2/src/util/filebuf.c:600:1: fatal error: error writing to /tmp/cctIoc5y.s: No space left on device
[INFO] [stderr] warning: libgit2-sys@0.17.0+1.8.1:   600 | }
[INFO] [stderr] warning: libgit2-sys@0.17.0+1.8.1:       | ^
[INFO] [stderr] warning: libgit2-sys@0.17.0+1.8.1: compilation terminated.
[INFO] [stderr] warning: libgit2-sys@0.17.0+1.8.1: ToolExecError: Command LC_ALL="C" "cc" "-O0" "-ffunction-sections" "-fdata-sections" "-fPIC" "-gdwarf-4" "-fno-omit-frame-pointer" "-m64" "-I" "/opt/rustwide/target/debug/build/libgit2-sys-788bef0fae3f3c99/out/include" "-I" "libgit2/src/libgit2" "-I" "libgit2/src/util" "-I" "libgit2/deps/llhttp" "-I" "libgit2/deps/xdiff" "-I" "libgit2/deps/pcre" "-I" "/usr/include" "-fvisibility=hidden" "-DGIT_REGEX_BUILTIN=1" "-DHAVE_STDINT_H=1" "-DHAVE_MEMMOVE=1" "-DNO_RECURSE=1" "-DNEWLINE=10" "-DPOSIX_MALLOC_THRESHOLD=10" "-DLINK_SIZE=2" "-DPARENS_NEST_LIMIT=250" "-DMATCH_LIMIT=10000000" "-DMATCH_LIMIT_RECURSION=MATCH_LIMIT" "-DMAX_NAME_SIZE=32" "-DMAX_NAME_COUNT=10000" "-DSHA1DC_NO_STANDARD_INCLUDES=1" "-DSHA1DC_CUSTOM_INCLUDE_SHA1_C=\"common.h\"" "-DSHA1DC_CUSTOM_INCLUDE_UBC_CHECK_C=\"common.h\"" "-o" "/opt/rustwide/target/debug/build/libgit2-sys-788bef0fae3f3c99/out/build/f6e81ea219c0b9f3-filebuf.o" "-c" "libgit2/src/util/filebuf.c" with args cc did not execute successfully (status code exit status: 1).
[INFO] [stderr] warning: libgit2-sys@0.17.0+1.8.1: ToolExecError: Command LC_ALL="C" "cc" "-O0" "-ffunction-sections" "-fdata-sections" "-fPIC" "-gdwarf-4" "-fno-omit-frame-pointer" "-m64" "-I" "/opt/rustwide/target/debug/build/libgit2-sys-788bef0fae3f3c99/out/include" "-I" "libgit2/src/libgit2" "-I" "libgit2/src/util" "-I" "libgit2/deps/llhttp" "-I" "libgit2/deps/xdiff" "-I" "libgit2/deps/pcre" "-I" "/usr/include" "-fvisibility=hidden" "-DGIT_REGEX_BUILTIN=1" "-DHAVE_STDINT_H=1" "-DHAVE_MEMMOVE=1" "-DNO_RECURSE=1" "-DNEWLINE=10" "-DPOSIX_MALLOC_THRESHOLD=10" "-DLINK_SIZE=2" "-DPARENS_NEST_LIMIT=250" "-DMATCH_LIMIT=10000000" "-DMATCH_LIMIT_RECURSION=MATCH_LIMIT" "-DMAX_NAME_SIZE=32" "-DMAX_NAME_COUNT=10000" "-DSHA1DC_NO_STANDARD_INCLUDES=1" "-DSHA1DC_CUSTOM_INCLUDE_SHA1_C=\"common.h\"" "-DSHA1DC_CUSTOM_INCLUDE_UBC_CHECK_C=\"common.h\"" "-o" "/opt/rustwide/target/debug/build/libgit2-sys-788bef0fae3f3c99/out/build/43a19b30e9e69d8f-tree.o" "-c" "libgit2/src/libgit2/tree.c" with args cc did not execute successfully (status code exit status: 1).cargo:warning=/tmp/ccMqZfrE.s: Assembler messages:
[INFO] [stderr] warning: libgit2-sys@0.17.0+1.8.1: /tmp/ccMqZfrE.s: Fatal error: can't write 30 bytes to section .text.git_str_oom of /opt/rustwide/target/debug/build/libgit2-sys-788bef0fae3f3c99/out/build/f6e81ea219c0b9f3-fs_path.o: 'No space left on device'
[INFO] [stderr] warning: libgit2-sys@0.17.0+1.8.1: /tmp/ccMqZfrE.s: Fatal error: /opt/rustwide/target/debug/build/libgit2-sys-788bef0fae3f3c99/out/build/f6e81ea219c0b9f3-fs_path.o: No space left on device
[INFO] [stderr] warning: libgit2-sys@0.17.0+1.8.1: ToolExecError: Command LC_ALL="C" "cc" "-O0" "-ffunction-sections" "-fdata-sections" "-fPIC" "-gdwarf-4" "-fno-omit-frame-pointer" "-m64" "-I" "/opt/rustwide/target/debug/build/libgit2-sys-788bef0fae3f3c99/out/include" "-I" "libgit2/src/libgit2" "-I" "libgit2/src/util" "-I" "libgit2/deps/llhttp" "-I" "libgit2/deps/xdiff" "-I" "libgit2/deps/pcre" "-I" "/usr/include" "-fvisibility=hidden" "-DGIT_REGEX_BUILTIN=1" "-DHAVE_STDINT_H=1" "-DHAVE_MEMMOVE=1" "-DNO_RECURSE=1" "-DNEWLINE=10" "-DPOSIX_MALLOC_THRESHOLD=10" "-DLINK_SIZE=2" "-DPARENS_NEST_LIMIT=250" "-DMATCH_LIMIT=10000000" "-DMATCH_LIMIT_RECURSION=MATCH_LIMIT" "-DMAX_NAME_SIZE=32" "-DMAX_NAME_COUNT=10000" "-DSHA1DC_NO_STANDARD_INCLUDES=1" "-DSHA1DC_CUSTOM_INCLUDE_SHA1_C=\"common.h\"" "-DSHA1DC_CUSTOM_INCLUDE_UBC_CHECK_C=\"common.h\"" "-o" "/opt/rustwide/target/debug/build/libgit2-sys-788bef0fae3f3c99/out/build/f6e81ea219c0b9f3-fs_path.o" "-c" "libgit2/src/util/fs_path.c" with args cc did not execute successfully (status code exit status: 1).cargo:warning=/tmp/ccoaGgIN.s: Assembler messages:
[INFO] [stderr] warning: libgit2-sys@0.17.0+1.8.1: /tmp/ccoaGgIN.s: Fatal error: can't write 256 bytes to section .data.from_hex of /opt/rustwide/target/debug/build/libgit2-sys-788bef0fae3f3c99/out/build/f6e81ea219c0b9f3-hash.o: 'No space left on device'
[INFO] [stderr] warning: libgit2-sys@0.17.0+1.8.1: /tmp/ccoaGgIN.s: Fatal error: /opt/rustwide/target/debug/build/libgit2-sys-788bef0fae3f3c99/out/build/f6e81ea219c0b9f3-hash.o: No space left on device
[INFO] [stderr] warning: libgit2-sys@0.17.0+1.8.1: ToolExecError: Command LC_ALL="C" "cc" "-O0" "-ffunction-sections" "-fdata-sections" "-fPIC" "-gdwarf-4" "-fno-omit-frame-pointer" "-m64" "-I" "/opt/rustwide/target/debug/build/libgit2-sys-788bef0fae3f3c99/out/include" "-I" "libgit2/src/libgit2" "-I" "libgit2/src/util" "-I" "libgit2/deps/llhttp" "-I" "libgit2/deps/xdiff" "-I" "libgit2/deps/pcre" "-I" "/usr/include" "-fvisibility=hidden" "-DGIT_REGEX_BUILTIN=1" "-DHAVE_STDINT_H=1" "-DHAVE_MEMMOVE=1" "-DNO_RECURSE=1" "-DNEWLINE=10" "-DPOSIX_MALLOC_THRESHOLD=10" "-DLINK_SIZE=2" "-DPARENS_NEST_LIMIT=250" "-DMATCH_LIMIT=10000000" "-DMATCH_LIMIT_RECURSION=MATCH_LIMIT" "-DMAX_NAME_SIZE=32" "-DMAX_NAME_COUNT=10000" "-DSHA1DC_NO_STANDARD_INCLUDES=1" "-DSHA1DC_CUSTOM_INCLUDE_SHA1_C=\"common.h\"" "-DSHA1DC_CUSTOM_INCLUDE_UBC_CHECK_C=\"common.h\"" "-o" "/opt/rustwide/target/debug/build/libgit2-sys-788bef0fae3f3c99/out/build/f6e81ea219c0b9f3-hash.o" "-c" "libgit2/src/util/hash.c" with args cc did not execute successfully (status code exit status: 1).cargo:warning=/tmp/cc2sSSNC.s: Assembler messages:
[INFO] [stderr] warning: libgit2-sys@0.17.0+1.8.1: /tmp/cc2sSSNC.s: Fatal error: can't write 27 bytes to section .text.git_pool_global_init of /opt/rustwide/target/debug/build/libgit2-sys-788bef0fae3f3c99/out/build/f6e81ea219c0b9f3-pool.o: 'No space left on device'
[INFO] [stderr] warning: libgit2-sys@0.17.0+1.8.1: /tmp/cc2sSSNC.s: Fatal error: /opt/rustwide/target/debug/build/libgit2-sys-788bef0fae3f3c99/out/build/f6e81ea219c0b9f3-pool.o: No space left on device
[INFO] [stderr] warning: libgit2-sys@0.17.0+1.8.1: ToolExecError: Command LC_ALL="C" "cc" "-O0" "-ffunction-sections" "-fdata-sections" "-fPIC" "-gdwarf-4" "-fno-omit-frame-pointer" "-m64" "-I" "/opt/rustwide/target/debug/build/libgit2-sys-788bef0fae3f3c99/out/include" "-I" "libgit2/src/libgit2" "-I" "libgit2/src/util" "-I" "libgit2/deps/llhttp" "-I" "libgit2/deps/xdiff" "-I" "libgit2/deps/pcre" "-I" "/usr/include" "-fvisibility=hidden" "-DGIT_REGEX_BUILTIN=1" "-DHAVE_STDINT_H=1" "-DHAVE_MEMMOVE=1" "-DNO_RECURSE=1" "-DNEWLINE=10" "-DPOSIX_MALLOC_THRESHOLD=10" "-DLINK_SIZE=2" "-DPARENS_NEST_LIMIT=250" "-DMATCH_LIMIT=10000000" "-DMATCH_LIMIT_RECURSION=MATCH_LIMIT" "-DMAX_NAME_SIZE=32" "-DMAX_NAME_COUNT=10000" "-DSHA1DC_NO_STANDARD_INCLUDES=1" "-DSHA1DC_CUSTOM_INCLUDE_SHA1_C=\"common.h\"" "-DSHA1DC_CUSTOM_INCLUDE_UBC_CHECK_C=\"common.h\"" "-o" "/opt/rustwide/target/debug/build/libgit2-sys-788bef0fae3f3c99/out/build/f6e81ea219c0b9f3-pool.o" "-c" "libgit2/src/util/pool.c" with args cc did not execute successfully (status code exit status: 1).cargo:warning=/tmp/ccK2c92V.s: Assembler messages:
[INFO] [stderr] warning: libgit2-sys@0.17.0+1.8.1: /tmp/ccK2c92V.s: Fatal error: can't write 32 bytes to section .text.git__is_ssizet of /opt/rustwide/target/debug/build/libgit2-sys-788bef0fae3f3c99/out/build/f6e81ea219c0b9f3-posix.o: 'No space left on device'
[INFO] [stderr] warning: libgit2-sys@0.17.0+1.8.1: /tmp/ccK2c92V.s: Fatal error: /opt/rustwide/target/debug/build/libgit2-sys-788bef0fae3f3c99/out/build/f6e81ea219c0b9f3-posix.o: No space left on device
[INFO] [stderr] warning: libgit2-sys@0.17.0+1.8.1: ToolExecError: Command LC_ALL="C" "cc" "-O0" "-ffunction-sections" "-fdata-sections" "-fPIC" "-gdwarf-4" "-fno-omit-frame-pointer" "-m64" "-I" "/opt/rustwide/target/debug/build/libgit2-sys-788bef0fae3f3c99/out/include" "-I" "libgit2/src/libgit2" "-I" "libgit2/src/util" "-I" "libgit2/deps/llhttp" "-I" "libgit2/deps/xdiff" "-I" "libgit2/deps/pcre" "-I" "/usr/include" "-fvisibility=hidden" "-DGIT_REGEX_BUILTIN=1" "-DHAVE_STDINT_H=1" "-DHAVE_MEMMOVE=1" "-DNO_RECURSE=1" "-DNEWLINE=10" "-DPOSIX_MALLOC_THRESHOLD=10" "-DLINK_SIZE=2" "-DPARENS_NEST_LIMIT=250" "-DMATCH_LIMIT=10000000" "-DMATCH_LIMIT_RECURSION=MATCH_LIMIT" "-DMAX_NAME_SIZE=32" "-DMAX_NAME_COUNT=10000" "-DSHA1DC_NO_STANDARD_INCLUDES=1" "-DSHA1DC_CUSTOM_INCLUDE_SHA1_C=\"common.h\"" "-DSHA1DC_CUSTOM_INCLUDE_UBC_CHECK_C=\"common.h\"" "-o" "/opt/rustwide/target/debug/build/libgit2-sys-788bef0fae3f3c99/out/build/f6e81ea219c0b9f3-posix.o" "-c" "libgit2/src/util/posix.c" with args cc did not execute successfully (status code exit status: 1).cargo:warning=/tmp/ccMJ87B2.s: Assembler messages:
[INFO] [stderr] warning: libgit2-sys@0.17.0+1.8.1: /tmp/ccMJ87B2.s: Fatal error: can't write 256 bytes to section .data.from_hex of /opt/rustwide/target/debug/build/libgit2-sys-788bef0fae3f3c99/out/build/f6e81ea219c0b9f3-rand.o: 'No space left on device'
[INFO] [stderr] warning: libgit2-sys@0.17.0+1.8.1: /tmp/ccMJ87B2.s: Fatal error: /opt/rustwide/target/debug/build/libgit2-sys-788bef0fae3f3c99/out/build/f6e81ea219c0b9f3-rand.o: No space left on device
[INFO] [stderr] warning: libgit2-sys@0.17.0+1.8.1: ToolExecError: Command LC_ALL="C" "cc" "-O0" "-ffunction-sections" "-fdata-sections" "-fPIC" "-gdwarf-4" "-fno-omit-frame-pointer" "-m64" "-I" "/opt/rustwide/target/debug/build/libgit2-sys-788bef0fae3f3c99/out/include" "-I" "libgit2/src/libgit2" "-I" "libgit2/src/util" "-I" "libgit2/deps/llhttp" "-I" "libgit2/deps/xdiff" "-I" "libgit2/deps/pcre" "-I" "/usr/include" "-fvisibility=hidden" "-DGIT_REGEX_BUILTIN=1" "-DHAVE_STDINT_H=1" "-DHAVE_MEMMOVE=1" "-DNO_RECURSE=1" "-DNEWLINE=10" "-DPOSIX_MALLOC_THRESHOLD=10" "-DLINK_SIZE=2" "-DPARENS_NEST_LIMIT=250" "-DMATCH_LIMIT=10000000" "-DMATCH_LIMIT_RECURSION=MATCH_LIMIT" "-DMAX_NAME_SIZE=32" "-DMAX_NAME_COUNT=10000" "-DSHA1DC_NO_STANDARD_INCLUDES=1" "-DSHA1DC_CUSTOM_INCLUDE_SHA1_C=\"common.h\"" "-DSHA1DC_CUSTOM_INCLUDE_UBC_CHECK_C=\"common.h\"" "-o" "/opt/rustwide/target/debug/build/libgit2-sys-788bef0fae3f3c99/out/build/f6e81ea219c0b9f3-rand.o" "-c" "libgit2/src/util/rand.c" with args cc did not execute successfully (status code exit status: 1).cargo:warning=/tmp/ccfwPvf3.s: Assembler messages:
[INFO] [stderr] warning: libgit2-sys@0.17.0+1.8.1: /tmp/ccfwPvf3.s: Fatal error: can't write 256 bytes to section .data.from_hex of /opt/rustwide/target/debug/build/libgit2-sys-788bef0fae3f3c99/out/build/f6e81ea219c0b9f3-regexp.o: 'No space left on device'
[INFO] [stderr] warning: libgit2-sys@0.17.0+1.8.1: /tmp/ccfwPvf3.s: Fatal error: /opt/rustwide/target/debug/build/libgit2-sys-788bef0fae3f3c99/out/build/f6e81ea219c0b9f3-regexp.o: No space left on device
[INFO] [stderr] warning: libgit2-sys@0.17.0+1.8.1: ToolExecError: Command LC_ALL="C" "cc" "-O0" "-ffunction-sections" "-fdata-sections" "-fPIC" "-gdwarf-4" "-fno-omit-frame-pointer" "-m64" "-I" "/opt/rustwide/target/debug/build/libgit2-sys-788bef0fae3f3c99/out/include" "-I" "libgit2/src/libgit2" "-I" "libgit2/src/util" "-I" "libgit2/deps/llhttp" "-I" "libgit2/deps/xdiff" "-I" "libgit2/deps/pcre" "-I" "/usr/include" "-fvisibility=hidden" "-DGIT_REGEX_BUILTIN=1" "-DHAVE_STDINT_H=1" "-DHAVE_MEMMOVE=1" "-DNO_RECURSE=1" "-DNEWLINE=10" "-DPOSIX_MALLOC_THRESHOLD=10" "-DLINK_SIZE=2" "-DPARENS_NEST_LIMIT=250" "-DMATCH_LIMIT=10000000" "-DMATCH_LIMIT_RECURSION=MATCH_LIMIT" "-DMAX_NAME_SIZE=32" "-DMAX_NAME_COUNT=10000" "-DSHA1DC_NO_STANDARD_INCLUDES=1" "-DSHA1DC_CUSTOM_INCLUDE_SHA1_C=\"common.h\"" "-DSHA1DC_CUSTOM_INCLUDE_UBC_CHECK_C=\"common.h\"" "-o" "/opt/rustwide/target/debug/build/libgit2-sys-788bef0fae3f3c99/out/build/f6e81ea219c0b9f3-regexp.o" "-c" "libgit2/src/util/regexp.c" with args cc did not execute successfully (status code exit status: 1).cargo:warning=/tmp/ccTqilHu.s: Assembler messages:
[INFO] [stderr] warning: libgit2-sys@0.17.0+1.8.1: /tmp/ccTqilHu.s: Fatal error: can't write 26 bytes to section .text.git_atomic32_inc of /opt/rustwide/target/debug/build/libgit2-sys-788bef0fae3f3c99/out/build/f6e81ea219c0b9f3-runtime.o: 'No space left on device'
[INFO] [stderr] warning: libgit2-sys@0.17.0+1.8.1: /tmp/ccTqilHu.s: Fatal error: /opt/rustwide/target/debug/build/libgit2-sys-788bef0fae3f3c99/out/build/f6e81ea219c0b9f3-runtime.o: No space left on device
[INFO] [stderr] warning: libgit2-sys@0.17.0+1.8.1: ToolExecError: Command LC_ALL="C" "cc" "-O0" "-ffunction-sections" "-fdata-sections" "-fPIC" "-gdwarf-4" "-fno-omit-frame-pointer" "-m64" "-I" "/opt/rustwide/target/debug/build/libgit2-sys-788bef0fae3f3c99/out/include" "-I" "libgit2/src/libgit2" "-I" "libgit2/src/util" "-I" "libgit2/deps/llhttp" "-I" "libgit2/deps/xdiff" "-I" "libgit2/deps/pcre" "-I" "/usr/include" "-fvisibility=hidden" "-DGIT_REGEX_BUILTIN=1" "-DHAVE_STDINT_H=1" "-DHAVE_MEMMOVE=1" "-DNO_RECURSE=1" "-DNEWLINE=10" "-DPOSIX_MALLOC_THRESHOLD=10" "-DLINK_SIZE=2" "-DPARENS_NEST_LIMIT=250" "-DMATCH_LIMIT=10000000" "-DMATCH_LIMIT_RECURSION=MATCH_LIMIT" "-DMAX_NAME_SIZE=32" "-DMAX_NAME_COUNT=10000" "-DSHA1DC_NO_STANDARD_INCLUDES=1" "-DSHA1DC_CUSTOM_INCLUDE_SHA1_C=\"common.h\"" "-DSHA1DC_CUSTOM_INCLUDE_UBC_CHECK_C=\"common.h\"" "-o" "/opt/rustwide/target/debug/build/libgit2-sys-788bef0fae3f3c99/out/build/f6e81ea219c0b9f3-runtime.o" "-c" "libgit2/src/util/runtime.c" with args cc did not execute successfully (status code exit status: 1).
[INFO] [stderr] warning: libgit2-sys@0.17.0+1.8.1: libgit2/deps/xdiff/xemit.c:330:1: fatal error: error writing to /tmp/ccKZwPZb.s: No space left on device
[INFO] [stderr] warning: libgit2-sys@0.17.0+1.8.1:   330 | }
[INFO] [stderr] warning: libgit2-sys@0.17.0+1.8.1:       | ^
[INFO] [stderr] warning: libgit2-sys@0.17.0+1.8.1: compilation terminated.
[INFO] [stderr] warning: libgit2-sys@0.17.0+1.8.1: ToolExecError: Command LC_ALL="C" "cc" "-O0" "-ffunction-sections" "-fdata-sections" "-fPIC" "-gdwarf-4" "-fno-omit-frame-pointer" "-m64" "-I" "/opt/rustwide/target/debug/build/libgit2-sys-788bef0fae3f3c99/out/include" "-I" "libgit2/src/libgit2" "-I" "libgit2/src/util" "-I" "libgit2/deps/llhttp" "-I" "libgit2/deps/xdiff" "-I" "libgit2/deps/pcre" "-I" "/usr/include" "-fvisibility=hidden" "-DGIT_REGEX_BUILTIN=1" "-DHAVE_STDINT_H=1" "-DHAVE_MEMMOVE=1" "-DNO_RECURSE=1" "-DNEWLINE=10" "-DPOSIX_MALLOC_THRESHOLD=10" "-DLINK_SIZE=2" "-DPARENS_NEST_LIMIT=250" "-DMATCH_LIMIT=10000000" "-DMATCH_LIMIT_RECURSION=MATCH_LIMIT" "-DMAX_NAME_SIZE=32" "-DMAX_NAME_COUNT=10000" "-DSHA1DC_NO_STANDARD_INCLUDES=1" "-DSHA1DC_CUSTOM_INCLUDE_SHA1_C=\"common.h\"" "-DSHA1DC_CUSTOM_INCLUDE_UBC_CHECK_C=\"common.h\"" "-o" "/opt/rustwide/target/debug/build/libgit2-sys-788bef0fae3f3c99/out/build/e15faf52f719d739-xemit.o" "-c" "libgit2/deps/xdiff/xemit.c" with args cc did not execute successfully (status code exit status: 1).cargo:warning=libgit2/deps/xdiff/xmerge.c:739:1: fatal error: error writing to /tmp/ccOX5JSS.s: No space left on device
[INFO] [stderr] warning: libgit2-sys@0.17.0+1.8.1:   739 | }
[INFO] [stderr] warning: libgit2-sys@0.17.0+1.8.1:       | ^
[INFO] [stderr] warning: libgit2-sys@0.17.0+1.8.1: compilation terminated.
[INFO] [stderr] warning: libgit2-sys@0.17.0+1.8.1: libgit2/deps/xdiff/xpatience.c:373:1: fatal error: error writing to /tmp/ccRnkQ2a.s: No space left on device
[INFO] [stderr] warning: libgit2-sys@0.17.0+1.8.1:   373 | }
[INFO] [stderr] warning: libgit2-sys@0.17.0+1.8.1:       | ^
[INFO] [stderr] warning: libgit2-sys@0.17.0+1.8.1: compilation terminated.
[INFO] [stderr] warning: libgit2-sys@0.17.0+1.8.1: ToolExecError: Command LC_ALL="C" "cc" "-O0" "-ffunction-sections" "-fdata-sections" "-fPIC" "-gdwarf-4" "-fno-omit-frame-pointer" "-m64" "-I" "/opt/rustwide/target/debug/build/libgit2-sys-788bef0fae3f3c99/out/include" "-I" "libgit2/src/libgit2" "-I" "libgit2/src/util" "-I" "libgit2/deps/llhttp" "-I" "libgit2/deps/xdiff" "-I" "libgit2/deps/pcre" "-I" "/usr/include" "-fvisibility=hidden" "-DGIT_REGEX_BUILTIN=1" "-DHAVE_STDINT_H=1" "-DHAVE_MEMMOVE=1" "-DNO_RECURSE=1" "-DNEWLINE=10" "-DPOSIX_MALLOC_THRESHOLD=10" "-DLINK_SIZE=2" "-DPARENS_NEST_LIMIT=250" "-DMATCH_LIMIT=10000000" "-DMATCH_LIMIT_RECURSION=MATCH_LIMIT" "-DMAX_NAME_SIZE=32" "-DMAX_NAME_COUNT=10000" "-DSHA1DC_NO_STANDARD_INCLUDES=1" "-DSHA1DC_CUSTOM_INCLUDE_SHA1_C=\"common.h\"" "-DSHA1DC_CUSTOM_INCLUDE_UBC_CHECK_C=\"common.h\"" "-o" "/opt/rustwide/target/debug/build/libgit2-sys-788bef0fae3f3c99/out/build/e15faf52f719d739-xpatience.o" "-c" "libgit2/deps/xdiff/xpatience.c" with args cc did not execute successfully (status code exit status: 1).cargo:warning=libgit2/deps/xdiff/xprepare.c:461:1: fatal error: error writing to /tmp/cc0I8EE6.s: No space left on device
[INFO] [stderr] warning: libgit2-sys@0.17.0+1.8.1:   461 | }
[INFO] [stderr] warning: libgit2-sys@0.17.0+1.8.1:       | ^
[INFO] [stderr] warning: libgit2-sys@0.17.0+1.8.1: compilation terminated.
[INFO] [stderr] warning: libgit2-sys@0.17.0+1.8.1: ToolExecError: Command LC_ALL="C" "cc" "-O0" "-ffunction-sections" "-fdata-sections" "-fPIC" "-gdwarf-4" "-fno-omit-frame-pointer" "-m64" "-I" "/opt/rustwide/target/debug/build/libgit2-sys-788bef0fae3f3c99/out/include" "-I" "libgit2/src/libgit2" "-I" "libgit2/src/util" "-I" "libgit2/deps/llhttp" "-I" "libgit2/deps/xdiff" "-I" "libgit2/deps/pcre" "-I" "/usr/include" "-fvisibility=hidden" "-DGIT_REGEX_BUILTIN=1" "-DHAVE_STDINT_H=1" "-DHAVE_MEMMOVE=1" "-DNO_RECURSE=1" "-DNEWLINE=10" "-DPOSIX_MALLOC_THRESHOLD=10" "-DLINK_SIZE=2" "-DPARENS_NEST_LIMIT=250" "-DMATCH_LIMIT=10000000" "-DMATCH_LIMIT_RECURSION=MATCH_LIMIT" "-DMAX_NAME_SIZE=32" "-DMAX_NAME_COUNT=10000" "-DSHA1DC_NO_STANDARD_INCLUDES=1" "-DSHA1DC_CUSTOM_INCLUDE_SHA1_C=\"common.h\"" "-DSHA1DC_CUSTOM_INCLUDE_UBC_CHECK_C=\"common.h\"" "-o" "/opt/rustwide/target/debug/build/libgit2-sys-788bef0fae3f3c99/out/build/e15faf52f719d739-xprepare.o" "-c" "libgit2/deps/xdiff/xprepare.c" with args cc did not execute successfully (status code exit status: 1).cargo:warning=libgit2/deps/xdiff/xutils.c:451:1: fatal error: error writing to /tmp/cczwZ8IX.s: No space left on device
[INFO] [stderr] warning: libgit2-sys@0.17.0+1.8.1:   451 | }
[INFO] [stderr] warning: libgit2-sys@0.17.0+1.8.1:       | ^
[INFO] [stderr] warning: libgit2-sys@0.17.0+1.8.1: compilation terminated.
[INFO] [stderr] warning: libgit2-sys@0.17.0+1.8.1: ToolExecError: Command LC_ALL="C" "cc" "-O0" "-ffunction-sections" "-fdata-sections" "-fPIC" "-gdwarf-4" "-fno-omit-frame-pointer" "-m64" "-I" "/opt/rustwide/target/debug/build/libgit2-sys-788bef0fae3f3c99/out/include" "-I" "libgit2/src/libgit2" "-I" "libgit2/src/util" "-I" "libgit2/deps/llhttp" "-I" "libgit2/deps/xdiff" "-I" "libgit2/deps/pcre" "-I" "/usr/include" "-fvisibility=hidden" "-DGIT_REGEX_BUILTIN=1" "-DHAVE_STDINT_H=1" "-DHAVE_MEMMOVE=1" "-DNO_RECURSE=1" "-DNEWLINE=10" "-DPOSIX_MALLOC_THRESHOLD=10" "-DLINK_SIZE=2" "-DPARENS_NEST_LIMIT=250" "-DMATCH_LIMIT=10000000" "-DMATCH_LIMIT_RECURSION=MATCH_LIMIT" "-DMAX_NAME_SIZE=32" "-DMAX_NAME_COUNT=10000" "-DSHA1DC_NO_STANDARD_INCLUDES=1" "-DSHA1DC_CUSTOM_INCLUDE_SHA1_C=\"common.h\"" "-DSHA1DC_CUSTOM_INCLUDE_UBC_CHECK_C=\"common.h\"" "-o" "/opt/rustwide/target/debug/build/libgit2-sys-788bef0fae3f3c99/out/build/e15faf52f719d739-xutils.o" "-c" "libgit2/deps/xdiff/xutils.c" with args cc did not execute successfully (status code exit status: 1).cargo:warning=libgit2/deps/xdiff/xdiffi.c:1089:1: fatal error: error writing to /tmp/cceYSXeu.s: No space left on device
[INFO] [stderr] warning: libgit2-sys@0.17.0+1.8.1:  1089 | }
[INFO] [stderr] warning: libgit2-sys@0.17.0+1.8.1:       | ^
[INFO] [stderr] warning: libgit2-sys@0.17.0+1.8.1: compilation terminated.
[INFO] [stderr] warning: libgit2-sys@0.17.0+1.8.1: ToolExecError: Command LC_ALL="C" "cc" "-O0" "-ffunction-sections" "-fdata-sections" "-fPIC" "-gdwarf-4" "-fno-omit-frame-pointer" "-m64" "-I" "/opt/rustwide/target/debug/build/libgit2-sys-788bef0fae3f3c99/out/include" "-I" "libgit2/src/libgit2" "-I" "libgit2/src/util" "-I" "libgit2/deps/llhttp" "-I" "libgit2/deps/xdiff" "-I" "libgit2/deps/pcre" "-I" "/usr/include" "-fvisibility=hidden" "-DGIT_REGEX_BUILTIN=1" "-DHAVE_STDINT_H=1" "-DHAVE_MEMMOVE=1" "-DNO_RECURSE=1" "-DNEWLINE=10" "-DPOSIX_MALLOC_THRESHOLD=10" "-DLINK_SIZE=2" "-DPARENS_NEST_LIMIT=250" "-DMATCH_LIMIT=10000000" "-DMATCH_LIMIT_RECURSION=MATCH_LIMIT" "-DMAX_NAME_SIZE=32" "-DMAX_NAME_COUNT=10000" "-DSHA1DC_NO_STANDARD_INCLUDES=1" "-DSHA1DC_CUSTOM_INCLUDE_SHA1_C=\"common.h\"" "-DSHA1DC_CUSTOM_INCLUDE_UBC_CHECK_C=\"common.h\"" "-o" "/opt/rustwide/target/debug/build/libgit2-sys-788bef0fae3f3c99/out/build/e15faf52f719d739-xdiffi.o" "-c" "libgit2/deps/xdiff/xdiffi.c" with args cc did not execute successfully (status code exit status: 1).
[INFO] [stderr] warning: libgit2-sys@0.17.0+1.8.1: ToolExecError: Command LC_ALL="C" "cc" "-O0" "-ffunction-sections" "-fdata-sections" "-fPIC" "-gdwarf-4" "-fno-omit-frame-pointer" "-m64" "-I" "/opt/rustwide/target/debug/build/libgit2-sys-788bef0fae3f3c99/out/include" "-I" "libgit2/src/libgit2" "-I" "libgit2/src/util" "-I" "libgit2/deps/llhttp" "-I" "libgit2/deps/xdiff" "-I" "libgit2/deps/pcre" "-I" "/usr/include" "-fvisibility=hidden" "-DGIT_REGEX_BUILTIN=1" "-DHAVE_STDINT_H=1" "-DHAVE_MEMMOVE=1" "-DNO_RECURSE=1" "-DNEWLINE=10" "-DPOSIX_MALLOC_THRESHOLD=10" "-DLINK_SIZE=2" "-DPARENS_NEST_LIMIT=250" "-DMATCH_LIMIT=10000000" "-DMATCH_LIMIT_RECURSION=MATCH_LIMIT" "-DMAX_NAME_SIZE=32" "-DMAX_NAME_COUNT=10000" "-DSHA1DC_NO_STANDARD_INCLUDES=1" "-DSHA1DC_CUSTOM_INCLUDE_SHA1_C=\"common.h\"" "-DSHA1DC_CUSTOM_INCLUDE_UBC_CHECK_C=\"common.h\"" "-o" "/opt/rustwide/target/debug/build/libgit2-sys-788bef0fae3f3c99/out/build/e15faf52f719d739-xmerge.o" "-c" "libgit2/deps/xdiff/xmerge.c" with args cc did not execute successfully (status code exit status: 1).cargo:warning=libgit2/deps/pcre/pcre_compile.c:9813:1: fatal error: error writing to /tmp/ccV6WjGW.s: No space left on device
[INFO] [stderr] warning: libgit2-sys@0.17.0+1.8.1:  9813 | }
[INFO] [stderr] warning: libgit2-sys@0.17.0+1.8.1:       | ^
[INFO] [stderr] warning: libgit2-sys@0.17.0+1.8.1: compilation terminated.
[INFO] [stderr] warning: libgit2-sys@0.17.0+1.8.1: libgit2/deps/pcre/pcre_fullinfo.c:243:1: fatal error: error writing to /tmp/ccP3b14w.s: No space left on device
[INFO] [stderr] warning: libgit2-sys@0.17.0+1.8.1:   243 | }
[INFO] [stderr] warning: libgit2-sys@0.17.0+1.8.1:       | ^
[INFO] [stderr] warning: libgit2-sys@0.17.0+1.8.1: compilation terminated.
[INFO] [stderr] warning: libgit2-sys@0.17.0+1.8.1: ToolExecError: Command LC_ALL="C" "cc" "-O0" "-ffunction-sections" "-fdata-sections" "-fPIC" "-gdwarf-4" "-fno-omit-frame-pointer" "-m64" "-I" "/opt/rustwide/target/debug/build/libgit2-sys-788bef0fae3f3c99/out/include" "-I" "libgit2/src/libgit2" "-I" "libgit2/src/util" "-I" "libgit2/deps/llhttp" "-I" "libgit2/deps/xdiff" "-I" "libgit2/deps/pcre" "-I" "/usr/include" "-fvisibility=hidden" "-DGIT_REGEX_BUILTIN=1" "-DHAVE_STDINT_H=1" "-DHAVE_MEMMOVE=1" "-DNO_RECURSE=1" "-DNEWLINE=10" "-DPOSIX_MALLOC_THRESHOLD=10" "-DLINK_SIZE=2" "-DPARENS_NEST_LIMIT=250" "-DMATCH_LIMIT=10000000" "-DMATCH_LIMIT_RECURSION=MATCH_LIMIT" "-DMAX_NAME_SIZE=32" "-DMAX_NAME_COUNT=10000" "-DSHA1DC_NO_STANDARD_INCLUDES=1" "-DSHA1DC_CUSTOM_INCLUDE_SHA1_C=\"common.h\"" "-DSHA1DC_CUSTOM_INCLUDE_UBC_CHECK_C=\"common.h\"" "-o" "/opt/rustwide/target/debug/build/libgit2-sys-788bef0fae3f3c99/out/build/e636de00c42e0bc4-pcre_fullinfo.o" "-c" "libgit2/deps/pcre/pcre_fullinfo.c" with args cc did not execute successfully (status code exit status: 1).cargo:warning=libgit2/deps/pcre/pcre_globals.c:83:1: fatal error: error writing to /tmp/ccZwxsL9.s: No space left on device
[INFO] [stderr] warning: libgit2-sys@0.17.0+1.8.1:    83 | PCRE_EXP_DATA_DEFN int   (*PUBL(stack_guard))(void) = NULL;
[INFO] [stderr] warning: libgit2-sys@0.17.0+1.8.1:       | ^~~~~~~~~~~~~~~~~~
[INFO] [stderr] warning: libgit2-sys@0.17.0+1.8.1: compilation terminated.
[INFO] [stderr] warning: libgit2-sys@0.17.0+1.8.1: ToolExecError: Command LC_ALL="C" "cc" "-O0" "-ffunction-sections" "-fdata-sections" "-fPIC" "-gdwarf-4" "-fno-omit-frame-pointer" "-m64" "-I" "/opt/rustwide/target/debug/build/libgit2-sys-788bef0fae3f3c99/out/include" "-I" "libgit2/src/libgit2" "-I" "libgit2/src/util" "-I" "libgit2/deps/llhttp" "-I" "libgit2/deps/xdiff" "-I" "libgit2/deps/pcre" "-I" "/usr/include" "-fvisibility=hidden" "-DGIT_REGEX_BUILTIN=1" "-DHAVE_STDINT_H=1" "-DHAVE_MEMMOVE=1" "-DNO_RECURSE=1" "-DNEWLINE=10" "-DPOSIX_MALLOC_THRESHOLD=10" "-DLINK_SIZE=2" "-DPARENS_NEST_LIMIT=250" "-DMATCH_LIMIT=10000000" "-DMATCH_LIMIT_RECURSION=MATCH_LIMIT" "-DMAX_NAME_SIZE=32" "-DMAX_NAME_COUNT=10000" "-DSHA1DC_NO_STANDARD_INCLUDES=1" "-DSHA1DC_CUSTOM_INCLUDE_SHA1_C=\"common.h\"" "-DSHA1DC_CUSTOM_INCLUDE_UBC_CHECK_C=\"common.h\"" "-o" "/opt/rustwide/target/debug/build/libgit2-sys-788bef0fae3f3c99/out/build/e636de00c42e0bc4-pcre_globals.o" "-c" "libgit2/deps/pcre/pcre_globals.c" with args cc did not execute successfully (status code exit status: 1).cargo:warning=libgit2/deps/pcre/pcre_newline.c:208:1: fatal error: error writing to /tmp/ccwtIeNh.s: No space left on device
[INFO] [stderr] warning: libgit2-sys@0.17.0+1.8.1:   208 | }
[INFO] [stderr] warning: libgit2-sys@0.17.0+1.8.1:       | ^
[INFO] [stderr] warning: libgit2-sys@0.17.0+1.8.1: compilation terminated.
[INFO] [stderr] warning: libgit2-sys@0.17.0+1.8.1: ToolExecError: Command LC_ALL="C" "cc" "-O0" "-ffunction-sections" "-fdata-sections" "-fPIC" "-gdwarf-4" "-fno-omit-frame-pointer" "-m64" "-I" "/opt/rustwide/target/debug/build/libgit2-sys-788bef0fae3f3c99/out/include" "-I" "libgit2/src/libgit2" "-I" "libgit2/src/util" "-I" "libgit2/deps/llhttp" "-I" "libgit2/deps/xdiff" "-I" "libgit2/deps/pcre" "-I" "/usr/include" "-fvisibility=hidden" "-DGIT_REGEX_BUILTIN=1" "-DHAVE_STDINT_H=1" "-DHAVE_MEMMOVE=1" "-DNO_RECURSE=1" "-DNEWLINE=10" "-DPOSIX_MALLOC_THRESHOLD=10" "-DLINK_SIZE=2" "-DPARENS_NEST_LIMIT=250" "-DMATCH_LIMIT=10000000" "-DMATCH_LIMIT_RECURSION=MATCH_LIMIT" "-DMAX_NAME_SIZE=32" "-DMAX_NAME_COUNT=10000" "-DSHA1DC_NO_STANDARD_INCLUDES=1" "-DSHA1DC_CUSTOM_INCLUDE_SHA1_C=\"common.h\"" "-DSHA1DC_CUSTOM_INCLUDE_UBC_CHECK_C=\"common.h\"" "-o" "/opt/rustwide/target/debug/build/libgit2-sys-788bef0fae3f3c99/out/build/e636de00c42e0bc4-pcre_newline.o" "-c" "libgit2/deps/pcre/pcre_newline.c" with args cc did not execute successfully (status code exit status: 1).
[INFO] [stderr] warning: libgit2-sys@0.17.0+1.8.1: ToolExecError: Command LC_ALL="C" "cc" "-O0" "-ffunction-sections" "-fdata-sections" "-fPIC" "-gdwarf-4" "-fno-omit-frame-pointer" "-m64" "-I" "/opt/rustwide/target/debug/build/libgit2-sys-788bef0fae3f3c99/out/include" "-I" "libgit2/src/libgit2" "-I" "libgit2/src/util" "-I" "libgit2/deps/llhttp" "-I" "libgit2/deps/xdiff" "-I" "libgit2/deps/pcre" "-I" "/usr/include" "-fvisibility=hidden" "-DGIT_REGEX_BUILTIN=1" "-DHAVE_STDINT_H=1" "-DHAVE_MEMMOVE=1" "-DNO_RECURSE=1" "-DNEWLINE=10" "-DPOSIX_MALLOC_THRESHOLD=10" "-DLINK_SIZE=2" "-DPARENS_NEST_LIMIT=250" "-DMATCH_LIMIT=10000000" "-DMATCH_LIMIT_RECURSION=MATCH_LIMIT" "-DMAX_NAME_SIZE=32" "-DMAX_NAME_COUNT=10000" "-DSHA1DC_NO_STANDARD_INCLUDES=1" "-DSHA1DC_CUSTOM_INCLUDE_SHA1_C=\"common.h\"" "-DSHA1DC_CUSTOM_INCLUDE_UBC_CHECK_C=\"common.h\"" "-o" "/opt/rustwide/target/debug/build/libgit2-sys-788bef0fae3f3c99/out/build/e636de00c42e0bc4-pcre_compile.o" "-c" "libgit2/deps/pcre/pcre_compile.c" with args cc did not execute successfully (status code exit status: 1).cargo:warning=libgit2/deps/llhttp/llhttp.c:10168:1: fatal error: error writing to /tmp/ccYMSe6y.s: No space left on device
[INFO] [stderr] warning: libgit2-sys@0.17.0+1.8.1: 10168 | }
[INFO] [stderr] warning: libgit2-sys@0.17.0+1.8.1:       | ^
[INFO] [stderr] warning: libgit2-sys@0.17.0+1.8.1: compilation terminated.
[INFO] [stderr] warning: libgit2-sys@0.17.0+1.8.1: ToolExecError: Command LC_ALL="C" "cc" "-O0" "-ffunction-sections" "-fdata-sections" "-fPIC" "-gdwarf-4" "-fno-omit-frame-pointer" "-m64" "-I" "/opt/rustwide/target/debug/build/libgit2-sys-788bef0fae3f3c99/out/include" "-I" "libgit2/src/libgit2" "-I" "libgit2/src/util" "-I" "libgit2/deps/llhttp" "-I" "libgit2/deps/xdiff" "-I" "libgit2/deps/pcre" "-I" "/usr/include" "-fvisibility=hidden" "-DGIT_REGEX_BUILTIN=1" "-DHAVE_STDINT_H=1" "-DHAVE_MEMMOVE=1" "-DNO_RECURSE=1" "-DNEWLINE=10" "-DPOSIX_MALLOC_THRESHOLD=10" "-DLINK_SIZE=2" "-DPARENS_NEST_LIMIT=250" "-DMATCH_LIMIT=10000000" "-DMATCH_LIMIT_RECURSION=MATCH_LIMIT" "-DMAX_NAME_SIZE=32" "-DMAX_NAME_COUNT=10000" "-DSHA1DC_NO_STANDARD_INCLUDES=1" "-DSHA1DC_CUSTOM_INCLUDE_SHA1_C=\"common.h\"" "-DSHA1DC_CUSTOM_INCLUDE_UBC_CHECK_C=\"common.h\"" "-o" "/opt/rustwide/target/debug/build/libgit2-sys-788bef0fae3f3c99/out/build/50055d6c4ddcbeae-llhttp.o" "-c" "libgit2/deps/llhttp/llhttp.c" with args cc did not execute successfully (status code exit status: 1).
[INFO] [stderr] warning: libgit2-sys@0.17.0+1.8.1: /tmp/ccJ1PQiR.s: Assembler messages:
[INFO] [stderr] warning: libgit2-sys@0.17.0+1.8.1: /tmp/ccJ1PQiR.s: Fatal error: can't write 49 bytes to section .text.match of /opt/rustwide/target/debug/build/libgit2-sys-788bef0fae3f3c99/out/build/e636de00c42e0bc4-pcre_exec.o: 'No space left on device'
[INFO] [stderr] warning: libgit2-sys@0.17.0+1.8.1: /tmp/ccJ1PQiR.s: Fatal error: /opt/rustwide/target/debug/build/libgit2-sys-788bef0fae3f3c99/out/build/e636de00c42e0bc4-pcre_exec.o: No space left on device
[INFO] [stderr] warning: libgit2-sys@0.17.0+1.8.1: ToolExecError: Command LC_ALL="C" "cc" "-O0" "-ffunction-sections" "-fdata-sections" "-fPIC" "-gdwarf-4" "-fno-omit-frame-pointer" "-m64" "-I" "/opt/rustwide/target/debug/build/libgit2-sys-788bef0fae3f3c99/out/include" "-I" "libgit2/src/libgit2" "-I" "libgit2/src/util" "-I" "libgit2/deps/llhttp" "-I" "libgit2/deps/xdiff" "-I" "libgit2/deps/pcre" "-I" "/usr/include" "-fvisibility=hidden" "-DGIT_REGEX_BUILTIN=1" "-DHAVE_STDINT_H=1" "-DHAVE_MEMMOVE=1" "-DNO_RECURSE=1" "-DNEWLINE=10" "-DPOSIX_MALLOC_THRESHOLD=10" "-DLINK_SIZE=2" "-DPARENS_NEST_LIMIT=250" "-DMATCH_LIMIT=10000000" "-DMATCH_LIMIT_RECURSION=MATCH_LIMIT" "-DMAX_NAME_SIZE=32" "-DMAX_NAME_COUNT=10000" "-DSHA1DC_NO_STANDARD_INCLUDES=1" "-DSHA1DC_CUSTOM_INCLUDE_SHA1_C=\"common.h\"" "-DSHA1DC_CUSTOM_INCLUDE_UBC_CHECK_C=\"common.h\"" "-o" "/opt/rustwide/target/debug/build/libgit2-sys-788bef0fae3f3c99/out/build/e636de00c42e0bc4-pcre_exec.o" "-c" "libgit2/deps/pcre/pcre_exec.c" with args cc did not execute successfully (status code exit status: 1).cargo:warning=/tmp/cc7X4ETA.s: Assembler messages:
[INFO] [stderr] warning: libgit2-sys@0.17.0+1.8.1: /tmp/cc7X4ETA.s: Fatal error: can't write 256 bytes to section .data.from_hex of /opt/rustwide/target/debug/build/libgit2-sys-788bef0fae3f3c99/out/build/47bcde6b0f28f448-stdalloc.o: 'No space left on device'
[INFO] [stderr] warning: libgit2-sys@0.17.0+1.8.1: /tmp/cc7X4ETA.s: Fatal error: /opt/rustwide/target/debug/build/libgit2-sys-788bef0fae3f3c99/out/build/47bcde6b0f28f448-stdalloc.o: No space left on device
[INFO] [stderr] warning: libgit2-sys@0.17.0+1.8.1: ToolExecError: Command LC_ALL="C" "cc" "-O0" "-ffunction-sections" "-fdata-sections" "-fPIC" "-gdwarf-4" "-fno-omit-frame-pointer" "-m64" "-I" "/opt/rustwide/target/debug/build/libgit2-sys-788bef0fae3f3c99/out/include" "-I" "libgit2/src/libgit2" "-I" "libgit2/src/util" "-I" "libgit2/deps/llhttp" "-I" "libgit2/deps/xdiff" "-I" "libgit2/deps/pcre" "-I" "/usr/include" "-fvisibility=hidden" "-DGIT_REGEX_BUILTIN=1" "-DHAVE_STDINT_H=1" "-DHAVE_MEMMOVE=1" "-DNO_RECURSE=1" "-DNEWLINE=10" "-DPOSIX_MALLOC_THRESHOLD=10" "-DLINK_SIZE=2" "-DPARENS_NEST_LIMIT=250" "-DMATCH_LIMIT=10000000" "-DMATCH_LIMIT_RECURSION=MATCH_LIMIT" "-DMAX_NAME_SIZE=32" "-DMAX_NAME_COUNT=10000" "-DSHA1DC_NO_STANDARD_INCLUDES=1" "-DSHA1DC_CUSTOM_INCLUDE_SHA1_C=\"common.h\"" "-DSHA1DC_CUSTOM_INCLUDE_UBC_CHECK_C=\"common.h\"" "-o" "/opt/rustwide/target/debug/build/libgit2-sys-788bef0fae3f3c99/out/build/47bcde6b0f28f448-stdalloc.o" "-c" "libgit2/src/util/allocators/stdalloc.c" with args cc did not execute successfully (status code exit status: 1).cargo:warning=libgit2/src/util/unix/map.c:73:1: fatal error: error writing to /tmp/ccYrUArF.s: No space left on device
[INFO] [stderr] warning: libgit2-sys@0.17.0+1.8.1:    73 | }
[INFO] [stderr] warning: libgit2-sys@0.17.0+1.8.1:       | ^
[INFO] [stderr] warning: libgit2-sys@0.17.0+1.8.1: compilation terminated.
[INFO] [stderr] warning: libgit2-sys@0.17.0+1.8.1: ToolExecError: Command LC_ALL="C" "cc" "-O0" "-ffunction-sections" "-fdata-sections" "-fPIC" "-gdwarf-4" "-fno-omit-frame-pointer" "-m64" "-I" "/opt/rustwide/target/debug/build/libgit2-sys-788bef0fae3f3c99/out/include" "-I" "libgit2/src/libgit2" "-I" "libgit2/src/util" "-I" "libgit2/deps/llhttp" "-I" "libgit2/deps/xdiff" "-I" "libgit2/deps/pcre" "-I" "/usr/include" "-fvisibility=hidden" "-DGIT_REGEX_BUILTIN=1" "-DHAVE_STDINT_H=1" "-DHAVE_MEMMOVE=1" "-DNO_RECURSE=1" "-DNEWLINE=10" "-DPOSIX_MALLOC_THRESHOLD=10" "-DLINK_SIZE=2" "-DPARENS_NEST_LIMIT=250" "-DMATCH_LIMIT=10000000" "-DMATCH_LIMIT_RECURSION=MATCH_LIMIT" "-DMAX_NAME_SIZE=32" "-DMAX_NAME_COUNT=10000" "-DSHA1DC_NO_STANDARD_INCLUDES=1" "-DSHA1DC_CUSTOM_INCLUDE_SHA1_C=\"common.h\"" "-DSHA1DC_CUSTOM_INCLUDE_UBC_CHECK_C=\"common.h\"" "-o" "/opt/rustwide/target/debug/build/libgit2-sys-788bef0fae3f3c99/out/build/5bf81a80010135a0-map.o" "-c" "libgit2/src/util/unix/map.c" with args cc did not execute successfully (status code exit status: 1).cargo:warning=libgit2/src/util/hash/collisiondetect.c:48:1: fatal error: error writing to /tmp/ccIqaZQW.s: No space left on device
[INFO] [stderr] warning: libgit2-sys@0.17.0+1.8.1:    48 | }
[INFO] [stderr] warning: libgit2-sys@0.17.0+1.8.1:       | ^
[INFO] [stderr] warning: libgit2-sys@0.17.0+1.8.1: compilation terminated.
[INFO] [stderr] warning: libgit2-sys@0.17.0+1.8.1: ToolExecError: Command LC_ALL="C" "cc" "-O0" "-ffunction-sections" "-fdata-sections" "-fPIC" "-gdwarf-4" "-fno-omit-frame-pointer" "-m64" "-I" "/opt/rustwide/target/debug/build/libgit2-sys-788bef0fae3f3c99/out/include" "-I" "libgit2/src/libgit2" "-I" "libgit2/src/util" "-I" "libgit2/deps/llhttp" "-I" "libgit2/deps/xdiff" "-I" "libgit2/deps/pcre" "-I" "/usr/include" "-fvisibility=hidden" "-DGIT_REGEX_BUILTIN=1" "-DHAVE_STDINT_H=1" "-DHAVE_MEMMOVE=1" "-DNO_RECURSE=1" "-DNEWLINE=10" "-DPOSIX_MALLOC_THRESHOLD=10" "-DLINK_SIZE=2" "-DPARENS_NEST_LIMIT=250" "-DMATCH_LIMIT=10000000" "-DMATCH_LIMIT_RECURSION=MATCH_LIMIT" "-DMAX_NAME_SIZE=32" "-DMAX_NAME_COUNT=10000" "-DSHA1DC_NO_STANDARD_INCLUDES=1" "-DSHA1DC_CUSTOM_INCLUDE_SHA1_C=\"common.h\"" "-DSHA1DC_CUSTOM_INCLUDE_UBC_CHECK_C=\"common.h\"" "-o" "/opt/rustwide/target/debug/build/libgit2-sys-788bef0fae3f3c99/out/build/f5e66aefe9cd60e0-collisiondetect.o" "-c" "libgit2/src/util/hash/collisiondetect.c" with args cc did not execute successfully (status code exit status: 1).cargo:warning=libgit2/src/util/hash/sha1dc/ubc_check.c:368:1: fatal error: error writing to /tmp/cc2VXE9n.s: No space left on device
[INFO] [stderr] warning: libgit2-sys@0.17.0+1.8.1:   368 | }
[INFO] [stderr] warning: libgit2-sys@0.17.0+1.8.1:       | ^
[INFO] [stderr] warning: libgit2-sys@0.17.0+1.8.1: compilation terminated.
[INFO] [stderr] warning: libgit2-sys@0.17.0+1.8.1: ToolExecError: Command LC_ALL="C" "cc" "-O0" "-ffunction-sections" "-fdata-sections" "-fPIC" "-gdwarf-4" "-fno-omit-frame-pointer" "-m64" "-I" "/opt/rustwide/target/debug/build/libgit2-sys-788bef0fae3f3c99/out/include" "-I" "libgit2/src/libgit2" "-I" "libgit2/src/util" "-I" "libgit2/deps/llhttp" "-I" "libgit2/deps/xdiff" "-I" "libgit2/deps/pcre" "-I" "/usr/include" "-fvisibility=hidden" "-DGIT_REGEX_BUILTIN=1" "-DHAVE_STDINT_H=1" "-DHAVE_MEMMOVE=1" "-DNO_RECURSE=1" "-DNEWLINE=10" "-DPOSIX_MALLOC_THRESHOLD=10" "-DLINK_SIZE=2" "-DPARENS_NEST_LIMIT=250" "-DMATCH_LIMIT=10000000" "-DMATCH_LIMIT_RECURSION=MATCH_LIMIT" "-DMAX_NAME_SIZE=32" "-DMAX_NAME_COUNT=10000" "-DSHA1DC_NO_STANDARD_INCLUDES=1" "-DSHA1DC_CUSTOM_INCLUDE_SHA1_C=\"common.h\"" "-DSHA1DC_CUSTOM_INCLUDE_UBC_CHECK_C=\"common.h\"" "-o" "/opt/rustwide/target/debug/build/libgit2-sys-788bef0fae3f3c99/out/build/5f22996a283af3c7-ubc_check.o" "-c" "libgit2/src/util/hash/sha1dc/ubc_check.c" with args cc did not execute successfully (status code exit status: 1).cargo:warning=libgit2/src/util/hash/builtin.c:53:1: fatal error: error writing to /tmp/ccOGYvyk.s: No space left on device
[INFO] [stderr] warning: libgit2-sys@0.17.0+1.8.1:    53 | }
[INFO] [stderr] warning: libgit2-sys@0.17.0+1.8.1:       | ^
[INFO] [stderr] warning: libgit2-sys@0.17.0+1.8.1: compilation terminated.
[INFO] [stderr] warning: libgit2-sys@0.17.0+1.8.1: ToolExecError: Command LC_ALL="C" "cc" "-O0" "-ffunction-sections" "-fdata-sections" "-fPIC" "-gdwarf-4" "-fno-omit-frame-pointer" "-m64" "-I" "/opt/rustwide/target/debug/build/libgit2-sys-788bef0fae3f3c99/out/include" "-I" "libgit2/src/libgit2" "-I" "libgit2/src/util" "-I" "libgit2/deps/llhttp" "-I" "libgit2/deps/xdiff" "-I" "libgit2/deps/pcre" "-I" "/usr/include" "-fvisibility=hidden" "-DGIT_REGEX_BUILTIN=1" "-DHAVE_STDINT_H=1" "-DHAVE_MEMMOVE=1" "-DNO_RECURSE=1" "-DNEWLINE=10" "-DPOSIX_MALLOC_THRESHOLD=10" "-DLINK_SIZE=2" "-DPARENS_NEST_LIMIT=250" "-DMATCH_LIMIT=10000000" "-DMATCH_LIMIT_RECURSION=MATCH_LIMIT" "-DMAX_NAME_SIZE=32" "-DMAX_NAME_COUNT=10000" "-DSHA1DC_NO_STANDARD_INCLUDES=1" "-DSHA1DC_CUSTOM_INCLUDE_SHA1_C=\"common.h\"" "-DSHA1DC_CUSTOM_INCLUDE_UBC_CHECK_C=\"common.h\"" "-o" "/opt/rustwide/target/debug/build/libgit2-sys-788bef0fae3f3c99/out/build/f5e66aefe9cd60e0-builtin.o" "-c" "libgit2/src/util/hash/builtin.c" with args cc did not execute successfully (status code exit status: 1).
[INFO] [stderr] error: failed to run custom build command for `libgit2-sys v0.17.0+1.8.1`
[INFO] [stderr] note: To improve backtraces for build dependencies, set the CARGO_PROFILE_TEST_BUILD_OVERRIDE_DEBUG=true environment variable to enable debug information generation.
[INFO] [stderr] 
[INFO] [stderr] Caused by:
[INFO] [stderr]   process didn't exit successfully: `/opt/rustwide/target/debug/build/libgit2-sys-38efaad36a5926d1/build-script-build` (exit status: 1)
[INFO] [stderr]   --- stdout
[INFO] [stderr]   cargo:rerun-if-env-changed=LIBGIT2_NO_VENDOR
[INFO] [stderr]   cargo:rerun-if-env-changed=LIBGIT2_NO_PKG_CONFIG
[INFO] [stderr]   cargo:rerun-if-env-changed=PKG_CONFIG_x86_64-unknown-linux-gnu
[INFO] [stderr]   cargo:rerun-if-env-changed=PKG_CONFIG_x86_64_unknown_linux_gnu
[INFO] [stderr]   cargo:rerun-if-env-changed=HOST_PKG_CONFIG
[INFO] [stderr]   cargo:rerun-if-env-changed=PKG_CONFIG
[INFO] [stderr]   cargo:rerun-if-env-changed=LIBGIT2_STATIC
[INFO] [stderr]   cargo:rerun-if-env-changed=LIBGIT2_DYNAMIC
[INFO] [stderr]   cargo:rerun-if-env-changed=PKG_CONFIG_ALL_STATIC
[INFO] [stderr]   cargo:rerun-if-env-changed=PKG_CONFIG_ALL_DYNAMIC
[INFO] [stderr]   cargo:rerun-if-env-changed=PKG_CONFIG_PATH_x86_64-unknown-linux-gnu
[INFO] [stderr]   cargo:rerun-if-env-changed=PKG_CONFIG_PATH_x86_64_unknown_linux_gnu
[INFO] [stderr]   cargo:rerun-if-env-changed=HOST_PKG_CONFIG_PATH
[INFO] [stderr]   cargo:rerun-if-env-changed=PKG_CONFIG_PATH
[INFO] [stderr]   cargo:rerun-if-env-changed=PKG_CONFIG_LIBDIR_x86_64-unknown-linux-gnu
[INFO] [stderr]   cargo:rerun-if-env-changed=PKG_CONFIG_LIBDIR_x86_64_unknown_linux_gnu
[INFO] [stderr]   cargo:rerun-if-env-changed=HOST_PKG_CONFIG_LIBDIR
[INFO] [stderr]   cargo:rerun-if-env-changed=PKG_CONFIG_LIBDIR
[INFO] [stderr]   cargo:rerun-if-env-changed=PKG_CONFIG_SYSROOT_DIR_x86_64-unknown-linux-gnu
[INFO] [stderr]   cargo:rerun-if-env-changed=PKG_CONFIG_SYSROOT_DIR_x86_64_unknown_linux_gnu
[INFO] [stderr]   cargo:rerun-if-env-changed=HOST_PKG_CONFIG_SYSROOT_DIR
[INFO] [stderr]   cargo:rerun-if-env-changed=PKG_CONFIG_SYSROOT_DIR
[INFO] [stderr]   cargo:warning=failed to probe system libgit2: 
[INFO] [stderr]   pkg-config exited with status code 1
[INFO] [stderr]   > PKG_CONFIG_ALLOW_SYSTEM_LIBS=1 PKG_CONFIG_ALLOW_SYSTEM_CFLAGS=1 pkg-config --libs --cflags libgit2 libgit2 >= 1.8.1 libgit2 < 1.9.0
[INFO] [stderr] 
[INFO] [stderr]   The system library `libgit2` required by crate `libgit2-sys` was not found.
[INFO] [stderr]   The file `libgit2.pc` needs to be installed and the PKG_CONFIG_PATH environment variable must contain its parent directory.
[INFO] [stderr]   The PKG_CONFIG_PATH environment variable is not set.
[INFO] [stderr] 
[INFO] [stderr]   HINT: if you have installed the library, try setting PKG_CONFIG_PATH to the directory containing `libgit2.pc`.
[INFO] [stderr] 
[INFO] [stderr]   cargo:rustc-cfg=libgit2_vendored
[INFO] [stderr]   libgit2/include/git2.h => /opt/rustwide/target/debug/build/libgit2-sys-788bef0fae3f3c99/out/include/git2.h
[INFO] [stderr]   libgit2/include/git2/errors.h => /opt/rustwide/target/debug/build/libgit2-sys-788bef0fae3f3c99/out/include/git2/errors.h
[INFO] [stderr]   libgit2/include/git2/refs.h => /opt/rustwide/target/debug/build/libgit2-sys-788bef0fae3f3c99/out/include/git2/refs.h
[INFO] [stderr]   libgit2/include/git2/reflog.h => /opt/rustwide/target/debug/build/libgit2-sys-788bef0fae3f3c99/out/include/git2/reflog.h
[INFO] [stderr]   libgit2/include/git2/signature.h => /opt/rustwide/target/debug/build/libgit2-sys-788bef0fae3f3c99/out/include/git2/signature.h
[INFO] [stderr]   libgit2/include/git2/index.h => /opt/rustwide/target/debug/build/libgit2-sys-788bef0fae3f3c99/out/include/git2/index.h
[INFO] [stderr]   libgit2/include/git2/object.h => /opt/rustwide/target/debug/build/libgit2-sys-788bef0fae3f3c99/out/include/git2/object.h
[INFO] [stderr]   libgit2/include/git2/pack.h => /opt/rustwide/target/debug/build/libgit2-sys-788bef0fae3f3c99/out/include/git2/pack.h
[INFO] [stderr]   libgit2/include/git2/revert.h => /opt/rustwide/target/debug/build/libgit2-sys-788bef0fae3f3c99/out/include/git2/revert.h
[INFO] [stderr]   libgit2/include/git2/trace.h => /opt/rustwide/target/debug/build/libgit2-sys-788bef0fae3f3c99/out/include/git2/trace.h
[INFO] [stderr]   libgit2/include/git2/apply.h => /opt/rustwide/target/debug/build/libgit2-sys-788bef0fae3f3c99/out/include/git2/apply.h
[INFO] [stderr]   libgit2/include/git2/strarray.h => /opt/rustwide/target/debug/build/libgit2-sys-788bef0fae3f3c99/out/include/git2/strarray.h
[INFO] [stderr]   libgit2/include/git2/revwalk.h => /opt/rustwide/target/debug/build/libgit2-sys-788bef0fae3f3c99/out/include/git2/revwalk.h
[INFO] [stderr]   libgit2/include/git2/mailmap.h => /opt/rustwide/target/debug/build/libgit2-sys-788bef0fae3f3c99/out/include/git2/mailmap.h
[INFO] [stderr]   libgit2/include/git2/remote.h => /opt/rustwide/target/debug/build/libgit2-sys-788bef0fae3f3c99/out/include/git2/remote.h
[INFO] [stderr]   libgit2/include/git2/clone.h => /opt/rustwide/target/debug/build/libgit2-sys-788bef0fae3f3c99/out/include/git2/clone.h
[INFO] [stderr]   libgit2/include/git2/branch.h => /opt/rustwide/target/debug/build/libgit2-sys-788bef0fae3f3c99/out/include/git2/branch.h
[INFO] [stderr]   libgit2/include/git2/types.h => /opt/rustwide/target/debug/build/libgit2-sys-788bef0fae3f3c99/out/include/git2/types.h
[INFO] [stderr]   libgit2/include/git2/transport.h => /opt/rustwide/target/debug/build/libgit2-sys-788bef0fae3f3c99/out/include/git2/transport.h
[INFO] [stderr]   libgit2/include/git2/status.h => /opt/rustwide/target/debug/build/libgit2-sys-788bef0fae3f3c99/out/include/git2/status.h
[INFO] [stderr]   libgit2/include/git2/tag.h => /opt/rustwide/target/debug/build/libgit2-sys-788bef0fae3f3c99/out/include/git2/tag.h
[INFO] [stderr]   libgit2/include/git2/commit.h => /opt/rustwide/target/debug/build/libgit2-sys-788bef0fae3f3c99/out/include/git2/commit.h
[INFO] [stderr]   libgit2/include/git2/indexer.h => /opt/rustwide/target/debug/build/libgit2-sys-788bef0fae3f3c99/out/include/git2/indexer.h
[INFO] [stderr]   libgit2/include/git2/blob.h => /opt/rustwide/target/debug/build/libgit2-sys-788bef0fae3f3c99/out/include/git2/blob.h
[INFO] [stderr]   libgit2/include/git2/proxy.h => /opt/rustwide/target/debug/build/libgit2-sys-788bef0fae3f3c99/out/include/git2/proxy.h
[INFO] [stderr]   libgit2/include/git2/revparse.h => /opt/rustwide/target/debug/build/libgit2-sys-788bef0fae3f3c99/out/include/git2/revparse.h
[INFO] [stderr]   libgit2/include/git2/message.h => /opt/rustwide/target/debug/build/libgit2-sys-788bef0fae3f3c99/out/include/git2/message.h
[INFO] [stderr]   libgit2/include/git2/notes.h => /opt/rustwide/target/debug/build/libgit2-sys-788bef0fae3f3c99/out/include/git2/notes.h
[INFO] [stderr]   libgit2/include/git2/buffer.h => /opt/rustwide/target/debug/build/libgit2-sys-788bef0fae3f3c99/out/include/git2/buffer.h
[INFO] [stderr]   libgit2/include/git2/oidarray.h => /opt/rustwide/target/debug/build/libgit2-sys-788bef0fae3f3c99/out/include/git2/oidarray.h
[INFO] [stderr]   libgit2/include/git2/odb_backend.h => /opt/rustwide/target/debug/build/libgit2-sys-788bef0fae3f3c99/out/include/git2/odb_backend.h
[INFO] [stderr]   libgit2/include/git2/annotated_commit.h => /opt/rustwide/target/debug/build/libgit2-sys-788bef0fae3f3c99/out/include/git2/annotated_commit.h
[INFO] [stderr]   libgit2/include/git2/describe.h => /opt/rustwide/target/debug/build/libgit2-sys-788bef0fae3f3c99/out/include/git2/describe.h
[INFO] [stderr]   libgit2/include/git2/blame.h => /opt/rustwide/target/debug/build/libgit2-sys-788bef0fae3f3c99/out/include/git2/blame.h
[INFO] [stderr]   libgit2/include/git2/stdint.h => /opt/rustwide/target/debug/build/libgit2-sys-788bef0fae3f3c99/out/include/git2/stdint.h
[INFO] [stderr]   libgit2/include/git2/repository.h => /opt/rustwide/target/debug/build/libgit2-sys-788bef0fae3f3c99/out/include/git2/repository.h
[INFO] [stderr]   libgit2/include/git2/email.h => /opt/rustwide/target/debug/build/libgit2-sys-788bef0fae3f3c99/out/include/git2/email.h
[INFO] [stderr]   libgit2/include/git2/filter.h => /opt/rustwide/target/debug/build/libgit2-sys-788bef0fae3f3c99/out/include/git2/filter.h
[INFO] [stderr]   libgit2/include/git2/common.h => /opt/rustwide/target/debug/build/libgit2-sys-788bef0fae3f3c99/out/include/git2/common.h
[INFO] [stderr]   libgit2/include/git2/reset.h => /opt/rustwide/target/debug/build/libgit2-sys-788bef0fae3f3c99/out/include/git2/reset.h
[INFO] [stderr]   libgit2/include/git2/net.h => /opt/rustwide/target/debug/build/libgit2-sys-788bef0fae3f3c99/out/include/git2/net.h
[INFO] [stderr]   libgit2/include/git2/cherrypick.h => /opt/rustwide/target/debug/build/libgit2-sys-788bef0fae3f3c99/out/include/git2/cherrypick.h
[INFO] [stderr]   libgit2/include/git2/deprecated.h => /opt/rustwide/target/debug/build/libgit2-sys-788bef0fae3f3c99/out/include/git2/deprecated.h
[INFO] [stderr]   libgit2/include/git2/sys/errors.h => /opt/rustwide/target/debug/build/libgit2-sys-788bef0fae3f3c99/out/include/git2/sys/errors.h
[INFO] [stderr]   libgit2/include/git2/sys/refs.h => /opt/rustwide/target/debug/build/libgit2-sys-788bef0fae3f3c99/out/include/git2/sys/refs.h
[INFO] [stderr]   libgit2/include/git2/sys/midx.h => /opt/rustwide/target/debug/build/libgit2-sys-788bef0fae3f3c99/out/include/git2/sys/midx.h
[INFO] [stderr]   libgit2/include/git2/sys/reflog.h => /opt/rustwide/target/debug/build/libgit2-sys-788bef0fae3f3c99/out/include/git2/sys/reflog.h
[INFO] [stderr]   libgit2/include/git2/sys/index.h => /opt/rustwide/target/debug/build/libgit2-sys-788bef0fae3f3c99/out/include/git2/sys/index.h
[INFO] [stderr]   libgit2/include/git2/sys/mempack.h => /opt/rustwide/target/debug/build/libgit2-sys-788bef0fae3f3c99/out/include/git2/sys/mempack.h
[INFO] [stderr]   libgit2/include/git2/sys/remote.h => /opt/rustwide/target/debug/build/libgit2-sys-788bef0fae3f3c99/out/include/git2/sys/remote.h
[INFO] [stderr]   libgit2/include/git2/sys/transport.h => /opt/rustwide/target/debug/build/libgit2-sys-788bef0fae3f3c99/out/include/git2/sys/transport.h
[INFO] [stderr]   libgit2/include/git2/sys/commit_graph.h => /opt/rustwide/target/debug/build/libgit2-sys-788bef0fae3f3c99/out/include/git2/sys/commit_graph.h
[INFO] [stderr]   libgit2/include/git2/sys/openssl.h => /opt/rustwide/target/debug/build/libgit2-sys-788bef0fae3f3c99/out/include/git2/sys/openssl.h
[INFO] [stderr]   libgit2/include/git2/sys/commit.h => /opt/rustwide/target/debug/build/libgit2-sys-788bef0fae3f3c99/out/include/git2/sys/commit.h
[INFO] [stderr]   libgit2/include/git2/sys/hashsig.h => /opt/rustwide/target/debug/build/libgit2-sys-788bef0fae3f3c99/out/include/git2/sys/hashsig.h
[INFO] [stderr]   libgit2/include/git2/sys/alloc.h => /opt/rustwide/target/debug/build/libgit2-sys-788bef0fae3f3c99/out/include/git2/sys/alloc.h
[INFO] [stderr]   libgit2/include/git2/sys/odb_backend.h => /opt/rustwide/target/debug/build/libgit2-sys-788bef0fae3f3c99/out/include/git2/sys/odb_backend.h
[INFO] [stderr]   libgit2/include/git2/sys/cred.h => /opt/rustwide/target/debug/build/libgit2-sys-788bef0fae3f3c99/out/include/git2/sys/cred.h
[INFO] [stderr]   libgit2/include/git2/sys/repository.h => /opt/rustwide/target/debug/build/libgit2-sys-788bef0fae3f3c99/out/include/git2/sys/repository.h
[INFO] [stderr]   libgit2/include/git2/sys/path.h => /opt/rustwide/target/debug/build/libgit2-sys-788bef0fae3f3c99/out/include/git2/sys/path.h
[INFO] [stderr]   libgit2/include/git2/sys/email.h => /opt/rustwide/target/debug/build/libgit2-sys-788bef0fae3f3c99/out/include/git2/sys/email.h
[INFO] [stderr]   libgit2/include/git2/sys/filter.h => /opt/rustwide/target/debug/build/libgit2-sys-788bef0fae3f3c99/out/include/git2/sys/filter.h
[INFO] [stderr]   libgit2/include/git2/sys/merge.h => /opt/rustwide/target/debug/build/libgit2-sys-788bef0fae3f3c99/out/include/git2/sys/merge.h
[INFO] [stderr]   libgit2/include/git2/sys/config.h => /opt/rustwide/target/debug/build/libgit2-sys-788bef0fae3f3c99/out/include/git2/sys/config.h
[INFO] [stderr]   libgit2/include/git2/sys/stream.h => /opt/rustwide/target/debug/build/libgit2-sys-788bef0fae3f3c99/out/include/git2/sys/stream.h
[INFO] [stderr]   libgit2/include/git2/sys/credential.h => /opt/rustwide/target/debug/build/libgit2-sys-788bef0fae3f3c99/out/include/git2/sys/credential.h
[INFO] [stderr]   libgit2/include/git2/sys/diff.h => /opt/rustwide/target/debug/build/libgit2-sys-788bef0fae3f3c99/out/include/git2/sys/diff.h
[INFO] [stderr]   libgit2/include/git2/sys/refdb_backend.h => /opt/rustwide/target/debug/build/libgit2-sys-788bef0fae3f3c99/out/include/git2/sys/refdb_backend.h
[INFO] [stderr]   libgit2/include/git2/merge.h => /opt/rustwide/target/debug/build/libgit2-sys-788bef0fae3f3c99/out/include/git2/merge.h
[INFO] [stderr]   libgit2/include/git2/config.h => /opt/rustwide/target/debug/build/libgit2-sys-788bef0fae3f3c99/out/include/git2/config.h
[INFO] [stderr]   libgit2/include/git2/patch.h => /opt/rustwide/target/debug/build/libgit2-sys-788bef0fae3f3c99/out/include/git2/patch.h
[INFO] [stderr]   libgit2/include/git2/pathspec.h => /opt/rustwide/target/debug/build/libgit2-sys-788bef0fae3f3c99/out/include/git2/pathspec.h
[INFO] [stderr]   libgit2/include/git2/stash.h => /opt/rustwide/target/debug/build/libgit2-sys-788bef0fae3f3c99/out/include/git2/stash.h
[INFO] [stderr]   libgit2/include/git2/credential.h => /opt/rustwide/target/debug/build/libgit2-sys-788bef0fae3f3c99/out/include/git2/credential.h
[INFO] [stderr]   libgit2/include/git2/version.h => /opt/rustwide/target/debug/build/libgit2-sys-788bef0fae3f3c99/out/include/git2/version.h
[INFO] [stderr]   libgit2/include/git2/experimental.h => /opt/rustwide/target/debug/build/libgit2-sys-788bef0fae3f3c99/out/include/git2/experimental.h
[INFO] [stderr]   libgit2/include/git2/refspec.h => /opt/rustwide/target/debug/build/libgit2-sys-788bef0fae3f3c99/out/include/git2/refspec.h
[INFO] [stderr]   libgit2/include/git2/diff.h => /opt/rustwide/target/debug/build/libgit2-sys-788bef0fae3f3c99/out/include/git2/diff.h
[INFO] [stderr]   libgit2/include/git2/odb.h => /opt/rustwide/target/debug/build/libgit2-sys-788bef0fae3f3c99/out/include/git2/odb.h
[INFO] [stderr]   libgit2/include/git2/worktree.h => /opt/rustwide/target/debug/build/libgit2-sys-788bef0fae3f3c99/out/include/git2/worktree.h
[INFO] [stderr]   libgit2/include/git2/transaction.h => /opt/rustwide/target/debug/build/libgit2-sys-788bef0fae3f3c99/out/include/git2/transaction.h
[INFO] [stderr]   libgit2/include/git2/attr.h => /opt/rustwide/target/debug/build/libgit2-sys-788bef0fae3f3c99/out/include/git2/attr.h
[INFO] [stderr]   libgit2/include/git2/tree.h => /opt/rustwide/target/debug/build/libgit2-sys-788bef0fae3f3c99/out/include/git2/tree.h
[INFO] [stderr]   libgit2/include/git2/global.h => /opt/rustwide/target/debug/build/libgit2-sys-788bef0fae3f3c99/out/include/git2/global.h
[INFO] [stderr]   libgit2/include/git2/checkout.h => /opt/rustwide/target/debug/build/libgit2-sys-788bef0fae3f3c99/out/include/git2/checkout.h
[INFO] [stderr]   libgit2/include/git2/submodule.h => /opt/rustwide/target/debug/build/libgit2-sys-788bef0fae3f3c99/out/include/git2/submodule.h
[INFO] [stderr]   libgit2/include/git2/cred_helpers.h => /opt/rustwide/target/debug/build/libgit2-sys-788bef0fae3f3c99/out/include/git2/cred_helpers.h
[INFO] [stderr]   libgit2/include/git2/ignore.h => /opt/rustwide/target/debug/build/libgit2-sys-788bef0fae3f3c99/out/include/git2/ignore.h
[INFO] [stderr]   libgit2/include/git2/credential_helpers.h => /opt/rustwide/target/debug/build/libgit2-sys-788bef0fae3f3c99/out/include/git2/credential_helpers.h
[INFO] [stderr]   libgit2/include/git2/refdb.h => /opt/rustwide/target/debug/build/libgit2-sys-788bef0fae3f3c99/out/include/git2/refdb.h
[INFO] [stderr]   libgit2/include/git2/cert.h => /opt/rustwide/target/debug/build/libgit2-sys-788bef0fae3f3c99/out/include/git2/cert.h
[INFO] [stderr]   libgit2/include/git2/rebase.h => /opt/rustwide/target/debug/build/libgit2-sys-788bef0fae3f3c99/out/include/git2/rebase.h
[INFO] [stderr]   libgit2/include/git2/oid.h => /opt/rustwide/target/debug/build/libgit2-sys-788bef0fae3f3c99/out/include/git2/oid.h
[INFO] [stderr]   libgit2/include/git2/graph.h => /opt/rustwide/target/debug/build/libgit2-sys-788bef0fae3f3c99/out/include/git2/graph.h
[INFO] [stderr]   OPT_LEVEL = Some(0)
[INFO] [stderr]   TARGET = Some(x86_64-unknown-linux-gnu)
[INFO] [stderr]   HOST = Some(x86_64-unknown-linux-gnu)
[INFO] [stderr]   cargo:rerun-if-env-changed=CC_x86_64-unknown-linux-gnu
[INFO] [stderr]   CC_x86_64-unknown-linux-gnu = None
[INFO] [stderr]   cargo:rerun-if-env-changed=CC_x86_64_unknown_linux_gnu
[INFO] [stderr]   CC_x86_64_unknown_linux_gnu = None
[INFO] [stderr]   cargo:rerun-if-env-changed=HOST_CC
[INFO] [stderr]   HOST_CC = None
[INFO] [stderr]   cargo:rerun-if-env-changed=CC
[INFO] [stderr]   CC = None
[INFO] [stderr]   cargo:rerun-if-env-changed=CC_ENABLE_DEBUG_OUTPUT
[INFO] [stderr]   RUSTC_WRAPPER = None
[INFO] [stderr]   cargo:rerun-if-env-changed=CRATE_CC_NO_DEFAULTS
[INFO] [stderr]   CRATE_CC_NO_DEFAULTS = None
[INFO] [stderr]   DEBUG = Some(true)
[INFO] [stderr]   CARGO_CFG_TARGET_FEATURE = Some(fxsr,sse,sse2)
[INFO] [stderr]   cargo:rerun-if-env-changed=CFLAGS_x86_64-unknown-linux-gnu
[INFO] [stderr]   CFLAGS_x86_64-unknown-linux-gnu = None
[INFO] [stderr]   cargo:rerun-if-env-changed=CFLAGS_x86_64_unknown_linux_gnu
[INFO] [stderr]   CFLAGS_x86_64_unknown_linux_gnu = None
[INFO] [stderr]   cargo:rerun-if-env-changed=HOST_CFLAGS
[INFO] [stderr]   HOST_CFLAGS = None
[INFO] [stderr]   cargo:rerun-if-env-changed=CFLAGS
[INFO] [stderr]   CFLAGS = None
[INFO] [stderr]   CARGO_ENCODED_RUSTFLAGS = Some(--cap-lints=warn)
[INFO] [stderr]   exit status: 0
[INFO] [stderr]   exit status: 0
[INFO] [stderr]   exit status: 0
[INFO] [stderr]   exit status: 0
[INFO] [stderr]   exit status: 0
[INFO] [stderr]   exit status: 0
[INFO] [stderr]   exit status: 0
[INFO] [stderr]   exit status: 0
[INFO] [stderr]   exit status: 0
[INFO] [stderr]   exit status: 0
[INFO] [stderr]   exit status: 0
[INFO] [stderr]   exit status: 0
[INFO] [stderr]   exit status: 0
[INFO] [stderr]   exit status: 0
[INFO] [stderr]   exit status: 0
[INFO] [stderr]   exit status: 0
[INFO] [stderr]   exit status: 0
[INFO] [stderr]   exit status: 0
[INFO] [stderr]   exit status: 0
[INFO] [stderr]   exit status: 0
[INFO] [stderr]   exit status: 0
[INFO] [stderr]   exit status: 0
[INFO] [stderr]   exit status: 0
[INFO] [stderr]   exit status: 0
[INFO] [stderr]   exit status: 0
[INFO] [stderr]   exit status: 0
[INFO] [stderr]   exit status: 0
[INFO] [stderr]   exit status: 0
[INFO] [stderr]   exit status: 0
[INFO] [stderr]   exit status: 0
[INFO] [stderr]   exit status: 0
[INFO] [stderr]   exit status: 0
[INFO] [stderr]   exit status: 0
[INFO] [stderr]   exit status: 0
[INFO] [stderr]   exit status: 0
[INFO] [stderr]   exit status: 0
[INFO] [stderr]   exit status: 0
[INFO] [stderr]   exit status: 0
[INFO] [stderr]   exit status: 0
[INFO] [stderr]   exit status: 0
[INFO] [stderr]   exit status: 0
[INFO] [stderr]   exit status: 0
[INFO] [stderr]   exit status: 0
[INFO] [stderr]   exit status: 0
[INFO] [stderr]   exit status: 0
[INFO] [stderr]   exit status: 0
[INFO] [stderr]   exit status: 0
[INFO] [stderr]   exit status: 0
[INFO] [stderr]   exit status: 0
[INFO] [stderr]   exit status: 0
[INFO] [stderr]   exit status: 0
[INFO] [stderr]   exit status: 0
[INFO] [stderr]   exit status: 0
[INFO] [stderr]   exit status: 0
[INFO] [stderr]   exit status: 0
[INFO] [stderr]   exit status: 0
[INFO] [stderr]   cargo:warning=/tmp/ccCCCQqW.s: Assembler messages:
[INFO] [stderr]   cargo:warning=/tmp/ccCCCQqW.s: Fatal error: can't write 30 bytes to section .text.git_str_oom of /opt/rustwide/target/debug/build/libgit2-sys-788bef0fae3f3c99/out/build/43a19b30e9e69d8f-iterator.o: 'No space left on device'
[INFO] [stderr]   cargo:warning=/tmp/ccCCCQqW.s: Fatal error: /opt/rustwide/target/debug/build/libgit2-sys-788bef0fae3f3c99/out/build/43a19b30e9e69d8f-iterator.o: No space left on device
[INFO] [stderr]   exit status: 0
[INFO] [stderr]   exit status: 0
[INFO] [stderr]   exit status: 0
[INFO] [stderr]   exit status: 0
[INFO] [stderr]   exit status: 0
[INFO] [stderr]   exit status: 0
[INFO] [stderr]   exit status: 1
[INFO] [stderr]   cargo:warning=ToolExecError: Command LC_ALL="C" "cc" "-O0" "-ffunction-sections" "-fdata-sections" "-fPIC" "-gdwarf-4" "-fno-omit-frame-pointer" "-m64" "-I" "/opt/rustwide/target/debug/build/libgit2-sys-788bef0fae3f3c99/out/include" "-I" "libgit2/src/libgit2" "-I" "libgit2/src/util" "-I" "libgit2/deps/llhttp" "-I" "libgit2/deps/xdiff" "-I" "libgit2/deps/pcre" "-I" "/usr/include" "-fvisibility=hidden" "-DGIT_REGEX_BUILTIN=1" "-DHAVE_STDINT_H=1" "-DHAVE_MEMMOVE=1" "-DNO_RECURSE=1" "-DNEWLINE=10" "-DPOSIX_MALLOC_THRESHOLD=10" "-DLINK_SIZE=2" "-DPARENS_NEST_LIMIT=250" "-DMATCH_LIMIT=10000000" "-DMATCH_LIMIT_RECURSION=MATCH_LIMIT" "-DMAX_NAME_SIZE=32" "-DMAX_NAME_COUNT=10000" "-DSHA1DC_NO_STANDARD_INCLUDES=1" "-DSHA1DC_CUSTOM_INCLUDE_SHA1_C=\"common.h\"" "-DSHA1DC_CUSTOM_INCLUDE_UBC_CHECK_C=\"common.h\"" "-o" "/opt/rustwide/target/debug/build/libgit2-sys-788bef0fae3f3c99/out/build/43a19b30e9e69d8f-iterator.o" "-c" "libgit2/src/libgit2/iterator.c" with args cc did not execute successfully (status code exit status: 1).cargo:warning=libgit2/src/libgit2/parse.c:138:1: fatal error: error writing to /tmp/ccMSNlvM.s: No space left on device
[INFO] [stderr]   cargo:warning=  138 | }
[INFO] [stderr]   cargo:warning=      | ^
[INFO] [stderr]   cargo:warning=compilation terminated.
[INFO] [stderr] 
[INFO] [stderr]   exit status: 1
[INFO] [stderr]   cargo:warning=ToolExecError: Command LC_ALL="C" "cc" "-O0" "-ffunction-sections" "-fdata-sections" "-fPIC" "-gdwarf-4" "-fno-omit-frame-pointer" "-m64" "-I" "/opt/rustwide/target/debug/build/libgit2-sys-788bef0fae3f3c99/out/include" "-I" "libgit2/src/libgit2" "-I" "libgit2/src/util" "-I" "libgit2/deps/llhttp" "-I" "libgit2/deps/xdiff" "-I" "libgit2/deps/pcre" "-I" "/usr/include" "-fvisibility=hidden" "-DGIT_REGEX_BUILTIN=1" "-DHAVE_STDINT_H=1" "-DHAVE_MEMMOVE=1" "-DNO_RECURSE=1" "-DNEWLINE=10" "-DPOSIX_MALLOC_THRESHOLD=10" "-DLINK_SIZE=2" "-DPARENS_NEST_LIMIT=250" "-DMATCH_LIMIT=10000000" "-DMATCH_LIMIT_RECURSION=MATCH_LIMIT" "-DMAX_NAME_SIZE=32" "-DMAX_NAME_COUNT=10000" "-DSHA1DC_NO_STANDARD_INCLUDES=1" "-DSHA1DC_CUSTOM_INCLUDE_SHA1_C=\"common.h\"" "-DSHA1DC_CUSTOM_INCLUDE_UBC_CHECK_C=\"common.h\"" "-o" "/opt/rustwide/target/debug/build/libgit2-sys-788bef0fae3f3c99/out/build/43a19b30e9e69d8f-parse.o" "-c" "libgit2/src/libgit2/parse.c" with args cc did not execute successfully (status code exit status: 1).cargo:warning=libgit2/src/libgit2/index.c:3977:1: fatal error: error writing to /tmp/ccTJP9Qk.s: No space left on device
[INFO] [stderr]   cargo:warning= 3977 | }
[INFO] [stderr]   cargo:warning=      | ^
[INFO] [stderr]   cargo:warning=compilation terminated.
[INFO] [stderr] 
[INFO] [stderr]   exit status: 1
[INFO] [stderr]   cargo:warning=ToolExecError: Command LC_ALL="C" "cc" "-O0" "-ffunction-sections" "-fdata-sections" "-fPIC" "-gdwarf-4" "-fno-omit-frame-pointer" "-m64" "-I" "/opt/rustwide/target/debug/build/libgit2-sys-788bef0fae3f3c99/out/include" "-I" "libgit2/src/libgit2" "-I" "libgit2/src/util" "-I" "libgit2/deps/llhttp" "-I" "libgit2/deps/xdiff" "-I" "libgit2/deps/pcre" "-I" "/usr/include" "-fvisibility=hidden" "-DGIT_REGEX_BUILTIN=1" "-DHAVE_STDINT_H=1" "-DHAVE_MEMMOVE=1" "-DNO_RECURSE=1" "-DNEWLINE=10" "-DPOSIX_MALLOC_THRESHOLD=10" "-DLINK_SIZE=2" "-DPARENS_NEST_LIMIT=250" "-DMATCH_LIMIT=10000000" "-DMATCH_LIMIT_RECURSION=MATCH_LIMIT" "-DMAX_NAME_SIZE=32" "-DMAX_NAME_COUNT=10000" "-DSHA1DC_NO_STANDARD_INCLUDES=1" "-DSHA1DC_CUSTOM_INCLUDE_SHA1_C=\"common.h\"" "-DSHA1DC_CUSTOM_INCLUDE_UBC_CHECK_C=\"common.h\"" "-o" "/opt/rustwide/target/debug/build/libgit2-sys-788bef0fae3f3c99/out/build/43a19b30e9e69d8f-index.o" "-c" "libgit2/src/libgit2/index.c" with args cc did not execute successfully (status code exit status: 1).cargo:warning=libgit2/src/libgit2/pack.c:1665:1: fatal error: error writing to /tmp/cc1HENjw.s: No space left on device
[INFO] [stderr]   cargo:warning= 1665 | }
[INFO] [stderr]   cargo:warning=      | ^
[INFO] [stderr]   cargo:warning=compilation terminated.
[INFO] [stderr] 
[INFO] [stderr]   exit status: 0
[INFO] [stderr]   exit status: 0
[INFO] [stderr]   exit status: 0
[INFO] [stderr]   exit status: 0
[INFO] [stderr]   exit status: 0
[INFO] [stderr]   exit status: 1
[INFO] [stderr]   cargo:warning=ToolExecError: Command LC_ALL="C" "cc" "-O0" "-ffunction-sections" "-fdata-sections" "-fPIC" "-gdwarf-4" "-fno-omit-frame-pointer" "-m64" "-I" "/opt/rustwide/target/debug/build/libgit2-sys-788bef0fae3f3c99/out/include" "-I" "libgit2/src/libgit2" "-I" "libgit2/src/util" "-I" "libgit2/deps/llhttp" "-I" "libgit2/deps/xdiff" "-I" "libgit2/deps/pcre" "-I" "/usr/include" "-fvisibility=hidden" "-DGIT_REGEX_BUILTIN=1" "-DHAVE_STDINT_H=1" "-DHAVE_MEMMOVE=1" "-DNO_RECURSE=1" "-DNEWLINE=10" "-DPOSIX_MALLOC_THRESHOLD=10" "-DLINK_SIZE=2" "-DPARENS_NEST_LIMIT=250" "-DMATCH_LIMIT=10000000" "-DMATCH_LIMIT_RECURSION=MATCH_LIMIT" "-DMAX_NAME_SIZE=32" "-DMAX_NAME_COUNT=10000" "-DSHA1DC_NO_STANDARD_INCLUDES=1" "-DSHA1DC_CUSTOM_INCLUDE_SHA1_C=\"common.h\"" "-DSHA1DC_CUSTOM_INCLUDE_UBC_CHECK_C=\"common.h\"" "-o" "/opt/rustwide/target/debug/build/libgit2-sys-788bef0fae3f3c99/out/build/43a19b30e9e69d8f-pack.o" "-c" "libgit2/src/libgit2/pack.c" with args cc did not execute successfully (status code exit status: 1).
[INFO] [stderr]   exit status: 0
[INFO] [stderr]   exit status: 0
[INFO] [stderr]   exit status: 0
[INFO] [stderr]   exit status: 0
[INFO] [stderr]   exit status: 0
[INFO] [stderr]   exit status: 0
[INFO] [stderr]   exit status: 0
[INFO] [stderr]   exit status: 0
[INFO] [stderr]   cargo:warning=libgit2/src/libgit2/remote.c:3119:1: fatal error: error writing to /tmp/ccKyfXYc.s: No space left on device
[INFO] [stderr]   cargo:warning= 3119 | }
[INFO] [stderr]   cargo:warning=      | ^
[INFO] [stderr]   cargo:warning=compilation terminated.
[INFO] [stderr]   cargo:warning=libgit2/src/libgit2/reset.c:204:1: fatal error: error writing to /tmp/cc9N2TXN.s: No space left on device
[INFO] [stderr]   cargo:warning=  204 | }
[INFO] [stderr]   cargo:warning=      | ^
[INFO] [stderr]   cargo:warning=compilation terminated.
[INFO] [stderr]   exit status: 0
[INFO] [stderr]   exit status: 0
[INFO] [stderr]   exit status: 0
[INFO] [stderr]   exit status: 0
[INFO] [stderr]   exit status: 0
[INFO] [stderr]   exit status: 0
[INFO] [stderr]   exit status: 1
[INFO] [stderr]   cargo:warning=ToolExecError: Command LC_ALL="C" "cc" "-O0" "-ffunction-sections" "-fdata-sections" "-fPIC" "-gdwarf-4" "-fno-omit-frame-pointer" "-m64" "-I" "/opt/rustwide/target/debug/build/libgit2-sys-788bef0fae3f3c99/out/include" "-I" "libgit2/src/libgit2" "-I" "libgit2/src/util" "-I" "libgit2/deps/llhttp" "-I" "libgit2/deps/xdiff" "-I" "libgit2/deps/pcre" "-I" "/usr/include" "-fvisibility=hidden" "-DGIT_REGEX_BUILTIN=1" "-DHAVE_STDINT_H=1" "-DHAVE_MEMMOVE=1" "-DNO_RECURSE=1" "-DNEWLINE=10" "-DPOSIX_MALLOC_THRESHOLD=10" "-DLINK_SIZE=2" "-DPARENS_NEST_LIMIT=250" "-DMATCH_LIMIT=10000000" "-DMATCH_LIMIT_RECURSION=MATCH_LIMIT" "-DMAX_NAME_SIZE=32" "-DMAX_NAME_COUNT=10000" "-DSHA1DC_NO_STANDARD_INCLUDES=1" "-DSHA1DC_CUSTOM_INCLUDE_SHA1_C=\"common.h\"" "-DSHA1DC_CUSTOM_INCLUDE_UBC_CHECK_C=\"common.h\"" "-o" "/opt/rustwide/target/debug/build/libgit2-sys-788bef0fae3f3c99/out/build/43a19b30e9e69d8f-reset.o" "-c" "libgit2/src/libgit2/reset.c" with args cc did not execute successfully (status code exit status: 1).cargo:warning=libgit2/src/libgit2/revparse.c:968:1: fatal error: error writing to /tmp/ccLcU5d0.s: No space left on device
[INFO] [stderr]   cargo:warning=  968 | }
[INFO] [stderr]   cargo:warning=      | ^
[INFO] [stderr]   cargo:warning=compilation terminated.
[INFO] [stderr] 
[INFO] [stderr]   exit status: 0
[INFO] [stderr]   exit status: 1
[INFO] [stderr]   cargo:warning=ToolExecError: Command LC_ALL="C" "cc" "-O0" "-ffunction-sections" "-fdata-sections" "-fPIC" "-gdwarf-4" "-fno-omit-frame-pointer" "-m64" "-I" "/opt/rustwide/target/debug/build/libgit2-sys-788bef0fae3f3c99/out/include" "-I" "libgit2/src/libgit2" "-I" "libgit2/src/util" "-I" "libgit2/deps/llhttp" "-I" "libgit2/deps/xdiff" "-I" "libgit2/deps/pcre" "-I" "/usr/include" "-fvisibility=hidden" "-DGIT_REGEX_BUILTIN=1" "-DHAVE_STDINT_H=1" "-DHAVE_MEMMOVE=1" "-DNO_RECURSE=1" "-DNEWLINE=10" "-DPOSIX_MALLOC_THRESHOLD=10" "-DLINK_SIZE=2" "-DPARENS_NEST_LIMIT=250" "-DMATCH_LIMIT=10000000" "-DMATCH_LIMIT_RECURSION=MATCH_LIMIT" "-DMAX_NAME_SIZE=32" "-DMAX_NAME_COUNT=10000" "-DSHA1DC_NO_STANDARD_INCLUDES=1" "-DSHA1DC_CUSTOM_INCLUDE_SHA1_C=\"common.h\"" "-DSHA1DC_CUSTOM_INCLUDE_UBC_CHECK_C=\"common.h\"" "-o" "/opt/rustwide/target/debug/build/libgit2-sys-788bef0fae3f3c99/out/build/43a19b30e9e69d8f-revparse.o" "-c" "libgit2/src/libgit2/revparse.c" with args cc did not execute successfully (status code exit status: 1).cargo:warning=libgit2/src/libgit2/revwalk.c:845:1: fatal error: error writing to /tmp/ccVQZh2S.s: No space left on device
[INFO] [stderr]   cargo:warning=  845 | }
[INFO] [stderr]   cargo:warning=      | ^
[INFO] [stderr]   cargo:warning=compilation terminated.
[INFO] [stderr] 
[INFO] [stderr]   exit status: 1
[INFO] [stderr]   cargo:warning=ToolExecError: Command LC_ALL="C" "cc" "-O0" "-ffunction-sections" "-fdata-sections" "-fPIC" "-gdwarf-4" "-fno-omit-frame-pointer" "-m64" "-I" "/opt/rustwide/target/debug/build/libgit2-sys-788bef0fae3f3c99/out/include" "-I" "libgit2/src/libgit2" "-I" "libgit2/src/util" "-I" "libgit2/deps/llhttp" "-I" "libgit2/deps/xdiff" "-I" "libgit2/deps/pcre" "-I" "/usr/include" "-fvisibility=hidden" "-DGIT_REGEX_BUILTIN=1" "-DHAVE_STDINT_H=1" "-DHAVE_MEMMOVE=1" "-DNO_RECURSE=1" "-DNEWLINE=10" "-DPOSIX_MALLOC_THRESHOLD=10" "-DLINK_SIZE=2" "-DPARENS_NEST_LIMIT=250" "-DMATCH_LIMIT=10000000" "-DMATCH_LIMIT_RECURSION=MATCH_LIMIT" "-DMAX_NAME_SIZE=32" "-DMAX_NAME_COUNT=10000" "-DSHA1DC_NO_STANDARD_INCLUDES=1" "-DSHA1DC_CUSTOM_INCLUDE_SHA1_C=\"common.h\"" "-DSHA1DC_CUSTOM_INCLUDE_UBC_CHECK_C=\"common.h\"" "-o" "/opt/rustwide/target/debug/build/libgit2-sys-788bef0fae3f3c99/out/build/43a19b30e9e69d8f-revwalk.o" "-c" "libgit2/src/libgit2/revwalk.c" with args cc did not execute successfully (status code exit status: 1).
[INFO] [stderr]   exit status: 1
[INFO] [stderr]   cargo:warning=ToolExecError: Command LC_ALL="C" "cc" "-O0" "-ffunction-sections" "-fdata-sections" "-fPIC" "-gdwarf-4" "-fno-omit-frame-pointer" "-m64" "-I" "/opt/rustwide/target/debug/build/libgit2-sys-788bef0fae3f3c99/out/include" "-I" "libgit2/src/libgit2" "-I" "libgit2/src/util" "-I" "libgit2/deps/llhttp" "-I" "libgit2/deps/xdiff" "-I" "libgit2/deps/pcre" "-I" "/usr/include" "-fvisibility=hidden" "-DGIT_REGEX_BUILTIN=1" "-DHAVE_STDINT_H=1" "-DHAVE_MEMMOVE=1" "-DNO_RECURSE=1" "-DNEWLINE=10" "-DPOSIX_MALLOC_THRESHOLD=10" "-DLINK_SIZE=2" "-DPARENS_NEST_LIMIT=250" "-DMATCH_LIMIT=10000000" "-DMATCH_LIMIT_RECURSION=MATCH_LIMIT" "-DMAX_NAME_SIZE=32" "-DMAX_NAME_COUNT=10000" "-DSHA1DC_NO_STANDARD_INCLUDES=1" "-DSHA1DC_CUSTOM_INCLUDE_SHA1_C=\"common.h\"" "-DSHA1DC_CUSTOM_INCLUDE_UBC_CHECK_C=\"common.h\"" "-o" "/opt/rustwide/target/debug/build/libgit2-sys-788bef0fae3f3c99/out/build/43a19b30e9e69d8f-remote.o" "-c" "libgit2/src/libgit2/remote.c" with args cc did not execute successfully (status code exit status: 1).cargo:warning=libgit2/src/libgit2/repository.c:4011:1: fatal error: error writing to /tmp/ccQcV3x0.s: No space left on device
[INFO] [stderr]   cargo:warning= 4011 | }
[INFO] [stderr]   cargo:warning=      | ^
[INFO] [stderr]   cargo:warning=compilation terminated.
[INFO] [stderr] 
[INFO] [stderr]   exit status: 1
[INFO] [stderr]   cargo:warning=ToolExecError: Command LC_ALL="C" "cc" "-O0" "-ffunction-sections" "-fdata-sections" "-fPIC" "-gdwarf-4" "-fno-omit-frame-pointer" "-m64" "-I" "/opt/rustwide/target/debug/build/libgit2-sys-788bef0fae3f3c99/out/include" "-I" "libgit2/src/libgit2" "-I" "libgit2/src/util" "-I" "libgit2/deps/llhttp" "-I" "libgit2/deps/xdiff" "-I" "libgit2/deps/pcre" "-I" "/usr/include" "-fvisibility=hidden" "-DGIT_REGEX_BUILTIN=1" "-DHAVE_STDINT_H=1" "-DHAVE_MEMMOVE=1" "-DNO_RECURSE=1" "-DNEWLINE=10" "-DPOSIX_MALLOC_THRESHOLD=10" "-DLINK_SIZE=2" "-DPARENS_NEST_LIMIT=250" "-DMATCH_LIMIT=10000000" "-DMATCH_LIMIT_RECURSION=MATCH_LIMIT" "-DMAX_NAME_SIZE=32" "-DMAX_NAME_COUNT=10000" "-DSHA1DC_NO_STANDARD_INCLUDES=1" "-DSHA1DC_CUSTOM_INCLUDE_SHA1_C=\"common.h\"" "-DSHA1DC_CUSTOM_INCLUDE_UBC_CHECK_C=\"common.h\"" "-o" "/opt/rustwide/target/debug/build/libgit2-sys-788bef0fae3f3c99/out/build/43a19b30e9e69d8f-repository.o" "-c" "libgit2/src/libgit2/repository.c" with args cc did not execute successfully (status code exit status: 1).cargo:warning=/tmp/ccelkZoH.s: Assembler messages:
[INFO] [stderr]   cargo:warning=/tmp/ccelkZoH.s: Fatal error: can't write 256 bytes to section .data.from_hex of /opt/rustwide/target/debug/build/libgit2-sys-788bef0fae3f3c99/out/build/43a19b30e9e69d8f-settings.o: 'No space left on device'
[INFO] [stderr]   cargo:warning=/tmp/ccelkZoH.s: Fatal error: /opt/rustwide/target/debug/build/libgit2-sys-788bef0fae3f3c99/out/build/43a19b30e9e69d8f-settings.o: No space left on device
[INFO] [stderr] 
[INFO] [stderr]   exit status: 0
[INFO] [stderr]   exit status: 1
[INFO] [stderr]   cargo:warning=ToolExecError: Command LC_ALL="C" "cc" "-O0" "-ffunction-sections" "-fdata-sections" "-fPIC" "-gdwarf-4" "-fno-omit-frame-pointer" "-m64" "-I" "/opt/rustwide/target/debug/build/libgit2-sys-788bef0fae3f3c99/out/include" "-I" "libgit2/src/libgit2" "-I" "libgit2/src/util" "-I" "libgit2/deps/llhttp" "-I" "libgit2/deps/xdiff" "-I" "libgit2/deps/pcre" "-I" "/usr/include" "-fvisibility=hidden" "-DGIT_REGEX_BUILTIN=1" "-DHAVE_STDINT_H=1" "-DHAVE_MEMMOVE=1" "-DNO_RECURSE=1" "-DNEWLINE=10" "-DPOSIX_MALLOC_THRESHOLD=10" "-DLINK_SIZE=2" "-DPARENS_NEST_LIMIT=250" "-DMATCH_LIMIT=10000000" "-DMATCH_LIMIT_RECURSION=MATCH_LIMIT" "-DMAX_NAME_SIZE=32" "-DMAX_NAME_COUNT=10000" "-DSHA1DC_NO_STANDARD_INCLUDES=1" "-DSHA1DC_CUSTOM_INCLUDE_SHA1_C=\"common.h\"" "-DSHA1DC_CUSTOM_INCLUDE_UBC_CHECK_C=\"common.h\"" "-o" "/opt/rustwide/target/debug/build/libgit2-sys-788bef0fae3f3c99/out/build/43a19b30e9e69d8f-settings.o" "-c" "libgit2/src/libgit2/settings.c" with args cc did not execute successfully (status code exit status: 1).cargo:warning=/tmp/ccZcZg6f.s: Assembler messages:
[INFO] [stderr]   cargo:warning=/tmp/ccZcZg6f.s: Fatal error: can't write 22 bytes to section .text.git__memrchr of /opt/rustwide/target/debug/build/libgit2-sys-788bef0fae3f3c99/out/build/43a19b30e9e69d8f-signature.o: 'No space left on device'
[INFO] [stderr]   cargo:warning=/tmp/ccZcZg6f.s: Fatal error: /opt/rustwide/target/debug/build/libgit2-sys-788bef0fae3f3c99/out/build/43a19b30e9e69d8f-signature.o: No space left on device
[INFO] [stderr] 
[INFO] [stderr]   exit status: 1
[INFO] [stderr]   cargo:warning=ToolExecError: Command LC_ALL="C" "cc" "-O0" "-ffunction-sections" "-fdata-sections" "-fPIC" "-gdwarf-4" "-fno-omit-frame-pointer" "-m64" "-I" "/opt/rustwide/target/debug/build/libgit2-sys-788bef0fae3f3c99/out/include" "-I" "libgit2/src/libgit2" "-I" "libgit2/src/util" "-I" "libgit2/deps/llhttp" "-I" "libgit2/deps/xdiff" "-I" "libgit2/deps/pcre" "-I" "/usr/include" "-fvisibility=hidden" "-DGIT_REGEX_BUILTIN=1" "-DHAVE_STDINT_H=1" "-DHAVE_MEMMOVE=1" "-DNO_RECURSE=1" "-DNEWLINE=10" "-DPOSIX_MALLOC_THRESHOLD=10" "-DLINK_SIZE=2" "-DPARENS_NEST_LIMIT=250" "-DMATCH_LIMIT=10000000" "-DMATCH_LIMIT_RECURSION=MATCH_LIMIT" "-DMAX_NAME_SIZE=32" "-DMAX_NAME_COUNT=10000" "-DSHA1DC_NO_STANDARD_INCLUDES=1" "-DSHA1DC_CUSTOM_INCLUDE_SHA1_C=\"common.h\"" "-DSHA1DC_CUSTOM_INCLUDE_UBC_CHECK_C=\"common.h\"" "-o" "/opt/rustwide/target/debug/build/libgit2-sys-788bef0fae3f3c99/out/build/43a19b30e9e69d8f-signature.o" "-c" "libgit2/src/libgit2/signature.c" with args cc did not execute successfully (status code exit status: 1).cargo:warning=libgit2/src/libgit2/stash.c:1286:1: fatal error: error writing to /tmp/ccJEIXBz.s: No space left on device
[INFO] [stderr]   cargo:warning= 1286 | }
[INFO] [stderr]   cargo:warning=      | ^
[INFO] [stderr]   cargo:warning=compilation terminated.
[INFO] [stderr]   cargo:warning=/tmp/ccnSD9Be.s: Assembler messages:
[INFO] [stderr]   cargo:warning=/tmp/ccnSD9Be.s: Fatal error: can't write 30 bytes to section .text.git_str_oom of /opt/rustwide/target/debug/build/libgit2-sys-788bef0fae3f3c99/out/build/43a19b30e9e69d8f-sysdir.o: 'No space left on device'
[INFO] [stderr]   cargo:warning=/tmp/ccnSD9Be.s: Fatal error: /opt/rustwide/target/debug/build/libgit2-sys-788bef0fae3f3c99/out/build/43a19b30e9e69d8f-sysdir.o: No space left on device
[INFO] [stderr] 
[INFO] [stderr]   exit status: 0
[INFO] [stderr]   exit status: 1
[INFO] [stderr]   cargo:warning=ToolExecError: Command LC_ALL="C" "cc" "-O0" "-ffunction-sections" "-fdata-sections" "-fPIC" "-gdwarf-4" "-fno-omit-frame-pointer" "-m64" "-I" "/opt/rustwide/target/debug/build/libgit2-sys-788bef0fae3f3c99/out/include" "-I" "libgit2/src/libgit2" "-I" "libgit2/src/util" "-I" "libgit2/deps/llhttp" "-I" "libgit2/deps/xdiff" "-I" "libgit2/deps/pcre" "-I" "/usr/include" "-fvisibility=hidden" "-DGIT_REGEX_BUILTIN=1" "-DHAVE_STDINT_H=1" "-DHAVE_MEMMOVE=1" "-DNO_RECURSE=1" "-DNEWLINE=10" "-DPOSIX_MALLOC_THRESHOLD=10" "-DLINK_SIZE=2" "-DPARENS_NEST_LIMIT=250" "-DMATCH_LIMIT=10000000" "-DMATCH_LIMIT_RECURSION=MATCH_LIMIT" "-DMAX_NAME_SIZE=32" "-DMAX_NAME_COUNT=10000" "-DSHA1DC_NO_STANDARD_INCLUDES=1" "-DSHA1DC_CUSTOM_INCLUDE_SHA1_C=\"common.h\"" "-DSHA1DC_CUSTOM_INCLUDE_UBC_CHECK_C=\"common.h\"" "-o" "/opt/rustwide/target/debug/build/libgit2-sys-788bef0fae3f3c99/out/build/43a19b30e9e69d8f-sysdir.o" "-c" "libgit2/src/libgit2/sysdir.c" with args cc did not execute successfully (status code exit status: 1).cargo:warning=libgit2/src/libgit2/tag.c:598:1: fatal error: error writing to /tmp/ccCC11lS.s: No space left on device
[INFO] [stderr]   cargo:warning=  598 | }
[INFO] [stderr]   cargo:warning=      | ^
[INFO] [stderr]   cargo:warning=compilation terminated.
[INFO] [stderr] 
[INFO] [stderr]   exit status: 1
[INFO] [stderr]   cargo:warning=ToolExecError: Command LC_ALL="C" "cc" "-O0" "-ffunction-sections" "-fdata-sections" "-fPIC" "-gdwarf-4" "-fno-omit-frame-pointer" "-m64" "-I" "/opt/rustwide/target/debug/build/libgit2-sys-788bef0fae3f3c99/out/include" "-I" "libgit2/src/libgit2" "-I" "libgit2/src/util" "-I" "libgit2/deps/llhttp" "-I" "libgit2/deps/xdiff" "-I" "libgit2/deps/pcre" "-I" "/usr/include" "-fvisibility=hidden" "-DGIT_REGEX_BUILTIN=1" "-DHAVE_STDINT_H=1" "-DHAVE_MEMMOVE=1" "-DNO_RECURSE=1" "-DNEWLINE=10" "-DPOSIX_MALLOC_THRESHOLD=10" "-DLINK_SIZE=2" "-DPARENS_NEST_LIMIT=250" "-DMATCH_LIMIT=10000000" "-DMATCH_LIMIT_RECURSION=MATCH_LIMIT" "-DMAX_NAME_SIZE=32" "-DMAX_NAME_COUNT=10000" "-DSHA1DC_NO_STANDARD_INCLUDES=1" "-DSHA1DC_CUSTOM_INCLUDE_SHA1_C=\"common.h\"" "-DSHA1DC_CUSTOM_INCLUDE_UBC_CHECK_C=\"common.h\"" "-o" "/opt/rustwide/target/debug/build/libgit2-sys-788bef0fae3f3c99/out/build/43a19b30e9e69d8f-tag.o" "-c" "libgit2/src/libgit2/tag.c" with args cc did not execute successfully (status code exit status: 1).cargo:warning=libgit2/src/libgit2/trace.c:25:1: fatal error: error writing to /tmp/ccEpGNIr.s: No space left on device
[INFO] [stderr]   cargo:warning=   25 | }
[INFO] [stderr]   cargo:warning=      | ^
[INFO] [stderr]   cargo:warning=compilation terminated.
[INFO] [stderr] 
[INFO] [stderr]   exit status: 1
[INFO] [stderr]   cargo:warning=ToolExecError: Command LC_ALL="C" "cc" "-O0" "-ffunction-sections" "-fdata-sections" "-fPIC" "-gdwarf-4" "-fno-omit-frame-pointer" "-m64" "-I" "/opt/rustwide/target/debug/build/libgit2-sys-788bef0fae3f3c99/out/include" "-I" "libgit2/src/libgit2" "-I" "libgit2/src/util" "-I" "libgit2/deps/llhttp" "-I" "libgit2/deps/xdiff" "-I" "libgit2/deps/pcre" "-I" "/usr/include" "-fvisibility=hidden" "-DGIT_REGEX_BUILTIN=1" "-DHAVE_STDINT_H=1" "-DHAVE_MEMMOVE=1" "-DNO_RECURSE=1" "-DNEWLINE=10" "-DPOSIX_MALLOC_THRESHOLD=10" "-DLINK_SIZE=2" "-DPARENS_NEST_LIMIT=250" "-DMATCH_LIMIT=10000000" "-DMATCH_LIMIT_RECURSION=MATCH_LIMIT" "-DMAX_NAME_SIZE=32" "-DMAX_NAME_COUNT=10000" "-DSHA1DC_NO_STANDARD_INCLUDES=1" "-DSHA1DC_CUSTOM_INCLUDE_SHA1_C=\"common.h\"" "-DSHA1DC_CUSTOM_INCLUDE_UBC_CHECK_C=\"common.h\"" "-o" "/opt/rustwide/target/debug/build/libgit2-sys-788bef0fae3f3c99/out/build/43a19b30e9e69d8f-trace.o" "-c" "libgit2/src/libgit2/trace.c" with args cc did not execute successfully (status code exit status: 1).cargo:warning=libgit2/src/libgit2/trailer.c:430:1: fatal error: error writing to /tmp/ccEpRLZg.s: No space left on device
[INFO] [stderr]   cargo:warning=  430 | }
[INFO] [stderr]   cargo:warning=      | ^
[INFO] [stderr]   cargo:warning=compilation terminated.
[INFO] [stderr] 
[INFO] [stderr]   exit status: 1
[INFO] [stderr]   cargo:warning=ToolExecError: Command LC_ALL="C" "cc" "-O0" "-ffunction-sections" "-fdata-sections" "-fPIC" "-gdwarf-4" "-fno-omit-frame-pointer" "-m64" "-I" "/opt/rustwide/target/debug/build/libgit2-sys-788bef0fae3f3c99/out/include" "-I" "libgit2/src/libgit2" "-I" "libgit2/src/util" "-I" "libgit2/deps/llhttp" "-I" "libgit2/deps/xdiff" "-I" "libgit2/deps/pcre" "-I" "/usr/include" "-fvisibility=hidden" "-DGIT_REGEX_BUILTIN=1" "-DHAVE_STDINT_H=1" "-DHAVE_MEMMOVE=1" "-DNO_RECURSE=1" "-DNEWLINE=10" "-DPOSIX_MALLOC_THRESHOLD=10" "-DLINK_SIZE=2" "-DPARENS_NEST_LIMIT=250" "-DMATCH_LIMIT=10000000" "-DMATCH_LIMIT_RECURSION=MATCH_LIMIT" "-DMAX_NAME_SIZE=32" "-DMAX_NAME_COUNT=10000" "-DSHA1DC_NO_STANDARD_INCLUDES=1" "-DSHA1DC_CUSTOM_INCLUDE_SHA1_C=\"common.h\"" "-DSHA1DC_CUSTOM_INCLUDE_UBC_CHECK_C=\"common.h\"" "-o" "/opt/rustwide/target/debug/build/libgit2-sys-788bef0fae3f3c99/out/build/43a19b30e9e69d8f-trailer.o" "-c" "libgit2/src/libgit2/trailer.c" with args cc did not execute successfully (status code exit status: 1).
[INFO] [stderr]   exit status: 1
[INFO] [stderr]   cargo:warning=ToolExecError: Command LC_ALL="C" "cc" "-O0" "-ffunction-sections" "-fdata-sections" "-fPIC" "-gdwarf-4" "-fno-omit-frame-pointer" "-m64" "-I" "/opt/rustwide/target/debug/build/libgit2-sys-788bef0fae3f3c99/out/include" "-I" "libgit2/src/libgit2" "-I" "libgit2/src/util" "-I" "libgit2/deps/llhttp" "-I" "libgit2/deps/xdiff" "-I" "libgit2/deps/pcre" "-I" "/usr/include" "-fvisibility=hidden" "-DGIT_REGEX_BUILTIN=1" "-DHAVE_STDINT_H=1" "-DHAVE_MEMMOVE=1" "-DNO_RECURSE=1" "-DNEWLINE=10" "-DPOSIX_MALLOC_THRESHOLD=10" "-DLINK_SIZE=2" "-DPARENS_NEST_LIMIT=250" "-DMATCH_LIMIT=10000000" "-DMATCH_LIMIT_RECURSION=MATCH_LIMIT" "-DMAX_NAME_SIZE=32" "-DMAX_NAME_COUNT=10000" "-DSHA1DC_NO_STANDARD_INCLUDES=1" "-DSHA1DC_CUSTOM_INCLUDE_SHA1_C=\"common.h\"" "-DSHA1DC_CUSTOM_INCLUDE_UBC_CHECK_C=\"common.h\"" "-o" "/opt/rustwide/target/debug/build/libgit2-sys-788bef0fae3f3c99/out/build/43a19b30e9e69d8f-stash.o" "-c" "libgit2/src/libgit2/stash.c" with args cc did not execute successfully (status code exit status: 1).cargo:warning=libgit2/src/libgit2/transaction.c:400:1: fatal error: error writing to /tmp/ccD9BB9S.s: No space left on device
[INFO] [stderr]   cargo:warning=  400 | }
[INFO] [stderr]   cargo:warning=      | ^
[INFO] [stderr]   cargo:warning=compilation terminated.
[INFO] [stderr]   cargo:warning=libgit2/src/libgit2/submodule.c:2384:1: fatal error: error writing to /tmp/ccLSoxep.s: No space left on device
[INFO] [stderr]   cargo:warning= 2384 | }
[INFO] [stderr]   cargo:warning=      | ^
[INFO] [stderr]   cargo:warning=compilation terminated.
[INFO] [stderr] 
[INFO] [stderr]   exit status: 0
[INFO] [stderr]   exit status: 1
[INFO] [stderr]   cargo:warning=ToolExecError: Command LC_ALL="C" "cc" "-O0" "-ffunction-sections" "-fdata-sections" "-fPIC" "-gdwarf-4" "-fno-omit-frame-pointer" "-m64" "-I" "/opt/rustwide/target/debug/build/libgit2-sys-788bef0fae3f3c99/out/include" "-I" "libgit2/src/libgit2" "-I" "libgit2/src/util" "-I" "libgit2/deps/llhttp" "-I" "libgit2/deps/xdiff" "-I" "libgit2/deps/pcre" "-I" "/usr/include" "-fvisibility=hidden" "-DGIT_REGEX_BUILTIN=1" "-DHAVE_STDINT_H=1" "-DHAVE_MEMMOVE=1" "-DNO_RECURSE=1" "-DNEWLINE=10" "-DPOSIX_MALLOC_THRESHOLD=10" "-DLINK_SIZE=2" "-DPARENS_NEST_LIMIT=250" "-DMATCH_LIMIT=10000000" "-DMATCH_LIMIT_RECURSION=MATCH_LIMIT" "-DMAX_NAME_SIZE=32" "-DMAX_NAME_COUNT=10000" "-DSHA1DC_NO_STANDARD_INCLUDES=1" "-DSHA1DC_CUSTOM_INCLUDE_SHA1_C=\"common.h\"" "-DSHA1DC_CUSTOM_INCLUDE_UBC_CHECK_C=\"common.h\"" "-o" "/opt/rustwide/target/debug/build/libgit2-sys-788bef0fae3f3c99/out/build/43a19b30e9e69d8f-submodule.o" "-c" "libgit2/src/libgit2/submodule.c" with args cc did not execute successfully (status code exit status: 1).
[INFO] [stderr]   exit status: 1
[INFO] [stderr]   cargo:warning=ToolExecError: Command LC_ALL="C" "cc" "-O0" "-ffunction-sections" "-fdata-sections" "-fPIC" "-gdwarf-4" "-fno-omit-frame-pointer" "-m64" "-I" "/opt/rustwide/target/debug/build/libgit2-sys-788bef0fae3f3c99/out/include" "-I" "libgit2/src/libgit2" "-I" "libgit2/src/util" "-I" "libgit2/deps/llhttp" "-I" "libgit2/deps/xdiff" "-I" "libgit2/deps/pcre" "-I" "/usr/include" "-fvisibility=hidden" "-DGIT_REGEX_BUILTIN=1" "-DHAVE_STDINT_H=1" "-DHAVE_MEMMOVE=1" "-DNO_RECURSE=1" "-DNEWLINE=10" "-DPOSIX_MALLOC_THRESHOLD=10" "-DLINK_SIZE=2" "-DPARENS_NEST_LIMIT=250" "-DMATCH_LIMIT=10000000" "-DMATCH_LIMIT_RECURSION=MATCH_LIMIT" "-DMAX_NAME_SIZE=32" "-DMAX_NAME_COUNT=10000" "-DSHA1DC_NO_STANDARD_INCLUDES=1" "-DSHA1DC_CUSTOM_INCLUDE_SHA1_C=\"common.h\"" "-DSHA1DC_CUSTOM_INCLUDE_UBC_CHECK_C=\"common.h\"" "-o" "/opt/rustwide/target/debug/build/libgit2-sys-788bef0fae3f3c99/out/build/43a19b30e9e69d8f-transaction.o" "-c" "libgit2/src/libgit2/transaction.c" with args cc did not execute successfully (status code exit status: 1).cargo:warning=libgit2/src/libgit2/tree.c:1328:1: fatal error: error writing to /tmp/cc4KqbHQ.s: No space left on device
[INFO] [stderr]   cargo:warning= 1328 | }
[INFO] [stderr]   cargo:warning=      | ^
[INFO] [stderr]   cargo:warning=compilation terminated.
[INFO] [stderr]   cargo:warning=libgit2/src/util/date.c:898:1: fatal error: error writing to /tmp/ccxlIY8N.s: No space left on device
[INFO] [stderr]   cargo:warning=  898 | }
[INFO] [stderr]   cargo:warning=      | ^
[INFO] [stderr]   cargo:warning=compilation terminated.
[INFO] [stderr] 
[INFO] [stderr]   exit status: 0
[INFO] [stderr]   exit status: 0
[INFO] [stderr]   exit status: 0
[INFO] [stderr]   exit status: 1
[INFO] [stderr]   cargo:warning=ToolExecError: Command LC_ALL="C" "cc" "-O0" "-ffunction-sections" "-fdata-sections" "-fPIC" "-gdwarf-4" "-fno-omit-frame-pointer" "-m64" "-I" "/opt/rustwide/target/debug/build/libgit2-sys-788bef0fae3f3c99/out/include" "-I" "libgit2/src/libgit2" "-I" "libgit2/src/util" "-I" "libgit2/deps/llhttp" "-I" "libgit2/deps/xdiff" "-I" "libgit2/deps/pcre" "-I" "/usr/include" "-fvisibility=hidden" "-DGIT_REGEX_BUILTIN=1" "-DHAVE_STDINT_H=1" "-DHAVE_MEMMOVE=1" "-DNO_RECURSE=1" "-DNEWLINE=10" "-DPOSIX_MALLOC_THRESHOLD=10" "-DLINK_SIZE=2" "-DPARENS_NEST_LIMIT=250" "-DMATCH_LIMIT=10000000" "-DMATCH_LIMIT_RECURSION=MATCH_LIMIT" "-DMAX_NAME_SIZE=32" "-DMAX_NAME_COUNT=10000" "-DSHA1DC_NO_STANDARD_INCLUDES=1" "-DSHA1DC_CUSTOM_INCLUDE_SHA1_C=\"common.h\"" "-DSHA1DC_CUSTOM_INCLUDE_UBC_CHECK_C=\"common.h\"" "-o" "/opt/rustwide/target/debug/build/libgit2-sys-788bef0fae3f3c99/out/build/f6e81ea219c0b9f3-date.o" "-c" "libgit2/src/util/date.c" with args cc did not execute successfully (status code exit status: 1).cargo:warning=libgit2/src/util/filebuf.c:600:1: fatal error: error writing to /tmp/cctIoc5y.s: No space left on device
[INFO] [stderr]   cargo:warning=  600 | }
[INFO] [stderr]   cargo:warning=      | ^
[INFO] [stderr]   cargo:warning=compilation terminated.
[INFO] [stderr] 
[INFO] [stderr]   exit status: 0
[INFO] [stderr]   exit status: 1
[INFO] [stderr]   cargo:warning=ToolExecError: Command LC_ALL="C" "cc" "-O0" "-ffunction-sections" "-fdata-sections" "-fPIC" "-gdwarf-4" "-fno-omit-frame-pointer" "-m64" "-I" "/opt/rustwide/target/debug/build/libgit2-sys-788bef0fae3f3c99/out/include" "-I" "libgit2/src/libgit2" "-I" "libgit2/src/util" "-I" "libgit2/deps/llhttp" "-I" "libgit2/deps/xdiff" "-I" "libgit2/deps/pcre" "-I" "/usr/include" "-fvisibility=hidden" "-DGIT_REGEX_BUILTIN=1" "-DHAVE_STDINT_H=1" "-DHAVE_MEMMOVE=1" "-DNO_RECURSE=1" "-DNEWLINE=10" "-DPOSIX_MALLOC_THRESHOLD=10" "-DLINK_SIZE=2" "-DPARENS_NEST_LIMIT=250" "-DMATCH_LIMIT=10000000" "-DMATCH_LIMIT_RECURSION=MATCH_LIMIT" "-DMAX_NAME_SIZE=32" "-DMAX_NAME_COUNT=10000" "-DSHA1DC_NO_STANDARD_INCLUDES=1" "-DSHA1DC_CUSTOM_INCLUDE_SHA1_C=\"common.h\"" "-DSHA1DC_CUSTOM_INCLUDE_UBC_CHECK_C=\"common.h\"" "-o" "/opt/rustwide/target/debug/build/libgit2-sys-788bef0fae3f3c99/out/build/f6e81ea219c0b9f3-filebuf.o" "-c" "libgit2/src/util/filebuf.c" with args cc did not execute successfully (status code exit status: 1).
[INFO] [stderr]   exit status: 1
[INFO] [stderr]   cargo:warning=ToolExecError: Command LC_ALL="C" "cc" "-O0" "-ffunction-sections" "-fdata-sections" "-fPIC" "-gdwarf-4" "-fno-omit-frame-pointer" "-m64" "-I" "/opt/rustwide/target/debug/build/libgit2-sys-788bef0fae3f3c99/out/include" "-I" "libgit2/src/libgit2" "-I" "libgit2/src/util" "-I" "libgit2/deps/llhttp" "-I" "libgit2/deps/xdiff" "-I" "libgit2/deps/pcre" "-I" "/usr/include" "-fvisibility=hidden" "-DGIT_REGEX_BUILTIN=1" "-DHAVE_STDINT_H=1" "-DHAVE_MEMMOVE=1" "-DNO_RECURSE=1" "-DNEWLINE=10" "-DPOSIX_MALLOC_THRESHOLD=10" "-DLINK_SIZE=2" "-DPARENS_NEST_LIMIT=250" "-DMATCH_LIMIT=10000000" "-DMATCH_LIMIT_RECURSION=MATCH_LIMIT" "-DMAX_NAME_SIZE=32" "-DMAX_NAME_COUNT=10000" "-DSHA1DC_NO_STANDARD_INCLUDES=1" "-DSHA1DC_CUSTOM_INCLUDE_SHA1_C=\"common.h\"" "-DSHA1DC_CUSTOM_INCLUDE_UBC_CHECK_C=\"common.h\"" "-o" "/opt/rustwide/target/debug/build/libgit2-sys-788bef0fae3f3c99/out/build/43a19b30e9e69d8f-tree.o" "-c" "libgit2/src/libgit2/tree.c" with args cc did not execute successfully (status code exit status: 1).cargo:warning=/tmp/ccMqZfrE.s: Assembler messages:
[INFO] [stderr]   cargo:warning=/tmp/ccMqZfrE.s: Fatal error: can't write 30 bytes to section .text.git_str_oom of /opt/rustwide/target/debug/build/libgit2-sys-788bef0fae3f3c99/out/build/f6e81ea219c0b9f3-fs_path.o: 'No space left on device'
[INFO] [stderr]   cargo:warning=/tmp/ccMqZfrE.s: Fatal error: /opt/rustwide/target/debug/build/libgit2-sys-788bef0fae3f3c99/out/build/f6e81ea219c0b9f3-fs_path.o: No space left on device
[INFO] [stderr] 
[INFO] [stderr]   exit status: 0
[INFO] [stderr]   exit status: 0
[INFO] [stderr]   exit status: 1
[INFO] [stderr]   cargo:warning=ToolExecError: Command LC_ALL="C" "cc" "-O0" "-ffunction-sections" "-fdata-sections" "-fPIC" "-gdwarf-4" "-fno-omit-frame-pointer" "-m64" "-I" "/opt/rustwide/target/debug/build/libgit2-sys-788bef0fae3f3c99/out/include" "-I" "libgit2/src/libgit2" "-I" "libgit2/src/util" "-I" "libgit2/deps/llhttp" "-I" "libgit2/deps/xdiff" "-I" "libgit2/deps/pcre" "-I" "/usr/include" "-fvisibility=hidden" "-DGIT_REGEX_BUILTIN=1" "-DHAVE_STDINT_H=1" "-DHAVE_MEMMOVE=1" "-DNO_RECURSE=1" "-DNEWLINE=10" "-DPOSIX_MALLOC_THRESHOLD=10" "-DLINK_SIZE=2" "-DPARENS_NEST_LIMIT=250" "-DMATCH_LIMIT=10000000" "-DMATCH_LIMIT_RECURSION=MATCH_LIMIT" "-DMAX_NAME_SIZE=32" "-DMAX_NAME_COUNT=10000" "-DSHA1DC_NO_STANDARD_INCLUDES=1" "-DSHA1DC_CUSTOM_INCLUDE_SHA1_C=\"common.h\"" "-DSHA1DC_CUSTOM_INCLUDE_UBC_CHECK_C=\"common.h\"" "-o" "/opt/rustwide/target/debug/build/libgit2-sys-788bef0fae3f3c99/out/build/f6e81ea219c0b9f3-fs_path.o" "-c" "libgit2/src/util/fs_path.c" with args cc did not execute successfully (status code exit status: 1).cargo:warning=/tmp/ccoaGgIN.s: Assembler messages:
[INFO] [stderr]   cargo:warning=/tmp/ccoaGgIN.s: Fatal error: can't write 256 bytes to section .data.from_hex of /opt/rustwide/target/debug/build/libgit2-sys-788bef0fae3f3c99/out/build/f6e81ea219c0b9f3-hash.o: 'No space left on device'
[INFO] [stderr]   cargo:warning=/tmp/ccoaGgIN.s: Fatal error: /opt/rustwide/target/debug/build/libgit2-sys-788bef0fae3f3c99/out/build/f6e81ea219c0b9f3-hash.o: No space left on device
[INFO] [stderr] 
[INFO] [stderr]   exit status: 1
[INFO] [stderr]   cargo:warning=ToolExecError: Command LC_ALL="C" "cc" "-O0" "-ffunction-sections" "-fdata-sections" "-fPIC" "-gdwarf-4" "-fno-omit-frame-pointer" "-m64" "-I" "/opt/rustwide/target/debug/build/libgit2-sys-788bef0fae3f3c99/out/include" "-I" "libgit2/src/libgit2" "-I" "libgit2/src/util" "-I" "libgit2/deps/llhttp" "-I" "libgit2/deps/xdiff" "-I" "libgit2/deps/pcre" "-I" "/usr/include" "-fvisibility=hidden" "-DGIT_REGEX_BUILTIN=1" "-DHAVE_STDINT_H=1" "-DHAVE_MEMMOVE=1" "-DNO_RECURSE=1" "-DNEWLINE=10" "-DPOSIX_MALLOC_THRESHOLD=10" "-DLINK_SIZE=2" "-DPARENS_NEST_LIMIT=250" "-DMATCH_LIMIT=10000000" "-DMATCH_LIMIT_RECURSION=MATCH_LIMIT" "-DMAX_NAME_SIZE=32" "-DMAX_NAME_COUNT=10000" "-DSHA1DC_NO_STANDARD_INCLUDES=1" "-DSHA1DC_CUSTOM_INCLUDE_SHA1_C=\"common.h\"" "-DSHA1DC_CUSTOM_INCLUDE_UBC_CHECK_C=\"common.h\"" "-o" "/opt/rustwide/target/debug/build/libgit2-sys-788bef0fae3f3c99/out/build/f6e81ea219c0b9f3-hash.o" "-c" "libgit2/src/util/hash.c" with args cc did not execute successfully (status code exit status: 1).cargo:warning=/tmp/cc2sSSNC.s: Assembler messages:
[INFO] [stderr]   cargo:warning=/tmp/cc2sSSNC.s: Fatal error: can't write 27 bytes to section .text.git_pool_global_init of /opt/rustwide/target/debug/build/libgit2-sys-788bef0fae3f3c99/out/build/f6e81ea219c0b9f3-pool.o: 'No space left on device'
[INFO] [stderr]   cargo:warning=/tmp/cc2sSSNC.s: Fatal error: /opt/rustwide/target/debug/build/libgit2-sys-788bef0fae3f3c99/out/build/f6e81ea219c0b9f3-pool.o: No space left on device
[INFO] [stderr] 
[INFO] [stderr]   exit status: 0
[INFO] [stderr]   exit status: 1
[INFO] [stderr]   cargo:warning=ToolExecError: Command LC_ALL="C" "cc" "-O0" "-ffunction-sections" "-fdata-sections" "-fPIC" "-gdwarf-4" "-fno-omit-frame-pointer" "-m64" "-I" "/opt/rustwide/target/debug/build/libgit2-sys-788bef0fae3f3c99/out/include" "-I" "libgit2/src/libgit2" "-I" "libgit2/src/util" "-I" "libgit2/deps/llhttp" "-I" "libgit2/deps/xdiff" "-I" "libgit2/deps/pcre" "-I" "/usr/include" "-fvisibility=hidden" "-DGIT_REGEX_BUILTIN=1" "-DHAVE_STDINT_H=1" "-DHAVE_MEMMOVE=1" "-DNO_RECURSE=1" "-DNEWLINE=10" "-DPOSIX_MALLOC_THRESHOLD=10" "-DLINK_SIZE=2" "-DPARENS_NEST_LIMIT=250" "-DMATCH_LIMIT=10000000" "-DMATCH_LIMIT_RECURSION=MATCH_LIMIT" "-DMAX_NAME_SIZE=32" "-DMAX_NAME_COUNT=10000" "-DSHA1DC_NO_STANDARD_INCLUDES=1" "-DSHA1DC_CUSTOM_INCLUDE_SHA1_C=\"common.h\"" "-DSHA1DC_CUSTOM_INCLUDE_UBC_CHECK_C=\"common.h\"" "-o" "/opt/rustwide/target/debug/build/libgit2-sys-788bef0fae3f3c99/out/build/f6e81ea219c0b9f3-pool.o" "-c" "libgit2/src/util/pool.c" with args cc did not execute successfully (status code exit status: 1).cargo:warning=/tmp/ccK2c92V.s: Assembler messages:
[INFO] [stderr]   cargo:warning=/tmp/ccK2c92V.s: Fatal error: can't write 32 bytes to section .text.git__is_ssizet of /opt/rustwide/target/debug/build/libgit2-sys-788bef0fae3f3c99/out/build/f6e81ea219c0b9f3-posix.o: 'No space left on device'
[INFO] [stderr]   cargo:warning=/tmp/ccK2c92V.s: Fatal error: /opt/rustwide/target/debug/build/libgit2-sys-788bef0fae3f3c99/out/build/f6e81ea219c0b9f3-posix.o: No space left on device
[INFO] [stderr] 
[INFO] [stderr]   exit status: 1
[INFO] [stderr]   cargo:warning=ToolExecError: Command LC_ALL="C" "cc" "-O0" "-ffunction-sections" "-fdata-sections" "-fPIC" "-gdwarf-4" "-fno-omit-frame-pointer" "-m64" "-I" "/opt/rustwide/target/debug/build/libgit2-sys-788bef0fae3f3c99/out/include" "-I" "libgit2/src/libgit2" "-I" "libgit2/src/util" "-I" "libgit2/deps/llhttp" "-I" "libgit2/deps/xdiff" "-I" "libgit2/deps/pcre" "-I" "/usr/include" "-fvisibility=hidden" "-DGIT_REGEX_BUILTIN=1" "-DHAVE_STDINT_H=1" "-DHAVE_MEMMOVE=1" "-DNO_RECURSE=1" "-DNEWLINE=10" "-DPOSIX_MALLOC_THRESHOLD=10" "-DLINK_SIZE=2" "-DPARENS_NEST_LIMIT=250" "-DMATCH_LIMIT=10000000" "-DMATCH_LIMIT_RECURSION=MATCH_LIMIT" "-DMAX_NAME_SIZE=32" "-DMAX_NAME_COUNT=10000" "-DSHA1DC_NO_STANDARD_INCLUDES=1" "-DSHA1DC_CUSTOM_INCLUDE_SHA1_C=\"common.h\"" "-DSHA1DC_CUSTOM_INCLUDE_UBC_CHECK_C=\"common.h\"" "-o" "/opt/rustwide/target/debug/build/libgit2-sys-788bef0fae3f3c99/out/build/f6e81ea219c0b9f3-posix.o" "-c" "libgit2/src/util/posix.c" with args cc did not execute successfully (status code exit status: 1).cargo:warning=/tmp/ccMJ87B2.s: Assembler messages:
[INFO] [stderr]   cargo:warning=/tmp/ccMJ87B2.s: Fatal error: can't write 256 bytes to section .data.from_hex of /opt/rustwide/target/debug/build/libgit2-sys-788bef0fae3f3c99/out/build/f6e81ea219c0b9f3-rand.o: 'No space left on device'
[INFO] [stderr]   cargo:warning=/tmp/ccMJ87B2.s: Fatal error: /opt/rustwide/target/debug/build/libgit2-sys-788bef0fae3f3c99/out/build/f6e81ea219c0b9f3-rand.o: No space left on device
[INFO] [stderr] 
[INFO] [stderr]   exit status: 1
[INFO] [stderr]   cargo:warning=ToolExecError: Command LC_ALL="C" "cc" "-O0" "-ffunction-sections" "-fdata-sections" "-fPIC" "-gdwarf-4" "-fno-omit-frame-pointer" "-m64" "-I" "/opt/rustwide/target/debug/build/libgit2-sys-788bef0fae3f3c99/out/include" "-I" "libgit2/src/libgit2" "-I" "libgit2/src/util" "-I" "libgit2/deps/llhttp" "-I" "libgit2/deps/xdiff" "-I" "libgit2/deps/pcre" "-I" "/usr/include" "-fvisibility=hidden" "-DGIT_REGEX_BUILTIN=1" "-DHAVE_STDINT_H=1" "-DHAVE_MEMMOVE=1" "-DNO_RECURSE=1" "-DNEWLINE=10" "-DPOSIX_MALLOC_THRESHOLD=10" "-DLINK_SIZE=2" "-DPARENS_NEST_LIMIT=250" "-DMATCH_LIMIT=10000000" "-DMATCH_LIMIT_RECURSION=MATCH_LIMIT" "-DMAX_NAME_SIZE=32" "-DMAX_NAME_COUNT=10000" "-DSHA1DC_NO_STANDARD_INCLUDES=1" "-DSHA1DC_CUSTOM_INCLUDE_SHA1_C=\"common.h\"" "-DSHA1DC_CUSTOM_INCLUDE_UBC_CHECK_C=\"common.h\"" "-o" "/opt/rustwide/target/debug/build/libgit2-sys-788bef0fae3f3c99/out/build/f6e81ea219c0b9f3-rand.o" "-c" "libgit2/src/util/rand.c" with args cc did not execute successfully (status code exit status: 1).cargo:warning=/tmp/ccfwPvf3.s: Assembler messages:
[INFO] [stderr]   cargo:warning=/tmp/ccfwPvf3.s: Fatal error: can't write 256 bytes to section .data.from_hex of /opt/rustwide/target/debug/build/libgit2-sys-788bef0fae3f3c99/out/build/f6e81ea219c0b9f3-regexp.o: 'No space left on device'
[INFO] [stderr]   cargo:warning=/tmp/ccfwPvf3.s: Fatal error: /opt/rustwide/target/debug/build/libgit2-sys-788bef0fae3f3c99/out/build/f6e81ea219c0b9f3-regexp.o: No space left on device
[INFO] [stderr] 
[INFO] [stderr]   exit status: 1
[INFO] [stderr]   cargo:warning=ToolExecError: Command LC_ALL="C" "cc" "-O0" "-ffunction-sections" "-fdata-sections" "-fPIC" "-gdwarf-4" "-fno-omit-frame-pointer" "-m64" "-I" "/opt/rustwide/target/debug/build/libgit2-sys-788bef0fae3f3c99/out/include" "-I" "libgit2/src/libgit2" "-I" "libgit2/src/util" "-I" "libgit2/deps/llhttp" "-I" "libgit2/deps/xdiff" "-I" "libgit2/deps/pcre" "-I" "/usr/include" "-fvisibility=hidden" "-DGIT_REGEX_BUILTIN=1" "-DHAVE_STDINT_H=1" "-DHAVE_MEMMOVE=1" "-DNO_RECURSE=1" "-DNEWLINE=10" "-DPOSIX_MALLOC_THRESHOLD=10" "-DLINK_SIZE=2" "-DPARENS_NEST_LIMIT=250" "-DMATCH_LIMIT=10000000" "-DMATCH_LIMIT_RECURSION=MATCH_LIMIT" "-DMAX_NAME_SIZE=32" "-DMAX_NAME_COUNT=10000" "-DSHA1DC_NO_STANDARD_INCLUDES=1" "-DSHA1DC_CUSTOM_INCLUDE_SHA1_C=\"common.h\"" "-DSHA1DC_CUSTOM_INCLUDE_UBC_CHECK_C=\"common.h\"" "-o" "/opt/rustwide/target/debug/build/libgit2-sys-788bef0fae3f3c99/out/build/f6e81ea219c0b9f3-regexp.o" "-c" "libgit2/src/util/regexp.c" with args cc did not execute successfully (status code exit status: 1).cargo:warning=/tmp/ccTqilHu.s: Assembler messages:
[INFO] [stderr]   cargo:warning=/tmp/ccTqilHu.s: Fatal error: can't write 26 bytes to section .text.git_atomic32_inc of /opt/rustwide/target/debug/build/libgit2-sys-788bef0fae3f3c99/out/build/f6e81ea219c0b9f3-runtime.o: 'No space left on device'
[INFO] [stderr]   cargo:warning=/tmp/ccTqilHu.s: Fatal error: /opt/rustwide/target/debug/build/libgit2-sys-788bef0fae3f3c99/out/build/f6e81ea219c0b9f3-runtime.o: No space left on device
[INFO] [stderr] 
[INFO] [stderr]   exit status: 1
[INFO] [stderr]   cargo:warning=ToolExecError: Command LC_ALL="C" "cc" "-O0" "-ffunction-sections" "-fdata-sections" "-fPIC" "-gdwarf-4" "-fno-omit-frame-pointer" "-m64" "-I" "/opt/rustwide/target/debug/build/libgit2-sys-788bef0fae3f3c99/out/include" "-I" "libgit2/src/libgit2" "-I" "libgit2/src/util" "-I" "libgit2/deps/llhttp" "-I" "libgit2/deps/xdiff" "-I" "libgit2/deps/pcre" "-I" "/usr/include" "-fvisibility=hidden" "-DGIT_REGEX_BUILTIN=1" "-DHAVE_STDINT_H=1" "-DHAVE_MEMMOVE=1" "-DNO_RECURSE=1" "-DNEWLINE=10" "-DPOSIX_MALLOC_THRESHOLD=10" "-DLINK_SIZE=2" "-DPARENS_NEST_LIMIT=250" "-DMATCH_LIMIT=10000000" "-DMATCH_LIMIT_RECURSION=MATCH_LIMIT" "-DMAX_NAME_SIZE=32" "-DMAX_NAME_COUNT=10000" "-DSHA1DC_NO_STANDARD_INCLUDES=1" "-DSHA1DC_CUSTOM_INCLUDE_SHA1_C=\"common.h\"" "-DSHA1DC_CUSTOM_INCLUDE_UBC_CHECK_C=\"common.h\"" "-o" "/opt/rustwide/target/debug/build/libgit2-sys-788bef0fae3f3c99/out/build/f6e81ea219c0b9f3-runtime.o" "-c" "libgit2/src/util/runtime.c" with args cc did not execute successfully (status code exit status: 1).
[INFO] [stderr]   exit status: 0
[INFO] [stderr]   exit status: 0
[INFO] [stderr]   exit status: 0
[INFO] [stderr]   exit status: 0
[INFO] [stderr]   exit status: 0
[INFO] [stderr]   exit status: 0
[INFO] [stderr]   exit status: 0
[INFO] [stderr]   exit status: 0
[INFO] [stderr]   exit status: 0
[INFO] [stderr]   exit status: 0
[INFO] [stderr]   exit status: 0
[INFO] [stderr]   exit status: 0
[INFO] [stderr]   exit status: 0
[INFO] [stderr]   exit status: 0
[INFO] [stderr]   exit status: 0
[INFO] [stderr]   exit status: 0
[INFO] [stderr]   exit status: 0
[INFO] [stderr]   exit status: 0
[INFO] [stderr]   exit status: 0
[INFO] [stderr]   exit status: 0
[INFO] [stderr]   exit status: 0
[INFO] [stderr]   exit status: 0
[INFO] [stderr]   exit status: 0
[INFO] [stderr]   exit status: 0
[INFO] [stderr]   exit status: 0
[INFO] [stderr]   exit status: 0
[INFO] [stderr]   exit status: 0
[INFO] [stderr]   exit status: 0
[INFO] [stderr]   exit status: 0
[INFO] [stderr]   exit status: 0
[INFO] [stderr]   exit status: 0
[INFO] [stderr]   exit status: 0
[INFO] [stderr]   exit status: 0
[INFO] [stderr]   exit status: 0
[INFO] [stderr]   exit status: 0
[INFO] [stderr]   exit status: 0
[INFO] [stderr]   exit status: 0
[INFO] [stderr]   exit status: 0
[INFO] [stderr]   exit status: 0
[INFO] [stderr]   exit status: 0
[INFO] [stderr]   cargo:warning=libgit2/deps/xdiff/xemit.c:330:1: fatal error: error writing to /tmp/ccKZwPZb.s: No space left on device
[INFO] [stderr]   cargo:warning=  330 | }
[INFO] [stderr]   cargo:warning=      | ^
[INFO] [stderr]   cargo:warning=compilation terminated.
[INFO] [stderr]   exit status: 0
[INFO] [stderr]   exit status: 1
[INFO] [stderr]   cargo:warning=ToolExecError: Command LC_ALL="C" "cc" "-O0" "-ffunction-sections" "-fdata-sections" "-fPIC" "-gdwarf-4" "-fno-omit-frame-pointer" "-m64" "-I" "/opt/rustwide/target/debug/build/libgit2-sys-788bef0fae3f3c99/out/include" "-I" "libgit2/src/libgit2" "-I" "libgit2/src/util" "-I" "libgit2/deps/llhttp" "-I" "libgit2/deps/xdiff" "-I" "libgit2/deps/pcre" "-I" "/usr/include" "-fvisibility=hidden" "-DGIT_REGEX_BUILTIN=1" "-DHAVE_STDINT_H=1" "-DHAVE_MEMMOVE=1" "-DNO_RECURSE=1" "-DNEWLINE=10" "-DPOSIX_MALLOC_THRESHOLD=10" "-DLINK_SIZE=2" "-DPARENS_NEST_LIMIT=250" "-DMATCH_LIMIT=10000000" "-DMATCH_LIMIT_RECURSION=MATCH_LIMIT" "-DMAX_NAME_SIZE=32" "-DMAX_NAME_COUNT=10000" "-DSHA1DC_NO_STANDARD_INCLUDES=1" "-DSHA1DC_CUSTOM_INCLUDE_SHA1_C=\"common.h\"" "-DSHA1DC_CUSTOM_INCLUDE_UBC_CHECK_C=\"common.h\"" "-o" "/opt/rustwide/target/debug/build/libgit2-sys-788bef0fae3f3c99/out/build/e15faf52f719d739-xemit.o" "-c" "libgit2/deps/xdiff/xemit.c" with args cc did not execute successfully (status code exit status: 1).cargo:warning=libgit2/deps/xdiff/xmerge.c:739:1: fatal error: error writing to /tmp/ccOX5JSS.s: No space left on device
[INFO] [stderr]   cargo:warning=  739 | }
[INFO] [stderr]   cargo:warning=      | ^
[INFO] [stderr]   cargo:warning=compilation terminated.
[INFO] [stderr]   cargo:warning=libgit2/deps/xdiff/xpatience.c:373:1: fatal error: error writing to /tmp/ccRnkQ2a.s: No space left on device
[INFO] [stderr]   cargo:warning=  373 | }
[INFO] [stderr]   cargo:warning=      | ^
[INFO] [stderr]   cargo:warning=compilation terminated.
[INFO] [stderr] 
[INFO] [stderr]   exit status: 0
[INFO] [stderr]   exit status: 1
[INFO] [stderr]   cargo:warning=ToolExecError: Command LC_ALL="C" "cc" "-O0" "-ffunction-sections" "-fdata-sections" "-fPIC" "-gdwarf-4" "-fno-omit-frame-pointer" "-m64" "-I" "/opt/rustwide/target/debug/build/libgit2-sys-788bef0fae3f3c99/out/include" "-I" "libgit2/src/libgit2" "-I" "libgit2/src/util" "-I" "libgit2/deps/llhttp" "-I" "libgit2/deps/xdiff" "-I" "libgit2/deps/pcre" "-I" "/usr/include" "-fvisibility=hidden" "-DGIT_REGEX_BUILTIN=1" "-DHAVE_STDINT_H=1" "-DHAVE_MEMMOVE=1" "-DNO_RECURSE=1" "-DNEWLINE=10" "-DPOSIX_MALLOC_THRESHOLD=10" "-DLINK_SIZE=2" "-DPARENS_NEST_LIMIT=250" "-DMATCH_LIMIT=10000000" "-DMATCH_LIMIT_RECURSION=MATCH_LIMIT" "-DMAX_NAME_SIZE=32" "-DMAX_NAME_COUNT=10000" "-DSHA1DC_NO_STANDARD_INCLUDES=1" "-DSHA1DC_CUSTOM_INCLUDE_SHA1_C=\"common.h\"" "-DSHA1DC_CUSTOM_INCLUDE_UBC_CHECK_C=\"common.h\"" "-o" "/opt/rustwide/target/debug/build/libgit2-sys-788bef0fae3f3c99/out/build/e15faf52f719d739-xpatience.o" "-c" "libgit2/deps/xdiff/xpatience.c" with args cc did not execute successfully (status code exit status: 1).cargo:warning=libgit2/deps/xdiff/xprepare.c:461:1: fatal error: error writing to /tmp/cc0I8EE6.s: No space left on device
[INFO] [stderr]   cargo:warning=  461 | }
[INFO] [stderr]   cargo:warning=      | ^
[INFO] [stderr]   cargo:warning=compilation terminated.
[INFO] [stderr] 
[INFO] [stderr]   exit status: 1
[INFO] [stderr]   cargo:warning=ToolExecError: Command LC_ALL="C" "cc" "-O0" "-ffunction-sections" "-fdata-sections" "-fPIC" "-gdwarf-4" "-fno-omit-frame-pointer" "-m64" "-I" "/opt/rustwide/target/debug/build/libgit2-sys-788bef0fae3f3c99/out/include" "-I" "libgit2/src/libgit2" "-I" "libgit2/src/util" "-I" "libgit2/deps/llhttp" "-I" "libgit2/deps/xdiff" "-I" "libgit2/deps/pcre" "-I" "/usr/include" "-fvisibility=hidden" "-DGIT_REGEX_BUILTIN=1" "-DHAVE_STDINT_H=1" "-DHAVE_MEMMOVE=1" "-DNO_RECURSE=1" "-DNEWLINE=10" "-DPOSIX_MALLOC_THRESHOLD=10" "-DLINK_SIZE=2" "-DPARENS_NEST_LIMIT=250" "-DMATCH_LIMIT=10000000" "-DMATCH_LIMIT_RECURSION=MATCH_LIMIT" "-DMAX_NAME_SIZE=32" "-DMAX_NAME_COUNT=10000" "-DSHA1DC_NO_STANDARD_INCLUDES=1" "-DSHA1DC_CUSTOM_INCLUDE_SHA1_C=\"common.h\"" "-DSHA1DC_CUSTOM_INCLUDE_UBC_CHECK_C=\"common.h\"" "-o" "/opt/rustwide/target/debug/build/libgit2-sys-788bef0fae3f3c99/out/build/e15faf52f719d739-xprepare.o" "-c" "libgit2/deps/xdiff/xprepare.c" with args cc did not execute successfully (status code exit status: 1).cargo:warning=libgit2/deps/xdiff/xutils.c:451:1: fatal error: error writing to /tmp/cczwZ8IX.s: No space left on device
[INFO] [stderr]   cargo:warning=  451 | }
[INFO] [stderr]   cargo:warning=      | ^
[INFO] [stderr]   cargo:warning=compilation terminated.
[INFO] [stderr] 
[INFO] [stderr]   exit status: 1
[INFO] [stderr]   cargo:warning=ToolExecError: Command LC_ALL="C" "cc" "-O0" "-ffunction-sections" "-fdata-sections" "-fPIC" "-gdwarf-4" "-fno-omit-frame-pointer" "-m64" "-I" "/opt/rustwide/target/debug/build/libgit2-sys-788bef0fae3f3c99/out/include" "-I" "libgit2/src/libgit2" "-I" "libgit2/src/util" "-I" "libgit2/deps/llhttp" "-I" "libgit2/deps/xdiff" "-I" "libgit2/deps/pcre" "-I" "/usr/include" "-fvisibility=hidden" "-DGIT_REGEX_BUILTIN=1" "-DHAVE_STDINT_H=1" "-DHAVE_MEMMOVE=1" "-DNO_RECURSE=1" "-DNEWLINE=10" "-DPOSIX_MALLOC_THRESHOLD=10" "-DLINK_SIZE=2" "-DPARENS_NEST_LIMIT=250" "-DMATCH_LIMIT=10000000" "-DMATCH_LIMIT_RECURSION=MATCH_LIMIT" "-DMAX_NAME_SIZE=32" "-DMAX_NAME_COUNT=10000" "-DSHA1DC_NO_STANDARD_INCLUDES=1" "-DSHA1DC_CUSTOM_INCLUDE_SHA1_C=\"common.h\"" "-DSHA1DC_CUSTOM_INCLUDE_UBC_CHECK_C=\"common.h\"" "-o" "/opt/rustwide/target/debug/build/libgit2-sys-788bef0fae3f3c99/out/build/e15faf52f719d739-xutils.o" "-c" "libgit2/deps/xdiff/xutils.c" with args cc did not execute successfully (status code exit status: 1).cargo:warning=libgit2/deps/xdiff/xdiffi.c:1089:1: fatal error: error writing to /tmp/cceYSXeu.s: No space left on device
[INFO] [stderr]   cargo:warning= 1089 | }
[INFO] [stderr]   cargo:warning=      | ^
[INFO] [stderr]   cargo:warning=compilation terminated.
[INFO] [stderr] 
[INFO] [stderr]   exit status: 0
[INFO] [stderr]   exit status: 0
[INFO] [stderr]   exit status: 0
[INFO] [stderr]   exit status: 1
[INFO] [stderr]   cargo:warning=ToolExecError: Command LC_ALL="C" "cc" "-O0" "-ffunction-sections" "-fdata-sections" "-fPIC" "-gdwarf-4" "-fno-omit-frame-pointer" "-m64" "-I" "/opt/rustwide/target/debug/build/libgit2-sys-788bef0fae3f3c99/out/include" "-I" "libgit2/src/libgit2" "-I" "libgit2/src/util" "-I" "libgit2/deps/llhttp" "-I" "libgit2/deps/xdiff" "-I" "libgit2/deps/pcre" "-I" "/usr/include" "-fvisibility=hidden" "-DGIT_REGEX_BUILTIN=1" "-DHAVE_STDINT_H=1" "-DHAVE_MEMMOVE=1" "-DNO_RECURSE=1" "-DNEWLINE=10" "-DPOSIX_MALLOC_THRESHOLD=10" "-DLINK_SIZE=2" "-DPARENS_NEST_LIMIT=250" "-DMATCH_LIMIT=10000000" "-DMATCH_LIMIT_RECURSION=MATCH_LIMIT" "-DMAX_NAME_SIZE=32" "-DMAX_NAME_COUNT=10000" "-DSHA1DC_NO_STANDARD_INCLUDES=1" "-DSHA1DC_CUSTOM_INCLUDE_SHA1_C=\"common.h\"" "-DSHA1DC_CUSTOM_INCLUDE_UBC_CHECK_C=\"common.h\"" "-o" "/opt/rustwide/target/debug/build/libgit2-sys-788bef0fae3f3c99/out/build/e15faf52f719d739-xdiffi.o" "-c" "libgit2/deps/xdiff/xdiffi.c" with args cc did not execute successfully (status code exit status: 1).
[INFO] [stderr]   exit status: 1
[INFO] [stderr]   cargo:warning=ToolExecError: Command LC_ALL="C" "cc" "-O0" "-ffunction-sections" "-fdata-sections" "-fPIC" "-gdwarf-4" "-fno-omit-frame-pointer" "-m64" "-I" "/opt/rustwide/target/debug/build/libgit2-sys-788bef0fae3f3c99/out/include" "-I" "libgit2/src/libgit2" "-I" "libgit2/src/util" "-I" "libgit2/deps/llhttp" "-I" "libgit2/deps/xdiff" "-I" "libgit2/deps/pcre" "-I" "/usr/include" "-fvisibility=hidden" "-DGIT_REGEX_BUILTIN=1" "-DHAVE_STDINT_H=1" "-DHAVE_MEMMOVE=1" "-DNO_RECURSE=1" "-DNEWLINE=10" "-DPOSIX_MALLOC_THRESHOLD=10" "-DLINK_SIZE=2" "-DPARENS_NEST_LIMIT=250" "-DMATCH_LIMIT=10000000" "-DMATCH_LIMIT_RECURSION=MATCH_LIMIT" "-DMAX_NAME_SIZE=32" "-DMAX_NAME_COUNT=10000" "-DSHA1DC_NO_STANDARD_INCLUDES=1" "-DSHA1DC_CUSTOM_INCLUDE_SHA1_C=\"common.h\"" "-DSHA1DC_CUSTOM_INCLUDE_UBC_CHECK_C=\"common.h\"" "-o" "/opt/rustwide/target/debug/build/libgit2-sys-788bef0fae3f3c99/out/build/e15faf52f719d739-xmerge.o" "-c" "libgit2/deps/xdiff/xmerge.c" with args cc did not execute successfully (status code exit status: 1).cargo:warning=libgit2/deps/pcre/pcre_compile.c:9813:1: fatal error: error writing to /tmp/ccV6WjGW.s: No space left on device
[INFO] [stderr]   cargo:warning= 9813 | }
[INFO] [stderr]   cargo:warning=      | ^
[INFO] [stderr]   cargo:warning=compilation terminated.
[INFO] [stderr]   cargo:warning=libgit2/deps/pcre/pcre_fullinfo.c:243:1: fatal error: error writing to /tmp/ccP3b14w.s: No space left on device
[INFO] [stderr]   cargo:warning=  243 | }
[INFO] [stderr]   cargo:warning=      | ^
[INFO] [stderr]   cargo:warning=compilation terminated.
[INFO] [stderr] 
[INFO] [stderr]   exit status: 1
[INFO] [stderr]   cargo:warning=ToolExecError: Command LC_ALL="C" "cc" "-O0" "-ffunction-sections" "-fdata-sections" "-fPIC" "-gdwarf-4" "-fno-omit-frame-pointer" "-m64" "-I" "/opt/rustwide/target/debug/build/libgit2-sys-788bef0fae3f3c99/out/include" "-I" "libgit2/src/libgit2" "-I" "libgit2/src/util" "-I" "libgit2/deps/llhttp" "-I" "libgit2/deps/xdiff" "-I" "libgit2/deps/pcre" "-I" "/usr/include" "-fvisibility=hidden" "-DGIT_REGEX_BUILTIN=1" "-DHAVE_STDINT_H=1" "-DHAVE_MEMMOVE=1" "-DNO_RECURSE=1" "-DNEWLINE=10" "-DPOSIX_MALLOC_THRESHOLD=10" "-DLINK_SIZE=2" "-DPARENS_NEST_LIMIT=250" "-DMATCH_LIMIT=10000000" "-DMATCH_LIMIT_RECURSION=MATCH_LIMIT" "-DMAX_NAME_SIZE=32" "-DMAX_NAME_COUNT=10000" "-DSHA1DC_NO_STANDARD_INCLUDES=1" "-DSHA1DC_CUSTOM_INCLUDE_SHA1_C=\"common.h\"" "-DSHA1DC_CUSTOM_INCLUDE_UBC_CHECK_C=\"common.h\"" "-o" "/opt/rustwide/target/debug/build/libgit2-sys-788bef0fae3f3c99/out/build/e636de00c42e0bc4-pcre_fullinfo.o" "-c" "libgit2/deps/pcre/pcre_fullinfo.c" with args cc did not execute successfully (status code exit status: 1).cargo:warning=libgit2/deps/pcre/pcre_globals.c:83:1: fatal error: error writing to /tmp/ccZwxsL9.s: No space left on device
[INFO] [stderr]   cargo:warning=   83 | PCRE_EXP_DATA_DEFN int   (*PUBL(stack_guard))(void) = NULL;
[INFO] [stderr]   cargo:warning=      | ^~~~~~~~~~~~~~~~~~
[INFO] [stderr]   cargo:warning=compilation terminated.
[INFO] [stderr] 
[INFO] [stderr]   exit status: 0
[INFO] [stderr]   exit status: 1
[INFO] [stderr]   cargo:warning=ToolExecError: Command LC_ALL="C" "cc" "-O0" "-ffunction-sections" "-fdata-sections" "-fPIC" "-gdwarf-4" "-fno-omit-frame-pointer" "-m64" "-I" "/opt/rustwide/target/debug/build/libgit2-sys-788bef0fae3f3c99/out/include" "-I" "libgit2/src/libgit2" "-I" "libgit2/src/util" "-I" "libgit2/deps/llhttp" "-I" "libgit2/deps/xdiff" "-I" "libgit2/deps/pcre" "-I" "/usr/include" "-fvisibility=hidden" "-DGIT_REGEX_BUILTIN=1" "-DHAVE_STDINT_H=1" "-DHAVE_MEMMOVE=1" "-DNO_RECURSE=1" "-DNEWLINE=10" "-DPOSIX_MALLOC_THRESHOLD=10" "-DLINK_SIZE=2" "-DPARENS_NEST_LIMIT=250" "-DMATCH_LIMIT=10000000" "-DMATCH_LIMIT_RECURSION=MATCH_LIMIT" "-DMAX_NAME_SIZE=32" "-DMAX_NAME_COUNT=10000" "-DSHA1DC_NO_STANDARD_INCLUDES=1" "-DSHA1DC_CUSTOM_INCLUDE_SHA1_C=\"common.h\"" "-DSHA1DC_CUSTOM_INCLUDE_UBC_CHECK_C=\"common.h\"" "-o" "/opt/rustwide/target/debug/build/libgit2-sys-788bef0fae3f3c99/out/build/e636de00c42e0bc4-pcre_globals.o" "-c" "libgit2/deps/pcre/pcre_globals.c" with args cc did not execute successfully (status code exit status: 1).cargo:warning=libgit2/deps/pcre/pcre_newline.c:208:1: fatal error: error writing to /tmp/ccwtIeNh.s: No space left on device
[INFO] [stderr]   cargo:warning=  208 | }
[INFO] [stderr]   cargo:warning=      | ^
[INFO] [stderr]   cargo:warning=compilation terminated.
[INFO] [stderr] 
[INFO] [stderr]   exit status: 0
[INFO] [stderr]   exit status: 0
[INFO] [stderr]   exit status: 1
[INFO] [stderr]   cargo:warning=ToolExecError: Command LC_ALL="C" "cc" "-O0" "-ffunction-sections" "-fdata-sections" "-fPIC" "-gdwarf-4" "-fno-omit-frame-pointer" "-m64" "-I" "/opt/rustwide/target/debug/build/libgit2-sys-788bef0fae3f3c99/out/include" "-I" "libgit2/src/libgit2" "-I" "libgit2/src/util" "-I" "libgit2/deps/llhttp" "-I" "libgit2/deps/xdiff" "-I" "libgit2/deps/pcre" "-I" "/usr/include" "-fvisibility=hidden" "-DGIT_REGEX_BUILTIN=1" "-DHAVE_STDINT_H=1" "-DHAVE_MEMMOVE=1" "-DNO_RECURSE=1" "-DNEWLINE=10" "-DPOSIX_MALLOC_THRESHOLD=10" "-DLINK_SIZE=2" "-DPARENS_NEST_LIMIT=250" "-DMATCH_LIMIT=10000000" "-DMATCH_LIMIT_RECURSION=MATCH_LIMIT" "-DMAX_NAME_SIZE=32" "-DMAX_NAME_COUNT=10000" "-DSHA1DC_NO_STANDARD_INCLUDES=1" "-DSHA1DC_CUSTOM_INCLUDE_SHA1_C=\"common.h\"" "-DSHA1DC_CUSTOM_INCLUDE_UBC_CHECK_C=\"common.h\"" "-o" "/opt/rustwide/target/debug/build/libgit2-sys-788bef0fae3f3c99/out/build/e636de00c42e0bc4-pcre_newline.o" "-c" "libgit2/deps/pcre/pcre_newline.c" with args cc did not execute successfully (status code exit status: 1).
[INFO] [stderr]   exit status: 1
[INFO] [stderr]   cargo:warning=ToolExecError: Command LC_ALL="C" "cc" "-O0" "-ffunction-sections" "-fdata-sections" "-fPIC" "-gdwarf-4" "-fno-omit-frame-pointer" "-m64" "-I" "/opt/rustwide/target/debug/build/libgit2-sys-788bef0fae3f3c99/out/include" "-I" "libgit2/src/libgit2" "-I" "libgit2/src/util" "-I" "libgit2/deps/llhttp" "-I" "libgit2/deps/xdiff" "-I" "libgit2/deps/pcre" "-I" "/usr/include" "-fvisibility=hidden" "-DGIT_REGEX_BUILTIN=1" "-DHAVE_STDINT_H=1" "-DHAVE_MEMMOVE=1" "-DNO_RECURSE=1" "-DNEWLINE=10" "-DPOSIX_MALLOC_THRESHOLD=10" "-DLINK_SIZE=2" "-DPARENS_NEST_LIMIT=250" "-DMATCH_LIMIT=10000000" "-DMATCH_LIMIT_RECURSION=MATCH_LIMIT" "-DMAX_NAME_SIZE=32" "-DMAX_NAME_COUNT=10000" "-DSHA1DC_NO_STANDARD_INCLUDES=1" "-DSHA1DC_CUSTOM_INCLUDE_SHA1_C=\"common.h\"" "-DSHA1DC_CUSTOM_INCLUDE_UBC_CHECK_C=\"common.h\"" "-o" "/opt/rustwide/target/debug/build/libgit2-sys-788bef0fae3f3c99/out/build/e636de00c42e0bc4-pcre_compile.o" "-c" "libgit2/deps/pcre/pcre_compile.c" with args cc did not execute successfully (status code exit status: 1).cargo:warning=libgit2/deps/llhttp/llhttp.c:10168:1: fatal error: error writing to /tmp/ccYMSe6y.s: No space left on device
[INFO] [stderr]   cargo:warning=10168 | }
[INFO] [stderr]   cargo:warning=      | ^
[INFO] [stderr]   cargo:warning=compilation terminated.
[INFO] [stderr] 
[INFO] [stderr]   exit status: 1
[INFO] [stderr]   cargo:warning=ToolExecError: Command LC_ALL="C" "cc" "-O0" "-ffunction-sections" "-fdata-sections" "-fPIC" "-gdwarf-4" "-fno-omit-frame-pointer" "-m64" "-I" "/opt/rustwide/target/debug/build/libgit2-sys-788bef0fae3f3c99/out/include" "-I" "libgit2/src/libgit2" "-I" "libgit2/src/util" "-I" "libgit2/deps/llhttp" "-I" "libgit2/deps/xdiff" "-I" "libgit2/deps/pcre" "-I" "/usr/include" "-fvisibility=hidden" "-DGIT_REGEX_BUILTIN=1" "-DHAVE_STDINT_H=1" "-DHAVE_MEMMOVE=1" "-DNO_RECURSE=1" "-DNEWLINE=10" "-DPOSIX_MALLOC_THRESHOLD=10" "-DLINK_SIZE=2" "-DPARENS_NEST_LIMIT=250" "-DMATCH_LIMIT=10000000" "-DMATCH_LIMIT_RECURSION=MATCH_LIMIT" "-DMAX_NAME_SIZE=32" "-DMAX_NAME_COUNT=10000" "-DSHA1DC_NO_STANDARD_INCLUDES=1" "-DSHA1DC_CUSTOM_INCLUDE_SHA1_C=\"common.h\"" "-DSHA1DC_CUSTOM_INCLUDE_UBC_CHECK_C=\"common.h\"" "-o" "/opt/rustwide/target/debug/build/libgit2-sys-788bef0fae3f3c99/out/build/50055d6c4ddcbeae-llhttp.o" "-c" "libgit2/deps/llhttp/llhttp.c" with args cc did not execute successfully (status code exit status: 1).
[INFO] [stderr]   exit status: 0
[INFO] [stderr]   exit status: 0
[INFO] [stderr]   exit status: 0
[INFO] [stderr]   exit status: 0
[INFO] [stderr]   exit status: 0
[INFO] [stderr]   exit status: 0
[INFO] [stderr]   exit status: 0
[INFO] [stderr]   exit status: 0
[INFO] [stderr]   cargo:warning=/tmp/ccJ1PQiR.s: Assembler messages:
[INFO] [stderr]   cargo:warning=/tmp/ccJ1PQiR.s: Fatal error: can't write 49 bytes to section .text.match of /opt/rustwide/target/debug/build/libgit2-sys-788bef0fae3f3c99/out/build/e636de00c42e0bc4-pcre_exec.o: 'No space left on device'
[INFO] [stderr]   cargo:warning=/tmp/ccJ1PQiR.s: Fatal error: /opt/rustwide/target/debug/build/libgit2-sys-788bef0fae3f3c99/out/build/e636de00c42e0bc4-pcre_exec.o: No space left on device
[INFO] [stderr]   exit status: 0
[INFO] [stderr]   exit status: 0
[INFO] [stderr]   exit status: 1
[INFO] [stderr]   cargo:warning=ToolExecError: Command LC_ALL="C" "cc" "-O0" "-ffunction-sections" "-fdata-sections" "-fPIC" "-gdwarf-4" "-fno-omit-frame-pointer" "-m64" "-I" "/opt/rustwide/target/debug/build/libgit2-sys-788bef0fae3f3c99/out/include" "-I" "libgit2/src/libgit2" "-I" "libgit2/src/util" "-I" "libgit2/deps/llhttp" "-I" "libgit2/deps/xdiff" "-I" "libgit2/deps/pcre" "-I" "/usr/include" "-fvisibility=hidden" "-DGIT_REGEX_BUILTIN=1" "-DHAVE_STDINT_H=1" "-DHAVE_MEMMOVE=1" "-DNO_RECURSE=1" "-DNEWLINE=10" "-DPOSIX_MALLOC_THRESHOLD=10" "-DLINK_SIZE=2" "-DPARENS_NEST_LIMIT=250" "-DMATCH_LIMIT=10000000" "-DMATCH_LIMIT_RECURSION=MATCH_LIMIT" "-DMAX_NAME_SIZE=32" "-DMAX_NAME_COUNT=10000" "-DSHA1DC_NO_STANDARD_INCLUDES=1" "-DSHA1DC_CUSTOM_INCLUDE_SHA1_C=\"common.h\"" "-DSHA1DC_CUSTOM_INCLUDE_UBC_CHECK_C=\"common.h\"" "-o" "/opt/rustwide/target/debug/build/libgit2-sys-788bef0fae3f3c99/out/build/e636de00c42e0bc4-pcre_exec.o" "-c" "libgit2/deps/pcre/pcre_exec.c" with args cc did not execute successfully (status code exit status: 1).cargo:warning=/tmp/cc7X4ETA.s: Assembler messages:
[INFO] [stderr]   cargo:warning=/tmp/cc7X4ETA.s: Fatal error: can't write 256 bytes to section .data.from_hex of /opt/rustwide/target/debug/build/libgit2-sys-788bef0fae3f3c99/out/build/47bcde6b0f28f448-stdalloc.o: 'No space left on device'
[INFO] [stderr]   cargo:warning=/tmp/cc7X4ETA.s: Fatal error: /opt/rustwide/target/debug/build/libgit2-sys-788bef0fae3f3c99/out/build/47bcde6b0f28f448-stdalloc.o: No space left on device
[INFO] [stderr] 
[INFO] [stderr]   exit status: 0
[INFO] [stderr]   exit status: 0
[INFO] [stderr]   exit status: 0
[INFO] [stderr]   exit status: 1
[INFO] [stderr]   cargo:warning=ToolExecError: Command LC_ALL="C" "cc" "-O0" "-ffunction-sections" "-fdata-sections" "-fPIC" "-gdwarf-4" "-fno-omit-frame-pointer" "-m64" "-I" "/opt/rustwide/target/debug/build/libgit2-sys-788bef0fae3f3c99/out/include" "-I" "libgit2/src/libgit2" "-I" "libgit2/src/util" "-I" "libgit2/deps/llhttp" "-I" "libgit2/deps/xdiff" "-I" "libgit2/deps/pcre" "-I" "/usr/include" "-fvisibility=hidden" "-DGIT_REGEX_BUILTIN=1" "-DHAVE_STDINT_H=1" "-DHAVE_MEMMOVE=1" "-DNO_RECURSE=1" "-DNEWLINE=10" "-DPOSIX_MALLOC_THRESHOLD=10" "-DLINK_SIZE=2" "-DPARENS_NEST_LIMIT=250" "-DMATCH_LIMIT=10000000" "-DMATCH_LIMIT_RECURSION=MATCH_LIMIT" "-DMAX_NAME_SIZE=32" "-DMAX_NAME_COUNT=10000" "-DSHA1DC_NO_STANDARD_INCLUDES=1" "-DSHA1DC_CUSTOM_INCLUDE_SHA1_C=\"common.h\"" "-DSHA1DC_CUSTOM_INCLUDE_UBC_CHECK_C=\"common.h\"" "-o" "/opt/rustwide/target/debug/build/libgit2-sys-788bef0fae3f3c99/out/build/47bcde6b0f28f448-stdalloc.o" "-c" "libgit2/src/util/allocators/stdalloc.c" with args cc did not execute successfully (status code exit status: 1).cargo:warning=libgit2/src/util/unix/map.c:73:1: fatal error: error writing to /tmp/ccYrUArF.s: No space left on device
[INFO] [stderr]   cargo:warning=   73 | }
[INFO] [stderr]   cargo:warning=      | ^
[INFO] [stderr]   cargo:warning=compilation terminated.
[INFO] [stderr] 
[INFO] [stderr]   exit status: 1
[INFO] [stderr]   cargo:warning=ToolExecError: Command LC_ALL="C" "cc" "-O0" "-ffunction-sections" "-fdata-sections" "-fPIC" "-gdwarf-4" "-fno-omit-frame-pointer" "-m64" "-I" "/opt/rustwide/target/debug/build/libgit2-sys-788bef0fae3f3c99/out/include" "-I" "libgit2/src/libgit2" "-I" "libgit2/src/util" "-I" "libgit2/deps/llhttp" "-I" "libgit2/deps/xdiff" "-I" "libgit2/deps/pcre" "-I" "/usr/include" "-fvisibility=hidden" "-DGIT_REGEX_BUILTIN=1" "-DHAVE_STDINT_H=1" "-DHAVE_MEMMOVE=1" "-DNO_RECURSE=1" "-DNEWLINE=10" "-DPOSIX_MALLOC_THRESHOLD=10" "-DLINK_SIZE=2" "-DPARENS_NEST_LIMIT=250" "-DMATCH_LIMIT=10000000" "-DMATCH_LIMIT_RECURSION=MATCH_LIMIT" "-DMAX_NAME_SIZE=32" "-DMAX_NAME_COUNT=10000" "-DSHA1DC_NO_STANDARD_INCLUDES=1" "-DSHA1DC_CUSTOM_INCLUDE_SHA1_C=\"common.h\"" "-DSHA1DC_CUSTOM_INCLUDE_UBC_CHECK_C=\"common.h\"" "-o" "/opt/rustwide/target/debug/build/libgit2-sys-788bef0fae3f3c99/out/build/5bf81a80010135a0-map.o" "-c" "libgit2/src/util/unix/map.c" with args cc did not execute successfully (status code exit status: 1).cargo:warning=libgit2/src/util/hash/collisiondetect.c:48:1: fatal error: error writing to /tmp/ccIqaZQW.s: No space left on device
[INFO] [stderr]   cargo:warning=   48 | }
[INFO] [stderr]   cargo:warning=      | ^
[INFO] [stderr]   cargo:warning=compilation terminated.
[INFO] [stderr] 
[INFO] [stderr]   exit status: 0
[INFO] [stderr]   exit status: 1
[INFO] [stderr]   cargo:warning=ToolExecError: Command LC_ALL="C" "cc" "-O0" "-ffunction-sections" "-fdata-sections" "-fPIC" "-gdwarf-4" "-fno-omit-frame-pointer" "-m64" "-I" "/opt/rustwide/target/debug/build/libgit2-sys-788bef0fae3f3c99/out/include" "-I" "libgit2/src/libgit2" "-I" "libgit2/src/util" "-I" "libgit2/deps/llhttp" "-I" "libgit2/deps/xdiff" "-I" "libgit2/deps/pcre" "-I" "/usr/include" "-fvisibility=hidden" "-DGIT_REGEX_BUILTIN=1" "-DHAVE_STDINT_H=1" "-DHAVE_MEMMOVE=1" "-DNO_RECURSE=1" "-DNEWLINE=10" "-DPOSIX_MALLOC_THRESHOLD=10" "-DLINK_SIZE=2" "-DPARENS_NEST_LIMIT=250" "-DMATCH_LIMIT=10000000" "-DMATCH_LIMIT_RECURSION=MATCH_LIMIT" "-DMAX_NAME_SIZE=32" "-DMAX_NAME_COUNT=10000" "-DSHA1DC_NO_STANDARD_INCLUDES=1" "-DSHA1DC_CUSTOM_INCLUDE_SHA1_C=\"common.h\"" "-DSHA1DC_CUSTOM_INCLUDE_UBC_CHECK_C=\"common.h\"" "-o" "/opt/rustwide/target/debug/build/libgit2-sys-788bef0fae3f3c99/out/build/f5e66aefe9cd60e0-collisiondetect.o" "-c" "libgit2/src/util/hash/collisiondetect.c" with args cc did not execute successfully (status code exit status: 1).cargo:warning=libgit2/src/util/hash/sha1dc/ubc_check.c:368:1: fatal error: error writing to /tmp/cc2VXE9n.s: No space left on device
[INFO] [stderr]   cargo:warning=  368 | }
[INFO] [stderr]   cargo:warning=      | ^
[INFO] [stderr]   cargo:warning=compilation terminated.
[INFO] [stderr] 
[INFO] [stderr]   exit status: 1
[INFO] [stderr]   cargo:warning=ToolExecError: Command LC_ALL="C" "cc" "-O0" "-ffunction-sections" "-fdata-sections" "-fPIC" "-gdwarf-4" "-fno-omit-frame-pointer" "-m64" "-I" "/opt/rustwide/target/debug/build/libgit2-sys-788bef0fae3f3c99/out/include" "-I" "libgit2/src/libgit2" "-I" "libgit2/src/util" "-I" "libgit2/deps/llhttp" "-I" "libgit2/deps/xdiff" "-I" "libgit2/deps/pcre" "-I" "/usr/include" "-fvisibility=hidden" "-DGIT_REGEX_BUILTIN=1" "-DHAVE_STDINT_H=1" "-DHAVE_MEMMOVE=1" "-DNO_RECURSE=1" "-DNEWLINE=10" "-DPOSIX_MALLOC_THRESHOLD=10" "-DLINK_SIZE=2" "-DPARENS_NEST_LIMIT=250" "-DMATCH_LIMIT=10000000" "-DMATCH_LIMIT_RECURSION=MATCH_LIMIT" "-DMAX_NAME_SIZE=32" "-DMAX_NAME_COUNT=10000" "-DSHA1DC_NO_STANDARD_INCLUDES=1" "-DSHA1DC_CUSTOM_INCLUDE_SHA1_C=\"common.h\"" "-DSHA1DC_CUSTOM_INCLUDE_UBC_CHECK_C=\"common.h\"" "-o" "/opt/rustwide/target/debug/build/libgit2-sys-788bef0fae3f3c99/out/build/5f22996a283af3c7-ubc_check.o" "-c" "libgit2/src/util/hash/sha1dc/ubc_check.c" with args cc did not execute successfully (status code exit status: 1).cargo:warning=libgit2/src/util/hash/builtin.c:53:1: fatal error: error writing to /tmp/ccOGYvyk.s: No space left on device
[INFO] [stderr]   cargo:warning=   53 | }
[INFO] [stderr]   cargo:warning=      | ^
[INFO] [stderr]   cargo:warning=compilation terminated.
[INFO] [stderr] 
[INFO] [stderr]   exit status: 1
[INFO] [stderr]   cargo:warning=ToolExecError: Command LC_ALL="C" "cc" "-O0" "-ffunction-sections" "-fdata-sections" "-fPIC" "-gdwarf-4" "-fno-omit-frame-pointer" "-m64" "-I" "/opt/rustwide/target/debug/build/libgit2-sys-788bef0fae3f3c99/out/include" "-I" "libgit2/src/libgit2" "-I" "libgit2/src/util" "-I" "libgit2/deps/llhttp" "-I" "libgit2/deps/xdiff" "-I" "libgit2/deps/pcre" "-I" "/usr/include" "-fvisibility=hidden" "-DGIT_REGEX_BUILTIN=1" "-DHAVE_STDINT_H=1" "-DHAVE_MEMMOVE=1" "-DNO_RECURSE=1" "-DNEWLINE=10" "-DPOSIX_MALLOC_THRESHOLD=10" "-DLINK_SIZE=2" "-DPARENS_NEST_LIMIT=250" "-DMATCH_LIMIT=10000000" "-DMATCH_LIMIT_RECURSION=MATCH_LIMIT" "-DMAX_NAME_SIZE=32" "-DMAX_NAME_COUNT=10000" "-DSHA1DC_NO_STANDARD_INCLUDES=1" "-DSHA1DC_CUSTOM_INCLUDE_SHA1_C=\"common.h\"" "-DSHA1DC_CUSTOM_INCLUDE_UBC_CHECK_C=\"common.h\"" "-o" "/opt/rustwide/target/debug/build/libgit2-sys-788bef0fae3f3c99/out/build/f5e66aefe9cd60e0-builtin.o" "-c" "libgit2/src/util/hash/builtin.c" with args cc did not execute successfully (status code exit status: 1).
[INFO] [stderr]   exit status: 0
[INFO] [stderr]   exit status: 0
[INFO] [stderr]   exit status: 0
[INFO] [stderr] 
[INFO] [stderr]   --- stderr
[INFO] [stderr] 
[INFO] [stderr] 
[INFO] [stderr]   error occurred: Command LC_ALL="C" "cc" "-O0" "-ffunction-sections" "-fdata-sections" "-fPIC" "-gdwarf-4" "-fno-omit-frame-pointer" "-m64" "-I" "/opt/rustwide/target/debug/build/libgit2-sys-788bef0fae3f3c99/out/include" "-I" "libgit2/src/libgit2" "-I" "libgit2/src/util" "-I" "libgit2/deps/llhttp" "-I" "libgit2/deps/xdiff" "-I" "libgit2/deps/pcre" "-I" "/usr/include" "-fvisibility=hidden" "-DGIT_REGEX_BUILTIN=1" "-DHAVE_STDINT_H=1" "-DHAVE_MEMMOVE=1" "-DNO_RECURSE=1" "-DNEWLINE=10" "-DPOSIX_MALLOC_THRESHOLD=10" "-DLINK_SIZE=2" "-DPARENS_NEST_LIMIT=250" "-DMATCH_LIMIT=10000000" "-DMATCH_LIMIT_RECURSION=MATCH_LIMIT" "-DMAX_NAME_SIZE=32" "-DMAX_NAME_COUNT=10000" "-DSHA1DC_NO_STANDARD_INCLUDES=1" "-DSHA1DC_CUSTOM_INCLUDE_SHA1_C=\"common.h\"" "-DSHA1DC_CUSTOM_INCLUDE_UBC_CHECK_C=\"common.h\"" "-o" "/opt/rustwide/target/debug/build/libgit2-sys-788bef0fae3f3c99/out/build/f5e66aefe9cd60e0-builtin.o" "-c" "libgit2/src/util/hash/builtin.c" with args cc did not execute successfully (status code exit status: 1).
[INFO] [stderr] 
[INFO] [stderr] 
[INFO] [stderr] rustc-LLVM ERROR: IO failure on output stream: No space left on device
[INFO] [stderr] error: could not compile `toml_edit` (lib)
[INFO] [stderr] 
[INFO] [stderr] Caused by:
[INFO] [stderr]   No space left on device (os error 28)
[INFO] [stderr] 
[INFO] [stderr] Caused by:
[INFO] [stderr]   failed to parse process output: `/opt/rustwide/rustup-home/toolchains/beta-2024-12-08-x86_64-unknown-linux-gnu/bin/rustc --crate-name toml_edit --edition=2021 /opt/rustwide/cargo-home/registry/src/index.crates.io-6f17d22bba15001f/toml_edit-0.22.22/src/lib.rs --error-format=json --json=diagnostic-rendered-ansi,artifacts,future-incompat --crate-type lib --emit=dep-info,metadata,link -C embed-bitcode=no -C debuginfo=2 --warn=rust_2018_idioms '--warn=clippy::zero_sized_map_values' '--warn=clippy::wildcard_imports' '--warn=clippy::verbose_file_reads' --warn=unused_qualifications --warn=unused_macro_rules --warn=unused_lifetimes --warn=unsafe_op_in_unsafe_fn --warn=unreachable_pub '--warn=clippy::trait_duplication_in_bounds' '--warn=clippy::todo' '--warn=clippy::string_to_string' '--warn=clippy::string_lit_as_bytes' '--warn=clippy::string_add_assign' '--warn=clippy::string_add' '--warn=clippy::str_to_string' '--warn=clippy::semicolon_if_nothing_returned' '--warn=clippy::self_named_module_files' '--warn=clippy::same_functions_in_if_condition' '--warn=clippy::rest_pat_in_fully_bound_structs' '--warn=clippy::ref_option_ref' '--warn=clippy::redundant_feature_names' '--warn=clippy::rc_mutex' '--warn=clippy::ptr_as_ptr' '--warn=clippy::path_buf_push_overwrite' '--warn=clippy::negative_feature_names' '--warn=clippy::needless_for_each' '--warn=clippy::needless_continue' '--warn=clippy::mutex_integer' '--warn=clippy::mem_forget' '--warn=clippy::macro_use_imports' '--warn=clippy::lossy_float_literal' '--warn=clippy::linkedlist' '--allow=clippy::let_and_return' '--warn=clippy::large_types_passed_by_value' '--warn=clippy::large_stack_arrays' '--warn=clippy::large_digit_groups' '--warn=clippy::invalid_upcast_comparisons' '--warn=clippy::infinite_loop' '--warn=clippy::inefficient_to_string' '--warn=clippy::inconsistent_struct_constructor' '--warn=clippy::imprecise_flops' '--warn=clippy::implicit_clone' '--allow=clippy::if_same_then_else' '--warn=clippy::from_iter_instead_of_collect' '--warn=clippy::fn_params_excessive_bools' '--warn=clippy::float_cmp_const' '--warn=clippy::flat_map_option' '--warn=clippy::filter_map_next' '--warn=clippy::fallible_impl_from' '--warn=clippy::explicit_into_iter_loop' '--warn=clippy::explicit_deref_methods' '--warn=clippy::expl_impl_clone_on_copy' '--warn=clippy::enum_glob_use' '--warn=clippy::empty_enum' '--warn=clippy::doc_markdown' '--warn=clippy::debug_assert_with_mut_call' '--warn=clippy::dbg_macro' '--warn=clippy::create_dir' '--allow=clippy::collapsible_else_if' '--warn=clippy::checked_conversions' '--allow=clippy::branches_sharing_code' '--allow=clippy::bool_assert_comparison' --cfg 'feature="default"' --cfg 'feature="display"' --cfg 'feature="parse"' --cfg 'feature="serde"' --check-cfg 'cfg(docsrs)' --check-cfg 'cfg(feature, values("default", "display", "parse", "perf", "serde", "unbounded"))' -C metadata=35e91b1d97294e8d -C extra-filename=-35e91b1d97294e8d --out-dir /opt/rustwide/target/debug/deps -L dependency=/opt/rustwide/target/debug/deps --extern indexmap=/opt/rustwide/target/debug/deps/libindexmap-4adac39f4066dbcd.rmeta --extern serde=/opt/rustwide/target/debug/deps/libserde-e754f657199e9569.rmeta --extern serde_spanned=/opt/rustwide/target/debug/deps/libserde_spanned-aa09c54b539826db.rmeta --extern toml_datetime=/opt/rustwide/target/debug/deps/libtoml_datetime-b90cdd722b0c568a.rmeta --extern winnow=/opt/rustwide/target/debug/deps/libwinnow-9e33a48fcf274143.rmeta --cap-lints allow --cap-lints=warn` (exit status: 101)
[INFO] running `Command { std: "docker" "inspect" "a99bb21f9372e4201e105f8cf87026f06decb26acb220de018e5e6c63c73c6aa", kill_on_drop: false }`
[INFO] running `Command { std: "docker" "rm" "-f" "a99bb21f9372e4201e105f8cf87026f06decb26acb220de018e5e6c63c73c6aa", kill_on_drop: false }`
[INFO] [stdout] a99bb21f9372e4201e105f8cf87026f06decb26acb220de018e5e6c63c73c6aa
