[INFO] fetching crate eternaltwin_rest 0.16.0...
[INFO] testing eternaltwin_rest-0.16.0 against 1.83.0 for beta-1.84.0-4-retry
[INFO] extracting crate eternaltwin_rest 0.16.0 into /workspace/builds/worker-2-tc1/source
[INFO] validating manifest of crates.io crate eternaltwin_rest 0.16.0 on toolchain 1.83.0
[INFO] running `Command { std: CARGO_HOME="/workspace/cargo-home" RUSTUP_HOME="/workspace/rustup-home" "/workspace/cargo-home/bin/cargo" "+1.83.0" "metadata" "--manifest-path" "Cargo.toml" "--no-deps", kill_on_drop: false }`
[INFO] started tweaking crates.io crate eternaltwin_rest 0.16.0
[INFO] finished tweaking crates.io crate eternaltwin_rest 0.16.0
[INFO] tweaked toml for crates.io crate eternaltwin_rest 0.16.0 written to /workspace/builds/worker-2-tc1/source/Cargo.toml
[INFO] running `Command { std: CARGO_HOME="/workspace/cargo-home" RUSTUP_HOME="/workspace/rustup-home" "/workspace/cargo-home/bin/cargo" "+1.83.0" "generate-lockfile" "--manifest-path" "Cargo.toml", kill_on_drop: false }`
[INFO] [stderr]     Blocking waiting for file lock on package cache
[INFO] [stderr]     Updating crates.io index
[INFO] [stderr]     Blocking waiting for file lock on package cache
[INFO] [stderr]      Locking 415 packages to latest compatible versions
[INFO] [stderr]       Adding compact_str v0.7.1 (available: v0.8.0)
[INFO] [stderr]       Adding cookie_store v0.19.1 (available: v0.21.1)
[INFO] [stderr]       Adding opentelemetry v0.25.0 (available: v0.27.1)
[INFO] [stderr]       Adding opentelemetry-proto v0.25.0 (available: v0.27.0)
[INFO] [stderr]       Adding opentelemetry-semantic-conventions v0.25.0 (available: v0.27.0)
[INFO] [stderr]       Adding opentelemetry_sdk v0.25.0 (available: v0.27.1)
[INFO] [stderr]       Adding sqlx v0.7.4 (available: v0.8.2)
[INFO] [stderr]       Adding thiserror v1.0.69 (available: v2.0.7)
[INFO] [stderr]       Adding tokio v1.38.1 (available: v1.42.0)
[INFO] [stderr]       Adding tokio-macros v2.3.0 (available: v2.4.0)
[INFO] [stderr]       Adding tower v0.4.13 (available: v0.5.2)
[INFO] running `Command { std: CARGO_HOME="/workspace/cargo-home" RUSTUP_HOME="/workspace/rustup-home" "/workspace/cargo-home/bin/cargo" "+1.83.0" "fetch" "--manifest-path" "Cargo.toml", kill_on_drop: false }`
[INFO] [stderr]     Blocking waiting for file lock on package cache
[INFO] [stderr]  Downloading crates ...
[INFO] [stderr]   Downloaded eternaltwin_token_store v0.16.0
[INFO] [stderr]   Downloaded eternaltwin_user_store v0.16.0
[INFO] [stderr]   Downloaded eternaltwin_postgres_tools v0.16.0
[INFO] [stderr]   Downloaded opentelemetry-semantic-conventions v0.25.0
[INFO] [stderr]   Downloaded eternaltwin_auth_store v0.16.0
[INFO] [stderr]   Downloaded eternaltwin_log v0.16.0
[INFO] [stderr]   Downloaded eternaltwin_email_formatter v0.16.0
[INFO] [stderr]   Downloaded eternaltwin_oauth_provider_store v0.16.0
[INFO] [stderr]   Downloaded eternaltwin_dinoparc_store v0.16.0
[INFO] [stderr]   Downloaded eternaltwin_forum_store v0.16.0
[INFO] [stderr]   Downloaded eternaltwin_config v0.16.0
[INFO] [stderr]   Downloaded eternaltwin_services v0.16.0
[INFO] [stderr]   Downloaded eternaltwin_system v0.16.0
[INFO] [stderr]   Downloaded eternaltwin_squirrel v0.16.0
[INFO] [stderr]   Downloaded opentelemetry-proto v0.25.0
[INFO] [stderr]   Downloaded marktwin v0.5.0
[INFO] [stderr]   Downloaded opentelemetry-http v0.25.0
[INFO] [stderr]   Downloaded opentelemetry-otlp v0.25.0
[INFO] [stderr]   Downloaded eternaltwin_hammerfest_store v0.16.0
[INFO] [stderr]   Downloaded eternaltwin_constants v0.16.0
[INFO] [stderr]   Downloaded eternaltwin_db_schema v0.16.0
[INFO] [stderr]   Downloaded eternaltwin_mailer v0.16.0
[INFO] [stderr]   Downloaded eternaltwin_password v0.16.0
[INFO] [stderr]   Downloaded eternaltwin_oauth_client v0.16.0
[INFO] [stderr]   Downloaded eternaltwin_job_store v0.16.0
[INFO] [stderr]   Downloaded eternaltwin_link_store v0.16.0
[INFO] [stderr]   Downloaded synchronized-writer v1.1.11
[INFO] [stderr]   Downloaded eternaltwin_populate v0.16.0
[INFO] [stderr]   Downloaded eternaltwin_twinoid_store v0.16.0
[INFO] running `Command { std: "docker" "create" "-v" "/var/lib/crater-agent-workspace/builds/worker-2-tc1/target:/opt/rustwide/target:rw,Z" "-v" "/var/lib/crater-agent-workspace/builds/worker-2-tc1/source:/opt/rustwide/workdir:ro,Z" "-v" "/var/lib/crater-agent-workspace/cargo-home:/opt/rustwide/cargo-home:ro,Z" "-v" "/var/lib/crater-agent-workspace/rustup-home:/opt/rustwide/rustup-home:ro,Z" "-e" "SOURCE_DIR=/opt/rustwide/workdir" "-e" "CARGO_TARGET_DIR=/opt/rustwide/target" "-e" "CARGO_HOME=/opt/rustwide/cargo-home" "-e" "RUSTUP_HOME=/opt/rustwide/rustup-home" "-w" "/opt/rustwide/workdir" "-m" "1610612736" "--user" "0:0" "--network" "none" "ghcr.io/rust-lang/crates-build-env/linux@sha256:f3a9d4ad9d972b27faf3965f35b62e55ba32bbce8f20bc8fe909558a86702fde" "/opt/rustwide/cargo-home/bin/cargo" "+1.83.0" "metadata" "--no-deps" "--format-version=1", kill_on_drop: false }`
[INFO] [stdout] 737c78ad4f55670d105c0d44bbd930ad38332f6c62ccf6bc9989feed5f1867a0
[INFO] running `Command { std: "docker" "start" "-a" "737c78ad4f55670d105c0d44bbd930ad38332f6c62ccf6bc9989feed5f1867a0", kill_on_drop: false }`
[INFO] running `Command { std: "docker" "inspect" "737c78ad4f55670d105c0d44bbd930ad38332f6c62ccf6bc9989feed5f1867a0", kill_on_drop: false }`
[INFO] running `Command { std: "docker" "rm" "-f" "737c78ad4f55670d105c0d44bbd930ad38332f6c62ccf6bc9989feed5f1867a0", kill_on_drop: false }`
[INFO] [stdout] 737c78ad4f55670d105c0d44bbd930ad38332f6c62ccf6bc9989feed5f1867a0
[INFO] running `Command { std: "docker" "create" "-v" "/var/lib/crater-agent-workspace/builds/worker-2-tc1/target:/opt/rustwide/target:rw,Z" "-v" "/var/lib/crater-agent-workspace/builds/worker-2-tc1/source:/opt/rustwide/workdir:ro,Z" "-v" "/var/lib/crater-agent-workspace/cargo-home:/opt/rustwide/cargo-home:ro,Z" "-v" "/var/lib/crater-agent-workspace/rustup-home:/opt/rustwide/rustup-home:ro,Z" "-e" "SOURCE_DIR=/opt/rustwide/workdir" "-e" "CARGO_TARGET_DIR=/opt/rustwide/target" "-e" "CARGO_INCREMENTAL=0" "-e" "RUST_BACKTRACE=full" "-e" "RUSTFLAGS=--cap-lints=warn" "-e" "RUSTDOCFLAGS=--cap-lints=warn" "-e" "CARGO_HOME=/opt/rustwide/cargo-home" "-e" "RUSTUP_HOME=/opt/rustwide/rustup-home" "-w" "/opt/rustwide/workdir" "-m" "1610612736" "--user" "0:0" "--network" "none" "ghcr.io/rust-lang/crates-build-env/linux@sha256:f3a9d4ad9d972b27faf3965f35b62e55ba32bbce8f20bc8fe909558a86702fde" "/opt/rustwide/cargo-home/bin/cargo" "+1.83.0" "build" "--frozen" "--message-format=json", kill_on_drop: false }`
[INFO] [stdout] 162722685bf6137142990128ab90bdbfa6943905eeafee3c54174bd1f6ed5efb
[INFO] running `Command { std: "docker" "start" "-a" "162722685bf6137142990128ab90bdbfa6943905eeafee3c54174bd1f6ed5efb", kill_on_drop: false }`
[INFO] [stderr]    Compiling proc-macro2 v1.0.92
[INFO] [stderr]    Compiling unicode-ident v1.0.14
[INFO] [stderr]    Compiling autocfg v1.4.0
[INFO] [stderr]    Compiling libc v0.2.168
[INFO] [stderr]    Compiling cfg-if v1.0.0
[INFO] [stderr]    Compiling serde v1.0.216
[INFO] [stderr]    Compiling version_check v0.9.5
[INFO] [stderr]    Compiling futures-core v0.3.31
[INFO] [stderr]    Compiling pin-project-lite v0.2.15
[INFO] [stderr]    Compiling scopeguard v1.2.0
[INFO] [stderr]    Compiling bytes v1.9.0
[INFO] [stderr]    Compiling itoa v1.0.14
[INFO] [stderr]    Compiling memchr v2.7.4
[INFO] [stderr]    Compiling once_cell v1.20.2
[INFO] [stderr]    Compiling parking_lot_core v0.9.10
[INFO] [stderr]    Compiling smallvec v1.13.2
[INFO] [stderr]    Compiling lock_api v0.4.12
[INFO] [stderr]    Compiling slab v0.4.9
[INFO] [stderr]    Compiling typenum v1.17.0
[INFO] [stderr]    Compiling generic-array v0.14.7
[INFO] [stderr]    Compiling quote v1.0.37
[INFO] [stderr]    Compiling getrandom v0.2.15
[INFO] [stderr]    Compiling syn v2.0.90
[INFO] [stderr]    Compiling socket2 v0.5.8
[INFO] [stderr]    Compiling mio v0.8.11
[INFO] [stderr]    Compiling futures-io v0.3.31
[INFO] [stderr]    Compiling pin-utils v0.1.0
[INFO] [stderr]    Compiling futures-task v0.3.31
[INFO] [stderr]    Compiling futures-sink v0.3.31
[INFO] [stderr]    Compiling shlex v1.3.0
[INFO] [stderr]    Compiling stable_deref_trait v1.2.0
[INFO] [stderr]    Compiling log v0.4.22
[INFO] [stderr]    Compiling cc v1.2.4
[INFO] [stderr]    Compiling hashbrown v0.15.2
[INFO] [stderr]    Compiling equivalent v1.0.1
[INFO] [stderr]    Compiling byteorder v1.5.0
[INFO] [stderr]    Compiling parking_lot v0.12.3
[INFO] [stderr]    Compiling futures-channel v0.3.31
[INFO] [stderr]    Compiling signal-hook-registry v1.4.2
[INFO] [stderr]    Compiling num_cpus v1.16.0
[INFO] [stderr]    Compiling percent-encoding v2.3.1
[INFO] [stderr]    Compiling litemap v0.7.4
[INFO] [stderr]    Compiling writeable v0.5.5
[INFO] [stderr]    Compiling tracing-core v0.1.33
[INFO] [stderr]    Compiling ryu v1.0.18
[INFO] [stderr]    Compiling icu_locid_transform_data v1.5.0
[INFO] [stderr]    Compiling serde_json v1.0.133
[INFO] [stderr]    Compiling icu_properties_data v1.5.0
[INFO] [stderr]    Compiling write16 v1.0.0
[INFO] [stderr]    Compiling utf16_iter v1.0.5
[INFO] [stderr]    Compiling icu_normalizer_data v1.5.0
[INFO] [stderr]    Compiling utf8_iter v1.0.4
[INFO] [stderr]    Compiling spin v0.9.8
[INFO] [stderr]    Compiling thiserror v1.0.69
[INFO] [stderr]    Compiling ahash v0.8.11
[INFO] [stderr]    Compiling crypto-common v0.1.6
[INFO] [stderr]    Compiling block-buffer v0.10.4
[INFO] [stderr]    Compiling untrusted v0.9.0
[INFO] [stderr]    Compiling subtle v2.6.1
[INFO] [stderr]    Compiling rand_core v0.6.4
[INFO] [stderr]    Compiling base64 v0.21.7
[INFO] [stderr]    Compiling cpufeatures v0.2.16
[INFO] [stderr]    Compiling allocator-api2 v0.2.21
[INFO] [stderr]    Compiling digest v0.10.7
[INFO] [stderr]    Compiling form_urlencoded v1.2.1
[INFO] [stderr]    Compiling num-traits v0.2.19
[INFO] [stderr]    Compiling tinyvec_macros v0.1.1
[INFO] [stderr]    Compiling iana-time-zone v0.1.61
[INFO] [stderr]    Compiling ring v0.17.8
[INFO] [stderr]    Compiling hex v0.4.3
[INFO] [stderr]    Compiling crossbeam-utils v0.8.20
[INFO] [stderr]    Compiling minimal-lexical v0.2.1
[INFO] [stderr]    Compiling tinyvec v1.8.0
[INFO] [stderr]    Compiling paste v1.0.15
[INFO] [stderr]    Compiling nom v7.1.3
[INFO] [stderr]    Compiling rustls-pemfile v1.0.4
[INFO] [stderr]    Compiling crc-catalog v2.4.0
[INFO] [stderr]    Compiling unicode_categories v0.1.1
[INFO] [stderr]    Compiling unicode-bidi v0.3.17
[INFO] [stderr]    Compiling crc v3.2.1
[INFO] [stderr]    Compiling event-listener v2.5.3
[INFO] [stderr]    Compiling unicode-normalization v0.1.24
[INFO] [stderr]    Compiling webpki-roots v0.25.4
[INFO] [stderr]    Compiling rustls v0.21.12
[INFO] [stderr]    Compiling vcpkg v0.2.15
[INFO] [stderr]    Compiling pkg-config v0.3.31
[INFO] [stderr]    Compiling synstructure v0.13.1
[INFO] [stderr]    Compiling libsqlite3-sys v0.27.0
[INFO] [stderr]    Compiling futures-util v0.3.31
[INFO] [stderr]    Compiling tokio v1.38.1
[INFO] [stderr]    Compiling sqlformat v0.2.6
[INFO] [stderr]    Compiling syn v1.0.109
[INFO] [stderr]    Compiling atoi v2.0.0
[INFO] [stderr]    Compiling chrono v0.4.39
[INFO] [stderr]    Compiling crossbeam-queue v0.3.11
[INFO] [stderr]    Compiling futures-intrusive v0.5.0
[INFO] [stderr]    Compiling rustls-webpki v0.101.7
[INFO] [stderr]    Compiling serde_derive v1.0.216
[INFO] [stderr]    Compiling zerofrom-derive v0.1.5
[INFO] [stderr]    Compiling yoke-derive v0.7.5
[INFO] [stderr]    Compiling zerovec-derive v0.10.3
[INFO] [stderr]    Compiling displaydoc v0.2.5
[INFO] [stderr]    Compiling zerocopy-derive v0.7.35
[INFO] [stderr]    Compiling tokio-macros v2.3.0
[INFO] [stderr]    Compiling futures-macro v0.3.31
[INFO] [stderr]    Compiling zerofrom v0.1.5
[INFO] [stderr]    Compiling yoke v0.7.5
[INFO] [stderr]    Compiling icu_provider_macros v1.5.0
[INFO] [stderr]    Compiling zerovec v0.10.4
[INFO] [stderr]    Compiling zerocopy v0.7.35
[INFO] [stderr]    Compiling tracing-attributes v0.1.28
[INFO] [stderr]    Compiling tinystr v0.7.6
[INFO] [stderr]    Compiling icu_locid v1.5.0
[INFO] [stderr]    Compiling icu_collections v1.5.0
[INFO] [stderr]    Compiling thiserror-impl v1.0.69
[INFO] [stderr]    Compiling icu_provider v1.5.0
[INFO] [stderr]    Compiling icu_locid_transform v1.5.0
[INFO] [stderr]    Compiling tracing v0.1.41
[INFO] [stderr]    Compiling hashbrown v0.14.5
[INFO] [stderr]    Compiling ppv-lite86 v0.2.20
[INFO] [stderr]    Compiling icu_properties v1.5.1
[INFO] [stderr]    Compiling sct v0.7.1
[INFO] [stderr]    Compiling rand_chacha v0.3.1
[INFO] [stderr]    Compiling hashlink v0.8.4
[INFO] [stderr]    Compiling async-trait v0.1.83
[INFO] [stderr]    Compiling rand v0.8.5
[INFO] [stderr]    Compiling futures-executor v0.3.31
[INFO] [stderr]    Compiling tokio-stream v0.1.17
[INFO] [stderr]    Compiling either v1.13.0
[INFO] [stderr]    Compiling indexmap v2.7.0
[INFO] [stderr]    Compiling icu_normalizer v1.5.0
[INFO] [stderr]    Compiling sha2 v0.10.8
[INFO] [stderr]    Compiling idna_adapter v1.2.0
[INFO] [stderr]    Compiling idna v1.0.3
[INFO] [stderr]    Compiling url v2.5.4
[INFO] [stderr]    Compiling rustix v0.38.42
[INFO] [stderr]    Compiling unicode-properties v0.1.3
[INFO] [stderr]    Compiling bitflags v2.6.0
[INFO] [stderr]    Compiling uuid v1.11.0
[INFO] [stderr]    Compiling stringprep v0.1.5
[INFO] [stderr]    Compiling sqlx-core v0.7.4
[INFO] [stderr]    Compiling hmac v0.12.1
[INFO] [stderr]    Compiling home v0.5.9
[INFO] [stderr]    Compiling urlencoding v2.1.3
[INFO] [stderr]    Compiling linux-raw-sys v0.4.14
[INFO] [stderr]    Compiling dotenvy v0.15.7
[INFO] [stderr]    Compiling whoami v1.5.2
[INFO] [stderr]    Compiling hkdf v0.12.4
[INFO] [stderr]    Compiling flume v0.11.1
[INFO] [stderr]    Compiling md-5 v0.10.6
[INFO] [stderr]    Compiling fastrand v2.3.0
[INFO] [stderr]    Compiling unicode-segmentation v1.12.0
[INFO] [stderr]    Compiling opentelemetry v0.25.0
[INFO] [stderr]    Compiling frunk_core v0.4.3
[INFO] [stderr]    Compiling heck v0.4.1
[INFO] [stderr]    Compiling fnv v1.0.7
[INFO] [stderr]    Compiling sqlx-postgres v0.7.4
[INFO] [stderr]    Compiling sqlx-sqlite v0.7.4
[INFO] [stderr]    Compiling aho-corasick v1.1.3
[INFO] [stderr]    Compiling tempfile v3.14.0
[INFO] [stderr]    Compiling frunk_proc_macro_helpers v0.1.3
[INFO] [stderr]    Compiling regex-syntax v0.8.5
[INFO] [stderr]    Compiling glob v0.3.1
[INFO] [stderr]    Compiling frunk_derives v0.4.3
[INFO] [stderr]    Compiling opentelemetry_sdk v0.25.0
[INFO] [stderr]    Compiling frunk_proc_macros v0.1.3
[INFO] [stderr]    Compiling keccak v0.1.5
[INFO] [stderr]    Compiling sqlx-macros-core v0.7.4
[INFO] [stderr]    Compiling regex-automata v0.4.9
[INFO] [stderr]    Compiling sha3 v0.10.8
[INFO] [stderr]    Compiling eternaltwin_serde_tools v0.16.0
[INFO] [stderr]    Compiling futures v0.3.31
[INFO] [stderr]    Compiling dashmap v5.5.3
[INFO] [stderr]    Compiling humantime v2.1.0
[INFO] [stderr]    Compiling frunk v0.4.3
[INFO] [stderr]    Compiling arrayvec v0.7.6
[INFO] [stderr]    Compiling http v1.2.0
[INFO] [stderr]    Compiling tokio-util v0.7.13
[INFO] [stderr]    Compiling httpdate v1.0.3
[INFO] [stderr]    Compiling httparse v1.9.5
[INFO] [stderr]    Compiling sqlx-macros v0.7.4
[INFO] [stderr]    Compiling regex v1.11.1
[INFO] [stderr]    Compiling tower-service v0.3.3
[INFO] [stderr]    Compiling try-lock v0.2.5
[INFO] [stderr]    Compiling mime v0.3.17
[INFO] [stderr]    Compiling want v0.3.1
[INFO] [stderr]    Compiling powerfmt v0.2.0
[INFO] [stderr]    Compiling time-core v0.1.2
[INFO] [stderr]    Compiling rustversion v1.0.18
[INFO] [stderr]    Compiling num-conv v0.1.0
[INFO] [stderr]    Compiling deranged v0.3.11
[INFO] [stderr]    Compiling http-body v1.0.1
[INFO] [stderr]    Compiling time-macros v0.2.19
[INFO] [stderr]    Compiling anyhow v1.0.94
[INFO] [stderr]    Compiling utf8parse v0.2.2
[INFO] [stderr]    Compiling atomic-waker v1.1.2
[INFO] [stderr]    Compiling h2 v0.4.7
[INFO] [stderr]    Compiling anstyle-parse v0.2.6
[INFO] [stderr]    Compiling serde_urlencoded v0.7.1
[INFO] [stderr]    Compiling ring v0.16.20
[INFO] [stderr]    Compiling anstyle v1.0.10
[INFO] [stderr]    Compiling anstyle-query v1.1.2
[INFO] [stderr]    Compiling tower-layer v0.3.3
[INFO] [stderr]    Compiling is_terminal_polyfill v1.70.1
[INFO] [stderr]    Compiling colorchoice v1.0.3
[INFO] [stderr]    Compiling anstream v0.6.18
[INFO] [stderr]    Compiling toml_datetime v0.6.8
[INFO] [stderr]    Compiling serde_spanned v0.6.8
[INFO] [stderr]    Compiling winnow v0.6.20
[INFO] [stderr]    Compiling untrusted v0.7.1
[INFO] [stderr]    Compiling sync_wrapper v1.0.2
[INFO] [stderr]    Compiling heck v0.5.0
[INFO] [stderr]    Compiling spin v0.5.2
[INFO] [stderr]    Compiling time v0.3.37
[INFO] [stderr]    Compiling clap_lex v0.7.4
[INFO] [stderr]    Compiling strsim v0.11.1
[INFO] [stderr]    Compiling clap_builder v4.5.23
[INFO] [stderr]    Compiling clap_derive v4.5.18
[INFO] [stderr]    Compiling sqlx v0.7.4
[INFO] [stderr]    Compiling eternaltwin_core v0.16.0
[INFO] [stderr]    Compiling http-body-util v0.1.2
[INFO] [stderr]    Compiling http v0.2.12
[INFO] [stderr]    Compiling toml_edit v0.22.22
[INFO] [stderr]    Compiling idna v0.3.0
[INFO] [stderr]    Compiling hyper v1.5.1
[INFO] [stderr]    Compiling include_dir_macros v0.7.4
[INFO] [stderr]    Compiling indexmap v1.9.3
[INFO] [stderr]    Compiling cookie v0.17.0
[INFO] [stderr]    Compiling base64 v0.22.1
[INFO] [stderr]    Compiling fixedbitset v0.4.2
[INFO] [stderr]    Compiling petgraph v0.6.5
[INFO] [stderr]    Compiling include_dir v0.7.4
[INFO] [stderr]    Compiling clap v4.5.23
[INFO] [stderr]    Compiling axum-core v0.4.5
[INFO] [stderr]    Compiling tower v0.5.2
[INFO] [stderr]    Compiling toml v0.8.19
[INFO] [stderr]    Compiling hyper-util v0.1.10
[INFO] [stderr]    Compiling itertools v0.13.0
[INFO] [stderr]    Compiling serde_path_to_error v0.1.16
[INFO] [stderr]    Compiling pin-project-internal v1.1.7
[INFO] [stderr]    Compiling crossbeam-epoch v0.9.18
[INFO] [stderr]    Compiling hashbrown v0.12.3
[INFO] [stderr]    Compiling matchit v0.7.3
[INFO] [stderr]    Compiling eternaltwin_postgres_tools v0.16.0
[INFO] [stderr]    Compiling rayon-core v1.12.1
[INFO] [stderr]    Compiling psl-types v2.0.11
[INFO] [stderr]    Compiling publicsuffix v2.3.0
[INFO] [stderr]    Compiling axum v0.7.9
[INFO] [stderr]    Compiling crossbeam-deque v0.8.5
[INFO] [stderr]    Compiling eternaltwin_squirrel v0.16.0
[INFO] [stderr]    Compiling h2 v0.3.26
[INFO] [stderr]    Compiling pin-project v1.1.7
[INFO] [stderr]    Compiling http-body v0.4.6
[INFO] [stderr]    Compiling async-stream-impl v0.3.6
[INFO] [stderr]    Compiling num-integer v0.1.46
[INFO] [stderr]    Compiling prost-derive v0.13.4
[INFO] [stderr]    Compiling inout v0.1.3
[INFO] [stderr]    Compiling rustc-hash v1.1.0
[INFO] [stderr]    Compiling lazy_static v1.5.0
[INFO] [stderr]    Compiling utf8-width v0.1.7
[INFO] [stderr]    Compiling countme v3.0.1
[INFO] [stderr]    Compiling text-size v1.1.1
[INFO] [stderr]    Compiling rowan v0.15.16
[INFO] [stderr]    Compiling html-escape v0.2.13
[INFO] [stderr]    Compiling cipher v0.4.4
[INFO] [stderr]    Compiling num-bigint v0.4.6
[INFO] [stderr]    Compiling async-stream v0.3.6
[INFO] [stderr]    Compiling cookie_store v0.20.0
[INFO] [stderr]    Compiling tower v0.4.13
[INFO] [stderr]    Compiling hyper-timeout v0.5.2
[INFO] [stderr]    Compiling rustls-webpki v0.100.3
[INFO] [stderr]    Compiling prost v0.13.4
[INFO] [stderr]    Compiling variant_count v1.1.0
[INFO] [stderr]    Compiling encoding_rs v0.8.35
[INFO] [stderr]    Compiling opentelemetry-semantic-conventions v0.25.0
[INFO] [stderr]    Compiling base64ct v1.6.0
[INFO] [stderr]    Compiling sync_wrapper v0.1.2
[INFO] [stderr]    Compiling base64 v0.13.1
[INFO] [stderr]    Compiling match_cfg v0.1.0
[INFO] [stderr]    Compiling smol_str v0.2.2
[INFO] [stderr]    Compiling drop_bomb v0.1.5
[INFO] [stderr]    Compiling ipnet v2.10.1
[INFO] [stderr]    Compiling hostname v0.3.1
[INFO] [stderr]    Compiling tonic v0.12.3
[INFO] [stderr]    Compiling marktwin v0.5.0
[INFO] [stderr]    Compiling pem v1.1.1
[INFO] [stderr]    Compiling password-hash v0.5.0
[INFO] [stderr]    Compiling hyper v0.14.31
[INFO] [stderr]    Compiling rayon v1.10.0
[INFO] [stderr]    Compiling simple_asn1 v0.6.2
[INFO] [stderr]    Compiling webpki-roots v0.23.1
[INFO] [stderr]    Compiling salsa20 v0.10.2
[INFO] [stderr]    Compiling email-encoding v0.2.1
[INFO] [stderr]    Compiling castaway v0.2.3
[INFO] [stderr]    Compiling pbkdf2 v0.12.2
[INFO] [stderr]    Compiling tokio-rustls v0.24.1
[INFO] [stderr]    Compiling itertools v0.12.1
[INFO] [stderr]    Compiling auto_impl v1.2.0
[INFO] [stderr]    Compiling socket2 v0.4.10
[INFO] [stderr]    Compiling cookie v0.18.1
[INFO] [stderr]    Compiling quoted_printable v0.4.8
[INFO] [stderr]    Compiling static_assertions v1.1.0
[INFO] [stderr]    Compiling email_address v0.2.9
[INFO] [stderr]    Compiling fastrand v1.9.0
[INFO] [stderr]    Compiling compact_str v0.7.1
[INFO] [stderr]    Compiling sysinfo v0.28.4
[INFO] [stderr]    Compiling lettre v0.10.4
[INFO] [stderr]    Compiling opentelemetry-proto v0.25.0
[INFO] [stderr]    Compiling scrypt v0.11.0
[INFO] [stderr]    Compiling jsonwebtoken v8.3.0
[INFO] [stderr]    Compiling prost-derive v0.12.6
[INFO] [stderr]    Compiling reqwest v0.11.27
[INFO] [stderr]    Compiling opentelemetry-http v0.25.0
[INFO] [stderr]    Compiling headers-core v0.3.0
[INFO] [stderr]    Compiling sha1 v0.10.6
[INFO] [stderr]    Compiling synchronized-writer v1.1.11
[INFO] [stderr]    Compiling eternaltwin_log v0.16.0
[INFO] [stderr]    Compiling headers v0.4.0
[INFO] [stderr]    Compiling prost v0.12.6
[INFO] [stderr]    Compiling opentelemetry-otlp v0.25.0
[INFO] [stderr]    Compiling axum-extra v0.9.6
[INFO] [stderr]    Compiling eternaltwin_constants v0.16.0
[INFO] [stderr]    Compiling eternaltwin_config v0.16.0
[INFO] [stderr]    Compiling eternaltwin_oauth_client v0.16.0
[INFO] [stderr]    Compiling eternaltwin_email_formatter v0.16.0
[INFO] [stderr]    Compiling eternaltwin_user_store v0.16.0
[INFO] [stderr]    Compiling eternaltwin_link_store v0.16.0
[INFO] [stderr]    Compiling eternaltwin_password v0.16.0
[INFO] [stderr]    Compiling eternaltwin_job_store v0.16.0
[INFO] [stderr]    Compiling eternaltwin_populate v0.16.0
[INFO] [stderr]    Compiling eternaltwin_services v0.16.0
[INFO] [stderr]    Compiling eternaltwin_db_schema v0.16.0
[INFO] [stderr]    Compiling eternaltwin_twinoid_store v0.16.0
[INFO] [stderr]    Compiling eternaltwin_dinoparc_store v0.16.0
[INFO] [stderr]    Compiling eternaltwin_auth_store v0.16.0
[INFO] [stderr]    Compiling eternaltwin_mailer v0.16.0
[INFO] [stderr]    Compiling eternaltwin_forum_store v0.16.0
[INFO] [stderr]    Compiling eternaltwin_hammerfest_store v0.16.0
[INFO] [stderr]    Compiling eternaltwin_oauth_provider_store v0.16.0
[INFO] [stderr]    Compiling eternaltwin_system v0.16.0
[INFO] [stderr]    Compiling eternaltwin_rest v0.16.0 (/opt/rustwide/workdir)
[INFO] [stderr]     Finished `dev` profile [unoptimized + debuginfo] target(s) in 5m 15s
[INFO] running `Command { std: "docker" "inspect" "162722685bf6137142990128ab90bdbfa6943905eeafee3c54174bd1f6ed5efb", kill_on_drop: false }`
[INFO] running `Command { std: "docker" "rm" "-f" "162722685bf6137142990128ab90bdbfa6943905eeafee3c54174bd1f6ed5efb", kill_on_drop: false }`
[INFO] [stdout] 162722685bf6137142990128ab90bdbfa6943905eeafee3c54174bd1f6ed5efb
[INFO] running `Command { std: "docker" "create" "-v" "/var/lib/crater-agent-workspace/builds/worker-2-tc1/target:/opt/rustwide/target:rw,Z" "-v" "/var/lib/crater-agent-workspace/builds/worker-2-tc1/source:/opt/rustwide/workdir:ro,Z" "-v" "/var/lib/crater-agent-workspace/cargo-home:/opt/rustwide/cargo-home:ro,Z" "-v" "/var/lib/crater-agent-workspace/rustup-home:/opt/rustwide/rustup-home:ro,Z" "-e" "SOURCE_DIR=/opt/rustwide/workdir" "-e" "CARGO_TARGET_DIR=/opt/rustwide/target" "-e" "CARGO_INCREMENTAL=0" "-e" "RUST_BACKTRACE=full" "-e" "RUSTFLAGS=--cap-lints=warn" "-e" "RUSTDOCFLAGS=--cap-lints=warn" "-e" "CARGO_HOME=/opt/rustwide/cargo-home" "-e" "RUSTUP_HOME=/opt/rustwide/rustup-home" "-w" "/opt/rustwide/workdir" "-m" "1610612736" "--user" "0:0" "--network" "none" "ghcr.io/rust-lang/crates-build-env/linux@sha256:f3a9d4ad9d972b27faf3965f35b62e55ba32bbce8f20bc8fe909558a86702fde" "/opt/rustwide/cargo-home/bin/cargo" "+1.83.0" "test" "--frozen" "--no-run" "--message-format=json", kill_on_drop: false }`
[INFO] [stdout] 063959b1af343edf56262e5274a67faeaa4ca008deb791a0f8e5ea41ae3132c1
[INFO] running `Command { std: "docker" "start" "-a" "063959b1af343edf56262e5274a67faeaa4ca008deb791a0f8e5ea41ae3132c1", kill_on_drop: false }`
[INFO] [stderr]    Compiling cookie v0.16.2
[INFO] [stderr]    Compiling eternaltwin_token_store v0.16.0
[INFO] [stderr]    Compiling cookie_store v0.19.1
[INFO] [stderr]    Compiling eternaltwin_rest v0.16.0 (/opt/rustwide/workdir)
[INFO] [stderr]     Finished `test` profile [unoptimized + debuginfo] target(s) in 44.71s
[INFO] running `Command { std: "docker" "inspect" "063959b1af343edf56262e5274a67faeaa4ca008deb791a0f8e5ea41ae3132c1", kill_on_drop: false }`
[INFO] running `Command { std: "docker" "rm" "-f" "063959b1af343edf56262e5274a67faeaa4ca008deb791a0f8e5ea41ae3132c1", kill_on_drop: false }`
[INFO] [stdout] 063959b1af343edf56262e5274a67faeaa4ca008deb791a0f8e5ea41ae3132c1
[INFO] running `Command { std: "docker" "create" "-v" "/var/lib/crater-agent-workspace/builds/worker-2-tc1/target:/opt/rustwide/target:rw,Z" "-v" "/var/lib/crater-agent-workspace/builds/worker-2-tc1/source:/opt/rustwide/workdir:ro,Z" "-v" "/var/lib/crater-agent-workspace/cargo-home:/opt/rustwide/cargo-home:ro,Z" "-v" "/var/lib/crater-agent-workspace/rustup-home:/opt/rustwide/rustup-home:ro,Z" "-e" "SOURCE_DIR=/opt/rustwide/workdir" "-e" "CARGO_TARGET_DIR=/opt/rustwide/target" "-e" "CARGO_INCREMENTAL=0" "-e" "RUST_BACKTRACE=full" "-e" "RUSTFLAGS=--cap-lints=warn" "-e" "RUSTDOCFLAGS=--cap-lints=warn" "-e" "CARGO_HOME=/opt/rustwide/cargo-home" "-e" "RUSTUP_HOME=/opt/rustwide/rustup-home" "-w" "/opt/rustwide/workdir" "-m" "1610612736" "--user" "0:0" "--network" "none" "ghcr.io/rust-lang/crates-build-env/linux@sha256:f3a9d4ad9d972b27faf3965f35b62e55ba32bbce8f20bc8fe909558a86702fde" "/opt/rustwide/cargo-home/bin/cargo" "+1.83.0" "test" "--frozen", kill_on_drop: false }`
[INFO] [stdout] 14bc9ca486fb4adcaca56d2fb6bb391508cfc3247f6bc27613b24ec15bbae504
[INFO] running `Command { std: "docker" "start" "-a" "14bc9ca486fb4adcaca56d2fb6bb391508cfc3247f6bc27613b24ec15bbae504", kill_on_drop: false }`
[INFO] [stderr]     Finished `test` profile [unoptimized + debuginfo] target(s) in 0.95s
[INFO] [stderr]      Running unittests src/lib.rs (/opt/rustwide/target/debug/deps/eternaltwin_rest-aa7dd45f376bc4e5)
[INFO] [stdout] 
[INFO] [stdout] running 7 tests
[INFO] [stdout] test users::tests::test_deser_linkable_server ... ok
[INFO] [stdout] test test::test_empty_hammerfest_user ... ok
[INFO] [stdout] test test::test_auth ... ok
[INFO] [stdout] test users::tests::test_update_user_display_name ... ok
[INFO] [stdout] test test::test_create_user ... ok
[INFO] [stdout] test forum::tests::test_get_section_not_found ... FAILED
[INFO] [stdout] test auth::tests::test_register_a_user_and_authenticate_back ... FAILED
[INFO] [stdout] 
[INFO] [stdout] failures:
[INFO] [stdout] 
[INFO] [stdout] ---- forum::tests::test_get_section_not_found stdout ----
[INFO] [stdout] thread 'forum::tests::test_get_section_not_found' panicked at /opt/rustwide/cargo-home/registry/src/index.crates.io-6f17d22bba15001f/eternaltwin_password-0.16.0/src/scrypt.rs:110:5:
[INFO] [stdout] assertion failed: round_limit >= (1 << 12) (round_limit = 3896)
[INFO] [stdout] stack backtrace:
[INFO] [stdout]    0:     0x5ca0b39afc8a - std::backtrace_rs::backtrace::libunwind::trace::h5a5b8284f2d0c266
[INFO] [stdout]                                at /rustc/90b35a6239c3d8bdabc530a6a0816f7ff89a0aaf/library/std/src/../../backtrace/src/backtrace/libunwind.rs:116:5
[INFO] [stdout]    1:     0x5ca0b39afc8a - std::backtrace_rs::backtrace::trace_unsynchronized::h76d4f1c9b0b875e3
[INFO] [stdout]                                at /rustc/90b35a6239c3d8bdabc530a6a0816f7ff89a0aaf/library/std/src/../../backtrace/src/backtrace/mod.rs:66:5
[INFO] [stdout]    2:     0x5ca0b39afc8a - std::sys::backtrace::_print_fmt::hc4546b8364a537c6
[INFO] [stdout]                                at /rustc/90b35a6239c3d8bdabc530a6a0816f7ff89a0aaf/library/std/src/sys/backtrace.rs:66:9
[INFO] [stdout]    3:     0x5ca0b39afc8a - <std::sys::backtrace::BacktraceLock::print::DisplayBacktrace as core::fmt::Display>::fmt::h5b6bd5631a6d1f6b
[INFO] [stdout]                                at /rustc/90b35a6239c3d8bdabc530a6a0816f7ff89a0aaf/library/std/src/sys/backtrace.rs:39:26
[INFO] [stdout]    4:     0x5ca0b39db5d3 - core::fmt::rt::Argument::fmt::h270f6602a2b96f62
[INFO] [stdout]                                at /rustc/90b35a6239c3d8bdabc530a6a0816f7ff89a0aaf/library/core/src/fmt/rt.rs:177:76
[INFO] [stdout]    5:     0x5ca0b39db5d3 - core::fmt::write::h7550c97b06c86515
[INFO] [stdout]                                at /rustc/90b35a6239c3d8bdabc530a6a0816f7ff89a0aaf/library/core/src/fmt/mod.rs:1186:21
[INFO] [stdout]    6:     0x5ca0b39ac0a3 - std::io::Write::write_fmt::h509ff860e5956e5e
[INFO] [stdout]                                at /rustc/90b35a6239c3d8bdabc530a6a0816f7ff89a0aaf/library/std/src/io/mod.rs:1839:15
[INFO] [stdout]    7:     0x5ca0b39afad2 - std::sys::backtrace::BacktraceLock::print::h2395ccd2c84ba3aa
[INFO] [stdout]                                at /rustc/90b35a6239c3d8bdabc530a6a0816f7ff89a0aaf/library/std/src/sys/backtrace.rs:42:9
[INFO] [stdout]    8:     0x5ca0b39b10ea - std::panicking::default_hook::{{closure}}::he19d4c7230e07961
[INFO] [stdout]                                at /rustc/90b35a6239c3d8bdabc530a6a0816f7ff89a0aaf/library/std/src/panicking.rs:268:22
[INFO] [stdout]    9:     0x5ca0b39b0ef4 - std::panicking::default_hook::hf614597d3c67bbdb
[INFO] [stdout]                                at /rustc/90b35a6239c3d8bdabc530a6a0816f7ff89a0aaf/library/std/src/panicking.rs:292:9
[INFO] [stdout]   10:     0x5ca0b2719c39 - <alloc::boxed::Box<F,A> as core::ops::function::Fn<Args>>::call::h39b51ce4599c23d1
[INFO] [stdout]                                at /rustc/90b35a6239c3d8bdabc530a6a0816f7ff89a0aaf/library/alloc/src/boxed.rs:2468:9
[INFO] [stdout]   11:     0x5ca0b2719c39 - test::test_main::{{closure}}::he977ae839a582784
[INFO] [stdout]                                at /rustc/90b35a6239c3d8bdabc530a6a0816f7ff89a0aaf/library/test/src/lib.rs:133:21
[INFO] [stdout]   12:     0x5ca0b39b1788 - <alloc::boxed::Box<F,A> as core::ops::function::Fn<Args>>::call::h9455091b6b06f9fb
[INFO] [stdout]                                at /rustc/90b35a6239c3d8bdabc530a6a0816f7ff89a0aaf/library/alloc/src/boxed.rs:2468:9
[INFO] [stdout]   13:     0x5ca0b39b1788 - std::panicking::rust_panic_with_hook::h8942133a8b252070
[INFO] [stdout]                                at /rustc/90b35a6239c3d8bdabc530a6a0816f7ff89a0aaf/library/std/src/panicking.rs:809:13
[INFO] [stdout]   14:     0x5ca0b39b154a - std::panicking::begin_panic_handler::{{closure}}::hb5f5963570096b29
[INFO] [stdout]                                at /rustc/90b35a6239c3d8bdabc530a6a0816f7ff89a0aaf/library/std/src/panicking.rs:674:13
[INFO] [stdout]   15:     0x5ca0b39b0169 - std::sys::backtrace::__rust_end_short_backtrace::h6208cedc1922feda
[INFO] [stdout]                                at /rustc/90b35a6239c3d8bdabc530a6a0816f7ff89a0aaf/library/std/src/sys/backtrace.rs:170:18
[INFO] [stdout]   16:     0x5ca0b39b11dc - rust_begin_unwind
[INFO] [stdout]                                at /rustc/90b35a6239c3d8bdabc530a6a0816f7ff89a0aaf/library/std/src/panicking.rs:665:5
[INFO] [stdout]   17:     0x5ca0b224e5b0 - core::panicking::panic_fmt::h0c3082644d1bf418
[INFO] [stdout]                                at /rustc/90b35a6239c3d8bdabc530a6a0816f7ff89a0aaf/library/core/src/panicking.rs:74:14
[INFO] [stdout]   18:     0x5ca0b287c0b2 - eternaltwin_password::scrypt::ScryptParams::detect::hb61cf15ad4579a2c
[INFO] [stdout]                                at /opt/rustwide/cargo-home/registry/src/index.crates.io-6f17d22bba15001f/eternaltwin_password-0.16.0/src/scrypt.rs:110:5
[INFO] [stdout]   19:     0x5ca0b287c57d - eternaltwin_password::scrypt::ScryptPasswordService<rand_core::os::OsRng>::with_os_rng::h6ed39cb0d3bbf3ec
[INFO] [stdout]                                at /opt/rustwide/cargo-home/registry/src/index.crates.io-6f17d22bba15001f/eternaltwin_password-0.16.0/src/scrypt.rs:172:15
[INFO] [stdout]   20:     0x5ca0b242522c - eternaltwin_rest::test::create_api::{{closure}}::h417acb6e9d804214
[INFO] [stdout]                                at /opt/rustwide/workdir/src/test.rs:75:53
[INFO] [stdout]   21:     0x5ca0b2439166 - eternaltwin_rest::forum::tests::test_get_section_not_found::{{closure}}::h4d60eb4b36a23b65
[INFO] [stdout]                                at /opt/rustwide/workdir/src/forum.rs:614:28
[INFO] [stdout]   22:     0x5ca0b256bf72 - <core::pin::Pin<P> as core::future::future::Future>::poll::h19df04f778f9e2fd
[INFO] [stdout]                                at /rustc/90b35a6239c3d8bdabc530a6a0816f7ff89a0aaf/library/core/src/future/future.rs:123:9
[INFO] [stdout]   23:     0x5ca0b256dfcd - <core::pin::Pin<P> as core::future::future::Future>::poll::hca141070d6c76d0b
[INFO] [stdout]                                at /rustc/90b35a6239c3d8bdabc530a6a0816f7ff89a0aaf/library/core/src/future/future.rs:123:9
[INFO] [stdout]   24:     0x5ca0b25252ef - tokio::runtime::scheduler::current_thread::CoreGuard::block_on::{{closure}}::{{closure}}::{{closure}}::h7584d657793cae37
[INFO] [stdout]                                at /opt/rustwide/cargo-home/registry/src/index.crates.io-6f17d22bba15001f/tokio-1.38.1/src/runtime/scheduler/current_thread/mod.rs:659:57
[INFO] [stdout]   25:     0x5ca0b2525225 - tokio::runtime::coop::with_budget::hc2bf04b7b20fe057
[INFO] [stdout]                                at /opt/rustwide/cargo-home/registry/src/index.crates.io-6f17d22bba15001f/tokio-1.38.1/src/runtime/coop.rs:107:5
[INFO] [stdout]   26:     0x5ca0b2525225 - tokio::runtime::coop::budget::h9bcd4d61f0678341
[INFO] [stdout]                                at /opt/rustwide/cargo-home/registry/src/index.crates.io-6f17d22bba15001f/tokio-1.38.1/src/runtime/coop.rs:73:5
[INFO] [stdout]   27:     0x5ca0b2525225 - tokio::runtime::scheduler::current_thread::CoreGuard::block_on::{{closure}}::{{closure}}::h9ac43bd1960f9bd9
[INFO] [stdout]                                at /opt/rustwide/cargo-home/registry/src/index.crates.io-6f17d22bba15001f/tokio-1.38.1/src/runtime/scheduler/current_thread/mod.rs:659:25
[INFO] [stdout]   28:     0x5ca0b2523ce0 - tokio::runtime::scheduler::current_thread::Context::enter::h48932446d867fddd
[INFO] [stdout]                                at /opt/rustwide/cargo-home/registry/src/index.crates.io-6f17d22bba15001f/tokio-1.38.1/src/runtime/scheduler/current_thread/mod.rs:404:19
[INFO] [stdout]   29:     0x5ca0b2524a8e - tokio::runtime::scheduler::current_thread::CoreGuard::block_on::{{closure}}::h26a4d1803560f18e
[INFO] [stdout]                                at /opt/rustwide/cargo-home/registry/src/index.crates.io-6f17d22bba15001f/tokio-1.38.1/src/runtime/scheduler/current_thread/mod.rs:658:36
[INFO] [stdout]   30:     0x5ca0b2524804 - tokio::runtime::scheduler::current_thread::CoreGuard::enter::{{closure}}::h652c8268ea721d38
[INFO] [stdout]                                at /opt/rustwide/cargo-home/registry/src/index.crates.io-6f17d22bba15001f/tokio-1.38.1/src/runtime/scheduler/current_thread/mod.rs:737:68
[INFO] [stdout]   31:     0x5ca0b247209b - tokio::runtime::context::scoped::Scoped<T>::set::h0e1ff47f00178e12
[INFO] [stdout]                                at /opt/rustwide/cargo-home/registry/src/index.crates.io-6f17d22bba15001f/tokio-1.38.1/src/runtime/context/scoped.rs:40:9
[INFO] [stdout]   32:     0x5ca0b26b3cf9 - tokio::runtime::context::set_scheduler::{{closure}}::hf381a2076d6dc186
[INFO] [stdout]                                at /opt/rustwide/cargo-home/registry/src/index.crates.io-6f17d22bba15001f/tokio-1.38.1/src/runtime/context.rs:180:26
[INFO] [stdout]   33:     0x5ca0b23b559d - std::thread::local::LocalKey<T>::try_with::h87ef5a2457b28216
[INFO] [stdout]                                at /rustc/90b35a6239c3d8bdabc530a6a0816f7ff89a0aaf/library/std/src/thread/local.rs:283:12
[INFO] [stdout]   34:     0x5ca0b23b50da - std::thread::local::LocalKey<T>::with::he9836a91223c6683
[INFO] [stdout]                                at /rustc/90b35a6239c3d8bdabc530a6a0816f7ff89a0aaf/library/std/src/thread/local.rs:260:9
[INFO] [stdout]   35:     0x5ca0b26b3cad - tokio::runtime::context::set_scheduler::hb398044c0618d7fa
[INFO] [stdout]                                at /opt/rustwide/cargo-home/registry/src/index.crates.io-6f17d22bba15001f/tokio-1.38.1/src/runtime/context.rs:180:9
[INFO] [stdout]   36:     0x5ca0b25245b0 - tokio::runtime::scheduler::current_thread::CoreGuard::enter::hf94dd98031632818
[INFO] [stdout]                                at /opt/rustwide/cargo-home/registry/src/index.crates.io-6f17d22bba15001f/tokio-1.38.1/src/runtime/scheduler/current_thread/mod.rs:737:27
[INFO] [stdout]   37:     0x5ca0b2524823 - tokio::runtime::scheduler::current_thread::CoreGuard::block_on::h96daa43388749d82
[INFO] [stdout]                                at /opt/rustwide/cargo-home/registry/src/index.crates.io-6f17d22bba15001f/tokio-1.38.1/src/runtime/scheduler/current_thread/mod.rs:646:19
[INFO] [stdout]   38:     0x5ca0b25232bd - tokio::runtime::scheduler::current_thread::CurrentThread::block_on::{{closure}}::h10dc563106fb87a3
[INFO] [stdout]                                at /opt/rustwide/cargo-home/registry/src/index.crates.io-6f17d22bba15001f/tokio-1.38.1/src/runtime/scheduler/current_thread/mod.rs:175:28
[INFO] [stdout]   39:     0x5ca0b25fca76 - tokio::runtime::context::runtime::enter_runtime::h64314dc9f5b38aaa
[INFO] [stdout]                                at /opt/rustwide/cargo-home/registry/src/index.crates.io-6f17d22bba15001f/tokio-1.38.1/src/runtime/context/runtime.rs:65:16
[INFO] [stdout]   40:     0x5ca0b25231d1 - tokio::runtime::scheduler::current_thread::CurrentThread::block_on::ha6c2e1446d4a69d7
[INFO] [stdout]                                at /opt/rustwide/cargo-home/registry/src/index.crates.io-6f17d22bba15001f/tokio-1.38.1/src/runtime/scheduler/current_thread/mod.rs:167:9
[INFO] [stdout]   41:     0x5ca0b24721cd - tokio::runtime::runtime::Runtime::block_on::he014b0b84e0617fb
[INFO] [stdout]                                at /opt/rustwide/cargo-home/registry/src/index.crates.io-6f17d22bba15001f/tokio-1.38.1/src/runtime/runtime.rs:347:47
[INFO] [stdout]   42:     0x5ca0b2438eaf - eternaltwin_rest::forum::tests::test_get_section_not_found::hbf31914d066dd91c
[INFO] [stdout]                                at /opt/rustwide/workdir/src/forum.rs:619:5
[INFO] [stdout]   43:     0x5ca0b2438d37 - eternaltwin_rest::forum::tests::test_get_section_not_found::{{closure}}::h2122826fb4224bce
[INFO] [stdout]                                at /opt/rustwide/workdir/src/forum.rs:613:40
[INFO] [stdout]   44:     0x5ca0b22a37c6 - core::ops::function::FnOnce::call_once::h0ce02f388c4d72e2
[INFO] [stdout]                                at /rustc/90b35a6239c3d8bdabc530a6a0816f7ff89a0aaf/library/core/src/ops/function.rs:250:5
[INFO] [stdout]   45:     0x5ca0b271e5fb - core::ops::function::FnOnce::call_once::h109cf8051a59b34e
[INFO] [stdout]                                at /rustc/90b35a6239c3d8bdabc530a6a0816f7ff89a0aaf/library/core/src/ops/function.rs:250:5
[INFO] [stdout]   46:     0x5ca0b271e5fb - test::__rust_begin_short_backtrace::hf4fff89d377446ba
[INFO] [stdout]                                at /rustc/90b35a6239c3d8bdabc530a6a0816f7ff89a0aaf/library/test/src/lib.rs:621:18
[INFO] [stdout]   47:     0x5ca0b271de37 - test::run_test_in_process::{{closure}}::h0e39181dd7ee5a43
[INFO] [stdout]                                at /rustc/90b35a6239c3d8bdabc530a6a0816f7ff89a0aaf/library/test/src/lib.rs:644:60
[INFO] [stdout]   48:     0x5ca0b271de37 - <core::panic::unwind_safe::AssertUnwindSafe<F> as core::ops::function::FnOnce<()>>::call_once::hc5a66a30f0bdfd1f
[INFO] [stdout]                                at /rustc/90b35a6239c3d8bdabc530a6a0816f7ff89a0aaf/library/core/src/panic/unwind_safe.rs:272:9
[INFO] [stdout]   49:     0x5ca0b271de37 - std::panicking::try::do_call::h873b7cf639554a5e
[INFO] [stdout]                                at /rustc/90b35a6239c3d8bdabc530a6a0816f7ff89a0aaf/library/std/src/panicking.rs:557:40
[INFO] [stdout]   50:     0x5ca0b271de37 - std::panicking::try::hdb19862fad9c8bd1
[INFO] [stdout]                                at /rustc/90b35a6239c3d8bdabc530a6a0816f7ff89a0aaf/library/std/src/panicking.rs:520:19
[INFO] [stdout]   51:     0x5ca0b271de37 - std::panic::catch_unwind::h281fe732d236d260
[INFO] [stdout]                                at /rustc/90b35a6239c3d8bdabc530a6a0816f7ff89a0aaf/library/std/src/panic.rs:358:14
[INFO] [stdout]   52:     0x5ca0b271de37 - test::run_test_in_process::h949b6df8457ed338
[INFO] [stdout]                                at /rustc/90b35a6239c3d8bdabc530a6a0816f7ff89a0aaf/library/test/src/lib.rs:644:27
[INFO] [stdout]   53:     0x5ca0b271de37 - test::run_test::{{closure}}::h52c556a6d4740e10
[INFO] [stdout]                                at /rustc/90b35a6239c3d8bdabc530a6a0816f7ff89a0aaf/library/test/src/lib.rs:565:43
[INFO] [stdout]   54:     0x5ca0b26e3114 - test::run_test::{{closure}}::h4237f6381c45ccb9
[INFO] [stdout]                                at /rustc/90b35a6239c3d8bdabc530a6a0816f7ff89a0aaf/library/test/src/lib.rs:595:41
[INFO] [stdout]   55:     0x5ca0b26e3114 - std::sys::backtrace::__rust_begin_short_backtrace::h505c97a579eca628
[INFO] [stdout]                                at /rustc/90b35a6239c3d8bdabc530a6a0816f7ff89a0aaf/library/std/src/sys/backtrace.rs:154:18
[INFO] [stdout]   56:     0x5ca0b26e67de - std::thread::Builder::spawn_unchecked_::{{closure}}::{{closure}}::h9e86b2e2bc107ea3
[INFO] [stdout]                                at /rustc/90b35a6239c3d8bdabc530a6a0816f7ff89a0aaf/library/std/src/thread/mod.rs:538:17
[INFO] [stdout]   57:     0x5ca0b26e67de - <core::panic::unwind_safe::AssertUnwindSafe<F> as core::ops::function::FnOnce<()>>::call_once::h8b06ddb275ff4a25
[INFO] [stdout]                                at /rustc/90b35a6239c3d8bdabc530a6a0816f7ff89a0aaf/library/core/src/panic/unwind_safe.rs:272:9
[INFO] [stdout]   58:     0x5ca0b26e67de - std::panicking::try::do_call::hb26ecd7cd9a9355d
[INFO] [stdout]                                at /rustc/90b35a6239c3d8bdabc530a6a0816f7ff89a0aaf/library/std/src/panicking.rs:557:40
[INFO] [stdout]   59:     0x5ca0b26e67de - std::panicking::try::h8ddeca9d705f9069
[INFO] [stdout]                                at /rustc/90b35a6239c3d8bdabc530a6a0816f7ff89a0aaf/library/std/src/panicking.rs:520:19
[INFO] [stdout]   60:     0x5ca0b26e67de - std::panic::catch_unwind::h49e1c33078844c46
[INFO] [stdout]                                at /rustc/90b35a6239c3d8bdabc530a6a0816f7ff89a0aaf/library/std/src/panic.rs:358:14
[INFO] [stdout]   61:     0x5ca0b26e67de - std::thread::Builder::spawn_unchecked_::{{closure}}::h6073db6ff56ad35d
[INFO] [stdout]                                at /rustc/90b35a6239c3d8bdabc530a6a0816f7ff89a0aaf/library/std/src/thread/mod.rs:537:30
[INFO] [stdout]   62:     0x5ca0b26e67de - core::ops::function::FnOnce::call_once{{vtable.shim}}::h2c5a5f3779c774f1
[INFO] [stdout]                                at /rustc/90b35a6239c3d8bdabc530a6a0816f7ff89a0aaf/library/core/src/ops/function.rs:250:5
[INFO] [stdout]   63:     0x5ca0b39b5ccb - <alloc::boxed::Box<F,A> as core::ops::function::FnOnce<Args>>::call_once::hf75717d9f28faebf
[INFO] [stdout]                                at /rustc/90b35a6239c3d8bdabc530a6a0816f7ff89a0aaf/library/alloc/src/boxed.rs:2454:9
[INFO] [stdout]   64:     0x5ca0b39b5ccb - <alloc::boxed::Box<F,A> as core::ops::function::FnOnce<Args>>::call_once::h7bd883a5f3c5f3c1
[INFO] [stdout]                                at /rustc/90b35a6239c3d8bdabc530a6a0816f7ff89a0aaf/library/alloc/src/boxed.rs:2454:9
[INFO] [stdout]   65:     0x5ca0b39b5ccb - std::sys::pal::unix::thread::Thread::new::thread_start::hcc78f3943333fa94
[INFO] [stdout]                                at /rustc/90b35a6239c3d8bdabc530a6a0816f7ff89a0aaf/library/std/src/sys/pal/unix/thread.rs:105:17
[INFO] [stdout]   66:     0x755ee947cac3 - <unknown>
[INFO] [stdout]   67:     0x755ee950da04 - clone
[INFO] [stdout]   68:                0x0 - <unknown>
[INFO] [stdout] 
[INFO] [stdout] ---- auth::tests::test_register_a_user_and_authenticate_back stdout ----
[INFO] [stdout] thread 'auth::tests::test_register_a_user_and_authenticate_back' panicked at /opt/rustwide/cargo-home/registry/src/index.crates.io-6f17d22bba15001f/eternaltwin_password-0.16.0/src/scrypt.rs:110:5:
[INFO] [stdout] assertion failed: round_limit >= (1 << 12) (round_limit = 3770)
[INFO] [stdout] stack backtrace:
[INFO] [stdout]    0:     0x5ca0b39afc8a - std::backtrace_rs::backtrace::libunwind::trace::h5a5b8284f2d0c266
[INFO] [stdout]                                at /rustc/90b35a6239c3d8bdabc530a6a0816f7ff89a0aaf/library/std/src/../../backtrace/src/backtrace/libunwind.rs:116:5
[INFO] [stdout]    1:     0x5ca0b39afc8a - std::backtrace_rs::backtrace::trace_unsynchronized::h76d4f1c9b0b875e3
[INFO] [stdout]                                at /rustc/90b35a6239c3d8bdabc530a6a0816f7ff89a0aaf/library/std/src/../../backtrace/src/backtrace/mod.rs:66:5
[INFO] [stdout]    2:     0x5ca0b39afc8a - std::sys::backtrace::_print_fmt::hc4546b8364a537c6
[INFO] [stdout]                                at /rustc/90b35a6239c3d8bdabc530a6a0816f7ff89a0aaf/library/std/src/sys/backtrace.rs:66:9
[INFO] [stdout]    3:     0x5ca0b39afc8a - <std::sys::backtrace::BacktraceLock::print::DisplayBacktrace as core::fmt::Display>::fmt::h5b6bd5631a6d1f6b
[INFO] [stdout]                                at /rustc/90b35a6239c3d8bdabc530a6a0816f7ff89a0aaf/library/std/src/sys/backtrace.rs:39:26
[INFO] [stdout]    4:     0x5ca0b39db5d3 - core::fmt::rt::Argument::fmt::h270f6602a2b96f62
[INFO] [stdout]                                at /rustc/90b35a6239c3d8bdabc530a6a0816f7ff89a0aaf/library/core/src/fmt/rt.rs:177:76
[INFO] [stdout]    5:     0x5ca0b39db5d3 - core::fmt::write::h7550c97b06c86515
[INFO] [stdout]                                at /rustc/90b35a6239c3d8bdabc530a6a0816f7ff89a0aaf/library/core/src/fmt/mod.rs:1186:21
[INFO] [stdout]    6:     0x5ca0b39ac0a3 - std::io::Write::write_fmt::h509ff860e5956e5e
[INFO] [stdout]                                at /rustc/90b35a6239c3d8bdabc530a6a0816f7ff89a0aaf/library/std/src/io/mod.rs:1839:15
[INFO] [stdout]    7:     0x5ca0b39afad2 - std::sys::backtrace::BacktraceLock::print::h2395ccd2c84ba3aa
[INFO] [stdout]                                at /rustc/90b35a6239c3d8bdabc530a6a0816f7ff89a0aaf/library/std/src/sys/backtrace.rs:42:9
[INFO] [stdout]    8:     0x5ca0b39b10ea - std::panicking::default_hook::{{closure}}::he19d4c7230e07961
[INFO] [stdout]                                at /rustc/90b35a6239c3d8bdabc530a6a0816f7ff89a0aaf/library/std/src/panicking.rs:268:22
[INFO] [stdout]    9:     0x5ca0b39b0ef4 - std::panicking::default_hook::hf614597d3c67bbdb
[INFO] [stdout]                                at /rustc/90b35a6239c3d8bdabc530a6a0816f7ff89a0aaf/library/std/src/panicking.rs:292:9
[INFO] [stdout]   10:     0x5ca0b2719c39 - <alloc::boxed::Box<F,A> as core::ops::function::Fn<Args>>::call::h39b51ce4599c23d1
[INFO] [stdout]                                at /rustc/90b35a6239c3d8bdabc530a6a0816f7ff89a0aaf/library/alloc/src/boxed.rs:2468:9
[INFO] [stdout]   11:     0x5ca0b2719c39 - test::test_main::{{closure}}::he977ae839a582784
[INFO] [stdout]                                at /rustc/90b35a6239c3d8bdabc530a6a0816f7ff89a0aaf/library/test/src/lib.rs:133:21
[INFO] [stdout]   12:     0x5ca0b39b1788 - <alloc::boxed::Box<F,A> as core::ops::function::Fn<Args>>::call::h9455091b6b06f9fb
[INFO] [stdout]                                at /rustc/90b35a6239c3d8bdabc530a6a0816f7ff89a0aaf/library/alloc/src/boxed.rs:2468:9
[INFO] [stdout]   13:     0x5ca0b39b1788 - std::panicking::rust_panic_with_hook::h8942133a8b252070
[INFO] [stdout]                                at /rustc/90b35a6239c3d8bdabc530a6a0816f7ff89a0aaf/library/std/src/panicking.rs:809:13
[INFO] [stdout]   14:     0x5ca0b39b154a - std::panicking::begin_panic_handler::{{closure}}::hb5f5963570096b29
[INFO] [stdout]                                at /rustc/90b35a6239c3d8bdabc530a6a0816f7ff89a0aaf/library/std/src/panicking.rs:674:13
[INFO] [stdout]   15:     0x5ca0b39b0169 - std::sys::backtrace::__rust_end_short_backtrace::h6208cedc1922feda
[INFO] [stdout]                                at /rustc/90b35a6239c3d8bdabc530a6a0816f7ff89a0aaf/library/std/src/sys/backtrace.rs:170:18
[INFO] [stdout]   16:     0x5ca0b39b11dc - rust_begin_unwind
[INFO] [stdout]                                at /rustc/90b35a6239c3d8bdabc530a6a0816f7ff89a0aaf/library/std/src/panicking.rs:665:5
[INFO] [stdout]   17:     0x5ca0b224e5b0 - core::panicking::panic_fmt::h0c3082644d1bf418
[INFO] [stdout]                                at /rustc/90b35a6239c3d8bdabc530a6a0816f7ff89a0aaf/library/core/src/panicking.rs:74:14
[INFO] [stdout]   18:     0x5ca0b287c0b2 - eternaltwin_password::scrypt::ScryptParams::detect::hb61cf15ad4579a2c
[INFO] [stdout]                                at /opt/rustwide/cargo-home/registry/src/index.crates.io-6f17d22bba15001f/eternaltwin_password-0.16.0/src/scrypt.rs:110:5
[INFO] [stdout]   19:     0x5ca0b287c57d - eternaltwin_password::scrypt::ScryptPasswordService<rand_core::os::OsRng>::with_os_rng::h6ed39cb0d3bbf3ec
[INFO] [stdout]                                at /opt/rustwide/cargo-home/registry/src/index.crates.io-6f17d22bba15001f/eternaltwin_password-0.16.0/src/scrypt.rs:172:15
[INFO] [stdout]   20:     0x5ca0b242522c - eternaltwin_rest::test::create_api::{{closure}}::h417acb6e9d804214
[INFO] [stdout]                                at /opt/rustwide/workdir/src/test.rs:75:53
[INFO] [stdout]   21:     0x5ca0b24344cf - eternaltwin_rest::auth::tests::test_register_a_user_and_authenticate_back::{{closure}}::he4222a6227491448
[INFO] [stdout]                                at /opt/rustwide/workdir/src/auth.rs:110:28
[INFO] [stdout]   22:     0x5ca0b256bf72 - <core::pin::Pin<P> as core::future::future::Future>::poll::h19df04f778f9e2fd
[INFO] [stdout]                                at /rustc/90b35a6239c3d8bdabc530a6a0816f7ff89a0aaf/library/core/src/future/future.rs:123:9
[INFO] [stdout]   23:     0x5ca0b256dfcd - <core::pin::Pin<P> as core::future::future::Future>::poll::hca141070d6c76d0b
[INFO] [stdout]                                at /rustc/90b35a6239c3d8bdabc530a6a0816f7ff89a0aaf/library/core/src/future/future.rs:123:9
[INFO] [stdout]   24:     0x5ca0b25252ef - tokio::runtime::scheduler::current_thread::CoreGuard::block_on::{{closure}}::{{closure}}::{{closure}}::h7584d657793cae37
[INFO] [stdout]                                at /opt/rustwide/cargo-home/registry/src/index.crates.io-6f17d22bba15001f/tokio-1.38.1/src/runtime/scheduler/current_thread/mod.rs:659:57
[INFO] [stdout]   25:     0x5ca0b2525225 - tokio::runtime::coop::with_budget::hc2bf04b7b20fe057
[INFO] [stdout]                                at /opt/rustwide/cargo-home/registry/src/index.crates.io-6f17d22bba15001f/tokio-1.38.1/src/runtime/coop.rs:107:5
[INFO] [stdout]   26:     0x5ca0b2525225 - tokio::runtime::coop::budget::h9bcd4d61f0678341
[INFO] [stdout]                                at /opt/rustwide/cargo-home/registry/src/index.crates.io-6f17d22bba15001f/tokio-1.38.1/src/runtime/coop.rs:73:5
[INFO] [stdout]   27:     0x5ca0b2525225 - tokio::runtime::scheduler::current_thread::CoreGuard::block_on::{{closure}}::{{closure}}::h9ac43bd1960f9bd9
[INFO] [stdout]                                at /opt/rustwide/cargo-home/registry/src/index.crates.io-6f17d22bba15001f/tokio-1.38.1/src/runtime/scheduler/current_thread/mod.rs:659:25
[INFO] [stdout]   28:     0x5ca0b2523ce0 - tokio::runtime::scheduler::current_thread::Context::enter::h48932446d867fddd
[INFO] [stdout]                                at /opt/rustwide/cargo-home/registry/src/index.crates.io-6f17d22bba15001f/tokio-1.38.1/src/runtime/scheduler/current_thread/mod.rs:404:19
[INFO] [stdout]   29:     0x5ca0b2524a8e - tokio::runtime::scheduler::current_thread::CoreGuard::block_on::{{closure}}::h26a4d1803560f18e
[INFO] [stdout]                                at /opt/rustwide/cargo-home/registry/src/index.crates.io-6f17d22bba15001f/tokio-1.38.1/src/runtime/scheduler/current_thread/mod.rs:658:36
[INFO] [stdout]   30:     0x5ca0b2524804 - tokio::runtime::scheduler::current_thread::CoreGuard::enter::{{closure}}::h652c8268ea721d38
[INFO] [stdout]                                at /opt/rustwide/cargo-home/registry/src/index.crates.io-6f17d22bba15001f/tokio-1.38.1/src/runtime/scheduler/current_thread/mod.rs:737:68
[INFO] [stdout]   31:     0x5ca0b247209b - tokio::runtime::context::scoped::Scoped<T>::set::h0e1ff47f00178e12
[INFO] [stdout]                                at /opt/rustwide/cargo-home/registry/src/index.crates.io-6f17d22bba15001f/tokio-1.38.1/src/runtime/context/scoped.rs:40:9
[INFO] [stdout]   32:     0x5ca0b26b3cf9 - tokio::runtime::context::set_scheduler::{{closure}}::hf381a2076d6dc186
[INFO] [stdout]                                at /opt/rustwide/cargo-home/registry/src/index.crates.io-6f17d22bba15001f/tokio-1.38.1/src/runtime/context.rs:180:26
[INFO] [stdout]   33:     0x5ca0b23b559d - std::thread::local::LocalKey<T>::try_with::h87ef5a2457b28216
[INFO] [stdout]                                at /rustc/90b35a6239c3d8bdabc530a6a0816f7ff89a0aaf/library/std/src/thread/local.rs:283:12
[INFO] [stdout]   34:     0x5ca0b23b50da - std::thread::local::LocalKey<T>::with::he9836a91223c6683
[INFO] [stdout]                                at /rustc/90b35a6239c3d8bdabc530a6a0816f7ff89a0aaf/library/std/src/thread/local.rs:260:9
[INFO] [stdout]   35:     0x5ca0b26b3cad - tokio::runtime::context::set_scheduler::hb398044c0618d7fa
[INFO] [stdout]                                at /opt/rustwide/cargo-home/registry/src/index.crates.io-6f17d22bba15001f/tokio-1.38.1/src/runtime/context.rs:180:9
[INFO] [stdout]   36:     0x5ca0b25245b0 - tokio::runtime::scheduler::current_thread::CoreGuard::enter::hf94dd98031632818
[INFO] [stdout]                                at /opt/rustwide/cargo-home/registry/src/index.crates.io-6f17d22bba15001f/tokio-1.38.1/src/runtime/scheduler/current_thread/mod.rs:737:27
[INFO] [stdout]   37:     0x5ca0b2524823 - tokio::runtime::scheduler::current_thread::CoreGuard::block_on::h96daa43388749d82
[INFO] [stdout]                                at /opt/rustwide/cargo-home/registry/src/index.crates.io-6f17d22bba15001f/tokio-1.38.1/src/runtime/scheduler/current_thread/mod.rs:646:19
[INFO] [stdout]   38:     0x5ca0b25232bd - tokio::runtime::scheduler::current_thread::CurrentThread::block_on::{{closure}}::h10dc563106fb87a3
[INFO] [stdout]                                at /opt/rustwide/cargo-home/registry/src/index.crates.io-6f17d22bba15001f/tokio-1.38.1/src/runtime/scheduler/current_thread/mod.rs:175:28
[INFO] [stdout]   39:     0x5ca0b25fca76 - tokio::runtime::context::runtime::enter_runtime::h64314dc9f5b38aaa
[INFO] [stdout]                                at /opt/rustwide/cargo-home/registry/src/index.crates.io-6f17d22bba15001f/tokio-1.38.1/src/runtime/context/runtime.rs:65:16
[INFO] [stdout]   40:     0x5ca0b25231d1 - tokio::runtime::scheduler::current_thread::CurrentThread::block_on::ha6c2e1446d4a69d7
[INFO] [stdout]                                at /opt/rustwide/cargo-home/registry/src/index.crates.io-6f17d22bba15001f/tokio-1.38.1/src/runtime/scheduler/current_thread/mod.rs:167:9
[INFO] [stdout]   41:     0x5ca0b24721cd - tokio::runtime::runtime::Runtime::block_on::he014b0b84e0617fb
[INFO] [stdout]                                at /opt/rustwide/cargo-home/registry/src/index.crates.io-6f17d22bba15001f/tokio-1.38.1/src/runtime/runtime.rs:347:47
[INFO] [stdout]   42:     0x5ca0b243410f - eternaltwin_rest::auth::tests::test_register_a_user_and_authenticate_back::haa18eeb36aeda106
[INFO] [stdout]                                at /opt/rustwide/workdir/src/auth.rs:158:5
[INFO] [stdout]   43:     0x5ca0b2433f97 - eternaltwin_rest::auth::tests::test_register_a_user_and_authenticate_back::{{closure}}::h8b8b1c4a4185fbe9
[INFO] [stdout]                                at /opt/rustwide/workdir/src/auth.rs:109:56
[INFO] [stdout]   44:     0x5ca0b22a3a76 - core::ops::function::FnOnce::call_once::h12bd353530204643
[INFO] [stdout]                                at /rustc/90b35a6239c3d8bdabc530a6a0816f7ff89a0aaf/library/core/src/ops/function.rs:250:5
[INFO] [stdout]   45:     0x5ca0b271e5fb - core::ops::function::FnOnce::call_once::h109cf8051a59b34e
[INFO] [stdout]                                at /rustc/90b35a6239c3d8bdabc530a6a0816f7ff89a0aaf/library/core/src/ops/function.rs:250:5
[INFO] [stdout]   46:     0x5ca0b271e5fb - test::__rust_begin_short_backtrace::hf4fff89d377446ba
[INFO] [stdout]                                at /rustc/90b35a6239c3d8bdabc530a6a0816f7ff89a0aaf/library/test/src/lib.rs:621:18
[INFO] [stdout]   47:     0x5ca0b271de37 - test::run_test_in_process::{{closure}}::h0e39181dd7ee5a43
[INFO] [stdout]                                at /rustc/90b35a6239c3d8bdabc530a6a0816f7ff89a0aaf/library/test/src/lib.rs:644:60
[INFO] [stdout]   48:     0x5ca0b271de37 - <core::panic::unwind_safe::AssertUnwindSafe<F> as core::ops::function::FnOnce<()>>::call_once::hc5a66a30f0bdfd1f
[INFO] [stdout]                                at /rustc/90b35a6239c3d8bdabc530a6a0816f7ff89a0aaf/library/core/src/panic/unwind_safe.rs:272:9
[INFO] [stdout]   49:     0x5ca0b271de37 - std::panicking::try::do_call::h873b7cf639554a5e
[INFO] [stdout]                                at /rustc/90b35a6239c3d8bdabc530a6a0816f7ff89a0aaf/library/std/src/panicking.rs:557:40
[INFO] [stdout]   50:     0x5ca0b271de37 - std::panicking::try::hdb19862fad9c8bd1
[INFO] [stdout]                                at /rustc/90b35a6239c3d8bdabc530a6a0816f7ff89a0aaf/library/std/src/panicking.rs:520:19
[INFO] [stdout]   51:     0x5ca0b271de37 - std::panic::catch_unwind::h281fe732d236d260
[INFO] [stdout]                                at /rustc/90b35a6239c3d8bdabc530a6a0816f7ff89a0aaf/library/std/src/panic.rs:358:14
[INFO] [stdout]   52:     0x5ca0b271de37 - test::run_test_in_process::h949b6df8457ed338
[INFO] [stdout]                                at /rustc/90b35a6239c3d8bdabc530a6a0816f7ff89a0aaf/library/test/src/lib.rs:644:27
[INFO] [stdout]   53:     0x5ca0b271de37 - test::run_test::{{closure}}::h52c556a6d4740e10
[INFO] [stdout]                                at /rustc/90b35a6239c3d8bdabc530a6a0816f7ff89a0aaf/library/test/src/lib.rs:565:43
[INFO] [stdout]   54:     0x5ca0b26e3114 - test::run_test::{{closure}}::h4237f6381c45ccb9
[INFO] [stdout]                                at /rustc/90b35a6239c3d8bdabc530a6a0816f7ff89a0aaf/library/test/src/lib.rs:595:41
[INFO] [stdout]   55:     0x5ca0b26e3114 - std::sys::backtrace::__rust_begin_short_backtrace::h505c97a579eca628
[INFO] [stdout]                                at /rustc/90b35a6239c3d8bdabc530a6a0816f7ff89a0aaf/library/std/src/sys/backtrace.rs:154:18
[INFO] [stdout]   56:     0x5ca0b26e67de - std::thread::Builder::spawn_unchecked_::{{closure}}::{{closure}}::h9e86b2e2bc107ea3
[INFO] [stdout]                                at /rustc/90b35a6239c3d8bdabc530a6a0816f7ff89a0aaf/library/std/src/thread/mod.rs:538:17
[INFO] [stdout]   57:     0x5ca0b26e67de - <core::panic::unwind_safe::AssertUnwindSafe<F> as core::ops::function::FnOnce<()>>::call_once::h8b06ddb275ff4a25
[INFO] [stdout]                                at /rustc/90b35a6239c3d8bdabc530a6a0816f7ff89a0aaf/library/core/src/panic/unwind_safe.rs:272:9
[INFO] [stdout]   58:     0x5ca0b26e67de - std::panicking::try::do_call::hb26ecd7cd9a9355d
[INFO] [stdout]                                at /rustc/90b35a6239c3d8bdabc530a6a0816f7ff89a0aaf/library/std/src/panicking.rs:557:40
[INFO] [stdout]   59:     0x5ca0b26e67de - std::panicking::try::h8ddeca9d705f9069
[INFO] [stdout]                                at /rustc/90b35a6239c3d8bdabc530a6a0816f7ff89a0aaf/library/std/src/panicking.rs:520:19
[INFO] [stdout]   60:     0x5ca0b26e67de - std::panic::catch_unwind::h49e1c33078844c46
[INFO] [stdout]                                at /rustc/90b35a6239c3d8bdabc530a6a0816f7ff89a0aaf/library/std/src/panic.rs:358:14
[INFO] [stdout]   61:     0x5ca0b26e67de - std::thread::Builder::spawn_unchecked_::{{closure}}::h6073db6ff56ad35d
[INFO] [stdout]                                at /rustc/90b35a6239c3d8bdabc530a6a0816f7ff89a0aaf/library/std/src/thread/mod.rs:537:30
[INFO] [stdout]   62:     0x5ca0b26e67de - core::ops::function::FnOnce::call_once{{vtable.shim}}::h2c5a5f3779c774f1
[INFO] [stdout]                                at /rustc/90b35a6239c3d8bdabc530a6a0816f7ff89a0aaf/library/core/src/ops/function.rs:250:5
[INFO] [stdout]   63:     0x5ca0b39b5ccb - <alloc::boxed::Box<F,A> as core::ops::function::FnOnce<Args>>::call_once::hf75717d9f28faebf
[INFO] [stdout]                                at /rustc/90b35a6239c3d8bdabc530a6a0816f7ff89a0aaf/library/alloc/src/boxed.rs:2454:9
[INFO] [stdout]   64:     0x5ca0b39b5ccb - <alloc::boxed::Box<F,A> as core::ops::function::FnOnce<Args>>::call_once::h7bd883a5f3c5f3c1
[INFO] [stdout]                                at /rustc/90b35a6239c3d8bdabc530a6a0816f7ff89a0aaf/library/alloc/src/boxed.rs:2454:9
[INFO] [stdout]   65:     0x5ca0b39b5ccb - std::sys::pal::unix::thread::Thread::new::thread_start::hcc78f3943333fa94
[INFO] [stdout]                                at /rustc/90b35a6239c3d8bdabc530a6a0816f7ff89a0aaf/library/std/src/sys/pal/unix/thread.rs:105:17
[INFO] [stdout]   66:     0x755ee947cac3 - <unknown>
[INFO] [stdout]   67:     0x755ee950da04 - clone
[INFO] [stdout]   68:                0x0 - <unknown>
[INFO] [stdout] 
[INFO] [stdout] 
[INFO] [stdout] failures:
[INFO] [stdout]     auth::tests::test_register_a_user_and_authenticate_back
[INFO] [stdout]     forum::tests::test_get_section_not_found
[INFO] [stdout] 
[INFO] [stdout] test result: FAILED. 5 passed; 2 failed; 0 ignored; 0 measured; 0 filtered out; finished in 0.81s
[INFO] [stdout] 
[INFO] [stderr] error: test failed, to rerun pass `--lib`
[INFO] running `Command { std: "docker" "inspect" "14bc9ca486fb4adcaca56d2fb6bb391508cfc3247f6bc27613b24ec15bbae504", kill_on_drop: false }`
[INFO] running `Command { std: "docker" "rm" "-f" "14bc9ca486fb4adcaca56d2fb6bb391508cfc3247f6bc27613b24ec15bbae504", kill_on_drop: false }`
[INFO] [stdout] 14bc9ca486fb4adcaca56d2fb6bb391508cfc3247f6bc27613b24ec15bbae504
