[INFO] fetching crate endpoint-libs 1.0.4...
[INFO] testing endpoint-libs-1.0.4 against 1.83.0 for beta-1.84.0-4-retry
[INFO] extracting crate endpoint-libs 1.0.4 into /workspace/builds/worker-5-tc1/source
[INFO] validating manifest of crates.io crate endpoint-libs 1.0.4 on toolchain 1.83.0
[INFO] running `Command { std: CARGO_HOME="/workspace/cargo-home" RUSTUP_HOME="/workspace/rustup-home" "/workspace/cargo-home/bin/cargo" "+1.83.0" "metadata" "--manifest-path" "Cargo.toml" "--no-deps", kill_on_drop: false }`
[INFO] started tweaking crates.io crate endpoint-libs 1.0.4
[INFO] finished tweaking crates.io crate endpoint-libs 1.0.4
[INFO] tweaked toml for crates.io crate endpoint-libs 1.0.4 written to /workspace/builds/worker-5-tc1/source/Cargo.toml
[INFO] running `Command { std: CARGO_HOME="/workspace/cargo-home" RUSTUP_HOME="/workspace/rustup-home" "/workspace/cargo-home/bin/cargo" "+1.83.0" "generate-lockfile" "--manifest-path" "Cargo.toml", kill_on_drop: false }`
[INFO] [stderr]     Updating crates.io index
[INFO] [stderr]      Locking 478 packages to latest compatible versions
[INFO] [stderr]       Adding alloy v0.5.4 (available: v0.8.0)
[INFO] [stderr]       Adding itertools v0.12.1 (available: v0.13.0)
[INFO] [stderr]       Adding secrecy v0.8.0 (available: v0.10.3)
[INFO] [stderr]       Adding tokio-cron-scheduler v0.11.1 (available: v0.13.0)
[INFO] [stderr]       Adding tokio-tungstenite v0.23.1 (available: v0.24.0)
[INFO] running `Command { std: CARGO_HOME="/workspace/cargo-home" RUSTUP_HOME="/workspace/rustup-home" "/workspace/cargo-home/bin/cargo" "+1.83.0" "fetch" "--manifest-path" "Cargo.toml", kill_on_drop: false }`
[INFO] [stderr]  Downloading crates ...
[INFO] [stderr]   Downloaded kanal v0.1.0-pre8
[INFO] [stderr]   Downloaded alloy v0.5.4
[INFO] [stderr]   Downloaded log-panics v2.1.0
[INFO] [stderr]   Downloaded postgres-from-row-derive v0.5.2
[INFO] [stderr]   Downloaded cron v0.12.1
[INFO] [stderr]   Downloaded alloy-core v0.8.15
[INFO] [stderr]   Downloaded alloy-transport v0.5.4
[INFO] [stderr]   Downloaded alloy-chains v0.1.48
[INFO] [stderr]   Downloaded alloy-contract v0.5.4
[INFO] [stderr]   Downloaded alloy-provider v0.5.4
[INFO] [stderr]   Downloaded alloy-consensus v0.5.4
[INFO] [stderr]   Downloaded alloy-rpc-types-eth v0.5.4
[INFO] [stderr]   Downloaded alloy-json-rpc v0.5.4
[INFO] [stderr]   Downloaded interprocess v2.2.2
[INFO] [stderr]   Downloaded tokio-cron-scheduler v0.11.1
[INFO] [stderr]   Downloaded alloy-rpc-client v0.5.4
[INFO] [stderr]   Downloaded alloy-rpc-types-engine v0.5.4
[INFO] [stderr]   Downloaded alloy-rpc-types v0.5.4
[INFO] [stderr]   Downloaded alloy-network v0.5.4
[INFO] [stderr]   Downloaded alloy-transport-http v0.5.4
[INFO] [stderr]   Downloaded alloy-pubsub v0.5.4
[INFO] [stderr]   Downloaded alloy-genesis v0.5.4
[INFO] [stderr]   Downloaded alloy-network-primitives v0.5.4
[INFO] [stderr]   Downloaded alloy-signer v0.5.4
[INFO] [stderr]   Downloaded alloy-transport-ipc v0.5.4
[INFO] [stderr]   Downloaded alloy-transport-ws v0.5.4
[INFO] [stderr]   Downloaded alloy-eip7702 v0.3.2
[INFO] [stderr]   Downloaded alloy-serde v0.5.4
[INFO] [stderr]   Downloaded alloy-signer-local v0.5.4
[INFO] [stderr]   Downloaded postgres-from-row v0.5.2
[INFO] [stderr]   Downloaded rev_lines v0.3.0
[INFO] [stderr]   Downloaded alloy-eips v0.5.4
[INFO] running `Command { std: "docker" "create" "-v" "/var/lib/crater-agent-workspace/builds/worker-5-tc1/target:/opt/rustwide/target:rw,Z" "-v" "/var/lib/crater-agent-workspace/builds/worker-5-tc1/source:/opt/rustwide/workdir:ro,Z" "-v" "/var/lib/crater-agent-workspace/cargo-home:/opt/rustwide/cargo-home:ro,Z" "-v" "/var/lib/crater-agent-workspace/rustup-home:/opt/rustwide/rustup-home:ro,Z" "-e" "SOURCE_DIR=/opt/rustwide/workdir" "-e" "CARGO_TARGET_DIR=/opt/rustwide/target" "-e" "CARGO_HOME=/opt/rustwide/cargo-home" "-e" "RUSTUP_HOME=/opt/rustwide/rustup-home" "-w" "/opt/rustwide/workdir" "-m" "1610612736" "--user" "0:0" "--network" "none" "ghcr.io/rust-lang/crates-build-env/linux@sha256:f3a9d4ad9d972b27faf3965f35b62e55ba32bbce8f20bc8fe909558a86702fde" "/opt/rustwide/cargo-home/bin/cargo" "+1.83.0" "metadata" "--no-deps" "--format-version=1", kill_on_drop: false }`
[INFO] [stdout] d11eca128d17af63b9a3c852be64fc24d058d39064641f5eee8d58a76cc890c5
[INFO] running `Command { std: "docker" "start" "-a" "d11eca128d17af63b9a3c852be64fc24d058d39064641f5eee8d58a76cc890c5", kill_on_drop: false }`
[INFO] running `Command { std: "docker" "inspect" "d11eca128d17af63b9a3c852be64fc24d058d39064641f5eee8d58a76cc890c5", kill_on_drop: false }`
[INFO] running `Command { std: "docker" "rm" "-f" "d11eca128d17af63b9a3c852be64fc24d058d39064641f5eee8d58a76cc890c5", kill_on_drop: false }`
[INFO] [stdout] d11eca128d17af63b9a3c852be64fc24d058d39064641f5eee8d58a76cc890c5
[INFO] running `Command { std: "docker" "create" "-v" "/var/lib/crater-agent-workspace/builds/worker-5-tc1/target:/opt/rustwide/target:rw,Z" "-v" "/var/lib/crater-agent-workspace/builds/worker-5-tc1/source:/opt/rustwide/workdir:ro,Z" "-v" "/var/lib/crater-agent-workspace/cargo-home:/opt/rustwide/cargo-home:ro,Z" "-v" "/var/lib/crater-agent-workspace/rustup-home:/opt/rustwide/rustup-home:ro,Z" "-e" "SOURCE_DIR=/opt/rustwide/workdir" "-e" "CARGO_TARGET_DIR=/opt/rustwide/target" "-e" "CARGO_INCREMENTAL=0" "-e" "RUST_BACKTRACE=full" "-e" "RUSTFLAGS=--cap-lints=warn" "-e" "RUSTDOCFLAGS=--cap-lints=warn" "-e" "CARGO_HOME=/opt/rustwide/cargo-home" "-e" "RUSTUP_HOME=/opt/rustwide/rustup-home" "-w" "/opt/rustwide/workdir" "-m" "1610612736" "--user" "0:0" "--network" "none" "ghcr.io/rust-lang/crates-build-env/linux@sha256:f3a9d4ad9d972b27faf3965f35b62e55ba32bbce8f20bc8fe909558a86702fde" "/opt/rustwide/cargo-home/bin/cargo" "+1.83.0" "build" "--frozen" "--message-format=json", kill_on_drop: false }`
[INFO] [stdout] 005c6c0786c0c9283b5796cdc316ed10a85818228b1fe97217542771e2b6f9f6
[INFO] running `Command { std: "docker" "start" "-a" "005c6c0786c0c9283b5796cdc316ed10a85818228b1fe97217542771e2b6f9f6", kill_on_drop: false }`
[INFO] [stderr]    Compiling proc-macro2 v1.0.92
[INFO] [stderr]    Compiling unicode-ident v1.0.14
[INFO] [stderr]    Compiling cfg-if v1.0.0
[INFO] [stderr]    Compiling libc v0.2.168
[INFO] [stderr]    Compiling serde v1.0.216
[INFO] [stderr]    Compiling version_check v0.9.5
[INFO] [stderr]    Compiling typenum v1.17.0
[INFO] [stderr]    Compiling subtle v2.6.1
[INFO] [stderr]    Compiling itoa v1.0.14
[INFO] [stderr]    Compiling const-oid v0.9.6
[INFO] [stderr]    Compiling autocfg v1.4.0
[INFO] [stderr]    Compiling cpufeatures v0.2.16
[INFO] [stderr]    Compiling shlex v1.3.0
[INFO] [stderr]    Compiling memchr v2.7.4
[INFO] [stderr]    Compiling once_cell v1.20.2
[INFO] [stderr]    Compiling paste v1.0.15
[INFO] [stderr]    Compiling pin-project-lite v0.2.15
[INFO] [stderr]    Compiling equivalent v1.0.1
[INFO] [stderr]    Compiling smallvec v1.13.2
[INFO] [stderr]    Compiling foldhash v0.1.3
[INFO] [stderr]    Compiling allocator-api2 v0.2.21
[INFO] [stderr]    Compiling crunchy v0.2.2
[INFO] [stderr]    Compiling tiny-keccak v2.0.2
[INFO] [stderr]    Compiling unicode-xid v0.2.6
[INFO] [stderr]    Compiling ruint-macro v1.2.1
[INFO] [stderr]    Compiling scopeguard v1.2.0
[INFO] [stderr]    Compiling hex-literal v0.4.1
[INFO] [stderr]    Compiling parking_lot_core v0.9.10
[INFO] [stderr]    Compiling dunce v1.0.5
[INFO] [stderr]    Compiling futures-core v0.3.31
[INFO] [stderr]    Compiling base16ct v0.2.0
[INFO] [stderr]    Compiling arrayvec v0.7.6
[INFO] [stderr]    Compiling ryu v1.0.18
[INFO] [stderr]    Compiling futures-sink v0.3.31
[INFO] [stderr]    Compiling heck v0.5.0
[INFO] [stderr]    Compiling lock_api v0.4.12
[INFO] [stderr]    Compiling generic-array v0.14.7
[INFO] [stderr]    Compiling slab v0.4.9
[INFO] [stderr]    Compiling futures-channel v0.3.31
[INFO] [stderr]    Compiling tracing-core v0.1.33
[INFO] [stderr]    Compiling futures-task v0.3.31
[INFO] [stderr]    Compiling fnv v1.0.7
[INFO] [stderr]    Compiling futures-io v0.3.31
[INFO] [stderr]    Compiling log v0.4.22
[INFO] [stderr]    Compiling pin-utils v0.1.0
[INFO] [stderr]    Compiling serde_json v1.0.133
[INFO] [stderr]    Compiling stable_deref_trait v1.2.0
[INFO] [stderr]    Compiling winnow v0.6.20
[INFO] [stderr]    Compiling byteorder v1.5.0
[INFO] [stderr]    Compiling thiserror v1.0.69
[INFO] [stderr]    Compiling quote v1.0.37
[INFO] [stderr]    Compiling hashbrown v0.15.2
[INFO] [stderr]    Compiling syn v2.0.90
[INFO] [stderr]    Compiling jobserver v0.1.32
[INFO] [stderr]    Compiling litemap v0.7.4
[INFO] [stderr]    Compiling writeable v0.5.5
[INFO] [stderr]    Compiling fs_extra v1.3.0
[INFO] [stderr]    Compiling icu_locid_transform_data v1.5.0
[INFO] [stderr]    Compiling proc-macro-error-attr2 v2.0.0
[INFO] [stderr]    Compiling percent-encoding v2.3.1
[INFO] [stderr]    Compiling httparse v1.9.5
[INFO] [stderr]    Compiling pkg-config v0.3.31
[INFO] [stderr]    Compiling vcpkg v0.2.15
[INFO] [stderr]    Compiling base64 v0.22.1
[INFO] [stderr]    Compiling icu_properties_data v1.5.0
[INFO] [stderr]    Compiling utf8_iter v1.0.4
[INFO] [stderr]    Compiling cc v1.2.4
[INFO] [stderr]    Compiling utf16_iter v1.0.5
[INFO] [stderr]    Compiling write16 v1.0.0
[INFO] [stderr]    Compiling icu_normalizer_data v1.5.0
[INFO] [stderr]    Compiling rustls-pki-types v1.10.1
[INFO] [stderr]    Compiling aws-lc-rs v1.11.1
[INFO] [stderr]    Compiling tower-service v0.3.3
[INFO] [stderr]    Compiling form_urlencoded v1.2.1
[INFO] [stderr]    Compiling sync_wrapper v1.0.2
[INFO] [stderr]    Compiling futures-utils-wasm v0.1.0
[INFO] [stderr]    Compiling foreign-types-shared v0.1.1
[INFO] [stderr]    Compiling hex v0.4.3
[INFO] [stderr]    Compiling openssl v0.10.68
[INFO] [stderr]    Compiling spin v0.9.8
[INFO] [stderr]    Compiling untrusted v0.9.0
[INFO] [stderr]    Compiling foreign-types v0.3.2
[INFO] [stderr]    Compiling bitflags v2.6.0
[INFO] [stderr]    Compiling native-tls v0.2.12
[INFO] [stderr]    Compiling tower-layer v0.3.3
[INFO] [stderr]    Compiling try-lock v0.2.5
[INFO] [stderr]    Compiling atomic-waker v1.1.2
[INFO] [stderr]    Compiling rustls v0.23.20
[INFO] [stderr]    Compiling want v0.3.1
[INFO] [stderr]    Compiling httpdate v1.0.3
[INFO] [stderr]    Compiling data-encoding v2.6.0
[INFO] [stderr]    Compiling utf-8 v0.7.6
[INFO] [stderr]    Compiling either v1.13.0
[INFO] [stderr]    Compiling openssl-probe v0.1.5
[INFO] [stderr]    Compiling tinyvec_macros v0.1.1
[INFO] [stderr]    Compiling indexmap v2.7.0
[INFO] [stderr]    Compiling crossbeam-utils v0.8.20
[INFO] [stderr]    Compiling rustversion v1.0.18
[INFO] [stderr]    Compiling tinyvec v1.8.0
[INFO] [stderr]    Compiling strsim v0.11.1
[INFO] [stderr]    Compiling bimap v0.6.3
[INFO] [stderr]    Compiling webpki-roots v0.26.7
[INFO] [stderr]    Compiling rustls-pemfile v2.2.0
[INFO] [stderr]    Compiling cmake v0.1.52
[INFO] [stderr]    Compiling itertools v0.13.0
[INFO] [stderr]    Compiling ahash v0.8.11
[INFO] [stderr]    Compiling num-traits v0.2.19
[INFO] [stderr]    Compiling encoding_rs v0.8.35
[INFO] [stderr]    Compiling getrandom v0.2.15
[INFO] [stderr]    Compiling signal-hook-registry v1.4.2
[INFO] [stderr]    Compiling rand_core v0.6.4
[INFO] [stderr]    Compiling socket2 v0.5.8
[INFO] [stderr]    Compiling mio v1.0.3
[INFO] [stderr]    Compiling ff v0.13.0
[INFO] [stderr]    Compiling num_cpus v1.16.0
[INFO] [stderr]    Compiling parking_lot v0.12.3
[INFO] [stderr]    Compiling group v0.13.0
[INFO] [stderr]    Compiling threadpool v1.8.1
[INFO] [stderr]    Compiling unicode-normalization v0.1.24
[INFO] [stderr]    Compiling ipnet v2.10.1
[INFO] [stderr]    Compiling unicode-bidi v0.3.17
[INFO] [stderr]    Compiling unicode-properties v0.1.3
[INFO] [stderr]    Compiling doctest-file v1.0.0
[INFO] [stderr]    Compiling mime v0.3.17
[INFO] [stderr]    Compiling fallible-iterator v0.2.0
[INFO] [stderr]    Compiling siphasher v0.3.11
[INFO] [stderr]    Compiling ident_case v1.0.1
[INFO] [stderr]    Compiling aho-corasick v1.1.3
[INFO] [stderr]    Compiling regex-syntax v0.6.29
[INFO] [stderr]    Compiling hashbrown v0.14.5
[INFO] [stderr]    Compiling aws-lc-sys v0.23.1
[INFO] [stderr]    Compiling blst v0.3.13
[INFO] [stderr]    Compiling openssl-sys v0.9.104
[INFO] [stderr]    Compiling ring v0.17.8
[INFO] [stderr]    Compiling c-kzg v1.0.3
[INFO] [stderr]    Compiling phf_shared v0.11.2
[INFO] [stderr]    Compiling hashbrown v0.13.2
[INFO] [stderr]    Compiling utf8parse v0.2.2
[INFO] [stderr]    Compiling stringprep v0.1.5
[INFO] [stderr]    Compiling regex-syntax v0.8.5
[INFO] [stderr]    Compiling phf v0.11.2
[INFO] [stderr]    Compiling anstyle-parse v0.2.6
[INFO] [stderr]    Compiling colorchoice v1.0.3
[INFO] [stderr]    Compiling minimal-lexical v0.2.1
[INFO] [stderr]    Compiling powerfmt v0.2.0
[INFO] [stderr]    Compiling overload v0.1.1
[INFO] [stderr]    Compiling anstyle v1.0.10
[INFO] [stderr]    Compiling lazy_static v1.5.0
[INFO] [stderr]    Compiling iana-time-zone v0.1.61
[INFO] [stderr]    Compiling is_terminal_polyfill v1.70.1
[INFO] [stderr]    Compiling dashmap v6.1.0
[INFO] [stderr]    Compiling whoami v1.5.2
[INFO] [stderr]    Compiling anstyle-query v1.1.2
[INFO] [stderr]    Compiling sharded-slab v0.1.7
[INFO] [stderr]    Compiling anstream v0.6.18
[INFO] [stderr]    Compiling deranged v0.3.11
[INFO] [stderr]    Compiling chrono v0.4.39
[INFO] [stderr]    Compiling nom v7.1.3
[INFO] [stderr]    Compiling nu-ansi-term v0.46.0
[INFO] [stderr]    Compiling tracing-log v0.2.0
[INFO] [stderr]    Compiling synstructure v0.13.1
[INFO] [stderr]    Compiling syn-solidity v0.8.15
[INFO] [stderr]    Compiling proc-macro-error2 v2.0.1
[INFO] [stderr]    Compiling darling_core v0.20.10
[INFO] [stderr]    Compiling regex-automata v0.1.10
[INFO] [stderr]    Compiling thread_local v1.1.8
[INFO] [stderr]    Compiling rust_decimal v1.36.0
[INFO] [stderr]    Compiling clap_lex v0.7.4
[INFO] [stderr]    Compiling tokio-cron-scheduler v0.11.1
[INFO] [stderr]    Compiling eyre v0.6.12
[INFO] [stderr]    Compiling num-conv v0.1.0
[INFO] [stderr]    Compiling time-core v0.1.2
[INFO] [stderr]    Compiling clap_builder v4.5.23
[INFO] [stderr]    Compiling crossbeam-channel v0.5.13
[INFO] [stderr]    Compiling time v0.3.37
[INFO] [stderr]    Compiling uuid v1.11.0
[INFO] [stderr]    Compiling indenter v0.3.3
[INFO] [stderr]    Compiling cron v0.12.1
[INFO] [stderr]    Compiling unicode-segmentation v1.12.0
[INFO] [stderr]    Compiling itertools v0.12.1
[INFO] [stderr]    Compiling matchers v0.1.0
[INFO] [stderr]    Compiling convert_case v0.6.0
[INFO] [stderr]    Compiling kanal v0.1.0-pre8
[INFO] [stderr]    Compiling regex-automata v0.4.9
[INFO] [stderr]    Compiling log-panics v2.1.0
[INFO] [stderr]    Compiling urlencoding v2.1.3
[INFO] [stderr]    Compiling serde_derive v1.0.216
[INFO] [stderr]    Compiling zeroize_derive v1.4.2
[INFO] [stderr]    Compiling derive_more-impl v1.0.0
[INFO] [stderr]    Compiling alloy-rlp-derive v0.3.10
[INFO] [stderr]    Compiling tokio-macros v2.4.0
[INFO] [stderr]    Compiling futures-macro v0.3.31
[INFO] [stderr]    Compiling zerofrom-derive v0.1.5
[INFO] [stderr]    Compiling yoke-derive v0.7.5
[INFO] [stderr]    Compiling tracing-attributes v0.1.28
[INFO] [stderr]    Compiling zerocopy-derive v0.7.35
[INFO] [stderr]    Compiling zerovec-derive v0.10.3
[INFO] [stderr]    Compiling thiserror-impl v1.0.69
[INFO] [stderr]    Compiling zeroize v1.8.1
[INFO] [stderr]    Compiling displaydoc v0.2.5
[INFO] [stderr]    Compiling der v0.7.9
[INFO] [stderr]    Compiling futures-util v0.3.31
[INFO] [stderr]    Compiling block-buffer v0.10.4
[INFO] [stderr]    Compiling crypto-common v0.1.6
[INFO] [stderr]    Compiling digest v0.10.7
[INFO] [stderr]    Compiling crypto-bigint v0.5.5
[INFO] [stderr]    Compiling zerocopy v0.7.35
[INFO] [stderr]    Compiling icu_provider_macros v1.5.0
[INFO] [stderr]    Compiling hmac v0.12.1
[INFO] [stderr]    Compiling sha2 v0.10.8
[INFO] [stderr]    Compiling rfc6979 v0.4.0
[INFO] [stderr]    Compiling signature v2.2.0
[INFO] [stderr]    Compiling zerofrom v0.1.5
[INFO] [stderr]    Compiling ppv-lite86 v0.2.20
[INFO] [stderr]    Compiling tracing v0.1.41
[INFO] [stderr]    Compiling yoke v0.7.5
[INFO] [stderr]    Compiling openssl-macros v0.1.1
[INFO] [stderr]    Compiling rand_chacha v0.3.1
[INFO] [stderr]    Compiling auto_impl v1.2.0
[INFO] [stderr]    Compiling sha1 v0.10.6
[INFO] [stderr]    Compiling zerovec v0.10.4
[INFO] [stderr]    Compiling rand v0.8.5
[INFO] [stderr]    Compiling sec1 v0.7.3
[INFO] [stderr]    Compiling spki v0.7.3
[INFO] [stderr]    Compiling elliptic-curve v0.13.8
[INFO] [stderr]    Compiling async-trait v0.1.83
[INFO] [stderr]    Compiling pin-project-internal v1.1.7
[INFO] [stderr]    Compiling ecdsa v0.16.9
[INFO] [stderr]    Compiling md-5 v0.10.6
[INFO] [stderr]    Compiling num_enum_derive v0.7.3
[INFO] [stderr]    Compiling strum_macros v0.26.4
[INFO] [stderr]    Compiling async-stream-impl v0.3.6
[INFO] [stderr]    Compiling k256 v0.13.4
[INFO] [stderr]    Compiling tinystr v0.7.6
[INFO] [stderr]    Compiling icu_locid v1.5.0
[INFO] [stderr]    Compiling icu_collections v1.5.0
[INFO] [stderr]    Compiling async-stream v0.3.6
[INFO] [stderr]    Compiling schnellru v0.2.3
[INFO] [stderr]    Compiling darling_macro v0.20.10
[INFO] [stderr]    Compiling tower v0.5.2
[INFO] [stderr]    Compiling futures-executor v0.3.31
[INFO] [stderr]    Compiling regex v1.11.1
[INFO] [stderr]    Compiling clap_derive v4.5.18
[INFO] [stderr]    Compiling icu_provider v1.5.0
[INFO] [stderr]    Compiling futures v0.3.31
[INFO] [stderr]    Compiling num-derive v0.4.2
[INFO] [stderr]    Compiling rev_lines v0.3.0
[INFO] [stderr]    Compiling darling v0.20.10
[INFO] [stderr]    Compiling postgres-from-row-derive v0.5.2
[INFO] [stderr]    Compiling pin-project v1.1.7
[INFO] [stderr]    Compiling tracing-subscriber v0.3.19
[INFO] [stderr]    Compiling num_enum v0.7.3
[INFO] [stderr]    Compiling icu_locid_transform v1.5.0
[INFO] [stderr]    Compiling derive_more v1.0.0
[INFO] [stderr]    Compiling icu_properties v1.5.1
[INFO] [stderr]    Compiling strum v0.26.3
[INFO] [stderr]    Compiling tracing-appender v0.2.3
[INFO] [stderr]    Compiling ruint v1.12.3
[INFO] [stderr]    Compiling const-hex v1.14.0
[INFO] [stderr]    Compiling bytes v1.9.0
[INFO] [stderr]    Compiling alloy-sol-type-parser v0.8.15
[INFO] [stderr]    Compiling clap v4.5.23
[INFO] [stderr]    Compiling serde_urlencoded v0.7.1
[INFO] [stderr]    Compiling alloy-primitives v0.8.15
[INFO] [stderr]    Compiling alloy-rlp v0.3.10
[INFO] [stderr]    Compiling tokio v1.42.0
[INFO] [stderr]    Compiling http v1.2.0
[INFO] [stderr]    Compiling postgres-protocol v0.6.7
[INFO] [stderr]    Compiling serde_path_to_error v0.1.16
[INFO] [stderr]    Compiling secrecy v0.8.0
[INFO] [stderr]    Compiling postgres-types v0.2.8
[INFO] [stderr]    Compiling icu_normalizer v1.5.0
[INFO] [stderr]    Compiling lru v0.12.5
[INFO] [stderr]    Compiling http-body v1.0.1
[INFO] [stderr]    Compiling tungstenite v0.23.0
[INFO] [stderr]    Compiling http-body-util v0.1.2
[INFO] [stderr]    Compiling alloy-json-abi v0.8.15
[INFO] [stderr]    Compiling idna_adapter v1.2.0
[INFO] [stderr]    Compiling idna v1.0.3
[INFO] [stderr]    Compiling url v2.5.4
[INFO] [stderr]    Compiling alloy-eip7702 v0.3.2
[INFO] [stderr]    Compiling alloy-eip2930 v0.1.0
[INFO] [stderr]    Compiling alloy-serde v0.5.4
[INFO] [stderr]    Compiling alloy-signer v0.5.4
[INFO] [stderr]    Compiling alloy-chains v0.1.48
[INFO] [stderr]    Compiling alloy-eips v0.5.4
[INFO] [stderr]    Compiling alloy-sol-macro-input v0.8.15
[INFO] [stderr]    Compiling alloy-sol-macro-expander v0.8.15
[INFO] [stderr]    Compiling alloy-consensus v0.5.4
[INFO] [stderr]    Compiling alloy-network-primitives v0.5.4
[INFO] [stderr]    Compiling tokio-util v0.7.13
[INFO] [stderr]    Compiling tokio-native-tls v0.3.1
[INFO] [stderr]    Compiling interprocess v2.2.2
[INFO] [stderr]    Compiling deadpool-runtime v0.1.4
[INFO] [stderr]    Compiling tokio-tungstenite v0.23.1
[INFO] [stderr]    Compiling deadpool v0.12.1
[INFO] [stderr]    Compiling alloy-sol-macro v0.8.15
[INFO] [stderr]    Compiling h2 v0.4.7
[INFO] [stderr]    Compiling tokio-stream v0.1.17
[INFO] [stderr]    Compiling tokio-postgres v0.7.12
[INFO] [stderr]    Compiling rustls-webpki v0.102.8
[INFO] [stderr]    Compiling alloy-sol-types v0.8.15
[INFO] [stderr]    Compiling hyper v1.5.1
[INFO] [stderr]    Compiling deadpool-postgres v0.14.0
[INFO] [stderr]    Compiling postgres-from-row v0.5.2
[INFO] [stderr]    Compiling hyper-util v0.1.10
[INFO] [stderr]    Compiling hyper-tls v0.6.0
[INFO] [stderr]    Compiling reqwest v0.12.9
[INFO] [stderr]    Compiling tungstenite v0.24.0
[INFO] [stderr]    Compiling tokio-rustls v0.26.1
[INFO] [stderr]    Compiling tokio-tungstenite v0.24.0
[INFO] [stderr]    Compiling alloy-json-rpc v0.5.4
[INFO] [stderr]    Compiling alloy-rpc-types-eth v0.5.4
[INFO] [stderr]    Compiling alloy-dyn-abi v0.8.15
[INFO] [stderr]    Compiling alloy-transport v0.5.4
[INFO] [stderr]    Compiling alloy-core v0.8.15
[INFO] [stderr]    Compiling alloy-pubsub v0.5.4
[INFO] [stderr]    Compiling alloy-transport-http v0.5.4
[INFO] [stderr]    Compiling alloy-transport-ws v0.5.4
[INFO] [stderr]    Compiling alloy-transport-ipc v0.5.4
[INFO] [stderr]    Compiling alloy-rpc-client v0.5.4
[INFO] [stderr]    Compiling alloy-network v0.5.4
[INFO] [stderr]    Compiling alloy-rpc-types v0.5.4
[INFO] [stderr]    Compiling alloy-provider v0.5.4
[INFO] [stderr]    Compiling alloy-signer-local v0.5.4
[INFO] [stderr]    Compiling alloy-contract v0.5.4
[INFO] [stderr]    Compiling alloy v0.5.4
[INFO] [stderr]    Compiling endpoint-libs v1.0.4 (/opt/rustwide/workdir)
[INFO] [stdout] warning: unused import: `fs::OpenOptions`
[INFO] [stdout]  --> src/libs/log.rs:1:11
[INFO] [stdout]   |
[INFO] [stdout] 1 | use std::{fs::OpenOptions, path::PathBuf};
[INFO] [stdout]   |           ^^^^^^^^^^^^^^^
[INFO] [stdout]   |
[INFO] [stdout]   = note: `#[warn(unused_imports)]` on by default
[INFO] [stdout] 
[INFO] [stdout] 
[INFO] [stdout] warning: unused import: `eyre::WrapErr`
[INFO] [stdout]  --> src/libs/log.rs:6:5
[INFO] [stdout]   |
[INFO] [stdout] 6 | use eyre::WrapErr;
[INFO] [stdout]   |     ^^^^^^^^^^^^^
[INFO] [stdout] 
[INFO] [stdout] 
[INFO] [stdout] warning: unused import: `layer`
[INFO] [stdout]  --> src/libs/log.rs:9:37
[INFO] [stdout]   |
[INFO] [stdout] 9 | use tracing_subscriber::fmt::{self, layer};
[INFO] [stdout]   |                                     ^^^^^
[INFO] [stdout] 
[INFO] [stdout] 
[INFO] [stdout] warning: fields `ctx` and `stream_seq` are never read
[INFO] [stdout]   --> src/libs/ws/push.rs:11:9
[INFO] [stdout]    |
[INFO] [stdout] 10 | pub struct SubscriberContext {
[INFO] [stdout]    |            ----------------- fields in this struct
[INFO] [stdout] 11 |     pub ctx: RequestContext,
[INFO] [stdout]    |         ^^^
[INFO] [stdout] 12 |     pub stream_seq: u32,
[INFO] [stdout]    |         ^^^^^^^^^^
[INFO] [stdout]    |
[INFO] [stdout]    = note: `#[warn(dead_code)]` on by default
[INFO] [stdout] 
[INFO] [stdout] 
[INFO] [stdout] warning: field `subscribers` is never read
[INFO] [stdout]   --> src/libs/ws/push.rs:17:9
[INFO] [stdout]    |
[INFO] [stdout] 16 | pub struct Subscribers {
[INFO] [stdout]    |            ----------- field in this struct
[INFO] [stdout] 17 |     pub subscribers: HashMap<ConnectionId, SubscriberContext>,
[INFO] [stdout]    |         ^^^^^^^^^^^
[INFO] [stdout] 
[INFO] [stdout] 
[INFO] [stdout] warning: field `topics` is never read
[INFO] [stdout]   --> src/libs/ws/push.rs:21:9
[INFO] [stdout]    |
[INFO] [stdout] 20 | pub struct SubscribeManager<Key: Eq + Hash> {
[INFO] [stdout]    |            ---------------- field in this struct
[INFO] [stdout] 21 |     pub topics: DashMap<Key, Subscribers>,
[INFO] [stdout]    |         ^^^^^^
[INFO] [stdout] 
[INFO] [stdout] 
[INFO] [stdout] warning: multiple methods are never used
[INFO] [stdout]   --> src/libs/ws/push.rs:37:12
[INFO] [stdout]    |
[INFO] [stdout] 30 | impl<Key: Hash + Eq + Into<u32>> SubscribeManager<Key> {
[INFO] [stdout]    | ------------------------------------------------------ methods in this implementation
[INFO] [stdout] ...
[INFO] [stdout] 37 |     pub fn add_topics(&self, topics: Vec<Key>) {
[INFO] [stdout]    |            ^^^^^^^^^^
[INFO] [stdout] ...
[INFO] [stdout] 42 |     pub fn add_topic(&self, topic: Key) {
[INFO] [stdout]    |            ^^^^^^^^^
[INFO] [stdout] ...
[INFO] [stdout] 45 |     pub fn subscribe_multi(&self, topics: Vec<Key>, ctx: RequestContext) {
[INFO] [stdout]    |            ^^^^^^^^^^^^^^^
[INFO] [stdout] ...
[INFO] [stdout] 50 |     pub fn subscribe(&self, topic: Key, ctx: RequestContext) {
[INFO] [stdout]    |            ^^^^^^^^^
[INFO] [stdout] ...
[INFO] [stdout] 56 |     pub fn unsubscribe_multi(&self, topics: Vec<Key>, connection_id: ConnectionId) {
[INFO] [stdout]    |            ^^^^^^^^^^^^^^^^^
[INFO] [stdout] ...
[INFO] [stdout] 61 |     pub fn unsubscribe(&self, topic: Key, connection_id: ConnectionId) {
[INFO] [stdout]    |            ^^^^^^^^^^^
[INFO] [stdout] ...
[INFO] [stdout] 66 |     pub fn publish_with_filter(
[INFO] [stdout]    |            ^^^^^^^^^^^^^^^^^^^
[INFO] [stdout] ...
[INFO] [stdout] 98 |     pub fn publish_to_all(&self, toolbox: &ArcToolbox, topic: Key, msg: &impl Serialize) {
[INFO] [stdout]    |            ^^^^^^^^^^^^^^
[INFO] [stdout] 
[INFO] [stdout] 
[INFO] [stderr]     Finished `dev` profile [unoptimized + debuginfo] target(s) in 2m 14s
[INFO] running `Command { std: "docker" "inspect" "005c6c0786c0c9283b5796cdc316ed10a85818228b1fe97217542771e2b6f9f6", kill_on_drop: false }`
[INFO] running `Command { std: "docker" "rm" "-f" "005c6c0786c0c9283b5796cdc316ed10a85818228b1fe97217542771e2b6f9f6", kill_on_drop: false }`
[INFO] [stdout] 005c6c0786c0c9283b5796cdc316ed10a85818228b1fe97217542771e2b6f9f6
[INFO] running `Command { std: "docker" "create" "-v" "/var/lib/crater-agent-workspace/builds/worker-5-tc1/target:/opt/rustwide/target:rw,Z" "-v" "/var/lib/crater-agent-workspace/builds/worker-5-tc1/source:/opt/rustwide/workdir:ro,Z" "-v" "/var/lib/crater-agent-workspace/cargo-home:/opt/rustwide/cargo-home:ro,Z" "-v" "/var/lib/crater-agent-workspace/rustup-home:/opt/rustwide/rustup-home:ro,Z" "-e" "SOURCE_DIR=/opt/rustwide/workdir" "-e" "CARGO_TARGET_DIR=/opt/rustwide/target" "-e" "CARGO_INCREMENTAL=0" "-e" "RUST_BACKTRACE=full" "-e" "RUSTFLAGS=--cap-lints=warn" "-e" "RUSTDOCFLAGS=--cap-lints=warn" "-e" "CARGO_HOME=/opt/rustwide/cargo-home" "-e" "RUSTUP_HOME=/opt/rustwide/rustup-home" "-w" "/opt/rustwide/workdir" "-m" "1610612736" "--user" "0:0" "--network" "none" "ghcr.io/rust-lang/crates-build-env/linux@sha256:f3a9d4ad9d972b27faf3965f35b62e55ba32bbce8f20bc8fe909558a86702fde" "/opt/rustwide/cargo-home/bin/cargo" "+1.83.0" "test" "--frozen" "--no-run" "--message-format=json", kill_on_drop: false }`
[INFO] [stdout] 5a053f432223498d1c53f62e40223b4eb9194909c09929dce5fac93143b93ac6
[INFO] running `Command { std: "docker" "start" "-a" "5a053f432223498d1c53f62e40223b4eb9194909c09929dce5fac93143b93ac6", kill_on_drop: false }`
[INFO] [stdout] warning: unused import: `fs::OpenOptions`
[INFO] [stdout]  --> src/libs/log.rs:1:11
[INFO] [stdout]   |
[INFO] [stdout] 1 | use std::{fs::OpenOptions, path::PathBuf};
[INFO] [stdout]   |           ^^^^^^^^^^^^^^^
[INFO] [stdout]   |
[INFO] [stdout]   = note: `#[warn(unused_imports)]` on by default
[INFO] [stdout] 
[INFO] [stdout] 
[INFO] [stdout] warning: unused import: `eyre::WrapErr`
[INFO] [stdout]  --> src/libs/log.rs:6:5
[INFO] [stdout]   |
[INFO] [stdout] 6 | use eyre::WrapErr;
[INFO] [stdout]   |     ^^^^^^^^^^^^^
[INFO] [stdout] 
[INFO] [stdout] 
[INFO] [stdout] warning: unused import: `layer`
[INFO] [stdout]  --> src/libs/log.rs:9:37
[INFO] [stdout]   |
[INFO] [stdout] 9 | use tracing_subscriber::fmt::{self, layer};
[INFO] [stdout]   |                                     ^^^^^
[INFO] [stdout] 
[INFO] [stdout] 
[INFO] [stdout] warning: fields `ctx` and `stream_seq` are never read
[INFO] [stdout]   --> src/libs/ws/push.rs:11:9
[INFO] [stdout]    |
[INFO] [stdout] 10 | pub struct SubscriberContext {
[INFO] [stdout]    |            ----------------- fields in this struct
[INFO] [stdout] 11 |     pub ctx: RequestContext,
[INFO] [stdout]    |         ^^^
[INFO] [stdout] 12 |     pub stream_seq: u32,
[INFO] [stdout]    |         ^^^^^^^^^^
[INFO] [stdout]    |
[INFO] [stdout]    = note: `#[warn(dead_code)]` on by default
[INFO] [stdout] 
[INFO] [stdout] 
[INFO] [stdout] warning: field `subscribers` is never read
[INFO] [stdout]   --> src/libs/ws/push.rs:17:9
[INFO] [stdout]    |
[INFO] [stdout] 16 | pub struct Subscribers {
[INFO] [stdout]    |            ----------- field in this struct
[INFO] [stdout] 17 |     pub subscribers: HashMap<ConnectionId, SubscriberContext>,
[INFO] [stdout]    |         ^^^^^^^^^^^
[INFO] [stdout] 
[INFO] [stdout] 
[INFO] [stdout] warning: field `topics` is never read
[INFO] [stdout]   --> src/libs/ws/push.rs:21:9
[INFO] [stdout]    |
[INFO] [stdout] 20 | pub struct SubscribeManager<Key: Eq + Hash> {
[INFO] [stdout]    |            ---------------- field in this struct
[INFO] [stdout] 21 |     pub topics: DashMap<Key, Subscribers>,
[INFO] [stdout]    |         ^^^^^^
[INFO] [stdout] 
[INFO] [stdout] 
[INFO] [stdout] warning: multiple methods are never used
[INFO] [stdout]   --> src/libs/ws/push.rs:37:12
[INFO] [stdout]    |
[INFO] [stdout] 30 | impl<Key: Hash + Eq + Into<u32>> SubscribeManager<Key> {
[INFO] [stdout]    | ------------------------------------------------------ methods in this implementation
[INFO] [stdout] ...
[INFO] [stdout] 37 |     pub fn add_topics(&self, topics: Vec<Key>) {
[INFO] [stdout]    |            ^^^^^^^^^^
[INFO] [stdout] ...
[INFO] [stdout] 42 |     pub fn add_topic(&self, topic: Key) {
[INFO] [stdout]    |            ^^^^^^^^^
[INFO] [stdout] ...
[INFO] [stdout] 45 |     pub fn subscribe_multi(&self, topics: Vec<Key>, ctx: RequestContext) {
[INFO] [stdout]    |            ^^^^^^^^^^^^^^^
[INFO] [stdout] ...
[INFO] [stdout] 50 |     pub fn subscribe(&self, topic: Key, ctx: RequestContext) {
[INFO] [stdout]    |            ^^^^^^^^^
[INFO] [stdout] ...
[INFO] [stdout] 56 |     pub fn unsubscribe_multi(&self, topics: Vec<Key>, connection_id: ConnectionId) {
[INFO] [stdout]    |            ^^^^^^^^^^^^^^^^^
[INFO] [stdout] ...
[INFO] [stdout] 61 |     pub fn unsubscribe(&self, topic: Key, connection_id: ConnectionId) {
[INFO] [stdout]    |            ^^^^^^^^^^^
[INFO] [stdout] ...
[INFO] [stdout] 66 |     pub fn publish_with_filter(
[INFO] [stdout]    |            ^^^^^^^^^^^^^^^^^^^
[INFO] [stdout] ...
[INFO] [stdout] 98 |     pub fn publish_to_all(&self, toolbox: &ArcToolbox, topic: Key, msg: &impl Serialize) {
[INFO] [stdout]    |            ^^^^^^^^^^^^^^
[INFO] [stdout] 
[INFO] [stdout] 
[INFO] [stderr]    Compiling endpoint-libs v1.0.4 (/opt/rustwide/workdir)
[INFO] [stdout] warning: unused import: `fs::OpenOptions`
[INFO] [stdout]  --> src/libs/log.rs:1:11
[INFO] [stdout]   |
[INFO] [stdout] 1 | use std::{fs::OpenOptions, path::PathBuf};
[INFO] [stdout]   |           ^^^^^^^^^^^^^^^
[INFO] [stdout]   |
[INFO] [stdout]   = note: `#[warn(unused_imports)]` on by default
[INFO] [stdout] 
[INFO] [stdout] 
[INFO] [stdout] warning: unused import: `eyre::WrapErr`
[INFO] [stdout]  --> src/libs/log.rs:6:5
[INFO] [stdout]   |
[INFO] [stdout] 6 | use eyre::WrapErr;
[INFO] [stdout]   |     ^^^^^^^^^^^^^
[INFO] [stdout] 
[INFO] [stdout] 
[INFO] [stdout] warning: unused import: `layer`
[INFO] [stdout]  --> src/libs/log.rs:9:37
[INFO] [stdout]   |
[INFO] [stdout] 9 | use tracing_subscriber::fmt::{self, layer};
[INFO] [stdout]   |                                     ^^^^^
[INFO] [stdout] 
[INFO] [stdout] 
[INFO] [stdout] warning: fields `ctx` and `stream_seq` are never read
[INFO] [stdout]   --> src/libs/ws/push.rs:11:9
[INFO] [stdout]    |
[INFO] [stdout] 10 | pub struct SubscriberContext {
[INFO] [stdout]    |            ----------------- fields in this struct
[INFO] [stdout] 11 |     pub ctx: RequestContext,
[INFO] [stdout]    |         ^^^
[INFO] [stdout] 12 |     pub stream_seq: u32,
[INFO] [stdout]    |         ^^^^^^^^^^
[INFO] [stdout]    |
[INFO] [stdout]    = note: `#[warn(dead_code)]` on by default
[INFO] [stdout] 
[INFO] [stdout] 
[INFO] [stdout] warning: field `subscribers` is never read
[INFO] [stdout]   --> src/libs/ws/push.rs:17:9
[INFO] [stdout]    |
[INFO] [stdout] 16 | pub struct Subscribers {
[INFO] [stdout]    |            ----------- field in this struct
[INFO] [stdout] 17 |     pub subscribers: HashMap<ConnectionId, SubscriberContext>,
[INFO] [stdout]    |         ^^^^^^^^^^^
[INFO] [stdout] 
[INFO] [stdout] 
[INFO] [stdout] warning: field `topics` is never read
[INFO] [stdout]   --> src/libs/ws/push.rs:21:9
[INFO] [stdout]    |
[INFO] [stdout] 20 | pub struct SubscribeManager<Key: Eq + Hash> {
[INFO] [stdout]    |            ---------------- field in this struct
[INFO] [stdout] 21 |     pub topics: DashMap<Key, Subscribers>,
[INFO] [stdout]    |         ^^^^^^
[INFO] [stdout] 
[INFO] [stdout] 
[INFO] [stdout] warning: multiple methods are never used
[INFO] [stdout]   --> src/libs/ws/push.rs:37:12
[INFO] [stdout]    |
[INFO] [stdout] 30 | impl<Key: Hash + Eq + Into<u32>> SubscribeManager<Key> {
[INFO] [stdout]    | ------------------------------------------------------ methods in this implementation
[INFO] [stdout] ...
[INFO] [stdout] 37 |     pub fn add_topics(&self, topics: Vec<Key>) {
[INFO] [stdout]    |            ^^^^^^^^^^
[INFO] [stdout] ...
[INFO] [stdout] 42 |     pub fn add_topic(&self, topic: Key) {
[INFO] [stdout]    |            ^^^^^^^^^
[INFO] [stdout] ...
[INFO] [stdout] 45 |     pub fn subscribe_multi(&self, topics: Vec<Key>, ctx: RequestContext) {
[INFO] [stdout]    |            ^^^^^^^^^^^^^^^
[INFO] [stdout] ...
[INFO] [stdout] 50 |     pub fn subscribe(&self, topic: Key, ctx: RequestContext) {
[INFO] [stdout]    |            ^^^^^^^^^
[INFO] [stdout] ...
[INFO] [stdout] 56 |     pub fn unsubscribe_multi(&self, topics: Vec<Key>, connection_id: ConnectionId) {
[INFO] [stdout]    |            ^^^^^^^^^^^^^^^^^
[INFO] [stdout] ...
[INFO] [stdout] 61 |     pub fn unsubscribe(&self, topic: Key, connection_id: ConnectionId) {
[INFO] [stdout]    |            ^^^^^^^^^^^
[INFO] [stdout] ...
[INFO] [stdout] 66 |     pub fn publish_with_filter(
[INFO] [stdout]    |            ^^^^^^^^^^^^^^^^^^^
[INFO] [stdout] ...
[INFO] [stdout] 98 |     pub fn publish_to_all(&self, toolbox: &ArcToolbox, topic: Key, msg: &impl Serialize) {
[INFO] [stdout]    |            ^^^^^^^^^^^^^^
[INFO] [stdout] 
[INFO] [stdout] 
[INFO] [stderr]     Finished `test` profile [unoptimized + debuginfo] target(s) in 12.52s
[INFO] running `Command { std: "docker" "inspect" "5a053f432223498d1c53f62e40223b4eb9194909c09929dce5fac93143b93ac6", kill_on_drop: false }`
[INFO] running `Command { std: "docker" "rm" "-f" "5a053f432223498d1c53f62e40223b4eb9194909c09929dce5fac93143b93ac6", kill_on_drop: false }`
[INFO] [stdout] 5a053f432223498d1c53f62e40223b4eb9194909c09929dce5fac93143b93ac6
[INFO] running `Command { std: "docker" "create" "-v" "/var/lib/crater-agent-workspace/builds/worker-5-tc1/target:/opt/rustwide/target:rw,Z" "-v" "/var/lib/crater-agent-workspace/builds/worker-5-tc1/source:/opt/rustwide/workdir:ro,Z" "-v" "/var/lib/crater-agent-workspace/cargo-home:/opt/rustwide/cargo-home:ro,Z" "-v" "/var/lib/crater-agent-workspace/rustup-home:/opt/rustwide/rustup-home:ro,Z" "-e" "SOURCE_DIR=/opt/rustwide/workdir" "-e" "CARGO_TARGET_DIR=/opt/rustwide/target" "-e" "CARGO_INCREMENTAL=0" "-e" "RUST_BACKTRACE=full" "-e" "RUSTFLAGS=--cap-lints=warn" "-e" "RUSTDOCFLAGS=--cap-lints=warn" "-e" "CARGO_HOME=/opt/rustwide/cargo-home" "-e" "RUSTUP_HOME=/opt/rustwide/rustup-home" "-w" "/opt/rustwide/workdir" "-m" "1610612736" "--user" "0:0" "--network" "none" "ghcr.io/rust-lang/crates-build-env/linux@sha256:f3a9d4ad9d972b27faf3965f35b62e55ba32bbce8f20bc8fe909558a86702fde" "/opt/rustwide/cargo-home/bin/cargo" "+1.83.0" "test" "--frozen", kill_on_drop: false }`
[INFO] [stdout] 6dd7b99a06686e9f7c7e9d6e85b649be3a8ebb9f349aa23302e2af2fc166418f
[INFO] running `Command { std: "docker" "start" "-a" "6dd7b99a06686e9f7c7e9d6e85b649be3a8ebb9f349aa23302e2af2fc166418f", kill_on_drop: false }`
[INFO] [stderr] warning: unused import: `fs::OpenOptions`
[INFO] [stderr]  --> src/libs/log.rs:1:11
[INFO] [stderr]   |
[INFO] [stderr] 1 | use std::{fs::OpenOptions, path::PathBuf};
[INFO] [stderr]   |           ^^^^^^^^^^^^^^^
[INFO] [stderr]   |
[INFO] [stderr]   = note: `#[warn(unused_imports)]` on by default
[INFO] [stderr] 
[INFO] [stderr] warning: unused import: `eyre::WrapErr`
[INFO] [stderr]  --> src/libs/log.rs:6:5
[INFO] [stderr]   |
[INFO] [stderr] 6 | use eyre::WrapErr;
[INFO] [stderr]   |     ^^^^^^^^^^^^^
[INFO] [stderr] 
[INFO] [stderr] warning: unused import: `layer`
[INFO] [stderr]  --> src/libs/log.rs:9:37
[INFO] [stderr]   |
[INFO] [stderr] 9 | use tracing_subscriber::fmt::{self, layer};
[INFO] [stderr]   |                                     ^^^^^
[INFO] [stderr] 
[INFO] [stderr] warning: fields `ctx` and `stream_seq` are never read
[INFO] [stderr]   --> src/libs/ws/push.rs:11:9
[INFO] [stderr]    |
[INFO] [stderr] 10 | pub struct SubscriberContext {
[INFO] [stderr]    |            ----------------- fields in this struct
[INFO] [stderr] 11 |     pub ctx: RequestContext,
[INFO] [stderr]    |         ^^^
[INFO] [stderr] 12 |     pub stream_seq: u32,
[INFO] [stderr]    |         ^^^^^^^^^^
[INFO] [stderr]    |
[INFO] [stderr]    = note: `#[warn(dead_code)]` on by default
[INFO] [stderr] 
[INFO] [stderr] warning: field `subscribers` is never read
[INFO] [stderr]   --> src/libs/ws/push.rs:17:9
[INFO] [stderr]    |
[INFO] [stderr] 16 | pub struct Subscribers {
[INFO] [stderr]    |            ----------- field in this struct
[INFO] [stderr] 17 |     pub subscribers: HashMap<ConnectionId, SubscriberContext>,
[INFO] [stderr]    |         ^^^^^^^^^^^
[INFO] [stderr] 
[INFO] [stderr] warning: field `topics` is never read
[INFO] [stderr]   --> src/libs/ws/push.rs:21:9
[INFO] [stderr]    |
[INFO] [stderr] 20 | pub struct SubscribeManager<Key: Eq + Hash> {
[INFO] [stderr]    |            ---------------- field in this struct
[INFO] [stderr] 21 |     pub topics: DashMap<Key, Subscribers>,
[INFO] [stderr]    |         ^^^^^^
[INFO] [stderr] 
[INFO] [stderr] warning: multiple methods are never used
[INFO] [stderr]   --> src/libs/ws/push.rs:37:12
[INFO] [stderr]    |
[INFO] [stderr] 30 | impl<Key: Hash + Eq + Into<u32>> SubscribeManager<Key> {
[INFO] [stderr]    | ------------------------------------------------------ methods in this implementation
[INFO] [stderr] ...
[INFO] [stderr] 37 |     pub fn add_topics(&self, topics: Vec<Key>) {
[INFO] [stderr]    |            ^^^^^^^^^^
[INFO] [stderr] ...
[INFO] [stderr] 42 |     pub fn add_topic(&self, topic: Key) {
[INFO] [stderr]    |            ^^^^^^^^^
[INFO] [stderr] ...
[INFO] [stderr] 45 |     pub fn subscribe_multi(&self, topics: Vec<Key>, ctx: RequestContext) {
[INFO] [stderr]    |            ^^^^^^^^^^^^^^^
[INFO] [stderr] ...
[INFO] [stderr] 50 |     pub fn subscribe(&self, topic: Key, ctx: RequestContext) {
[INFO] [stderr]    |            ^^^^^^^^^
[INFO] [stderr] ...
[INFO] [stderr] 56 |     pub fn unsubscribe_multi(&self, topics: Vec<Key>, connection_id: ConnectionId) {
[INFO] [stderr]    |            ^^^^^^^^^^^^^^^^^
[INFO] [stderr] ...
[INFO] [stderr] 61 |     pub fn unsubscribe(&self, topic: Key, connection_id: ConnectionId) {
[INFO] [stderr]    |            ^^^^^^^^^^^
[INFO] [stderr] ...
[INFO] [stderr] 66 |     pub fn publish_with_filter(
[INFO] [stderr]    |            ^^^^^^^^^^^^^^^^^^^
[INFO] [stderr] ...
[INFO] [stderr] 98 |     pub fn publish_to_all(&self, toolbox: &ArcToolbox, topic: Key, msg: &impl Serialize) {
[INFO] [stderr]    |            ^^^^^^^^^^^^^^
[INFO] [stderr] 
[INFO] [stderr] warning: `endpoint-libs` (lib) generated 7 warnings (run `cargo fix --lib -p endpoint-libs` to apply 3 suggestions)
[INFO] [stderr] warning: `endpoint-libs` (lib test) generated 7 warnings (7 duplicates)
[INFO] [stderr]     Finished `test` profile [unoptimized + debuginfo] target(s) in 0.46s
[INFO] [stderr]      Running unittests src/lib.rs (/opt/rustwide/target/debug/deps/endpoint_libs-17adc59df0a4724f)
[INFO] [stdout] 
[INFO] [stdout] running 5 tests
[INFO] [stdout] test libs::deserializer_wrapper::tests::test_wrapper ... ok
[INFO] [stdout] test libs::log_reader::tests::log_entry_from_line ... ok
[INFO] [stdout] test libs::ws::subs::tests::test_subscribe ... ok
[INFO] [stdout] test libs::log_reader::tests::log_entry_from_line_control_sequence ... ok
[INFO] [stdout] test libs::log_reader::tests::log_entry_from_file ... FAILED
[INFO] [stdout] 
[INFO] [stdout] failures:
[INFO] [stdout] 
[INFO] [stdout] ---- libs::log_reader::tests::log_entry_from_file stdout ----
[INFO] [stdout] thread 'libs::log_reader::tests::log_entry_from_file' panicked at src/libs/log_reader.rs:137:55:
[INFO] [stdout] called `Result::unwrap()` on an `Err` value: No such file or directory (os error 2)
[INFO] [stdout] 
[INFO] [stdout] Location:
[INFO] [stdout]     src/libs/log_reader.rs:54:16
[INFO] [stdout] stack backtrace:
[INFO] [stdout]    0:     0x625416bde8da - std::backtrace_rs::backtrace::libunwind::trace::h5a5b8284f2d0c266
[INFO] [stdout]                                at /rustc/90b35a6239c3d8bdabc530a6a0816f7ff89a0aaf/library/std/src/../../backtrace/src/backtrace/libunwind.rs:116:5
[INFO] [stdout]    1:     0x625416bde8da - std::backtrace_rs::backtrace::trace_unsynchronized::h76d4f1c9b0b875e3
[INFO] [stdout]                                at /rustc/90b35a6239c3d8bdabc530a6a0816f7ff89a0aaf/library/std/src/../../backtrace/src/backtrace/mod.rs:66:5
[INFO] [stdout]    2:     0x625416bde8da - std::sys::backtrace::_print_fmt::hc4546b8364a537c6
[INFO] [stdout]                                at /rustc/90b35a6239c3d8bdabc530a6a0816f7ff89a0aaf/library/std/src/sys/backtrace.rs:66:9
[INFO] [stdout]    3:     0x625416bde8da - <std::sys::backtrace::BacktraceLock::print::DisplayBacktrace as core::fmt::Display>::fmt::h5b6bd5631a6d1f6b
[INFO] [stdout]                                at /rustc/90b35a6239c3d8bdabc530a6a0816f7ff89a0aaf/library/std/src/sys/backtrace.rs:39:26
[INFO] [stdout]    4:     0x625416c04503 - core::fmt::rt::Argument::fmt::h270f6602a2b96f62
[INFO] [stdout]                                at /rustc/90b35a6239c3d8bdabc530a6a0816f7ff89a0aaf/library/core/src/fmt/rt.rs:177:76
[INFO] [stdout]    5:     0x625416c04503 - core::fmt::write::h7550c97b06c86515
[INFO] [stdout]                                at /rustc/90b35a6239c3d8bdabc530a6a0816f7ff89a0aaf/library/core/src/fmt/mod.rs:1186:21
[INFO] [stdout]    6:     0x625416bdb8a3 - std::io::Write::write_fmt::h509ff860e5956e5e
[INFO] [stdout]                                at /rustc/90b35a6239c3d8bdabc530a6a0816f7ff89a0aaf/library/std/src/io/mod.rs:1839:15
[INFO] [stdout]    7:     0x625416bde722 - std::sys::backtrace::BacktraceLock::print::h2395ccd2c84ba3aa
[INFO] [stdout]                                at /rustc/90b35a6239c3d8bdabc530a6a0816f7ff89a0aaf/library/std/src/sys/backtrace.rs:42:9
[INFO] [stdout]    8:     0x625416bdfd3a - std::panicking::default_hook::{{closure}}::he19d4c7230e07961
[INFO] [stdout]                                at /rustc/90b35a6239c3d8bdabc530a6a0816f7ff89a0aaf/library/std/src/panicking.rs:268:22
[INFO] [stdout]    9:     0x625416bdfb44 - std::panicking::default_hook::hf614597d3c67bbdb
[INFO] [stdout]                                at /rustc/90b35a6239c3d8bdabc530a6a0816f7ff89a0aaf/library/std/src/panicking.rs:292:9
[INFO] [stdout]   10:     0x62541682eec9 - <alloc::boxed::Box<F,A> as core::ops::function::Fn<Args>>::call::h39b51ce4599c23d1
[INFO] [stdout]                                at /rustc/90b35a6239c3d8bdabc530a6a0816f7ff89a0aaf/library/alloc/src/boxed.rs:2468:9
[INFO] [stdout]   11:     0x62541682eec9 - test::test_main::{{closure}}::he977ae839a582784
[INFO] [stdout]                                at /rustc/90b35a6239c3d8bdabc530a6a0816f7ff89a0aaf/library/test/src/lib.rs:133:21
[INFO] [stdout]   12:     0x625416be03d8 - <alloc::boxed::Box<F,A> as core::ops::function::Fn<Args>>::call::h9455091b6b06f9fb
[INFO] [stdout]                                at /rustc/90b35a6239c3d8bdabc530a6a0816f7ff89a0aaf/library/alloc/src/boxed.rs:2468:9
[INFO] [stdout]   13:     0x625416be03d8 - std::panicking::rust_panic_with_hook::h8942133a8b252070
[INFO] [stdout]                                at /rustc/90b35a6239c3d8bdabc530a6a0816f7ff89a0aaf/library/std/src/panicking.rs:809:13
[INFO] [stdout]   14:     0x625416be019a - std::panicking::begin_panic_handler::{{closure}}::hb5f5963570096b29
[INFO] [stdout]                                at /rustc/90b35a6239c3d8bdabc530a6a0816f7ff89a0aaf/library/std/src/panicking.rs:674:13
[INFO] [stdout]   15:     0x625416bdedb9 - std::sys::backtrace::__rust_end_short_backtrace::h6208cedc1922feda
[INFO] [stdout]                                at /rustc/90b35a6239c3d8bdabc530a6a0816f7ff89a0aaf/library/std/src/sys/backtrace.rs:170:18
[INFO] [stdout]   16:     0x625416bdfe2c - rust_begin_unwind
[INFO] [stdout]                                at /rustc/90b35a6239c3d8bdabc530a6a0816f7ff89a0aaf/library/std/src/panicking.rs:665:5
[INFO] [stdout]   17:     0x6254167bc1e0 - core::panicking::panic_fmt::h0c3082644d1bf418
[INFO] [stdout]                                at /rustc/90b35a6239c3d8bdabc530a6a0816f7ff89a0aaf/library/core/src/panicking.rs:74:14
[INFO] [stdout]   18:     0x6254167bc6c6 - core::result::unwrap_failed::hd20b4aa073bda1e2
[INFO] [stdout]                                at /rustc/90b35a6239c3d8bdabc530a6a0816f7ff89a0aaf/library/core/src/result.rs:1700:5
[INFO] [stdout]   19:     0x6254167e1675 - core::result::Result<T,E>::unwrap::h44363a1dfaa600fa
[INFO] [stdout]                                at /rustc/90b35a6239c3d8bdabc530a6a0816f7ff89a0aaf/library/core/src/result.rs:1104:23
[INFO] [stdout]   20:     0x6254167e1675 - endpoint_libs::libs::log_reader::tests::log_entry_from_file::{{closure}}::h746169a9bc8b4d24
[INFO] [stdout]                                at /opt/rustwide/workdir/src/libs/log_reader.rs:137:23
[INFO] [stdout]   21:     0x6254167d34f2 - <core::pin::Pin<P> as core::future::future::Future>::poll::h2a3ef0581b08e08b
[INFO] [stdout]                                at /rustc/90b35a6239c3d8bdabc530a6a0816f7ff89a0aaf/library/core/src/future/future.rs:123:9
[INFO] [stdout]   22:     0x6254167d356d - <core::pin::Pin<P> as core::future::future::Future>::poll::hb94462110e92e307
[INFO] [stdout]                                at /rustc/90b35a6239c3d8bdabc530a6a0816f7ff89a0aaf/library/core/src/future/future.rs:123:9
[INFO] [stdout]   23:     0x6254167d2eff - tokio::runtime::scheduler::current_thread::CoreGuard::block_on::{{closure}}::{{closure}}::{{closure}}::h4f585b53d5d08216
[INFO] [stdout]                                at /opt/rustwide/cargo-home/registry/src/index.crates.io-6f17d22bba15001f/tokio-1.42.0/src/runtime/scheduler/current_thread/mod.rs:729:57
[INFO] [stdout]   24:     0x6254167d2e25 - tokio::runtime::coop::with_budget::h64b2030605378c21
[INFO] [stdout]                                at /opt/rustwide/cargo-home/registry/src/index.crates.io-6f17d22bba15001f/tokio-1.42.0/src/runtime/coop.rs:107:5
[INFO] [stdout]   25:     0x6254167d2e25 - tokio::runtime::coop::budget::hbca93ceafc47a613
[INFO] [stdout]                                at /opt/rustwide/cargo-home/registry/src/index.crates.io-6f17d22bba15001f/tokio-1.42.0/src/runtime/coop.rs:73:5
[INFO] [stdout]   26:     0x6254167d2e25 - tokio::runtime::scheduler::current_thread::CoreGuard::block_on::{{closure}}::{{closure}}::h729d519a1827542d
[INFO] [stdout]                                at /opt/rustwide/cargo-home/registry/src/index.crates.io-6f17d22bba15001f/tokio-1.42.0/src/runtime/scheduler/current_thread/mod.rs:729:25
[INFO] [stdout]   27:     0x6254167d0750 - tokio::runtime::scheduler::current_thread::Context::enter::h70c390387eda7e0c
[INFO] [stdout]                                at /opt/rustwide/cargo-home/registry/src/index.crates.io-6f17d22bba15001f/tokio-1.42.0/src/runtime/scheduler/current_thread/mod.rs:428:19
[INFO] [stdout]   28:     0x6254167d1c4e - tokio::runtime::scheduler::current_thread::CoreGuard::block_on::{{closure}}::h145fcdde0a2d435e
[INFO] [stdout]                                at /opt/rustwide/cargo-home/registry/src/index.crates.io-6f17d22bba15001f/tokio-1.42.0/src/runtime/scheduler/current_thread/mod.rs:728:36
[INFO] [stdout]   29:     0x6254167d1964 - tokio::runtime::scheduler::current_thread::CoreGuard::enter::{{closure}}::he3f21793eb556705
[INFO] [stdout]                                at /opt/rustwide/cargo-home/registry/src/index.crates.io-6f17d22bba15001f/tokio-1.42.0/src/runtime/scheduler/current_thread/mod.rs:807:68
[INFO] [stdout]   30:     0x6254167cf34b - tokio::runtime::context::scoped::Scoped<T>::set::hdc4c263c944918a8
[INFO] [stdout]                                at /opt/rustwide/cargo-home/registry/src/index.crates.io-6f17d22bba15001f/tokio-1.42.0/src/runtime/context/scoped.rs:40:9
[INFO] [stdout]   31:     0x6254167d8a19 - tokio::runtime::context::set_scheduler::{{closure}}::h986ed65818b99daf
[INFO] [stdout]                                at /opt/rustwide/cargo-home/registry/src/index.crates.io-6f17d22bba15001f/tokio-1.42.0/src/runtime/context.rs:180:26
[INFO] [stdout]   32:     0x6254167c76ed - std::thread::local::LocalKey<T>::try_with::h46fb96d56cdfc470
[INFO] [stdout]                                at /rustc/90b35a6239c3d8bdabc530a6a0816f7ff89a0aaf/library/std/src/thread/local.rs:283:12
[INFO] [stdout]   33:     0x6254167c6e5a - std::thread::local::LocalKey<T>::with::h319f35a8abadfa4f
[INFO] [stdout]                                at /rustc/90b35a6239c3d8bdabc530a6a0816f7ff89a0aaf/library/std/src/thread/local.rs:260:9
[INFO] [stdout]   34:     0x6254167d898d - tokio::runtime::context::set_scheduler::h017910cc4f69a4af
[INFO] [stdout]                                at /opt/rustwide/cargo-home/registry/src/index.crates.io-6f17d22bba15001f/tokio-1.42.0/src/runtime/context.rs:180:9
[INFO] [stdout]   35:     0x6254167d16f0 - tokio::runtime::scheduler::current_thread::CoreGuard::enter::hdff67c7b42cf0e07
[INFO] [stdout]                                at /opt/rustwide/cargo-home/registry/src/index.crates.io-6f17d22bba15001f/tokio-1.42.0/src/runtime/scheduler/current_thread/mod.rs:807:27
[INFO] [stdout]   36:     0x6254167d19e3 - tokio::runtime::scheduler::current_thread::CoreGuard::block_on::hd2dcb7061fc1a78f
[INFO] [stdout]                                at /opt/rustwide/cargo-home/registry/src/index.crates.io-6f17d22bba15001f/tokio-1.42.0/src/runtime/scheduler/current_thread/mod.rs:716:19
[INFO] [stdout]   37:     0x6254167cfbfa - tokio::runtime::scheduler::current_thread::CurrentThread::block_on::{{closure}}::hb59a0b3d1a965071
[INFO] [stdout]                                at /opt/rustwide/cargo-home/registry/src/index.crates.io-6f17d22bba15001f/tokio-1.42.0/src/runtime/scheduler/current_thread/mod.rs:196:28
[INFO] [stdout]   38:     0x6254167dd306 - tokio::runtime::context::runtime::enter_runtime::ha953baa573923969
[INFO] [stdout]                                at /opt/rustwide/cargo-home/registry/src/index.crates.io-6f17d22bba15001f/tokio-1.42.0/src/runtime/context/runtime.rs:65:16
[INFO] [stdout]   39:     0x6254167cf521 - tokio::runtime::scheduler::current_thread::CurrentThread::block_on::h32a0642f3728360e
[INFO] [stdout]                                at /opt/rustwide/cargo-home/registry/src/index.crates.io-6f17d22bba15001f/tokio-1.42.0/src/runtime/scheduler/current_thread/mod.rs:184:9
[INFO] [stdout]   40:     0x6254167ddf73 - tokio::runtime::runtime::Runtime::block_on_inner::h5ac1d93fab5da8e4
[INFO] [stdout]                                at /opt/rustwide/cargo-home/registry/src/index.crates.io-6f17d22bba15001f/tokio-1.42.0/src/runtime/runtime.rs:368:47
[INFO] [stdout]   41:     0x6254167de277 - tokio::runtime::runtime::Runtime::block_on::he3e0c1a8d690173c
[INFO] [stdout]                                at /opt/rustwide/cargo-home/registry/src/index.crates.io-6f17d22bba15001f/tokio-1.42.0/src/runtime/runtime.rs:342:13
[INFO] [stdout]   42:     0x6254167e139f - endpoint_libs::libs::log_reader::tests::log_entry_from_file::he6e060b80eb03a1f
[INFO] [stdout]                                at /opt/rustwide/workdir/src/libs/log_reader.rs:139:9
[INFO] [stdout]   43:     0x6254167e1257 - endpoint_libs::libs::log_reader::tests::log_entry_from_file::{{closure}}::h8b371cd65e317fae
[INFO] [stdout]                                at /opt/rustwide/workdir/src/libs/log_reader.rs:134:35
[INFO] [stdout]   44:     0x6254167d48b6 - core::ops::function::FnOnce::call_once::h72e969234cca8d17
[INFO] [stdout]                                at /rustc/90b35a6239c3d8bdabc530a6a0816f7ff89a0aaf/library/core/src/ops/function.rs:250:5
[INFO] [stdout]   45:     0x62541683388b - core::ops::function::FnOnce::call_once::h109cf8051a59b34e
[INFO] [stdout]                                at /rustc/90b35a6239c3d8bdabc530a6a0816f7ff89a0aaf/library/core/src/ops/function.rs:250:5
[INFO] [stdout]   46:     0x62541683388b - test::__rust_begin_short_backtrace::hf4fff89d377446ba
[INFO] [stdout]                                at /rustc/90b35a6239c3d8bdabc530a6a0816f7ff89a0aaf/library/test/src/lib.rs:621:18
[INFO] [stdout]   47:     0x6254168330c7 - test::run_test_in_process::{{closure}}::h0e39181dd7ee5a43
[INFO] [stdout]                                at /rustc/90b35a6239c3d8bdabc530a6a0816f7ff89a0aaf/library/test/src/lib.rs:644:60
[INFO] [stdout]   48:     0x6254168330c7 - <core::panic::unwind_safe::AssertUnwindSafe<F> as core::ops::function::FnOnce<()>>::call_once::hc5a66a30f0bdfd1f
[INFO] [stdout]                                at /rustc/90b35a6239c3d8bdabc530a6a0816f7ff89a0aaf/library/core/src/panic/unwind_safe.rs:272:9
[INFO] [stdout]   49:     0x6254168330c7 - std::panicking::try::do_call::h873b7cf639554a5e
[INFO] [stdout]                                at /rustc/90b35a6239c3d8bdabc530a6a0816f7ff89a0aaf/library/std/src/panicking.rs:557:40
[INFO] [stdout]   50:     0x6254168330c7 - std::panicking::try::hdb19862fad9c8bd1
[INFO] [stdout]                                at /rustc/90b35a6239c3d8bdabc530a6a0816f7ff89a0aaf/library/std/src/panicking.rs:520:19
[INFO] [stdout]   51:     0x6254168330c7 - std::panic::catch_unwind::h281fe732d236d260
[INFO] [stdout]                                at /rustc/90b35a6239c3d8bdabc530a6a0816f7ff89a0aaf/library/std/src/panic.rs:358:14
[INFO] [stdout]   52:     0x6254168330c7 - test::run_test_in_process::h949b6df8457ed338
[INFO] [stdout]                                at /rustc/90b35a6239c3d8bdabc530a6a0816f7ff89a0aaf/library/test/src/lib.rs:644:27
[INFO] [stdout]   53:     0x6254168330c7 - test::run_test::{{closure}}::h52c556a6d4740e10
[INFO] [stdout]                                at /rustc/90b35a6239c3d8bdabc530a6a0816f7ff89a0aaf/library/test/src/lib.rs:565:43
[INFO] [stdout]   54:     0x6254167f83a4 - test::run_test::{{closure}}::h4237f6381c45ccb9
[INFO] [stdout]                                at /rustc/90b35a6239c3d8bdabc530a6a0816f7ff89a0aaf/library/test/src/lib.rs:595:41
[INFO] [stdout]   55:     0x6254167f83a4 - std::sys::backtrace::__rust_begin_short_backtrace::h505c97a579eca628
[INFO] [stdout]                                at /rustc/90b35a6239c3d8bdabc530a6a0816f7ff89a0aaf/library/std/src/sys/backtrace.rs:154:18
[INFO] [stdout]   56:     0x6254167fba6e - std::thread::Builder::spawn_unchecked_::{{closure}}::{{closure}}::h9e86b2e2bc107ea3
[INFO] [stdout]                                at /rustc/90b35a6239c3d8bdabc530a6a0816f7ff89a0aaf/library/std/src/thread/mod.rs:538:17
[INFO] [stdout]   57:     0x6254167fba6e - <core::panic::unwind_safe::AssertUnwindSafe<F> as core::ops::function::FnOnce<()>>::call_once::h8b06ddb275ff4a25
[INFO] [stdout]                                at /rustc/90b35a6239c3d8bdabc530a6a0816f7ff89a0aaf/library/core/src/panic/unwind_safe.rs:272:9
[INFO] [stdout]   58:     0x6254167fba6e - std::panicking::try::do_call::hb26ecd7cd9a9355d
[INFO] [stdout]                                at /rustc/90b35a6239c3d8bdabc530a6a0816f7ff89a0aaf/library/std/src/panicking.rs:557:40
[INFO] [stdout]   59:     0x6254167fba6e - std::panicking::try::h8ddeca9d705f9069
[INFO] [stdout]                                at /rustc/90b35a6239c3d8bdabc530a6a0816f7ff89a0aaf/library/std/src/panicking.rs:520:19
[INFO] [stdout]   60:     0x6254167fba6e - std::panic::catch_unwind::h49e1c33078844c46
[INFO] [stdout]                                at /rustc/90b35a6239c3d8bdabc530a6a0816f7ff89a0aaf/library/std/src/panic.rs:358:14
[INFO] [stdout]   61:     0x6254167fba6e - std::thread::Builder::spawn_unchecked_::{{closure}}::h6073db6ff56ad35d
[INFO] [stdout]                                at /rustc/90b35a6239c3d8bdabc530a6a0816f7ff89a0aaf/library/std/src/thread/mod.rs:537:30
[INFO] [stdout]   62:     0x6254167fba6e - core::ops::function::FnOnce::call_once{{vtable.shim}}::h2c5a5f3779c774f1
[INFO] [stdout]                                at /rustc/90b35a6239c3d8bdabc530a6a0816f7ff89a0aaf/library/core/src/ops/function.rs:250:5
[INFO] [stdout]   63:     0x625416be43bb - <alloc::boxed::Box<F,A> as core::ops::function::FnOnce<Args>>::call_once::hf75717d9f28faebf
[INFO] [stdout]                                at /rustc/90b35a6239c3d8bdabc530a6a0816f7ff89a0aaf/library/alloc/src/boxed.rs:2454:9
[INFO] [stdout]   64:     0x625416be43bb - <alloc::boxed::Box<F,A> as core::ops::function::FnOnce<Args>>::call_once::h7bd883a5f3c5f3c1
[INFO] [stdout]                                at /rustc/90b35a6239c3d8bdabc530a6a0816f7ff89a0aaf/library/alloc/src/boxed.rs:2454:9
[INFO] [stdout]   65:     0x625416be43bb - std::sys::pal::unix::thread::Thread::new::thread_start::hcc78f3943333fa94
[INFO] [stdout]                                at /rustc/90b35a6239c3d8bdabc530a6a0816f7ff89a0aaf/library/std/src/sys/pal/unix/thread.rs:105:17
[INFO] [stdout]   66:     0x755615932ac3 - <unknown>
[INFO] [stdout]   67:     0x7556159c3a04 - clone
[INFO] [stdout]   68:                0x0 - <unknown>
[INFO] [stdout] 
[INFO] [stdout] 
[INFO] [stdout] failures:
[INFO] [stdout]     libs::log_reader::tests::log_entry_from_file
[INFO] [stdout] 
[INFO] [stdout] test result: FAILED. 4 passed; 1 failed; 0 ignored; 0 measured; 0 filtered out; finished in 0.18s
[INFO] [stdout] 
[INFO] [stderr] error: test failed, to rerun pass `--lib`
[INFO] running `Command { std: "docker" "inspect" "6dd7b99a06686e9f7c7e9d6e85b649be3a8ebb9f349aa23302e2af2fc166418f", kill_on_drop: false }`
[INFO] running `Command { std: "docker" "rm" "-f" "6dd7b99a06686e9f7c7e9d6e85b649be3a8ebb9f349aa23302e2af2fc166418f", kill_on_drop: false }`
[INFO] [stdout] 6dd7b99a06686e9f7c7e9d6e85b649be3a8ebb9f349aa23302e2af2fc166418f
