[INFO] fetching crate elliptic_curve_cryptography_tools 0.1.0...
[INFO] testing elliptic_curve_cryptography_tools-0.1.0 against 1.83.0 for beta-1.84.0-4-retry
[INFO] extracting crate elliptic_curve_cryptography_tools 0.1.0 into /workspace/builds/worker-0-tc1/source
[INFO] validating manifest of crates.io crate elliptic_curve_cryptography_tools 0.1.0 on toolchain 1.83.0
[INFO] running `Command { std: CARGO_HOME="/workspace/cargo-home" RUSTUP_HOME="/workspace/rustup-home" "/workspace/cargo-home/bin/cargo" "+1.83.0" "metadata" "--manifest-path" "Cargo.toml" "--no-deps", kill_on_drop: false }`
[INFO] started tweaking crates.io crate elliptic_curve_cryptography_tools 0.1.0
[INFO] finished tweaking crates.io crate elliptic_curve_cryptography_tools 0.1.0
[INFO] tweaked toml for crates.io crate elliptic_curve_cryptography_tools 0.1.0 written to /workspace/builds/worker-0-tc1/source/Cargo.toml
[INFO] running `Command { std: CARGO_HOME="/workspace/cargo-home" RUSTUP_HOME="/workspace/rustup-home" "/workspace/cargo-home/bin/cargo" "+1.83.0" "generate-lockfile" "--manifest-path" "Cargo.toml", kill_on_drop: false }`
[INFO] [stderr]     Updating crates.io index
[INFO] [stderr]      Locking 50 packages to latest compatible versions
[INFO] running `Command { std: CARGO_HOME="/workspace/cargo-home" RUSTUP_HOME="/workspace/rustup-home" "/workspace/cargo-home/bin/cargo" "+1.83.0" "fetch" "--manifest-path" "Cargo.toml", kill_on_drop: false }`
[INFO] running `Command { std: "docker" "create" "-v" "/var/lib/crater-agent-workspace/builds/worker-0-tc1/target:/opt/rustwide/target:rw,Z" "-v" "/var/lib/crater-agent-workspace/builds/worker-0-tc1/source:/opt/rustwide/workdir:ro,Z" "-v" "/var/lib/crater-agent-workspace/cargo-home:/opt/rustwide/cargo-home:ro,Z" "-v" "/var/lib/crater-agent-workspace/rustup-home:/opt/rustwide/rustup-home:ro,Z" "-e" "SOURCE_DIR=/opt/rustwide/workdir" "-e" "CARGO_TARGET_DIR=/opt/rustwide/target" "-e" "CARGO_HOME=/opt/rustwide/cargo-home" "-e" "RUSTUP_HOME=/opt/rustwide/rustup-home" "-w" "/opt/rustwide/workdir" "-m" "1610612736" "--user" "0:0" "--network" "none" "ghcr.io/rust-lang/crates-build-env/linux@sha256:f3a9d4ad9d972b27faf3965f35b62e55ba32bbce8f20bc8fe909558a86702fde" "/opt/rustwide/cargo-home/bin/cargo" "+1.83.0" "metadata" "--no-deps" "--format-version=1", kill_on_drop: false }`
[INFO] [stdout] ab10967b8daf05b5777d90386257cafb22a7b39458f0fa7b1252d14f3e246d6a
[INFO] running `Command { std: "docker" "start" "-a" "ab10967b8daf05b5777d90386257cafb22a7b39458f0fa7b1252d14f3e246d6a", kill_on_drop: false }`
[INFO] running `Command { std: "docker" "inspect" "ab10967b8daf05b5777d90386257cafb22a7b39458f0fa7b1252d14f3e246d6a", kill_on_drop: false }`
[INFO] running `Command { std: "docker" "rm" "-f" "ab10967b8daf05b5777d90386257cafb22a7b39458f0fa7b1252d14f3e246d6a", kill_on_drop: false }`
[INFO] [stdout] ab10967b8daf05b5777d90386257cafb22a7b39458f0fa7b1252d14f3e246d6a
[INFO] running `Command { std: "docker" "create" "-v" "/var/lib/crater-agent-workspace/builds/worker-0-tc1/target:/opt/rustwide/target:rw,Z" "-v" "/var/lib/crater-agent-workspace/builds/worker-0-tc1/source:/opt/rustwide/workdir:ro,Z" "-v" "/var/lib/crater-agent-workspace/cargo-home:/opt/rustwide/cargo-home:ro,Z" "-v" "/var/lib/crater-agent-workspace/rustup-home:/opt/rustwide/rustup-home:ro,Z" "-e" "SOURCE_DIR=/opt/rustwide/workdir" "-e" "CARGO_TARGET_DIR=/opt/rustwide/target" "-e" "CARGO_INCREMENTAL=0" "-e" "RUST_BACKTRACE=full" "-e" "RUSTFLAGS=--cap-lints=warn" "-e" "RUSTDOCFLAGS=--cap-lints=warn" "-e" "CARGO_HOME=/opt/rustwide/cargo-home" "-e" "RUSTUP_HOME=/opt/rustwide/rustup-home" "-w" "/opt/rustwide/workdir" "-m" "1610612736" "--user" "0:0" "--network" "none" "ghcr.io/rust-lang/crates-build-env/linux@sha256:f3a9d4ad9d972b27faf3965f35b62e55ba32bbce8f20bc8fe909558a86702fde" "/opt/rustwide/cargo-home/bin/cargo" "+1.83.0" "build" "--frozen" "--message-format=json", kill_on_drop: false }`
[INFO] [stdout] 3c98da2470355f629294f7e418c53294b0fc0b553a5c11c217f983807bfbfd53
[INFO] running `Command { std: "docker" "start" "-a" "3c98da2470355f629294f7e418c53294b0fc0b553a5c11c217f983807bfbfd53", kill_on_drop: false }`
[INFO] [stderr]    Compiling proc-macro2 v1.0.92
[INFO] [stderr]    Compiling unicode-ident v1.0.14
[INFO] [stderr]    Compiling version_check v0.9.5
[INFO] [stderr]    Compiling typenum v1.17.0
[INFO] [stderr]    Compiling libc v0.2.168
[INFO] [stderr]    Compiling cfg-if v1.0.0
[INFO] [stderr]    Compiling autocfg v1.4.0
[INFO] [stderr]    Compiling byteorder v1.5.0
[INFO] [stderr]    Compiling cpufeatures v0.2.16
[INFO] [stderr]    Compiling bytes v1.9.0
[INFO] [stderr]    Compiling pin-project-lite v0.2.15
[INFO] [stderr]    Compiling hex v0.4.3
[INFO] [stderr]    Compiling generic-array v0.14.7
[INFO] [stderr]    Compiling num-traits v0.2.19
[INFO] [stderr]    Compiling tokio v1.42.0
[INFO] [stderr]    Compiling quote v1.0.37
[INFO] [stderr]    Compiling getrandom v0.2.15
[INFO] [stderr]    Compiling syn v2.0.90
[INFO] [stderr]    Compiling rand_core v0.6.4
[INFO] [stderr]    Compiling num-integer v0.1.46
[INFO] [stderr]    Compiling block-buffer v0.10.4
[INFO] [stderr]    Compiling crypto-common v0.1.6
[INFO] [stderr]    Compiling digest v0.10.7
[INFO] [stderr]    Compiling sha2 v0.10.8
[INFO] [stderr]    Compiling zerocopy-derive v0.7.35
[INFO] [stderr]    Compiling async-trait v0.1.83
[INFO] [stderr]    Compiling zerocopy v0.7.35
[INFO] [stderr]    Compiling sha256 v1.5.0
[INFO] [stderr]    Compiling ppv-lite86 v0.2.20
[INFO] [stderr]    Compiling rand_chacha v0.3.1
[INFO] [stderr]    Compiling rand v0.8.5
[INFO] [stderr]    Compiling num-bigint v0.4.6
[INFO] [stderr]    Compiling elliptic_curve_cryptography_tools v0.1.0 (/opt/rustwide/workdir)
[INFO] [stderr]     Finished `dev` profile [unoptimized + debuginfo] target(s) in 23.69s
[INFO] running `Command { std: "docker" "inspect" "3c98da2470355f629294f7e418c53294b0fc0b553a5c11c217f983807bfbfd53", kill_on_drop: false }`
[INFO] running `Command { std: "docker" "rm" "-f" "3c98da2470355f629294f7e418c53294b0fc0b553a5c11c217f983807bfbfd53", kill_on_drop: false }`
[INFO] [stdout] 3c98da2470355f629294f7e418c53294b0fc0b553a5c11c217f983807bfbfd53
[INFO] running `Command { std: "docker" "create" "-v" "/var/lib/crater-agent-workspace/builds/worker-0-tc1/target:/opt/rustwide/target:rw,Z" "-v" "/var/lib/crater-agent-workspace/builds/worker-0-tc1/source:/opt/rustwide/workdir:ro,Z" "-v" "/var/lib/crater-agent-workspace/cargo-home:/opt/rustwide/cargo-home:ro,Z" "-v" "/var/lib/crater-agent-workspace/rustup-home:/opt/rustwide/rustup-home:ro,Z" "-e" "SOURCE_DIR=/opt/rustwide/workdir" "-e" "CARGO_TARGET_DIR=/opt/rustwide/target" "-e" "CARGO_INCREMENTAL=0" "-e" "RUST_BACKTRACE=full" "-e" "RUSTFLAGS=--cap-lints=warn" "-e" "RUSTDOCFLAGS=--cap-lints=warn" "-e" "CARGO_HOME=/opt/rustwide/cargo-home" "-e" "RUSTUP_HOME=/opt/rustwide/rustup-home" "-w" "/opt/rustwide/workdir" "-m" "1610612736" "--user" "0:0" "--network" "none" "ghcr.io/rust-lang/crates-build-env/linux@sha256:f3a9d4ad9d972b27faf3965f35b62e55ba32bbce8f20bc8fe909558a86702fde" "/opt/rustwide/cargo-home/bin/cargo" "+1.83.0" "test" "--frozen" "--no-run" "--message-format=json", kill_on_drop: false }`
[INFO] [stdout] 254b8456244c60a19a3345b98347eba2e003325a8aeb8c9fe230db494cd01dbc
[INFO] running `Command { std: "docker" "start" "-a" "254b8456244c60a19a3345b98347eba2e003325a8aeb8c9fe230db494cd01dbc", kill_on_drop: false }`
[INFO] [stderr]    Compiling elliptic_curve_cryptography_tools v0.1.0 (/opt/rustwide/workdir)
[INFO] [stderr]     Finished `test` profile [unoptimized + debuginfo] target(s) in 1.05s
[INFO] running `Command { std: "docker" "inspect" "254b8456244c60a19a3345b98347eba2e003325a8aeb8c9fe230db494cd01dbc", kill_on_drop: false }`
[INFO] running `Command { std: "docker" "rm" "-f" "254b8456244c60a19a3345b98347eba2e003325a8aeb8c9fe230db494cd01dbc", kill_on_drop: false }`
[INFO] [stdout] 254b8456244c60a19a3345b98347eba2e003325a8aeb8c9fe230db494cd01dbc
[INFO] running `Command { std: "docker" "create" "-v" "/var/lib/crater-agent-workspace/builds/worker-0-tc1/target:/opt/rustwide/target:rw,Z" "-v" "/var/lib/crater-agent-workspace/builds/worker-0-tc1/source:/opt/rustwide/workdir:ro,Z" "-v" "/var/lib/crater-agent-workspace/cargo-home:/opt/rustwide/cargo-home:ro,Z" "-v" "/var/lib/crater-agent-workspace/rustup-home:/opt/rustwide/rustup-home:ro,Z" "-e" "SOURCE_DIR=/opt/rustwide/workdir" "-e" "CARGO_TARGET_DIR=/opt/rustwide/target" "-e" "CARGO_INCREMENTAL=0" "-e" "RUST_BACKTRACE=full" "-e" "RUSTFLAGS=--cap-lints=warn" "-e" "RUSTDOCFLAGS=--cap-lints=warn" "-e" "CARGO_HOME=/opt/rustwide/cargo-home" "-e" "RUSTUP_HOME=/opt/rustwide/rustup-home" "-w" "/opt/rustwide/workdir" "-m" "1610612736" "--user" "0:0" "--network" "none" "ghcr.io/rust-lang/crates-build-env/linux@sha256:f3a9d4ad9d972b27faf3965f35b62e55ba32bbce8f20bc8fe909558a86702fde" "/opt/rustwide/cargo-home/bin/cargo" "+1.83.0" "test" "--frozen", kill_on_drop: false }`
[INFO] [stdout] eb7cae6ca04965fc7cb097b0a919ea191bbe9378eff58f011dfc54ab9bcee903
[INFO] running `Command { std: "docker" "start" "-a" "eb7cae6ca04965fc7cb097b0a919ea191bbe9378eff58f011dfc54ab9bcee903", kill_on_drop: false }`
[INFO] [stderr]     Finished `test` profile [unoptimized + debuginfo] target(s) in 0.07s
[INFO] [stderr]      Running unittests src/lib.rs (/opt/rustwide/target/debug/deps/elliptic_curve_cryptography_tools-057358c6dbee3c99)
[INFO] [stdout] 
[INFO] [stdout] running 17 tests
[INFO] [stdout] test elliptic_curve::test::test_point_addition ... ok
[INFO] [stdout] test elliptic_curve::test::test_point_doubling ... ok
[INFO] [stdout] test elliptic_curve::test::test_point_in_curve ... ok
[INFO] [stdout] test ecdsa::test::test_sign_verify ... ok
[INFO] [stdout] test galois_field::test::test_add ... ok
[INFO] [stdout] test galois_field::test::test_divide ... ok
[INFO] [stdout] test galois_field::test::test_inv_add ... ok
[INFO] [stdout] test galois_field::test::test_inv_mult ... ok
[INFO] [stdout] test ecdsa::test::test_sign_verify_tempered_signature ... ok
[INFO] [stdout] test galois_field::test::test_multiply ... ok
[INFO] [stdout] test galois_field::test::test_subtract ... ok
[INFO] [stdout] test ecdsa::test::test_sign_verify_tempered_message ... ok
[INFO] [stdout] test elliptic_curve::test::test_scalar_multiplication ... ok
[INFO] [stdout] test elliptic_curve::test::test_ec_secp256k1 ... ok
[INFO] [stdout] test ecdsa::test::test_secp256_sign_verify ... ok
[INFO] [stdout] test ecdsa::test::test_secp256_sign_verify_tempered_message ... ok
[INFO] [stdout] test ecdsa::test::test_secp256_sign_verify_tempered_signature ... ok
[INFO] [stdout] 
[INFO] [stdout] test result: ok. 17 passed; 0 failed; 0 ignored; 0 measured; 0 filtered out; finished in 27.02s
[INFO] [stdout] 
[INFO] [stderr]    Doc-tests elliptic_curve_cryptography_tools
[INFO] [stdout] 
[INFO] [stdout] running 2 tests
[INFO] [stdout] test src/elliptic_curve.rs - elliptic_curve (line 60) ... FAILED
[INFO] [stdout] test src/elliptic_curve.rs - elliptic_curve (line 29) ... FAILED
[INFO] [stdout] 
[INFO] [stdout] failures:
[INFO] [stdout] 
[INFO] [stdout] ---- src/elliptic_curve.rs - elliptic_curve (line 60) stdout ----
[INFO] [stdout] error[E0432]: unresolved import `elliptic_curve_cryptography`
[INFO] [stdout]  --> src/elliptic_curve.rs:61:5
[INFO] [stdout]   |
[INFO] [stdout] 3 | use elliptic_curve_cryptography::{EllipticCurve, Point};
[INFO] [stdout]   |     ^^^^^^^^^^^^^^^^^^^^^^^^^^^ use of undeclared crate or module `elliptic_curve_cryptography`
[INFO] [stdout]   |
[INFO] [stdout] help: there is a crate or module with a similar name
[INFO] [stdout]   |
[INFO] [stdout] 3 | use elliptic_curve_cryptography_tools::{EllipticCurve, Point};
[INFO] [stdout]   |     ~~~~~~~~~~~~~~~~~~~~~~~~~~~~~~~~~
[INFO] [stdout] 
[INFO] [stdout] error: aborting due to 1 previous error
[INFO] [stdout] 
[INFO] [stdout] For more information about this error, try `rustc --explain E0432`.
[INFO] [stdout] Couldn't compile the test.
[INFO] [stdout] ---- src/elliptic_curve.rs - elliptic_curve (line 29) stdout ----
[INFO] [stdout] error[E0422]: cannot find struct, variant or union type `EllipticCurve` in this scope
[INFO] [stdout]   --> src/elliptic_curve.rs:40:10
[INFO] [stdout]    |
[INFO] [stdout] 13 | let ec = EllipticCurve {
[INFO] [stdout]    |          ^^^^^^^^^^^^^ not found in this scope
[INFO] [stdout]    |
[INFO] [stdout] help: consider importing this struct
[INFO] [stdout]    |
[INFO] [stdout] 3  + use elliptic_curve_cryptography_tools::EllipticCurve;
[INFO] [stdout]    |
[INFO] [stdout] 
[INFO] [stdout] error: aborting due to 1 previous error
[INFO] [stdout] 
[INFO] [stdout] For more information about this error, try `rustc --explain E0422`.
[INFO] [stdout] Couldn't compile the test.
[INFO] [stdout] 
[INFO] [stdout] failures:
[INFO] [stdout]     src/elliptic_curve.rs - elliptic_curve (line 29)
[INFO] [stdout]     src/elliptic_curve.rs - elliptic_curve (line 60)
[INFO] [stdout] 
[INFO] [stdout] test result: FAILED. 0 passed; 2 failed; 0 ignored; 0 measured; 0 filtered out; finished in 0.23s
[INFO] [stdout] 
[INFO] [stderr] error: doctest failed, to rerun pass `--doc`
[INFO] running `Command { std: "docker" "inspect" "eb7cae6ca04965fc7cb097b0a919ea191bbe9378eff58f011dfc54ab9bcee903", kill_on_drop: false }`
[INFO] running `Command { std: "docker" "rm" "-f" "eb7cae6ca04965fc7cb097b0a919ea191bbe9378eff58f011dfc54ab9bcee903", kill_on_drop: false }`
[INFO] [stdout] eb7cae6ca04965fc7cb097b0a919ea191bbe9378eff58f011dfc54ab9bcee903
