[INFO] fetching crate dioxus-logger 0.6.0...
[INFO] testing dioxus-logger-0.6.0 against 1.83.0 for beta-1.84.0-4-retry
[INFO] extracting crate dioxus-logger 0.6.0 into /workspace/builds/worker-7-tc1/source
[INFO] validating manifest of crates.io crate dioxus-logger 0.6.0 on toolchain 1.83.0
[INFO] running `Command { std: CARGO_HOME="/workspace/cargo-home" RUSTUP_HOME="/workspace/rustup-home" "/workspace/cargo-home/bin/cargo" "+1.83.0" "metadata" "--manifest-path" "Cargo.toml" "--no-deps", kill_on_drop: false }`
[INFO] started tweaking crates.io crate dioxus-logger 0.6.0
[INFO] finished tweaking crates.io crate dioxus-logger 0.6.0
[INFO] tweaked toml for crates.io crate dioxus-logger 0.6.0 written to /workspace/builds/worker-7-tc1/source/Cargo.toml
[INFO] running `Command { std: CARGO_HOME="/workspace/cargo-home" RUSTUP_HOME="/workspace/rustup-home" "/workspace/cargo-home/bin/cargo" "+1.83.0" "generate-lockfile" "--manifest-path" "Cargo.toml", kill_on_drop: false }`
[INFO] [stderr]     Updating crates.io index
[INFO] [stderr]      Locking 24 packages to latest compatible versions
[INFO] running `Command { std: CARGO_HOME="/workspace/cargo-home" RUSTUP_HOME="/workspace/rustup-home" "/workspace/cargo-home/bin/cargo" "+1.83.0" "fetch" "--manifest-path" "Cargo.toml", kill_on_drop: false }`
[INFO] [stderr]  Downloading crates ...
[INFO] [stderr]   Downloaded dioxus-cli-config v0.6.0
[INFO] running `Command { std: "docker" "create" "-v" "/var/lib/crater-agent-workspace/builds/worker-7-tc1/target:/opt/rustwide/target:rw,Z" "-v" "/var/lib/crater-agent-workspace/builds/worker-7-tc1/source:/opt/rustwide/workdir:ro,Z" "-v" "/var/lib/crater-agent-workspace/cargo-home:/opt/rustwide/cargo-home:ro,Z" "-v" "/var/lib/crater-agent-workspace/rustup-home:/opt/rustwide/rustup-home:ro,Z" "-e" "SOURCE_DIR=/opt/rustwide/workdir" "-e" "CARGO_TARGET_DIR=/opt/rustwide/target" "-e" "CARGO_HOME=/opt/rustwide/cargo-home" "-e" "RUSTUP_HOME=/opt/rustwide/rustup-home" "-w" "/opt/rustwide/workdir" "-m" "1610612736" "--user" "0:0" "--network" "none" "ghcr.io/rust-lang/crates-build-env/linux@sha256:f3a9d4ad9d972b27faf3965f35b62e55ba32bbce8f20bc8fe909558a86702fde" "/opt/rustwide/cargo-home/bin/cargo" "+1.83.0" "metadata" "--no-deps" "--format-version=1", kill_on_drop: false }`
[INFO] [stdout] d8451f78f68b7d84deb0dfe5dfe00440b311c31d8391241568cbdeb0361ed1ca
[INFO] running `Command { std: "docker" "start" "-a" "d8451f78f68b7d84deb0dfe5dfe00440b311c31d8391241568cbdeb0361ed1ca", kill_on_drop: false }`
[INFO] running `Command { std: "docker" "inspect" "d8451f78f68b7d84deb0dfe5dfe00440b311c31d8391241568cbdeb0361ed1ca", kill_on_drop: false }`
[INFO] running `Command { std: "docker" "rm" "-f" "d8451f78f68b7d84deb0dfe5dfe00440b311c31d8391241568cbdeb0361ed1ca", kill_on_drop: false }`
[INFO] [stdout] d8451f78f68b7d84deb0dfe5dfe00440b311c31d8391241568cbdeb0361ed1ca
[INFO] running `Command { std: "docker" "create" "-v" "/var/lib/crater-agent-workspace/builds/worker-7-tc1/target:/opt/rustwide/target:rw,Z" "-v" "/var/lib/crater-agent-workspace/builds/worker-7-tc1/source:/opt/rustwide/workdir:ro,Z" "-v" "/var/lib/crater-agent-workspace/cargo-home:/opt/rustwide/cargo-home:ro,Z" "-v" "/var/lib/crater-agent-workspace/rustup-home:/opt/rustwide/rustup-home:ro,Z" "-e" "SOURCE_DIR=/opt/rustwide/workdir" "-e" "CARGO_TARGET_DIR=/opt/rustwide/target" "-e" "CARGO_INCREMENTAL=0" "-e" "RUST_BACKTRACE=full" "-e" "RUSTFLAGS=--cap-lints=warn" "-e" "RUSTDOCFLAGS=--cap-lints=warn" "-e" "CARGO_HOME=/opt/rustwide/cargo-home" "-e" "RUSTUP_HOME=/opt/rustwide/rustup-home" "-w" "/opt/rustwide/workdir" "-m" "1610612736" "--user" "0:0" "--network" "none" "ghcr.io/rust-lang/crates-build-env/linux@sha256:f3a9d4ad9d972b27faf3965f35b62e55ba32bbce8f20bc8fe909558a86702fde" "/opt/rustwide/cargo-home/bin/cargo" "+1.83.0" "build" "--frozen" "--message-format=json", kill_on_drop: false }`
[INFO] [stdout] 27e7b5427ff168bc414d84abc1988142ec4910972de17e8f11991d159ac29a34
[INFO] running `Command { std: "docker" "start" "-a" "27e7b5427ff168bc414d84abc1988142ec4910972de17e8f11991d159ac29a34", kill_on_drop: false }`
[INFO] [stderr]    Compiling proc-macro2 v1.0.92
[INFO] [stderr]    Compiling unicode-ident v1.0.14
[INFO] [stderr]    Compiling once_cell v1.20.2
[INFO] [stderr]    Compiling lazy_static v1.5.0
[INFO] [stderr]    Compiling cfg-if v1.0.0
[INFO] [stderr]    Compiling pin-project-lite v0.2.15
[INFO] [stderr]    Compiling dioxus-cli-config v0.6.0
[INFO] [stderr]    Compiling sharded-slab v0.1.7
[INFO] [stderr]    Compiling tracing-core v0.1.33
[INFO] [stderr]    Compiling thread_local v1.1.8
[INFO] [stderr]    Compiling tracing-subscriber v0.3.19
[INFO] [stderr]    Compiling quote v1.0.37
[INFO] [stderr]    Compiling syn v2.0.90
[INFO] [stderr]    Compiling tracing-attributes v0.1.28
[INFO] [stderr]    Compiling tracing v0.1.41
[INFO] [stderr]    Compiling dioxus-logger v0.6.0 (/opt/rustwide/workdir)
[INFO] [stderr]     Finished `dev` profile [unoptimized + debuginfo] target(s) in 10.20s
[INFO] running `Command { std: "docker" "inspect" "27e7b5427ff168bc414d84abc1988142ec4910972de17e8f11991d159ac29a34", kill_on_drop: false }`
[INFO] running `Command { std: "docker" "rm" "-f" "27e7b5427ff168bc414d84abc1988142ec4910972de17e8f11991d159ac29a34", kill_on_drop: false }`
[INFO] [stdout] 27e7b5427ff168bc414d84abc1988142ec4910972de17e8f11991d159ac29a34
[INFO] running `Command { std: "docker" "create" "-v" "/var/lib/crater-agent-workspace/builds/worker-7-tc1/target:/opt/rustwide/target:rw,Z" "-v" "/var/lib/crater-agent-workspace/builds/worker-7-tc1/source:/opt/rustwide/workdir:ro,Z" "-v" "/var/lib/crater-agent-workspace/cargo-home:/opt/rustwide/cargo-home:ro,Z" "-v" "/var/lib/crater-agent-workspace/rustup-home:/opt/rustwide/rustup-home:ro,Z" "-e" "SOURCE_DIR=/opt/rustwide/workdir" "-e" "CARGO_TARGET_DIR=/opt/rustwide/target" "-e" "CARGO_INCREMENTAL=0" "-e" "RUST_BACKTRACE=full" "-e" "RUSTFLAGS=--cap-lints=warn" "-e" "RUSTDOCFLAGS=--cap-lints=warn" "-e" "CARGO_HOME=/opt/rustwide/cargo-home" "-e" "RUSTUP_HOME=/opt/rustwide/rustup-home" "-w" "/opt/rustwide/workdir" "-m" "1610612736" "--user" "0:0" "--network" "none" "ghcr.io/rust-lang/crates-build-env/linux@sha256:f3a9d4ad9d972b27faf3965f35b62e55ba32bbce8f20bc8fe909558a86702fde" "/opt/rustwide/cargo-home/bin/cargo" "+1.83.0" "test" "--frozen" "--no-run" "--message-format=json", kill_on_drop: false }`
[INFO] [stdout] 8aea502a430fcf3e369256cb68e520fad3ec0070a1085d647d41abd2a4136714
[INFO] running `Command { std: "docker" "start" "-a" "8aea502a430fcf3e369256cb68e520fad3ec0070a1085d647d41abd2a4136714", kill_on_drop: false }`
[INFO] [stderr]    Compiling dioxus-logger v0.6.0 (/opt/rustwide/workdir)
[INFO] [stderr]     Finished `test` profile [unoptimized + debuginfo] target(s) in 0.42s
[INFO] running `Command { std: "docker" "inspect" "8aea502a430fcf3e369256cb68e520fad3ec0070a1085d647d41abd2a4136714", kill_on_drop: false }`
[INFO] running `Command { std: "docker" "rm" "-f" "8aea502a430fcf3e369256cb68e520fad3ec0070a1085d647d41abd2a4136714", kill_on_drop: false }`
[INFO] [stdout] 8aea502a430fcf3e369256cb68e520fad3ec0070a1085d647d41abd2a4136714
[INFO] running `Command { std: "docker" "create" "-v" "/var/lib/crater-agent-workspace/builds/worker-7-tc1/target:/opt/rustwide/target:rw,Z" "-v" "/var/lib/crater-agent-workspace/builds/worker-7-tc1/source:/opt/rustwide/workdir:ro,Z" "-v" "/var/lib/crater-agent-workspace/cargo-home:/opt/rustwide/cargo-home:ro,Z" "-v" "/var/lib/crater-agent-workspace/rustup-home:/opt/rustwide/rustup-home:ro,Z" "-e" "SOURCE_DIR=/opt/rustwide/workdir" "-e" "CARGO_TARGET_DIR=/opt/rustwide/target" "-e" "CARGO_INCREMENTAL=0" "-e" "RUST_BACKTRACE=full" "-e" "RUSTFLAGS=--cap-lints=warn" "-e" "RUSTDOCFLAGS=--cap-lints=warn" "-e" "CARGO_HOME=/opt/rustwide/cargo-home" "-e" "RUSTUP_HOME=/opt/rustwide/rustup-home" "-w" "/opt/rustwide/workdir" "-m" "1610612736" "--user" "0:0" "--network" "none" "ghcr.io/rust-lang/crates-build-env/linux@sha256:f3a9d4ad9d972b27faf3965f35b62e55ba32bbce8f20bc8fe909558a86702fde" "/opt/rustwide/cargo-home/bin/cargo" "+1.83.0" "test" "--frozen", kill_on_drop: false }`
[INFO] [stdout] 6fabb5d7361da5930f68b829f3f41c7652d01fe64c9b8b46ababad6560edee39
[INFO] running `Command { std: "docker" "start" "-a" "6fabb5d7361da5930f68b829f3f41c7652d01fe64c9b8b46ababad6560edee39", kill_on_drop: false }`
[INFO] [stderr]     Finished `test` profile [unoptimized + debuginfo] target(s) in 0.03s
[INFO] [stderr]      Running unittests src/lib.rs (/opt/rustwide/target/debug/deps/dioxus_logger-0f55cf3e8eb2537a)
[INFO] [stdout] 
[INFO] [stdout] running 0 tests
[INFO] [stderr]    Doc-tests dioxus_logger
[INFO] [stdout] 
[INFO] [stdout] test result: ok. 0 passed; 0 failed; 0 ignored; 0 measured; 0 filtered out; finished in 0.00s
[INFO] [stdout] 
[INFO] [stdout] 
[INFO] [stdout] running 2 tests
[INFO] [stdout] test src/lib.rs - initialize_default (line 19) - compile ... FAILED
[INFO] [stdout] test src/lib.rs - init (line 58) - compile ... FAILED
[INFO] [stdout] 
[INFO] [stdout] failures:
[INFO] [stdout] 
[INFO] [stdout] ---- src/lib.rs - initialize_default (line 19) stdout ----
[INFO] [stdout] error[E0433]: failed to resolve: use of undeclared crate or module `dioxus`
[INFO] [stdout]  --> src/lib.rs:20:5
[INFO] [stdout]   |
[INFO] [stdout] 2 | use dioxus::prelude::*;
[INFO] [stdout]   |     ^^^^^^ use of undeclared crate or module `dioxus`
[INFO] [stdout] 
[INFO] [stdout] error: cannot find attribute `component` in this scope
[INFO] [stdout]   --> src/lib.rs:31:3
[INFO] [stdout]    |
[INFO] [stdout] 13 | #[component]
[INFO] [stdout]    |   ^^^^^^^^^
[INFO] [stdout] 
[INFO] [stdout] error: cannot find macro `rsx` in this scope
[INFO] [stdout]   --> src/lib.rs:34:5
[INFO] [stdout]    |
[INFO] [stdout] 16 |     rsx! {
[INFO] [stdout]    |     ^^^
[INFO] [stdout] 
[INFO] [stdout] error[E0433]: failed to resolve: use of undeclared crate or module `dioxus`
[INFO] [stdout]  --> src/lib.rs:24:5
[INFO] [stdout]   |
[INFO] [stdout] 6 |     dioxus::logger::initialize_default();
[INFO] [stdout]   |     ^^^^^^ use of undeclared crate or module `dioxus`
[INFO] [stdout] 
[INFO] [stdout] error[E0412]: cannot find type `Element` in this scope
[INFO] [stdout]   --> src/lib.rs:32:13
[INFO] [stdout]    |
[INFO] [stdout] 14 | fn App() -> Element {
[INFO] [stdout]    |             ^^^^^^^ not found in this scope
[INFO] [stdout] 
[INFO] [stdout] error[E0433]: failed to resolve: use of undeclared crate or module `dioxus`
[INFO] [stdout]   --> src/lib.rs:28:5
[INFO] [stdout]    |
[INFO] [stdout] 10 |     dioxus::launch(App);
[INFO] [stdout]    |     ^^^^^^ use of undeclared crate or module `dioxus`
[INFO] [stdout] 
[INFO] [stdout] error: aborting due to 6 previous errors
[INFO] [stdout] 
[INFO] [stdout] Some errors have detailed explanations: E0412, E0433.
[INFO] [stdout] For more information about an error, try `rustc --explain E0412`.
[INFO] [stdout] Couldn't compile the test.
[INFO] [stdout] ---- src/lib.rs - init (line 58) stdout ----
[INFO] [stdout] error[E0433]: failed to resolve: use of undeclared crate or module `dioxus`
[INFO] [stdout]  --> src/lib.rs:59:5
[INFO] [stdout]   |
[INFO] [stdout] 2 | use dioxus::prelude::*;
[INFO] [stdout]   |     ^^^^^^ use of undeclared crate or module `dioxus`
[INFO] [stdout] 
[INFO] [stdout] error[E0433]: failed to resolve: use of undeclared crate or module `dioxus`
[INFO] [stdout]  --> src/lib.rs:60:5
[INFO] [stdout]   |
[INFO] [stdout] 3 | use dioxus::logger::tracing::{Level, info};
[INFO] [stdout]   |     ^^^^^^ use of undeclared crate or module `dioxus`
[INFO] [stdout] 
[INFO] [stdout] error[E0432]: unresolved imports `dioxus::logger::tracing::Level`, `dioxus::logger::tracing::info`
[INFO] [stdout]  --> src/lib.rs:60:31
[INFO] [stdout]   |
[INFO] [stdout] 3 | use dioxus::logger::tracing::{Level, info};
[INFO] [stdout]   |                               ^^^^^  ^^^^
[INFO] [stdout] 
[INFO] [stdout] error: cannot find attribute `component` in this scope
[INFO] [stdout]   --> src/lib.rs:67:3
[INFO] [stdout]    |
[INFO] [stdout] 10 | #[component]
[INFO] [stdout]    |   ^^^^^^^^^
[INFO] [stdout] 
[INFO] [stdout] error: cannot find macro `rsx` in this scope
[INFO] [stdout]   --> src/lib.rs:70:5
[INFO] [stdout]    |
[INFO] [stdout] 13 |     rsx! {
[INFO] [stdout]    |     ^^^
[INFO] [stdout] 
[INFO] [stdout] error[E0433]: failed to resolve: use of undeclared crate or module `dioxus`
[INFO] [stdout]  --> src/lib.rs:63:5
[INFO] [stdout]   |
[INFO] [stdout] 6 |     dioxus::logger::init(Level::INFO).expect("logger failed to init");
[INFO] [stdout]   |     ^^^^^^ use of undeclared crate or module `dioxus`
[INFO] [stdout] 
[INFO] [stdout] error[E0412]: cannot find type `Element` in this scope
[INFO] [stdout]   --> src/lib.rs:68:13
[INFO] [stdout]    |
[INFO] [stdout] 11 | fn App() -> Element {
[INFO] [stdout]    |             ^^^^^^^ not found in this scope
[INFO] [stdout] 
[INFO] [stdout] error[E0433]: failed to resolve: use of undeclared crate or module `dioxus`
[INFO] [stdout]  --> src/lib.rs:64:5
[INFO] [stdout]   |
[INFO] [stdout] 7 |     dioxus::launch(App);
[INFO] [stdout]   |     ^^^^^^ use of undeclared crate or module `dioxus`
[INFO] [stdout] 
[INFO] [stdout] error: aborting due to 8 previous errors
[INFO] [stdout] 
[INFO] [stdout] Some errors have detailed explanations: E0412, E0432, E0433.
[INFO] [stdout] For more information about an error, try `rustc --explain E0412`.
[INFO] [stdout] Couldn't compile the test.
[INFO] [stdout] 
[INFO] [stdout] failures:
[INFO] [stdout]     src/lib.rs - init (line 58)
[INFO] [stdout]     src/lib.rs - initialize_default (line 19)
[INFO] [stdout] 
[INFO] [stdout] test result: FAILED. 0 passed; 2 failed; 0 ignored; 0 measured; 0 filtered out; finished in 0.21s
[INFO] [stdout] 
[INFO] [stderr] error: doctest failed, to rerun pass `--doc`
[INFO] running `Command { std: "docker" "inspect" "6fabb5d7361da5930f68b829f3f41c7652d01fe64c9b8b46ababad6560edee39", kill_on_drop: false }`
[INFO] running `Command { std: "docker" "rm" "-f" "6fabb5d7361da5930f68b829f3f41c7652d01fe64c9b8b46ababad6560edee39", kill_on_drop: false }`
[INFO] [stdout] 6fabb5d7361da5930f68b829f3f41c7652d01fe64c9b8b46ababad6560edee39
