[INFO] fetching crate deepbiop-bam 0.1.11...
[INFO] testing deepbiop-bam-0.1.11 against beta-2024-12-08 for beta-1.84.0-4-retry
[INFO] extracting crate deepbiop-bam 0.1.11 into /workspace/builds/worker-2-tc2/source
[INFO] validating manifest of crates.io crate deepbiop-bam 0.1.11 on toolchain beta-2024-12-08
[INFO] running `Command { std: CARGO_HOME="/workspace/cargo-home" RUSTUP_HOME="/workspace/rustup-home" "/workspace/cargo-home/bin/cargo" "+beta-2024-12-08" "metadata" "--manifest-path" "Cargo.toml" "--no-deps", kill_on_drop: false }`
[INFO] started tweaking crates.io crate deepbiop-bam 0.1.11
[INFO] finished tweaking crates.io crate deepbiop-bam 0.1.11
[INFO] tweaked toml for crates.io crate deepbiop-bam 0.1.11 written to /workspace/builds/worker-2-tc2/source/Cargo.toml
[INFO] running `Command { std: CARGO_HOME="/workspace/cargo-home" RUSTUP_HOME="/workspace/rustup-home" "/workspace/cargo-home/bin/cargo" "+beta-2024-12-08" "generate-lockfile" "--manifest-path" "Cargo.toml", kill_on_drop: false }`
[INFO] [stderr]     Updating crates.io index
[INFO] [stderr]     Blocking waiting for file lock on package cache
[INFO] [stderr]      Locking 292 packages to latest compatible versions
[INFO] [stderr]       Adding lexical v6.1.1 (available: v7.0.4)
[INFO] [stderr]       Adding noodles v0.79.0 (available: v0.86.0)
[INFO] [stderr]       Adding pyo3 v0.21.2 (available: v0.23.3)
[INFO] [stderr]       Adding zstd-sys v2.0.12+zstd.1.5.6 (available: v2.0.13+zstd.1.5.6)
[INFO] running `Command { std: CARGO_HOME="/workspace/cargo-home" RUSTUP_HOME="/workspace/rustup-home" "/workspace/cargo-home/bin/cargo" "+beta-2024-12-08" "fetch" "--manifest-path" "Cargo.toml", kill_on_drop: false }`
[INFO] [stderr]     Blocking waiting for file lock on package cache
[INFO] [stderr]     Blocking waiting for file lock on package cache
[INFO] running `Command { std: "docker" "create" "-v" "/var/lib/crater-agent-workspace/builds/worker-2-tc2/target:/opt/rustwide/target:rw,Z" "-v" "/var/lib/crater-agent-workspace/builds/worker-2-tc2/source:/opt/rustwide/workdir:ro,Z" "-v" "/var/lib/crater-agent-workspace/cargo-home:/opt/rustwide/cargo-home:ro,Z" "-v" "/var/lib/crater-agent-workspace/rustup-home:/opt/rustwide/rustup-home:ro,Z" "-e" "SOURCE_DIR=/opt/rustwide/workdir" "-e" "CARGO_TARGET_DIR=/opt/rustwide/target" "-e" "CARGO_HOME=/opt/rustwide/cargo-home" "-e" "RUSTUP_HOME=/opt/rustwide/rustup-home" "-w" "/opt/rustwide/workdir" "-m" "1610612736" "--user" "0:0" "--network" "none" "ghcr.io/rust-lang/crates-build-env/linux@sha256:f3a9d4ad9d972b27faf3965f35b62e55ba32bbce8f20bc8fe909558a86702fde" "/opt/rustwide/cargo-home/bin/cargo" "+beta-2024-12-08" "metadata" "--no-deps" "--format-version=1", kill_on_drop: false }`
[INFO] [stdout] 2d2674f2d4c31378cefbde4eec7f6c3e2b6e9655271e35cb91c89c4462295f2d
[INFO] running `Command { std: "docker" "start" "-a" "2d2674f2d4c31378cefbde4eec7f6c3e2b6e9655271e35cb91c89c4462295f2d", kill_on_drop: false }`
[INFO] running `Command { std: "docker" "inspect" "2d2674f2d4c31378cefbde4eec7f6c3e2b6e9655271e35cb91c89c4462295f2d", kill_on_drop: false }`
[INFO] running `Command { std: "docker" "rm" "-f" "2d2674f2d4c31378cefbde4eec7f6c3e2b6e9655271e35cb91c89c4462295f2d", kill_on_drop: false }`
[INFO] [stdout] 2d2674f2d4c31378cefbde4eec7f6c3e2b6e9655271e35cb91c89c4462295f2d
[INFO] running `Command { std: "docker" "create" "-v" "/var/lib/crater-agent-workspace/builds/worker-2-tc2/target:/opt/rustwide/target:rw,Z" "-v" "/var/lib/crater-agent-workspace/builds/worker-2-tc2/source:/opt/rustwide/workdir:ro,Z" "-v" "/var/lib/crater-agent-workspace/cargo-home:/opt/rustwide/cargo-home:ro,Z" "-v" "/var/lib/crater-agent-workspace/rustup-home:/opt/rustwide/rustup-home:ro,Z" "-e" "SOURCE_DIR=/opt/rustwide/workdir" "-e" "CARGO_TARGET_DIR=/opt/rustwide/target" "-e" "CARGO_INCREMENTAL=0" "-e" "RUST_BACKTRACE=full" "-e" "RUSTFLAGS=--cap-lints=warn" "-e" "RUSTDOCFLAGS=--cap-lints=warn" "-e" "CARGO_HOME=/opt/rustwide/cargo-home" "-e" "RUSTUP_HOME=/opt/rustwide/rustup-home" "-w" "/opt/rustwide/workdir" "-m" "1610612736" "--user" "0:0" "--network" "none" "ghcr.io/rust-lang/crates-build-env/linux@sha256:f3a9d4ad9d972b27faf3965f35b62e55ba32bbce8f20bc8fe909558a86702fde" "/opt/rustwide/cargo-home/bin/cargo" "+beta-2024-12-08" "build" "--frozen" "--message-format=json", kill_on_drop: false }`
[INFO] [stdout] b518db32a2bbafcb5817d38410d2ea0da0c8fa9c22dc262ebc5bd0a102a2827d
[INFO] running `Command { std: "docker" "start" "-a" "b518db32a2bbafcb5817d38410d2ea0da0c8fa9c22dc262ebc5bd0a102a2827d", kill_on_drop: false }`
[INFO] [stderr]    Compiling proc-macro2 v1.0.92
[INFO] [stderr]    Compiling unicode-ident v1.0.14
[INFO] [stderr]    Compiling libc v0.2.168
[INFO] [stderr]    Compiling autocfg v1.4.0
[INFO] [stderr]    Compiling cfg-if v1.0.0
[INFO] [stderr]    Compiling libm v0.2.11
[INFO] [stderr]    Compiling byteorder v1.5.0
[INFO] [stderr]    Compiling shlex v1.3.0
[INFO] [stderr]    Compiling crossbeam-utils v0.8.20
[INFO] [stderr]    Compiling once_cell v1.20.2
[INFO] [stderr]    Compiling memchr v2.7.4
[INFO] [stderr]    Compiling bytes v1.9.0
[INFO] [stderr]    Compiling static_assertions v1.1.0
[INFO] [stderr]    Compiling pkg-config v0.3.31
[INFO] [stderr]    Compiling equivalent v1.0.1
[INFO] [stderr]    Compiling hashbrown v0.15.2
[INFO] [stderr]    Compiling serde v1.0.216
[INFO] [stderr]    Compiling lexical-util v0.8.5
[INFO] [stderr]    Compiling target-lexicon v0.12.16
[INFO] [stderr]    Compiling version_check v0.9.5
[INFO] [stderr]    Compiling rayon-core v1.12.1
[INFO] [stderr]    Compiling iana-time-zone v0.1.61
[INFO] [stderr]    Compiling either v1.13.0
[INFO] [stderr]    Compiling regex-syntax v0.8.5
[INFO] [stderr]    Compiling lexical-write-integer v0.8.5
[INFO] [stderr]    Compiling num-traits v0.2.19
[INFO] [stderr]    Compiling lexical-parse-integer v0.8.6
[INFO] [stderr]    Compiling indexmap v2.7.0
[INFO] [stderr]    Compiling ahash v0.8.11
[INFO] [stderr]    Compiling arrow-schema v52.2.0
[INFO] [stderr]    Compiling bitflags v1.3.2
[INFO] [stderr]    Compiling crc32fast v1.4.2
[INFO] [stderr]    Compiling lexical-write-float v0.8.5
[INFO] [stderr]    Compiling lexical-parse-float v0.8.5
[INFO] [stderr]    Compiling hashbrown v0.14.5
[INFO] [stderr]    Compiling paste v1.0.15
[INFO] [stderr]    Compiling adler2 v2.0.0
[INFO] [stderr]    Compiling winnow v0.6.20
[INFO] [stderr]    Compiling aho-corasick v1.1.3
[INFO] [stderr]    Compiling pyo3-build-config v0.21.2
[INFO] [stderr]    Compiling crossbeam-epoch v0.9.18
[INFO] [stderr]    Compiling miniz_oxide v0.8.0
[INFO] [stderr]    Compiling ryu v1.0.18
[INFO] [stderr]    Compiling quote v1.0.37
[INFO] [stderr]    Compiling reborrow v0.5.5
[INFO] [stderr]    Compiling num-integer v0.1.46
[INFO] [stderr]    Compiling chrono v0.4.39
[INFO] [stderr]    Compiling semver v1.0.24
[INFO] [stderr]    Compiling syn v2.0.90
[INFO] [stderr]    Compiling jobserver v0.1.32
[INFO] [stderr]    Compiling getrandom v0.2.15
[INFO] [stderr]    Compiling num-bigint v0.4.6
[INFO] [stderr]    Compiling num-iter v0.1.45
[INFO] [stderr]    Compiling crossbeam-deque v0.8.5
[INFO] [stderr]    Compiling lexical-core v0.8.5
[INFO] [stderr]    Compiling seq-macro v0.3.5
[INFO] [stderr]    Compiling cc v1.2.4
[INFO] [stderr]    Compiling rand_core v0.6.4
[INFO] [stderr]    Compiling raw-cpuid v10.7.0
[INFO] [stderr]    Compiling lock_api v0.4.12
[INFO] [stderr]    Compiling itoa v1.0.14
[INFO] [stderr]    Compiling ident_case v1.0.1
[INFO] [stderr]    Compiling strsim v0.11.1
[INFO] [stderr]    Compiling fnv v1.0.7
[INFO] [stderr]    Compiling parking_lot_core v0.9.10
[INFO] [stderr]    Compiling rustc_version v0.4.1
[INFO] [stderr]    Compiling atoi v2.0.0
[INFO] [stderr]    Compiling crossbeam-channel v0.5.13
[INFO] [stderr]    Compiling matrixmultiply v0.3.9
[INFO] [stderr]    Compiling memoffset v0.9.1
[INFO] [stderr]    Compiling portable-atomic v1.10.0
[INFO] [stderr]    Compiling serde_json v1.0.133
[INFO] [stderr]    Compiling cmake v0.1.52
[INFO] [stderr]    Compiling smallvec v1.13.2
[INFO] [stderr]    Compiling rayon v1.10.0
[INFO] [stderr]    Compiling anyhow v1.0.94
[INFO] [stderr]    Compiling heck v0.4.1
[INFO] [stderr]    Compiling scopeguard v1.2.0
[INFO] [stderr]    Compiling base64 v0.22.1
[INFO] [stderr]    Compiling pyo3-ffi v0.21.2
[INFO] [stderr]    Compiling bitflags v2.6.0
[INFO] [stderr]    Compiling toml_datetime v0.6.8
[INFO] [stderr]    Compiling pyo3 v0.21.2
[INFO] [stderr]    Compiling toml_edit v0.22.22
[INFO] [stderr]    Compiling flatbuffers v24.3.25
[INFO] [stderr]    Compiling rawpointer v0.2.1
[INFO] [stderr]    Compiling lazy_static v1.5.0
[INFO] [stderr]    Compiling regex-automata v0.4.9
[INFO] [stderr]    Compiling rustix v0.38.42
[INFO] [stderr]    Compiling libz-ng-sys v1.1.20
[INFO] [stderr]    Compiling zstd-sys v2.0.12+zstd.1.5.6
[INFO] [stderr]    Compiling lzma-sys v0.1.20
[INFO] [stderr]    Compiling bzip2-sys v0.1.11+1.0.8
[INFO] [stderr]    Compiling num-rational v0.4.2
[INFO] [stderr]    Compiling parking_lot v0.12.3
[INFO] [stderr]    Compiling bit-vec v0.7.0
[INFO] [stderr]    Compiling zstd-safe v7.2.1
[INFO] [stderr]    Compiling indoc v2.0.5
[INFO] [stderr]    Compiling unindent v0.2.3
[INFO] [stderr]    Compiling thiserror v1.0.69
[INFO] [stderr]    Compiling alloc-no-stdlib v2.0.4
[INFO] [stderr]    Compiling alloc-stdlib v0.2.2
[INFO] [stderr]    Compiling csv-core v0.1.11
[INFO] [stderr]    Compiling zip v1.1.4
[INFO] [stderr]    Compiling rustc-hash v1.1.0
[INFO] [stderr]    Compiling linux-raw-sys v0.4.14
[INFO] [stderr]    Compiling stable_deref_trait v1.2.0
[INFO] [stderr]    Compiling snap v1.1.1
[INFO] [stderr]    Compiling brotli-decompressor v4.0.1
[INFO] [stderr]    Compiling xz2 v0.1.7
[INFO] [stderr]    Compiling ordered-float v2.10.1
[INFO] [stderr]    Compiling buffer-redux v1.0.2
[INFO] [stderr]    Compiling itertools v0.13.0
[INFO] [stderr]    Compiling twox-hash v1.6.3
[INFO] [stderr]    Compiling bzip2 v0.4.4
[INFO] [stderr]    Compiling maplit v1.0.2
[INFO] [stderr]    Compiling unicode-width v0.1.14
[INFO] [stderr]    Compiling integer-encoding v3.0.4
[INFO] [stderr]    Compiling unicode-linebreak v0.1.5
[INFO] [stderr]    Compiling proc-macro-crate v3.2.0
[INFO] [stderr]    Compiling log v0.4.22
[INFO] [stderr]    Compiling bytecount v0.6.8
[INFO] [stderr]    Compiling smawk v0.3.2
[INFO] [stderr]    Compiling inventory v0.3.15
[INFO] [stderr]    Compiling fastrand v2.3.0
[INFO] [stderr]    Compiling brotli v6.0.0
[INFO] [stderr]    Compiling bstr v1.11.1
[INFO] [stderr]    Compiling regex v1.11.1
[INFO] [stderr]    Compiling textwrap v0.16.1
[INFO] [stderr]    Compiling lz4_flex v0.11.3
[INFO] [stderr]    Compiling thrift v0.17.0
[INFO] [stderr]    Compiling noodles-core v0.15.0
[INFO] [stderr]    Compiling noodles-fastq v0.14.0
[INFO] [stderr]    Compiling memmap2 v0.9.5
[INFO] [stderr]    Compiling colored v2.1.0
[INFO] [stderr]    Compiling darling_core v0.20.10
[INFO] [stderr]    Compiling synstructure v0.13.1
[INFO] [stderr]    Compiling pyo3-macros-backend v0.21.2
[INFO] [stderr]    Compiling lexical v6.1.1
[INFO] [stderr]    Compiling num_cpus v1.16.0
[INFO] [stderr]    Compiling same-file v1.0.6
[INFO] [stderr]    Compiling walkdir v2.5.0
[INFO] [stderr]    Compiling bytemuck_derive v1.8.0
[INFO] [stderr]    Compiling zerocopy-derive v0.7.35
[INFO] [stderr]    Compiling serde_derive v1.0.216
[INFO] [stderr]    Compiling num_enum_derive v0.7.3
[INFO] [stderr]    Compiling zerofrom-derive v0.1.5
[INFO] [stderr]    Compiling thiserror-impl v1.0.69
[INFO] [stderr]    Compiling yoke-derive v0.7.5
[INFO] [stderr]    Compiling pyo3-stub-gen-derive v0.6.1
[INFO] [stderr]    Compiling displaydoc v0.2.5
[INFO] [stderr]    Compiling tempfile v3.14.0
[INFO] [stderr]    Compiling num_enum v0.7.3
[INFO] [stderr]    Compiling bytemuck v1.20.0
[INFO] [stderr]    Compiling zerocopy v0.7.35
[INFO] [stderr]    Compiling darling_macro v0.20.10
[INFO] [stderr]    Compiling num-complex v0.4.6
[INFO] [stderr]    Compiling dyn-stack v0.10.0
[INFO] [stderr]    Compiling zerofrom v0.1.5
[INFO] [stderr]    Compiling darling v0.20.10
[INFO] [stderr]    Compiling derive_builder_core v0.20.2
[INFO] [stderr]    Compiling yoke v0.7.5
[INFO] [stderr]    Compiling num v0.4.3
[INFO] [stderr]    Compiling pulp v0.18.22
[INFO] [stderr]    Compiling pyo3-macros v0.21.2
[INFO] [stderr]    Compiling ppv-lite86 v0.2.20
[INFO] [stderr]    Compiling derive_builder_macro v0.20.2
[INFO] [stderr]    Compiling rand_chacha v0.3.1
[INFO] [stderr]    Compiling rand v0.8.5
[INFO] [stderr]    Compiling zstd v0.13.2
[INFO] [stderr] error: failed to run custom build command for `libz-ng-sys v1.1.20`
[INFO] [stderr] note: To improve backtraces for build dependencies, set the CARGO_PROFILE_DEV_BUILD_OVERRIDE_DEBUG=true environment variable to enable debug information generation.
[INFO] [stderr] 
[INFO] [stderr] Caused by:
[INFO] [stderr]   process didn't exit successfully: `/opt/rustwide/target/debug/build/libz-ng-sys-780abe8a4deed8c6/build-script-cmake` (exit status: 101)
[INFO] [stderr]   --- stdout
[INFO] [stderr]   CMAKE_TOOLCHAIN_FILE_x86_64-unknown-linux-gnu = None
[INFO] [stderr]   CMAKE_TOOLCHAIN_FILE_x86_64_unknown_linux_gnu = None
[INFO] [stderr]   HOST_CMAKE_TOOLCHAIN_FILE = None
[INFO] [stderr]   CMAKE_TOOLCHAIN_FILE = None
[INFO] [stderr]   CMAKE_GENERATOR_x86_64-unknown-linux-gnu = None
[INFO] [stderr]   CMAKE_GENERATOR_x86_64_unknown_linux_gnu = None
[INFO] [stderr]   HOST_CMAKE_GENERATOR = None
[INFO] [stderr]   CMAKE_GENERATOR = None
[INFO] [stderr]   CMAKE_PREFIX_PATH_x86_64-unknown-linux-gnu = None
[INFO] [stderr]   CMAKE_PREFIX_PATH_x86_64_unknown_linux_gnu = None
[INFO] [stderr]   HOST_CMAKE_PREFIX_PATH = None
[INFO] [stderr]   CMAKE_PREFIX_PATH = None
[INFO] [stderr]   CMAKE_x86_64-unknown-linux-gnu = None
[INFO] [stderr]   CMAKE_x86_64_unknown_linux_gnu = None
[INFO] [stderr]   HOST_CMAKE = None
[INFO] [stderr]   CMAKE = None
[INFO] [stderr]   running: cd "/opt/rustwide/target/debug/build/libz-ng-sys-e538ce1847b43d89/out/build" && CMAKE_PREFIX_PATH="" LC_ALL="C" "cmake" "/opt/rustwide/cargo-home/registry/src/index.crates.io-6f17d22bba15001f/libz-ng-sys-1.1.20/src/zlib-ng" "-DBUILD_SHARED_LIBS=OFF" "-DZLIB_COMPAT=OFF" "-DZLIB_ENABLE_TESTS=OFF" "-DWITH_GZFILEOP=ON" "-DCMAKE_INSTALL_PREFIX=/opt/rustwide/target/debug/build/libz-ng-sys-e538ce1847b43d89/out" "-DCMAKE_C_FLAGS= -ffunction-sections -fdata-sections -fPIC -m64" "-DCMAKE_C_COMPILER=/usr/bin/cc" "-DCMAKE_CXX_FLAGS= -ffunction-sections -fdata-sections -fPIC -m64" "-DCMAKE_CXX_COMPILER=/usr/bin/c++" "-DCMAKE_ASM_FLAGS= -ffunction-sections -fdata-sections -fPIC -m64" "-DCMAKE_ASM_COMPILER=/usr/bin/cc" "-DCMAKE_BUILD_TYPE=Debug"
[INFO] [stderr]   -- Using CMake version 3.22.1
[INFO] [stderr]   -- ZLIB_HEADER_VERSION: 1.3.1
[INFO] [stderr]   -- ZLIBNG_HEADER_VERSION: 2.2.2
[INFO] [stderr]   -- The C compiler identification is GNU 11.4.0
[INFO] [stderr]   -- Detecting C compiler ABI info
[INFO] [stderr]   -- Detecting C compiler ABI info - done
[INFO] [stderr]   -- Check for working C compiler: /usr/bin/cc - skipped
[INFO] [stderr]   -- Detecting C compile features
[INFO] [stderr]   -- Detecting C compile features - done
[INFO] [stderr]   -- Arch detected: 'x86_64'
[INFO] [stderr]   -- Basearch of 'x86_64' has been detected as: 'x86'
[INFO] [stderr]   -- Performing Test FNO_LTO_AVAILABLE
[INFO] [stderr]   -- Performing Test FNO_LTO_AVAILABLE - Success
[INFO] [stderr]   -- Looking for arm_acle.h
[INFO] [stderr]   -- Looking for arm_acle.h - not found
[INFO] [stderr]   -- Looking for sys/auxv.h
[INFO] [stderr]   -- Looking for sys/auxv.h - found
[INFO] [stderr]   -- Looking for sys/sdt.h
[INFO] [stderr]   -- Looking for sys/sdt.h - not found
[INFO] [stderr]   -- Looking for unistd.h
[INFO] [stderr]   -- Looking for unistd.h - found
[INFO] [stderr]   -- Looking for linux/auxvec.h
[INFO] [stderr]   -- Looking for linux/auxvec.h - found
[INFO] [stderr]   -- Looking for sys/types.h
[INFO] [stderr]   -- Looking for sys/types.h - found
[INFO] [stderr]   -- Looking for stdint.h
[INFO] [stderr]   -- Looking for stdint.h - found
[INFO] [stderr]   -- Looking for stddef.h
[INFO] [stderr]   -- Looking for stddef.h - found
[INFO] [stderr]   -- Check size of off64_t
[INFO] [stderr]   -- Check size of off64_t - done
[INFO] [stderr]   -- Looking for fseeko
[INFO] [stderr]   -- Looking for fseeko - found
[INFO] [stderr]   -- Looking for strerror
[INFO] [stderr]   -- Looking for strerror - found
[INFO] [stderr]   -- Looking for posix_memalign
[INFO] [stderr]   -- Looking for posix_memalign - found
[INFO] [stderr]   -- Looking for aligned_alloc
[INFO] [stderr]   -- Looking for aligned_alloc - found
[INFO] [stderr]   -- Performing Test HAVE_NO_INTERPOSITION
[INFO] [stderr]   -- Performing Test HAVE_NO_INTERPOSITION - Success
[INFO] [stderr]   -- Performing Test HAVE_ATTRIBUTE_VISIBILITY_HIDDEN
[INFO] [stderr]   -- Performing Test HAVE_ATTRIBUTE_VISIBILITY_HIDDEN - Success
[INFO] [stderr]   -- Performing Test HAVE_ATTRIBUTE_VISIBILITY_INTERNAL
[INFO] [stderr]   -- Performing Test HAVE_ATTRIBUTE_VISIBILITY_INTERNAL - Success
[INFO] [stderr]   -- Performing Test HAVE_ATTRIBUTE_ALIGNED
[INFO] [stderr]   -- Performing Test HAVE_ATTRIBUTE_ALIGNED - Success
[INFO] [stderr]   -- Performing Test HAVE_BUILTIN_ASSUME_ALIGNED
[INFO] [stderr]   -- Performing Test HAVE_BUILTIN_ASSUME_ALIGNED - Success
[INFO] [stderr]   -- Performing Test HAVE_BUILTIN_CTZ
[INFO] [stderr]   -- Performing Test HAVE_BUILTIN_CTZ - Success
[INFO] [stderr]   -- Performing Test HAVE_BUILTIN_CTZLL
[INFO] [stderr]   -- Performing Test HAVE_BUILTIN_CTZLL - Success
[INFO] [stderr]   -- Performing Test HAVE_PTRDIFF_T
[INFO] [stderr]   -- Performing Test HAVE_PTRDIFF_T - Success
[INFO] [stderr]   -- Performing Test HAVE_XSAVE_INTRIN
[INFO] [stderr]   -- Performing Test HAVE_XSAVE_INTRIN - Success
[INFO] [stderr]   -- Performing Test HAVE_SSE2_INTRIN
[INFO] [stderr]   -- Performing Test HAVE_SSE2_INTRIN - Success
[INFO] [stderr]   -- Performing Test HAVE_SSSE3_INTRIN
[INFO] [stderr]   -- Performing Test HAVE_SSSE3_INTRIN - Success
[INFO] [stderr]   -- Performing Test HAVE_SSE42_INTRIN
[INFO] [stderr]   -- Performing Test HAVE_SSE42_INTRIN - Success
[INFO] [stderr]   -- Performing Test HAVE_PCLMULQDQ_INTRIN
[INFO] [stderr]   -- Performing Test HAVE_PCLMULQDQ_INTRIN - Success
[INFO] [stderr]   -- Performing Test HAVE_AVX2_INTRIN
[INFO] [stderr]   -- Performing Test HAVE_AVX2_INTRIN - Success
[INFO] [stderr]   -- Performing Test HAVE_CASCADE_LAKE
[INFO] [stderr]   -- Performing Test HAVE_CASCADE_LAKE - Success
[INFO] [stderr]   -- Performing Test HAVE_AVX512_INTRIN
[INFO] [stderr]   -- Performing Test HAVE_AVX512_INTRIN - Success
[INFO] [stderr]   -- Performing Test HAVE_AVX512VNNI_INTRIN
[INFO] [stderr]   -- Performing Test HAVE_AVX512VNNI_INTRIN - Success
[INFO] [stderr]   -- Performing Test HAVE_VPCLMULQDQ_INTRIN
[INFO] [stderr]   -- Performing Test HAVE_VPCLMULQDQ_INTRIN - Success
[INFO] [stderr]   -- Architecture-specific source files: arch/x86/x86_features.c;arch/x86/chunkset_sse2.c;arch/x86/compare256_sse2.c;arch/x86/slide_hash_sse2.c;arch/x86/adler32_ssse3.c;arch/x86/chunkset_ssse3.c;arch/x86/adler32_sse42.c;arch/x86/crc32_pclmulqdq.c;arch/x86/slide_hash_avx2.c;arch/x86/chunkset_avx2.c;arch/x86/compare256_avx2.c;arch/x86/adler32_avx2.c;arch/x86/adler32_avx512.c;arch/x86/adler32_avx512_vnni.c;arch/x86/crc32_vpclmulqdq.c
[INFO] [stderr]   -- The following features have been enabled:
[INFO] [stderr] 
[INFO] [stderr]    * CMAKE_BUILD_TYPE, Build type: Debug (selected)
[INFO] [stderr]    * XSAVE, Support XSAVE intrinsics using "-mxsave"
[INFO] [stderr]    * SSSE3_ADLER32, Support SSSE3-accelerated adler32, using "-mssse3"
[INFO] [stderr]    * SSE42_CRC, Support SSE4.2 optimized adler32 hash generation, using "-msse4.2"
[INFO] [stderr]    * PCLMUL_CRC, Support CRC hash generation using PCLMULQDQ, using "-msse4.2 -mpclmul"
[INFO] [stderr]    * AVX2_SLIDEHASH, Support AVX2 optimized slide_hash, using "-mavx2"
[INFO] [stderr]    * AVX2_CHUNKSET, Support AVX2 optimized chunkset, using "-mavx2"
[INFO] [stderr]    * AVX2_COMPARE256, Support AVX2 optimized compare256, using "-mavx2"
[INFO] [stderr]    * AVX2_ADLER32, Support AVX2-accelerated adler32, using "-mavx2"
[INFO] [stderr]    * AVX512_ADLER32, Support AVX512-accelerated adler32, using "-mavx512f -mavx512dq -mavx512bw -mavx512vl -mtune=cascadelake"
[INFO] [stderr]    * AVX512VNNI_ADLER32, Support AVX512VNNI adler32, using "-mavx512f -mavx512dq -mavx512bw -mavx512vl -mavx512vnni -mtune=cascadelake"
[INFO] [stderr]    * VPCLMUL_CRC, Support CRC hash generation using VPCLMULQDQ, using "-mpclmul -mvpclmulqdq -mavx512f -mavx512f -mavx512dq -mavx512bw -mavx512vl -mtune=cascadelake"
[INFO] [stderr]    * WITH_GZFILEOP, Compile with support for gzFile related functions
[INFO] [stderr]    * ZLIBNG_ENABLE_TESTS, Test zlib-ng specific API
[INFO] [stderr]    * WITH_SANITIZER, Enable sanitizer support
[INFO] [stderr]    * WITH_GTEST, Build gtest_zlib
[INFO] [stderr]    * WITH_OPTIM, Build with optimisation
[INFO] [stderr]    * WITH_NEW_STRATEGIES, Use new strategies
[INFO] [stderr]    * WITH_RUNTIME_CPU_DETECTION, Build with runtime CPU detection
[INFO] [stderr]    * WITH_AVX2, Build with AVX2
[INFO] [stderr]    * WITH_AVX512, Build with AVX512
[INFO] [stderr]    * WITH_AVX512VNNI, Build with AVX512 VNNI
[INFO] [stderr]    * WITH_SSE2, Build with SSE2
[INFO] [stderr]    * WITH_SSSE3, Build with SSSE3
[INFO] [stderr]    * WITH_SSE42, Build with SSE42
[INFO] [stderr]    * WITH_PCLMULQDQ, Build with PCLMULQDQ
[INFO] [stderr]    * WITH_VPCLMULQDQ, Build with VPCLMULQDQ
[INFO] [stderr] 
[INFO] [stderr]   -- The following features have been disabled:
[INFO] [stderr] 
[INFO] [stderr]    * ZLIB_SYMBOL_PREFIX, Publicly exported symbols DO NOT have a custom prefix
[INFO] [stderr]    * ZLIB_COMPAT, Compile with zlib compatible API
[INFO] [stderr]    * ZLIB_ENABLE_TESTS, Build test binaries
[INFO] [stderr]    * WITH_FUZZERS, Build test/fuzz
[INFO] [stderr]    * WITH_BENCHMARKS, Build test/benchmarks
[INFO] [stderr]    * WITH_BENCHMARK_APPS, Build application benchmarks
[INFO] [stderr]    * WITH_NATIVE_INSTRUCTIONS, Instruct the compiler to use the full instruction set on this host (gcc/clang -march=native)
[INFO] [stderr]    * WITH_MAINTAINER_WARNINGS, Build with project maintainer warnings
[INFO] [stderr]    * WITH_CODE_COVERAGE, Enable code coverage reporting
[INFO] [stderr]    * WITH_INFLATE_STRICT, Build with strict inflate distance checking
[INFO] [stderr]    * WITH_INFLATE_ALLOW_INVALID_DIST, Build with zero fill for inflate invalid distances
[INFO] [stderr]    * INSTALL_UTILS, Copy minigzip and minideflate during install
[INFO] [stderr] 
[INFO] [stderr]   -- Configuring done
[INFO] [stderr]   -- Generating done
[INFO] [stderr]   -- Build files have been written to: /opt/rustwide/target/debug/build/libz-ng-sys-e538ce1847b43d89/out/build
[INFO] [stderr]   running: cd "/opt/rustwide/target/debug/build/libz-ng-sys-e538ce1847b43d89/out/build" && LC_ALL="C" MAKEFLAGS="-j --jobserver-fds=8,9 --jobserver-auth=8,9" "cmake" "--build" "/opt/rustwide/target/debug/build/libz-ng-sys-e538ce1847b43d89/out/build" "--target" "install" "--config" "Debug"
[INFO] [stderr]   [  2%] Building C object CMakeFiles/zlib.dir/arch/generic/adler32_fold_c.c.o
[INFO] [stderr]   [  4%] Building C object CMakeFiles/zlib.dir/arch/generic/chunkset_c.c.o
[INFO] [stderr]   [  6%] Building C object CMakeFiles/zlib.dir/arch/generic/crc32_braid_c.c.o
[INFO] [stderr]   [  8%] Building C object CMakeFiles/zlib.dir/arch/generic/adler32_c.c.o
[INFO] [stderr]   [ 10%] Building C object CMakeFiles/zlib.dir/arch/generic/crc32_fold_c.c.o
[INFO] [stderr]   [ 14%] Building C object CMakeFiles/zlib.dir/adler32.c.o
[INFO] [stderr]   [ 14%] Building C object CMakeFiles/zlib.dir/arch/generic/compare256_c.c.o
[INFO] [stderr]   [ 16%] Building C object CMakeFiles/zlib.dir/arch/generic/slide_hash_c.c.o
[INFO] [stderr]   [ 18%] Building C object CMakeFiles/zlib.dir/compress.c.o
[INFO] [stderr]   [ 20%] Building C object CMakeFiles/zlib.dir/crc32_braid_comb.c.o
[INFO] [stderr]   [ 22%] Building C object CMakeFiles/zlib.dir/crc32.c.o
[INFO] [stderr]   [ 25%] Building C object CMakeFiles/zlib.dir/deflate.c.o
[INFO] [stderr]   [ 27%] Building C object CMakeFiles/zlib.dir/deflate_fast.c.o
[INFO] [stderr]   [ 29%] Building C object CMakeFiles/zlib.dir/deflate_medium.c.o
[INFO] [stderr]   [ 31%] Building C object CMakeFiles/zlib.dir/deflate_huff.c.o
[INFO] [stderr]   [ 33%] Building C object CMakeFiles/zlib.dir/deflate_quick.c.o
[INFO] [stderr]   [ 35%] Building C object CMakeFiles/zlib.dir/deflate_rle.c.o
[INFO] [stderr]   [ 37%] Building C object CMakeFiles/zlib.dir/deflate_stored.c.o
[INFO] [stderr]   [ 39%] Building C object CMakeFiles/zlib.dir/deflate_slow.c.o
[INFO] [stderr]   [ 41%] Building C object CMakeFiles/zlib.dir/infback.c.o
[INFO] [stderr]   [ 43%] Building C object CMakeFiles/zlib.dir/functable.c.o
[INFO] [stderr]   [ 45%] Building C object CMakeFiles/zlib.dir/inflate.c.o
[INFO] [stderr]   [ 47%] Building C object CMakeFiles/zlib.dir/inftrees.c.o
[INFO] [stderr]   [ 50%] Building C object CMakeFiles/zlib.dir/uncompr.c.o
[INFO] [stderr]   [ 52%] Building C object CMakeFiles/zlib.dir/insert_string.c.o
[INFO] [stderr]   [ 54%] Building C object CMakeFiles/zlib.dir/insert_string_roll.c.o
[INFO] [stderr]   [ 56%] Building C object CMakeFiles/zlib.dir/trees.c.o
[INFO] [stderr]   [ 58%] Building C object CMakeFiles/zlib.dir/zutil.c.o
[INFO] [stderr]   [ 62%] Building C object CMakeFiles/zlib.dir/arch/x86/x86_features.c.o
[INFO] [stderr]   [ 62%] Building C object CMakeFiles/zlib.dir/cpu_features.c.o
[INFO] [stderr]   [ 64%] Building C object CMakeFiles/zlib.dir/arch/x86/compare256_sse2.c.o
[INFO] [stderr]   [ 66%] Building C object CMakeFiles/zlib.dir/arch/x86/chunkset_sse2.c.o
[INFO] [stderr]   [ 68%] Building C object CMakeFiles/zlib.dir/arch/x86/slide_hash_sse2.c.o
[INFO] [stderr]   [ 70%] Building C object CMakeFiles/zlib.dir/arch/x86/chunkset_ssse3.c.o
[INFO] [stderr]   [ 72%] Building C object CMakeFiles/zlib.dir/arch/x86/adler32_ssse3.c.o
[INFO] [stderr]   [ 75%] Building C object CMakeFiles/zlib.dir/arch/x86/adler32_sse42.c.o
[INFO] [stderr]   [ 77%] Building C object CMakeFiles/zlib.dir/arch/x86/crc32_pclmulqdq.c.o
[INFO] [stderr]   [ 79%] Building C object CMakeFiles/zlib.dir/arch/x86/slide_hash_avx2.c.o
[INFO] [stderr]   [ 81%] Building C object CMakeFiles/zlib.dir/arch/x86/chunkset_avx2.c.o
[INFO] [stderr]   [ 83%] Building C object CMakeFiles/zlib.dir/arch/x86/adler32_avx2.c.o
[INFO] [stderr]   [ 85%] Building C object CMakeFiles/zlib.dir/arch/x86/compare256_avx2.c.o
[INFO] [stderr]   [ 87%] Building C object CMakeFiles/zlib.dir/arch/x86/adler32_avx512.c.o
[INFO] [stderr] 
[INFO] [stderr]   --- stderr
[INFO] [stderr]   CMake Warning:
[INFO] [stderr]     Manually-specified variables were not used by the project:
[INFO] [stderr] 
[INFO] [stderr]       CMAKE_ASM_COMPILER
[INFO] [stderr]       CMAKE_ASM_FLAGS
[INFO] [stderr]       CMAKE_CXX_COMPILER
[INFO] [stderr]       CMAKE_CXX_FLAGS
[INFO] [stderr] 
[INFO] [stderr] 
[INFO] [stderr]   /tmp/ccbw4dMa.s: Assembler messages:
[INFO] [stderr]   /tmp/ccbw4dMa.s: Fatal error: can't write 108 bytes to section .text.cpuid of CMakeFiles/zlib.dir/arch/x86/x86_features.c.o: 'No space left on device'
[INFO] [stderr]   /tmp/ccbw4dMa.s: Fatal error: CMakeFiles/zlib.dir/arch/x86/x86_features.c.o: No space left on device
[INFO] [stderr]   gmake[2]: *** [CMakeFiles/zlib.dir/build.make:482: CMakeFiles/zlib.dir/arch/x86/x86_features.c.o] Error 1
[INFO] [stderr]   gmake[2]: *** Waiting for unfinished jobs....
[INFO] [stderr]   gmake[1]: *** [CMakeFiles/Makefile2:83: CMakeFiles/zlib.dir/all] Error 2
[INFO] [stderr]   gmake: *** [Makefile:156: all] Error 2
[INFO] [stderr]   thread 'main' panicked at /opt/rustwide/cargo-home/registry/src/index.crates.io-6f17d22bba15001f/cmake-0.1.52/src/lib.rs:1115:5:
[INFO] [stderr] 
[INFO] [stderr]   command did not execute successfully, got: exit status: 2
[INFO] [stderr] 
[INFO] [stderr]   build script failed, must exit now
[INFO] [stderr]   stack backtrace:
[INFO] [stderr]      0:     0x6540c1cbdfca - std::backtrace_rs::backtrace::libunwind::trace::h8810477743020387
[INFO] [stderr]                                  at /rustc/202008a1b8de96d2e5b6bc02d379db03a877d34d/library/std/src/../../backtrace/src/backtrace/libunwind.rs:116:5
[INFO] [stderr]      1:     0x6540c1cbdfca - std::backtrace_rs::backtrace::trace_unsynchronized::h3aa55355dd6c54a6
[INFO] [stderr]                                  at /rustc/202008a1b8de96d2e5b6bc02d379db03a877d34d/library/std/src/../../backtrace/src/backtrace/mod.rs:66:5
[INFO] [stderr]      2:     0x6540c1cbdfca - std::sys::backtrace::_print_fmt::h8588b0f62410823f
[INFO] [stderr]                                  at /rustc/202008a1b8de96d2e5b6bc02d379db03a877d34d/library/std/src/sys/backtrace.rs:66:9
[INFO] [stderr]      3:     0x6540c1cbdfca - <std::sys::backtrace::BacktraceLock::print::DisplayBacktrace as core::fmt::Display>::fmt::h98c26ac25ffe89bb
[INFO] [stderr]                                  at /rustc/202008a1b8de96d2e5b6bc02d379db03a877d34d/library/std/src/sys/backtrace.rs:39:26
[INFO] [stderr]      4:     0x6540c1ce09f3 - core::fmt::rt::Argument::fmt::hf95377f4aebd453b
[INFO] [stderr]                                  at /rustc/202008a1b8de96d2e5b6bc02d379db03a877d34d/library/core/src/fmt/rt.rs:177:76
[INFO] [stderr]      5:     0x6540c1ce09f3 - core::fmt::write::h0dd5f6e2238c7982
[INFO] [stderr]                                  at /rustc/202008a1b8de96d2e5b6bc02d379db03a877d34d/library/core/src/fmt/mod.rs:1189:21
[INFO] [stderr]      6:     0x6540c1cbaf13 - std::io::Write::write_fmt::hc00bff0a88e08857
[INFO] [stderr]                                  at /rustc/202008a1b8de96d2e5b6bc02d379db03a877d34d/library/std/src/io/mod.rs:1884:15
[INFO] [stderr]      7:     0x6540c1cbde12 - std::sys::backtrace::BacktraceLock::print::h5c19c1c038ee186d
[INFO] [stderr]                                  at /rustc/202008a1b8de96d2e5b6bc02d379db03a877d34d/library/std/src/sys/backtrace.rs:42:9
[INFO] [stderr]      8:     0x6540c1cbf00c - std::panicking::default_hook::{{closure}}::h77172f079a1fcb13
[INFO] [stderr]                                  at /rustc/202008a1b8de96d2e5b6bc02d379db03a877d34d/library/std/src/panicking.rs:268:22
[INFO] [stderr]      9:     0x6540c1cbee52 - std::panicking::default_hook::he5f8e3b203ccddba
[INFO] [stderr]                                  at /rustc/202008a1b8de96d2e5b6bc02d379db03a877d34d/library/std/src/panicking.rs:295:9
[INFO] [stderr]     10:     0x6540c1cbf5e7 - std::panicking::rust_panic_with_hook::h53863d4e9018df39
[INFO] [stderr]                                  at /rustc/202008a1b8de96d2e5b6bc02d379db03a877d34d/library/std/src/panicking.rs:801:13
[INFO] [stderr]     11:     0x6540c1cbf47a - std::panicking::begin_panic_handler::{{closure}}::h67280e6fa0757873
[INFO] [stderr]                                  at /rustc/202008a1b8de96d2e5b6bc02d379db03a877d34d/library/std/src/panicking.rs:674:13
[INFO] [stderr]     12:     0x6540c1cbe4a9 - std::sys::backtrace::__rust_end_short_backtrace::h1dac3f54d6fbbeb2
[INFO] [stderr]                                  at /rustc/202008a1b8de96d2e5b6bc02d379db03a877d34d/library/std/src/sys/backtrace.rs:170:18
[INFO] [stderr]     13:     0x6540c1cbf10c - rust_begin_unwind
[INFO] [stderr]                                  at /rustc/202008a1b8de96d2e5b6bc02d379db03a877d34d/library/std/src/panicking.rs:665:5
[INFO] [stderr]     14:     0x6540c1c24560 - core::panicking::panic_fmt::h6792bd1b2bf01041
[INFO] [stderr]                                  at /rustc/202008a1b8de96d2e5b6bc02d379db03a877d34d/library/core/src/panicking.rs:76:14
[INFO] [stderr]     15:     0x6540c1c30b22 - cmake::fail::h31a04823b47a33bb
[INFO] [stderr]     16:     0x6540c1c302bd - cmake::run::h6b1b0377936c905b
[INFO] [stderr]     17:     0x6540c1c2cb93 - cmake::Config::build::hd0c4d20e8716b171
[INFO] [stderr]     18:     0x6540c1c26e80 - build_script_cmake::build_zlib_ng::ha74420db8b4e1cdb
[INFO] [stderr]     19:     0x6540c1c27ad7 - build_script_cmake::main::h4995e20735742c90
[INFO] [stderr]     20:     0x6540c1c24fd3 - core::ops::function::FnOnce::call_once::h256636d3fbb876c4
[INFO] [stderr]     21:     0x6540c1c24f56 - std::sys::backtrace::__rust_begin_short_backtrace::hd4355003e3641573
[INFO] [stderr]     22:     0x6540c1c24e49 - std::rt::lang_start::{{closure}}::hc405135cf694beb1
[INFO] [stderr]     23:     0x6540c1cb74b7 - core::ops::function::impls::<impl core::ops::function::FnOnce<A> for &F>::call_once::hba2470d01d3f5e41
[INFO] [stderr]                                  at /rustc/202008a1b8de96d2e5b6bc02d379db03a877d34d/library/core/src/ops/function.rs:284:13
[INFO] [stderr]     24:     0x6540c1cb74b7 - std::panicking::try::do_call::hc063fb73159aab72
[INFO] [stderr]                                  at /rustc/202008a1b8de96d2e5b6bc02d379db03a877d34d/library/std/src/panicking.rs:557:40
[INFO] [stderr]     25:     0x6540c1cb74b7 - std::panicking::try::h2767c6d245d3a3bb
[INFO] [stderr]                                  at /rustc/202008a1b8de96d2e5b6bc02d379db03a877d34d/library/std/src/panicking.rs:520:19
[INFO] [stderr]     26:     0x6540c1cb74b7 - std::panic::catch_unwind::h061c6ef75790da63
[INFO] [stderr]                                  at /rustc/202008a1b8de96d2e5b6bc02d379db03a877d34d/library/std/src/panic.rs:358:14
[INFO] [stderr]     27:     0x6540c1cb74b7 - std::rt::lang_start_internal::{{closure}}::h5c5e35b11a4b8c4e
[INFO] [stderr]                                  at /rustc/202008a1b8de96d2e5b6bc02d379db03a877d34d/library/std/src/rt.rs:174:48
[INFO] [stderr]     28:     0x6540c1cb74b7 - std::panicking::try::do_call::h705e99690a8109cc
[INFO] [stderr]                                  at /rustc/202008a1b8de96d2e5b6bc02d379db03a877d34d/library/std/src/panicking.rs:557:40
[INFO] [stderr]     29:     0x6540c1cb74b7 - std::panicking::try::he5f4452754ed9a34
[INFO] [stderr]                                  at /rustc/202008a1b8de96d2e5b6bc02d379db03a877d34d/library/std/src/panicking.rs:520:19
[INFO] [stderr]     30:     0x6540c1cb74b7 - std::panic::catch_unwind::h5db61b3bcbe883e5
[INFO] [stderr]                                  at /rustc/202008a1b8de96d2e5b6bc02d379db03a877d34d/library/std/src/panic.rs:358:14
[INFO] [stderr]     31:     0x6540c1cb74b7 - std::rt::lang_start_internal::h81da9b59bab665c6
[INFO] [stderr]                                  at /rustc/202008a1b8de96d2e5b6bc02d379db03a877d34d/library/std/src/rt.rs:174:20
[INFO] [stderr]     32:     0x6540c1c24e27 - std::rt::lang_start::hf992650a03d3e6b3
[INFO] [stderr]     33:     0x6540c1c27b25 - main
[INFO] [stderr]     34:     0x79ce89e3dd90 - <unknown>
[INFO] [stderr]     35:     0x79ce89e3de40 - __libc_start_main
[INFO] [stderr]     36:     0x6540c1c24c55 - _start
[INFO] [stderr]     37:                0x0 - <unknown>
[INFO] [stderr] warning: build failed, waiting for other jobs to finish...
[INFO] running `Command { std: "docker" "inspect" "b518db32a2bbafcb5817d38410d2ea0da0c8fa9c22dc262ebc5bd0a102a2827d", kill_on_drop: false }`
[INFO] running `Command { std: "docker" "rm" "-f" "b518db32a2bbafcb5817d38410d2ea0da0c8fa9c22dc262ebc5bd0a102a2827d", kill_on_drop: false }`
[INFO] [stdout] b518db32a2bbafcb5817d38410d2ea0da0c8fa9c22dc262ebc5bd0a102a2827d
