[INFO] fetching crate datafusion-functions-array 40.0.0...
[INFO] testing datafusion-functions-array-40.0.0 against 1.83.0 for beta-1.84.0-4-retry
[INFO] extracting crate datafusion-functions-array 40.0.0 into /workspace/builds/worker-2-tc1/source
[INFO] validating manifest of crates.io crate datafusion-functions-array 40.0.0 on toolchain 1.83.0
[INFO] running `Command { std: CARGO_HOME="/workspace/cargo-home" RUSTUP_HOME="/workspace/rustup-home" "/workspace/cargo-home/bin/cargo" "+1.83.0" "metadata" "--manifest-path" "Cargo.toml" "--no-deps", kill_on_drop: false }`
[INFO] started tweaking crates.io crate datafusion-functions-array 40.0.0
[INFO] finished tweaking crates.io crate datafusion-functions-array 40.0.0
[INFO] tweaked toml for crates.io crate datafusion-functions-array 40.0.0 written to /workspace/builds/worker-2-tc1/source/Cargo.toml
[INFO] running `Command { std: CARGO_HOME="/workspace/cargo-home" RUSTUP_HOME="/workspace/rustup-home" "/workspace/cargo-home/bin/cargo" "+1.83.0" "generate-lockfile" "--manifest-path" "Cargo.toml", kill_on_drop: false }`
[INFO] [stderr]     Updating crates.io index
[INFO] [stderr]      Locking 241 packages to latest compatible versions
[INFO] [stderr]       Adding arrow v52.2.0 (available: v53.3.0)
[INFO] [stderr]       Adding arrow-array v52.2.0 (available: v53.3.0)
[INFO] [stderr]       Adding arrow-buffer v52.2.0 (available: v53.3.0)
[INFO] [stderr]       Adding arrow-ord v52.2.0 (available: v53.3.0)
[INFO] [stderr]       Adding arrow-schema v52.2.0 (available: v53.3.0)
[INFO] [stderr]       Adding datafusion-common v40.0.0 (available: v43.0.0)
[INFO] [stderr]       Adding datafusion-execution v40.0.0 (available: v43.0.0)
[INFO] [stderr]       Adding datafusion-expr v40.0.0 (available: v43.0.0)
[INFO] [stderr]       Adding datafusion-functions v40.0.0 (available: v43.0.0)
[INFO] [stderr]       Adding datafusion-functions-aggregate v40.0.0 (available: v43.0.0)
[INFO] [stderr]       Adding itertools v0.12.1 (available: v0.13.0)
[INFO] running `Command { std: CARGO_HOME="/workspace/cargo-home" RUSTUP_HOME="/workspace/rustup-home" "/workspace/cargo-home/bin/cargo" "+1.83.0" "fetch" "--manifest-path" "Cargo.toml", kill_on_drop: false }`
[INFO] [stderr]  Downloading crates ...
[INFO] [stderr]   Downloaded datafusion-physical-expr-common v40.0.0
[INFO] [stderr]   Downloaded datafusion-execution v40.0.0
[INFO] [stderr]   Downloaded datafusion-expr v40.0.0
[INFO] [stderr]   Downloaded datafusion-common v40.0.0
[INFO] [stderr]   Downloaded datafusion-functions-aggregate v40.0.0
[INFO] [stderr]   Downloaded datafusion-functions v40.0.0
[INFO] running `Command { std: "docker" "create" "-v" "/var/lib/crater-agent-workspace/builds/worker-2-tc1/target:/opt/rustwide/target:rw,Z" "-v" "/var/lib/crater-agent-workspace/builds/worker-2-tc1/source:/opt/rustwide/workdir:ro,Z" "-v" "/var/lib/crater-agent-workspace/cargo-home:/opt/rustwide/cargo-home:ro,Z" "-v" "/var/lib/crater-agent-workspace/rustup-home:/opt/rustwide/rustup-home:ro,Z" "-e" "SOURCE_DIR=/opt/rustwide/workdir" "-e" "CARGO_TARGET_DIR=/opt/rustwide/target" "-e" "CARGO_HOME=/opt/rustwide/cargo-home" "-e" "RUSTUP_HOME=/opt/rustwide/rustup-home" "-w" "/opt/rustwide/workdir" "-m" "1610612736" "--user" "0:0" "--network" "none" "ghcr.io/rust-lang/crates-build-env/linux@sha256:f3a9d4ad9d972b27faf3965f35b62e55ba32bbce8f20bc8fe909558a86702fde" "/opt/rustwide/cargo-home/bin/cargo" "+1.83.0" "metadata" "--no-deps" "--format-version=1", kill_on_drop: false }`
[INFO] [stdout] c8c86dcebca195d3ce98e698aaf68e76c56446a05f08cd50be79f723551c546c
[INFO] running `Command { std: "docker" "start" "-a" "c8c86dcebca195d3ce98e698aaf68e76c56446a05f08cd50be79f723551c546c", kill_on_drop: false }`
[INFO] running `Command { std: "docker" "inspect" "c8c86dcebca195d3ce98e698aaf68e76c56446a05f08cd50be79f723551c546c", kill_on_drop: false }`
[INFO] running `Command { std: "docker" "rm" "-f" "c8c86dcebca195d3ce98e698aaf68e76c56446a05f08cd50be79f723551c546c", kill_on_drop: false }`
[INFO] [stdout] c8c86dcebca195d3ce98e698aaf68e76c56446a05f08cd50be79f723551c546c
[INFO] running `Command { std: "docker" "create" "-v" "/var/lib/crater-agent-workspace/builds/worker-2-tc1/target:/opt/rustwide/target:rw,Z" "-v" "/var/lib/crater-agent-workspace/builds/worker-2-tc1/source:/opt/rustwide/workdir:ro,Z" "-v" "/var/lib/crater-agent-workspace/cargo-home:/opt/rustwide/cargo-home:ro,Z" "-v" "/var/lib/crater-agent-workspace/rustup-home:/opt/rustwide/rustup-home:ro,Z" "-e" "SOURCE_DIR=/opt/rustwide/workdir" "-e" "CARGO_TARGET_DIR=/opt/rustwide/target" "-e" "CARGO_INCREMENTAL=0" "-e" "RUST_BACKTRACE=full" "-e" "RUSTFLAGS=--cap-lints=warn" "-e" "RUSTDOCFLAGS=--cap-lints=warn" "-e" "CARGO_HOME=/opt/rustwide/cargo-home" "-e" "RUSTUP_HOME=/opt/rustwide/rustup-home" "-w" "/opt/rustwide/workdir" "-m" "1610612736" "--user" "0:0" "--network" "none" "ghcr.io/rust-lang/crates-build-env/linux@sha256:f3a9d4ad9d972b27faf3965f35b62e55ba32bbce8f20bc8fe909558a86702fde" "/opt/rustwide/cargo-home/bin/cargo" "+1.83.0" "build" "--frozen" "--message-format=json", kill_on_drop: false }`
[INFO] [stdout] e7e3f5f84e1cb0859e37e0d2fe5b437ab9bfa6a16dccb0cb890b1650e71ee634
[INFO] running `Command { std: "docker" "start" "-a" "e7e3f5f84e1cb0859e37e0d2fe5b437ab9bfa6a16dccb0cb890b1650e71ee634", kill_on_drop: false }`
[INFO] [stderr]    Compiling proc-macro2 v1.0.92
[INFO] [stderr]    Compiling unicode-ident v1.0.14
[INFO] [stderr]    Compiling autocfg v1.4.0
[INFO] [stderr]    Compiling libm v0.2.11
[INFO] [stderr]    Compiling cfg-if v1.0.0
[INFO] [stderr]    Compiling libc v0.2.168
[INFO] [stderr]    Compiling siphasher v0.3.11
[INFO] [stderr]    Compiling byteorder v1.5.0
[INFO] [stderr]    Compiling once_cell v1.20.2
[INFO] [stderr]    Compiling regex-syntax v0.8.5
[INFO] [stderr]    Compiling rand_core v0.6.4
[INFO] [stderr]    Compiling phf_shared v0.11.2
[INFO] [stderr]    Compiling version_check v0.9.5
[INFO] [stderr]    Compiling rand v0.8.5
[INFO] [stderr]    Compiling phf v0.11.2
[INFO] [stderr]    Compiling num-traits v0.2.19
[INFO] [stderr]    Compiling bytes v1.9.0
[INFO] [stderr]    Compiling ahash v0.8.11
[INFO] [stderr]    Compiling getrandom v0.2.15
[INFO] [stderr]    Compiling phf_generator v0.11.2
[INFO] [stderr]    Compiling iana-time-zone v0.1.61
[INFO] [stderr]    Compiling phf_codegen v0.11.2
[INFO] [stderr]    Compiling memchr v2.7.4
[INFO] [stderr]    Compiling allocator-api2 v0.2.21
[INFO] [stderr]    Compiling quote v1.0.37
[INFO] [stderr]    Compiling arrow-schema v52.2.0
[INFO] [stderr]    Compiling syn v2.0.90
[INFO] [stderr]    Compiling num-integer v0.1.46
[INFO] [stderr]    Compiling num-complex v0.4.6
[INFO] [stderr]    Compiling regex-automata v0.4.9
[INFO] [stderr]    Compiling chrono v0.4.39
[INFO] [stderr]    Compiling half v2.4.1
[INFO] [stderr]    Compiling num-bigint v0.4.6
[INFO] [stderr]    Compiling num-iter v0.1.45
[INFO] [stderr]    Compiling static_assertions v1.1.0
[INFO] [stderr]    Compiling lexical-util v0.8.5
[INFO] [stderr]    Compiling rustversion v1.0.18
[INFO] [stderr]    Compiling stable_deref_trait v1.2.0
[INFO] [stderr]    Compiling heck v0.5.0
[INFO] [stderr]    Compiling semver v1.0.24
[INFO] [stderr]    Compiling lexical-parse-integer v0.8.6
[INFO] [stderr]    Compiling lexical-write-integer v0.8.5
[INFO] [stderr]    Compiling serde v1.0.216
[INFO] [stderr]    Compiling ryu v1.0.18
[INFO] [stderr]    Compiling lexical-write-float v0.8.5
[INFO] [stderr]    Compiling lexical-parse-float v0.8.5
[INFO] [stderr]    Compiling unicode-width v0.2.0
[INFO] [stderr]    Compiling litemap v0.7.4
[INFO] [stderr]    Compiling writeable v0.5.5
[INFO] [stderr]    Compiling num-rational v0.4.2
[INFO] [stderr]    Compiling rustc_version v0.4.1
[INFO] [stderr]    Compiling regex v1.11.1
[INFO] [stderr]    Compiling lexical-core v0.8.5
[INFO] [stderr]    Compiling atoi v2.0.0
[INFO] [stderr]    Compiling aho-corasick v1.1.3
[INFO] [stderr]    Compiling smallvec v1.13.2
[INFO] [stderr]    Compiling parse-zoneinfo v0.3.1
[INFO] [stderr]    Compiling num v0.4.3
[INFO] [stderr]    Compiling arrow-buffer v52.2.0
[INFO] [stderr]    Compiling chrono-tz-build v0.3.0
[INFO] [stderr]    Compiling arrow-data v52.2.0
[INFO] [stderr]    Compiling itoa v1.0.14
[INFO] [stderr]    Compiling base64 v0.22.1
[INFO] [stderr]    Compiling flatbuffers v24.3.25
[INFO] [stderr]    Compiling chrono-tz v0.9.0
[INFO] [stderr]    Compiling serde_json v1.0.133
[INFO] [stderr]    Compiling icu_locid_transform_data v1.5.0
[INFO] [stderr]    Compiling csv-core v0.1.11
[INFO] [stderr]    Compiling slab v0.4.9
[INFO] [stderr]    Compiling pin-project-lite v0.2.15
[INFO] [stderr]    Compiling icu_properties_data v1.5.0
[INFO] [stderr]    Compiling bitflags v1.3.2
[INFO] [stderr]    Compiling hashbrown v0.15.2
[INFO] [stderr]    Compiling equivalent v1.0.1
[INFO] [stderr]    Compiling synstructure v0.13.1
[INFO] [stderr]    Compiling indexmap v2.7.0
[INFO] [stderr]    Compiling lock_api v0.4.12
[INFO] [stderr]    Compiling futures-sink v0.3.31
[INFO] [stderr]    Compiling utf16_iter v1.0.5
[INFO] [stderr]    Compiling icu_normalizer_data v1.5.0
[INFO] [stderr]    Compiling write16 v1.0.0
[INFO] [stderr]    Compiling lazy_static v1.5.0
[INFO] [stderr]    Compiling parking_lot_core v0.9.10
[INFO] [stderr]    Compiling syn v1.0.109
[INFO] [stderr]    Compiling futures-core v0.3.31
[INFO] [stderr]    Compiling utf8_iter v1.0.4
[INFO] [stderr]    Compiling futures-channel v0.3.31
[INFO] [stderr]    Compiling csv v1.3.1
[INFO] [stderr]    Compiling futures-io v0.3.31
[INFO] [stderr]    Compiling futures-task v0.3.31
[INFO] [stderr]    Compiling paste v1.0.15
[INFO] [stderr]    Compiling pin-utils v0.1.0
[INFO] [stderr]    Compiling log v0.4.22
[INFO] [stderr]    Compiling doc-comment v0.3.3
[INFO] [stderr]    Compiling scopeguard v1.2.0
[INFO] [stderr]    Compiling num_cpus v1.16.0
[INFO] [stderr]    Compiling rustix v0.38.42
[INFO] [stderr]    Compiling zerocopy-derive v0.7.35
[INFO] [stderr]    Compiling zerofrom-derive v0.1.5
[INFO] [stderr]    Compiling yoke-derive v0.7.5
[INFO] [stderr]    Compiling zerovec-derive v0.10.3
[INFO] [stderr]    Compiling displaydoc v0.2.5
[INFO] [stderr]    Compiling zerocopy v0.7.35
[INFO] [stderr]    Compiling strum_macros v0.26.4
[INFO] [stderr]    Compiling hashbrown v0.14.5
[INFO] [stderr]    Compiling icu_provider_macros v1.5.0
[INFO] [stderr]    Compiling zerofrom v0.1.5
[INFO] [stderr]    Compiling yoke v0.7.5
[INFO] [stderr]    Compiling sqlparser_derive v0.2.2
[INFO] [stderr]    Compiling zerovec v0.10.4
[INFO] [stderr]    Compiling futures-macro v0.3.31
[INFO] [stderr]    Compiling ppv-lite86 v0.2.20
[INFO] [stderr]    Compiling arrow-array v52.2.0
[INFO] [stderr]    Compiling sqlparser v0.47.0
[INFO] [stderr]    Compiling percent-encoding v2.3.1
[INFO] [stderr]    Compiling heck v0.4.1
[INFO] [stderr]    Compiling either v1.13.0
[INFO] [stderr]    Compiling tinystr v0.7.6
[INFO] [stderr]    Compiling icu_collections v1.5.0
[INFO] [stderr]    Compiling futures-util v0.3.31
[INFO] [stderr]    Compiling icu_locid v1.5.0
[INFO] [stderr]    Compiling form_urlencoded v1.2.1
[INFO] [stderr]    Compiling rand_chacha v0.3.1
[INFO] [stderr]    Compiling icu_provider v1.5.0
[INFO] [stderr]    Compiling strum v0.26.3
[INFO] [stderr]    Compiling comfy-table v7.1.3
[INFO] [stderr]    Compiling icu_locid_transform v1.5.0
[INFO] [stderr]    Compiling snafu-derive v0.7.5
[INFO] [stderr]    Compiling tracing-attributes v0.1.28
[INFO] [stderr]    Compiling tokio-macros v2.4.0
[INFO] [stderr]    Compiling arrow-select v52.2.0
[INFO] [stderr]    Compiling icu_properties v1.5.1
[INFO] [stderr]    Compiling arrow-row v52.2.0
[INFO] [stderr]    Compiling arrow-arith v52.2.0
[INFO] [stderr]    Compiling arrow-cast v52.2.0
[INFO] [stderr]    Compiling arrow-string v52.2.0
[INFO] [stderr]    Compiling icu_normalizer v1.5.0
[INFO] [stderr]    Compiling arrow-ord v52.2.0
[INFO] [stderr]    Compiling arrow-json v52.2.0
[INFO] [stderr]    Compiling arrow-ipc v52.2.0
[INFO] [stderr]    Compiling arrow-csv v52.2.0
[INFO] [stderr]    Compiling arrow v52.2.0
[INFO] [stderr]    Compiling idna_adapter v1.2.0
[INFO] [stderr]    Compiling idna v1.0.3
[INFO] [stderr]    Compiling datafusion-common v40.0.0
[INFO] [stderr]    Compiling futures-executor v0.3.31
[INFO] [stderr]    Compiling tracing-core v0.1.33
[INFO] [stderr]    Compiling linux-raw-sys v0.4.14
[INFO] [stderr]    Compiling same-file v1.0.6
[INFO] [stderr]    Compiling bitflags v2.6.0
[INFO] [stderr]    Compiling walkdir v2.5.0
[INFO] [stderr]    Compiling tracing v0.1.41
[INFO] [stderr]    Compiling snafu v0.7.5
[INFO] [stderr]    Compiling futures v0.3.31
[INFO] [stderr]    Compiling url v2.5.4
[INFO] [stderr]    Compiling tokio v1.42.0
[INFO] [stderr]    Compiling itertools v0.13.0
[INFO] [stderr]    Compiling async-trait v0.1.83
[INFO] [stderr]    Compiling datafusion-expr v40.0.0
[INFO] [stderr]    Compiling parking_lot v0.12.3
[INFO] [stderr]    Compiling humantime v2.1.0
[INFO] [stderr]    Compiling fastrand v2.3.0
[INFO] [stderr]    Compiling dashmap v5.5.3
[INFO] [stderr]    Compiling tempfile v3.14.0
[INFO] [stderr]    Compiling itertools v0.12.1
[INFO] [stderr]    Compiling uuid v1.11.0
[INFO] [stderr]    Compiling hex v0.4.3
[INFO] [stderr]    Compiling object_store v0.10.2
[INFO] [stderr]    Compiling unicode-segmentation v1.12.0
[INFO] [stderr]    Compiling datafusion-physical-expr-common v40.0.0
[INFO] [stderr]    Compiling datafusion-execution v40.0.0
[INFO] [stderr]    Compiling datafusion-functions v40.0.0
[INFO] [stderr]    Compiling datafusion-functions-aggregate v40.0.0
[INFO] [stderr]    Compiling datafusion-functions-array v40.0.0 (/opt/rustwide/workdir)
[INFO] [stderr]     Finished `dev` profile [unoptimized + debuginfo] target(s) in 3m 51s
[INFO] running `Command { std: "docker" "inspect" "e7e3f5f84e1cb0859e37e0d2fe5b437ab9bfa6a16dccb0cb890b1650e71ee634", kill_on_drop: false }`
[INFO] running `Command { std: "docker" "rm" "-f" "e7e3f5f84e1cb0859e37e0d2fe5b437ab9bfa6a16dccb0cb890b1650e71ee634", kill_on_drop: false }`
[INFO] [stdout] e7e3f5f84e1cb0859e37e0d2fe5b437ab9bfa6a16dccb0cb890b1650e71ee634
[INFO] running `Command { std: "docker" "create" "-v" "/var/lib/crater-agent-workspace/builds/worker-2-tc1/target:/opt/rustwide/target:rw,Z" "-v" "/var/lib/crater-agent-workspace/builds/worker-2-tc1/source:/opt/rustwide/workdir:ro,Z" "-v" "/var/lib/crater-agent-workspace/cargo-home:/opt/rustwide/cargo-home:ro,Z" "-v" "/var/lib/crater-agent-workspace/rustup-home:/opt/rustwide/rustup-home:ro,Z" "-e" "SOURCE_DIR=/opt/rustwide/workdir" "-e" "CARGO_TARGET_DIR=/opt/rustwide/target" "-e" "CARGO_INCREMENTAL=0" "-e" "RUST_BACKTRACE=full" "-e" "RUSTFLAGS=--cap-lints=warn" "-e" "RUSTDOCFLAGS=--cap-lints=warn" "-e" "CARGO_HOME=/opt/rustwide/cargo-home" "-e" "RUSTUP_HOME=/opt/rustwide/rustup-home" "-w" "/opt/rustwide/workdir" "-m" "1610612736" "--user" "0:0" "--network" "none" "ghcr.io/rust-lang/crates-build-env/linux@sha256:f3a9d4ad9d972b27faf3965f35b62e55ba32bbce8f20bc8fe909558a86702fde" "/opt/rustwide/cargo-home/bin/cargo" "+1.83.0" "test" "--frozen" "--no-run" "--message-format=json", kill_on_drop: false }`
[INFO] [stdout] 52df6f4b56e75d01e692c8060620b5a862ebecc39e8d19d4d1c99829edba4dfe
[INFO] running `Command { std: "docker" "start" "-a" "52df6f4b56e75d01e692c8060620b5a862ebecc39e8d19d4d1c99829edba4dfe", kill_on_drop: false }`
[INFO] [stderr]    Compiling num-traits v0.2.19
[INFO] [stderr]    Compiling serde v1.0.216
[INFO] [stderr]    Compiling serde_derive v1.0.216
[INFO] [stderr]    Compiling crossbeam-utils v0.8.20
[INFO] [stderr]    Compiling rayon-core v1.12.1
[INFO] [stderr]    Compiling anstyle v1.0.10
[INFO] [stderr]    Compiling clap_lex v0.7.4
[INFO] [stderr]    Compiling plotters-backend v0.3.7
[INFO] [stderr]    Compiling ciborium-io v0.2.2
[INFO] [stderr]    Compiling clap_builder v4.5.23
[INFO] [stderr]    Compiling plotters-svg v0.3.7
[INFO] [stderr]    Compiling itertools v0.10.5
[INFO] [stderr]    Compiling cast v0.3.0
[INFO] [stderr]    Compiling is-terminal v0.4.13
[INFO] [stderr]    Compiling oorandom v11.1.4
[INFO] [stderr]    Compiling anes v0.1.6
[INFO] [stderr]    Compiling crossbeam-epoch v0.9.18
[INFO] [stderr]    Compiling crossbeam-deque v0.8.5
[INFO] [stderr]    Compiling num-integer v0.1.46
[INFO] [stderr]    Compiling half v2.4.1
[INFO] [stderr]    Compiling num-complex v0.4.6
[INFO] [stderr]    Compiling chrono v0.4.39
[INFO] [stderr]    Compiling num-bigint v0.4.6
[INFO] [stderr]    Compiling num-iter v0.1.45
[INFO] [stderr]    Compiling atoi v2.0.0
[INFO] [stderr]    Compiling ciborium-ll v0.2.2
[INFO] [stderr]    Compiling criterion-plot v0.5.0
[INFO] [stderr]    Compiling chrono-tz v0.9.0
[INFO] [stderr]    Compiling object_store v0.10.2
[INFO] [stderr]    Compiling rayon v1.10.0
[INFO] [stderr]    Compiling clap v4.5.23
[INFO] [stderr]    Compiling plotters v0.3.7
[INFO] [stderr]    Compiling num-rational v0.4.2
[INFO] [stderr]    Compiling num v0.4.3
[INFO] [stderr]    Compiling arrow-buffer v52.2.0
[INFO] [stderr]    Compiling arrow-data v52.2.0
[INFO] [stderr]    Compiling arrow-array v52.2.0
[INFO] [stderr]    Compiling arrow-select v52.2.0
[INFO] [stderr]    Compiling arrow-arith v52.2.0
[INFO] [stderr]    Compiling arrow-row v52.2.0
[INFO] [stderr]    Compiling serde_json v1.0.133
[INFO] [stderr]    Compiling csv v1.3.1
[INFO] [stderr]    Compiling ciborium v0.2.2
[INFO] [stderr]    Compiling arrow-cast v52.2.0
[INFO] [stderr]    Compiling arrow-string v52.2.0
[INFO] [stderr]    Compiling arrow-ord v52.2.0
[INFO] [stderr]    Compiling tinytemplate v1.2.1
[INFO] [stderr]    Compiling criterion v0.5.1
[INFO] [stderr]    Compiling arrow-json v52.2.0
[INFO] [stderr]    Compiling arrow-csv v52.2.0
[INFO] [stderr]    Compiling arrow-ipc v52.2.0
[INFO] [stderr]    Compiling arrow v52.2.0
[INFO] [stderr]    Compiling datafusion-common v40.0.0
[INFO] [stderr]    Compiling datafusion-expr v40.0.0
[INFO] [stderr]    Compiling datafusion-execution v40.0.0
[INFO] [stderr]    Compiling datafusion-physical-expr-common v40.0.0
[INFO] [stderr]    Compiling datafusion-functions v40.0.0
[INFO] [stderr]    Compiling datafusion-functions-aggregate v40.0.0
[INFO] [stderr]    Compiling datafusion-functions-array v40.0.0 (/opt/rustwide/workdir)
[INFO] [stderr]     Finished `test` profile [unoptimized + debuginfo] target(s) in 2m 44s
[INFO] running `Command { std: "docker" "inspect" "52df6f4b56e75d01e692c8060620b5a862ebecc39e8d19d4d1c99829edba4dfe", kill_on_drop: false }`
[INFO] running `Command { std: "docker" "rm" "-f" "52df6f4b56e75d01e692c8060620b5a862ebecc39e8d19d4d1c99829edba4dfe", kill_on_drop: false }`
[INFO] [stdout] 52df6f4b56e75d01e692c8060620b5a862ebecc39e8d19d4d1c99829edba4dfe
[INFO] running `Command { std: "docker" "create" "-v" "/var/lib/crater-agent-workspace/builds/worker-2-tc1/target:/opt/rustwide/target:rw,Z" "-v" "/var/lib/crater-agent-workspace/builds/worker-2-tc1/source:/opt/rustwide/workdir:ro,Z" "-v" "/var/lib/crater-agent-workspace/cargo-home:/opt/rustwide/cargo-home:ro,Z" "-v" "/var/lib/crater-agent-workspace/rustup-home:/opt/rustwide/rustup-home:ro,Z" "-e" "SOURCE_DIR=/opt/rustwide/workdir" "-e" "CARGO_TARGET_DIR=/opt/rustwide/target" "-e" "CARGO_INCREMENTAL=0" "-e" "RUST_BACKTRACE=full" "-e" "RUSTFLAGS=--cap-lints=warn" "-e" "RUSTDOCFLAGS=--cap-lints=warn" "-e" "CARGO_HOME=/opt/rustwide/cargo-home" "-e" "RUSTUP_HOME=/opt/rustwide/rustup-home" "-w" "/opt/rustwide/workdir" "-m" "1610612736" "--user" "0:0" "--network" "none" "ghcr.io/rust-lang/crates-build-env/linux@sha256:f3a9d4ad9d972b27faf3965f35b62e55ba32bbce8f20bc8fe909558a86702fde" "/opt/rustwide/cargo-home/bin/cargo" "+1.83.0" "test" "--frozen", kill_on_drop: false }`
[INFO] [stdout] de687cefc1886d2903ee82a39f85581916d7e2b697c9cecc757db1e9216e07b8
[INFO] running `Command { std: "docker" "start" "-a" "de687cefc1886d2903ee82a39f85581916d7e2b697c9cecc757db1e9216e07b8", kill_on_drop: false }`
[INFO] [stderr]     Finished `test` profile [unoptimized + debuginfo] target(s) in 0.51s
[INFO] [stderr]      Running unittests src/lib.rs (/opt/rustwide/target/debug/deps/datafusion_functions_array-e0eb111ef58d4df0)
[INFO] [stdout] 
[INFO] [stdout] running 4 tests
[INFO] [stdout] test tests::test_no_duplicate_name ... ok
[INFO] [stdout] test utils::tests::test_align_array_dimensions ... ok
[INFO] [stderr]    Doc-tests datafusion_functions_array
[INFO] [stdout] test expr_ext::tests::test_index ... ok
[INFO] [stdout] test expr_ext::tests::test_range ... ok
[INFO] [stdout] 
[INFO] [stdout] test result: ok. 4 passed; 0 failed; 0 ignored; 0 measured; 0 filtered out; finished in 0.02s
[INFO] [stdout] 
[INFO] [stdout] 
[INFO] [stdout] running 2 tests
[INFO] [stdout] test src/expr_ext.rs - expr_ext::IndexAccessor (line 36) ... FAILED
[INFO] [stdout] test src/expr_ext.rs - expr_ext::SliceAccessor (line 66) ... ok
[INFO] [stdout] 
[INFO] [stdout] failures:
[INFO] [stdout] 
[INFO] [stdout] ---- src/expr_ext.rs - expr_ext::IndexAccessor (line 36) stdout ----
[INFO] [stdout] error: linking with `cc` failed: exit status: 1
[INFO] [stdout]   |
[INFO] [stdout]   = note: LC_ALL="C" PATH="/opt/rustwide/rustup-home/toolchains/1.83.0-x86_64-unknown-linux-gnu/lib/rustlib/x86_64-unknown-linux-gnu/bin:/opt/rustwide/cargo-home/bin:/usr/local/sbin:/usr/local/bin:/usr/sbin:/usr/bin:/sbin:/bin" VSLANG="1033" "cc" "-m64" "/tmp/rustcJJIrzA/symbols.o" "/tmp/rustdoctestWY39RE/rust_out.rust_out.cb03291d53e4e161-cgu.0.rcgu.o" "/tmp/rustdoctestWY39RE/rust_out.1s7umcihpz0t7nkz1uc2ifee9.rcgu.o" "-Wl,--as-needed" "-Wl,-Bstatic" "/opt/rustwide/target/debug/deps/libdatafusion_functions_array-22a8afce0508dbf5.rlib" "/opt/rustwide/target/debug/deps/libdatafusion_functions_aggregate-95b1b281e79f4244.rlib" "/opt/rustwide/target/debug/deps/libdatafusion_physical_expr_common-1b217b7b66bb1515.rlib" "/opt/rustwide/target/debug/deps/libdatafusion_functions-9f8ce787c766bf96.rlib" "/opt/rustwide/target/debug/deps/libhex-72ec0daf2bf2906b.rlib" "/opt/rustwide/target/debug/deps/libunicode_segmentation-e2ab372fbd4616e0.rlib" "/opt/rustwide/target/debug/deps/libuuid-41e1bf2bcb6a946a.rlib" "/opt/rustwide/target/debug/deps/libdatafusion_execution-fcc3362f68cc8a3f.rlib" "/opt/rustwide/target/debug/deps/libtempfile-12b0762a27a0188c.rlib" "/opt/rustwide/target/debug/deps/libfastrand-33d04f74cb9fe3e0.rlib" "/opt/rustwide/target/debug/deps/librustix-70030f809fb2243b.rlib" "/opt/rustwide/target/debug/deps/libbitflags-e3f7c5486a00e38a.rlib" "/opt/rustwide/target/debug/deps/liblinux_raw_sys-e828328f9118a1ee.rlib" "/opt/rustwide/target/debug/deps/librand-673626d2b88c73ca.rlib" "/opt/rustwide/target/debug/deps/librand_chacha-e985dc3c25c678a9.rlib" "/opt/rustwide/target/debug/deps/libppv_lite86-4ff75d50dbed9ad6.rlib" "/opt/rustwide/target/debug/deps/librand_core-1f8e996801df326c.rlib" "/opt/rustwide/target/debug/deps/libdashmap-d82b93a5249c4b66.rlib" "/opt/rustwide/target/debug/deps/libobject_store-1e5c3a8082e6d2ed.rlib" "/opt/rustwide/target/debug/deps/libitertools-a88bab2bb93dd0c3.rlib" "/opt/rustwide/target/debug/deps/libwalkdir-1dd1923acd2c1bf5.rlib" "/opt/rustwide/target/debug/deps/libsame_file-5669399e58eccd84.rlib" "/opt/rustwide/target/debug/deps/liburl-2d156f342e5209d6.rlib" "/opt/rustwide/target/debug/deps/libidna-a5c84fb26325f1a4.rlib" "/opt/rustwide/target/debug/deps/libidna_adapter-7ecfad9c79410921.rlib" "/opt/rustwide/target/debug/deps/libicu_normalizer-d0a250f906327f69.rlib" "/opt/rustwide/target/debug/deps/libicu_normalizer_data-762e61f43eae08c2.rlib" "/opt/rustwide/target/debug/deps/libwrite16-85fd16f27fd45657.rlib" "/opt/rustwide/target/debug/deps/libutf8_iter-fbf995b92c341ba3.rlib" "/opt/rustwide/target/debug/deps/libutf16_iter-83f8708e12b6535a.rlib" "/opt/rustwide/target/debug/deps/libicu_properties-4f0aacaa4e006cbc.rlib" "/opt/rustwide/target/debug/deps/libicu_properties_data-52a01acc947e4a6d.rlib" "/opt/rustwide/target/debug/deps/libicu_locid_transform-86a31a2ba3bc49f3.rlib" "/opt/rustwide/target/debug/deps/libicu_locid_transform_data-38f8208716c2d35a.rlib" "/opt/rustwide/target/debug/deps/libicu_collections-45f06e0f98da5aa7.rlib" "/opt/rustwide/target/debug/deps/libicu_provider-b33241e03fcb0d1b.rlib" "/opt/rustwide/target/debug/deps/libicu_locid-57927dd1321264dd.rlib" "/opt/rustwide/target/debug/deps/liblitemap-a0ca3b3971bb4be7.rlib" "/opt/rustwide/target/debug/deps/libtinystr-e701c31b6408cdbc.rlib" "/opt/rustwide/target/debug/deps/libzerovec-140d18236b1b859b.rlib" "/opt/rustwide/target/debug/deps/libwriteable-c63e282ed55b92df.rlib" "/opt/rustwide/target/debug/deps/libyoke-c3686be1c83072a7.rlib" "/opt/rustwide/target/debug/deps/libzerofrom-942a239d4238ad4a.rlib" "/opt/rustwide/target/debug/deps/libstable_deref_trait-3602560bab1848e8.rlib" "/opt/rustwide/target/debug/deps/libform_urlencoded-6f121219fd6cdc7f.rlib" "/opt/rustwide/target/debug/deps/libpercent_encoding-88cba40a7181d984.rlib" "/opt/rustwide/target/debug/deps/libparking_lot-07e7be1ce6997a0a.rlib" "/opt/rustwide/target/debug/deps/libparking_lot_core-d4fd9788bc18a904.rlib" "/opt/rustwide/target/debug/deps/libsmallvec-01f95b0ceff06af9.rlib" "/opt/rustwide/target/debug/deps/liblock_api-a23216ec06dff3bb.rlib" "/opt/rustwide/target/debug/deps/libscopeguard-d59b845c07f126eb.rlib" "/opt/rustwide/target/debug/deps/libsnafu-0d6613c52559da84.rlib" "/opt/rustwide/target/debug/deps/libdoc_comment-27ca7e22faa9d7d5.rlib" "/opt/rustwide/target/debug/deps/libtokio-4007c7bc892d6c5b.rlib" "/opt/rustwide/target/debug/deps/libfutures-fb6fb94d548a6186.rlib" "/opt/rustwide/target/debug/deps/libfutures_executor-3c878e38f38dfcce.rlib" "/opt/rustwide/target/debug/deps/libfutures_util-0bc6e58d5896e84a.rlib" "/opt/rustwide/target/debug/deps/libfutures_io-306100ebd700a899.rlib" "/opt/rustwide/target/debug/deps/libslab-083dd68e0bc19c95.rlib" "/opt/rustwide/target/debug/deps/libfutures_channel-571b6acc8f830fec.rlib" "/opt/rustwide/target/debug/deps/libpin_project_lite-be51d264b86b6c5b.rlib" "/opt/rustwide/target/debug/deps/libfutures_sink-dc97bf7de34acf7c.rlib" "/opt/rustwide/target/debug/deps/libfutures_task-b8cf8cc4fcc89c75.rlib" "/opt/rustwide/target/debug/deps/libpin_utils-6bd6355de79f98af.rlib" "/opt/rustwide/target/debug/deps/libfutures_core-5dcafe0cca0831a3.rlib" "/opt/rustwide/target/debug/deps/libitertools-b68c38a525fcf717.rlib" "/opt/rustwide/target/debug/deps/libeither-41b3367888b49508.rlib" "/opt/rustwide/target/debug/deps/libdatafusion_expr-b690d5c230e06ace.rlib" "/opt/rustwide/target/debug/deps/libdatafusion_common-39cdf3385af71467.rlib" "/opt/rustwide/target/debug/deps/libnum_cpus-6571aba6e23acfe5.rlib" "/opt/rustwide/target/debug/deps/libsqlparser-879ad75e549f1ec7.rlib" "/opt/rustwide/target/debug/deps/liblog-2579a5a2dbce8c4d.rlib" "/opt/rustwide/target/debug/deps/libarrow-8654addb093c7ed8.rlib" "/opt/rustwide/target/debug/deps/libarrow_row-db95064dee86c127.rlib" "/opt/rustwide/target/debug/deps/libarrow_json-0c879d8c49056d48.rlib" "/opt/rustwide/target/debug/deps/libserde_json-d2aa2f62df15f182.rlib" "/opt/rustwide/target/debug/deps/libindexmap-05f078d8bac9cfc7.rlib" "/opt/rustwide/target/debug/deps/libequivalent-4d5cfde55792e26d.rlib" "/opt/rustwide/target/debug/deps/libhashbrown-62cdb64ce3ed52bb.rlib" "/opt/rustwide/target/debug/deps/libarrow_ipc-df783882d0933723.rlib" "/opt/rustwide/target/debug/deps/libflatbuffers-83419c58da7f340f.rlib" "/opt/rustwide/target/debug/deps/libbitflags-d3511f9afe014f87.rlib" "/opt/rustwide/target/debug/deps/libarrow_csv-8f52de3bd25274c2.rlib" "/opt/rustwide/target/debug/deps/liblazy_static-977f75dcedc2f7be.rlib" "/opt/rustwide/target/debug/deps/libcsv-ede127b4f825611f.rlib" "/opt/rustwide/target/debug/deps/libitoa-e8776415c5fe0047.rlib" "/opt/rustwide/target/debug/deps/libserde-9ea85e52d61bc260.rlib" "/opt/rustwide/target/debug/deps/libcsv_core-77664cc04dc9d631.rlib" "/opt/rustwide/target/debug/deps/libarrow_string-c503154f9e647880.rlib" "/opt/rustwide/target/debug/deps/libregex-d95b326e6b6c6daa.rlib" "/opt/rustwide/target/debug/deps/libregex_automata-fb68867d3d4723af.rlib" "/opt/rustwide/target/debug/deps/libaho_corasick-ca3c2ec2e6ffa0c6.rlib" "/opt/rustwide/target/debug/deps/libregex_syntax-155e812807b49638.rlib" "/opt/rustwide/target/debug/deps/libmemchr-a61794c77f52d343.rlib" "/opt/rustwide/target/debug/deps/libarrow_cast-4148ce49c63179ff.rlib" "/opt/rustwide/target/debug/deps/libatoi-c46a5eabf90aacee.rlib" "/opt/rustwide/target/debug/deps/libryu-bba83beca99dd7c0.rlib" "/opt/rustwide/target/debug/deps/libbase64-1d5853d8a2dd9229.rlib" "/opt/rustwide/target/debug/deps/libcomfy_table-420a49c068191df9.rlib" "/opt/rustwide/target/debug/deps/libunicode_width-1fad63f197998a43.rlib" "/opt/rustwide/target/debug/deps/libstrum-596f4f8d664e856e.rlib" "/opt/rustwide/target/debug/deps/liblexical_core-ea3614be2a5f4521.rlib" "/opt/rustwide/target/debug/deps/liblexical_write_float-2dd30012f209552d.rlib" "/opt/rustwide/target/debug/deps/liblexical_write_integer-523b9427c383254b.rlib" "/opt/rustwide/target/debug/deps/liblexical_parse_float-21da8988c867927d.rlib" "/opt/rustwide/target/debug/deps/liblexical_parse_integer-2f082dd14606ccad.rlib" "/opt/rustwide/target/debug/deps/liblexical_util-144e43bb56afca7a.rlib" "/opt/rustwide/target/debug/deps/libstatic_assertions-3e50e277f96a204d.rlib" "/opt/rustwide/target/debug/deps/libarrow_arith-4e164cc76bb0cb97.rlib" "/opt/rustwide/target/debug/deps/libarrow_ord-5fbf3a36e1e04cc6.rlib" "/opt/rustwide/target/debug/deps/libarrow_select-7c3c2310cd259ebb.rlib" "/opt/rustwide/target/debug/deps/libarrow_array-fa018bc9bb124f62.rlib" "/opt/rustwide/target/debug/deps/libchrono_tz-21adca4efda62a37.rlib" "/opt/rustwide/target/debug/deps/libphf-07e06e1e2a653873.rlib" "/opt/rustwide/target/debug/deps/libphf_shared-da7a72d53ed90703.rlib" "/opt/rustwide/target/debug/deps/libsiphasher-9a0e888a6230d9ab.rlib" "/opt/rustwide/target/debug/deps/libhashbrown-94f16ee1cfa46e26.rlib" "/opt/rustwide/target/debug/deps/libahash-4a1e80aa94a8070c.rlib" "/opt/rustwide/target/debug/deps/libgetrandom-21e7353a01032e9e.rlib" "/opt/rustwide/target/debug/deps/liblibc-48c07cb418e82d02.rlib" "/opt/rustwide/target/debug/deps/libonce_cell-6f631f2a5f71cecc.rlib" "/opt/rustwide/target/debug/deps/libzerocopy-a927c67494f62cff.rlib" "/opt/rustwide/target/debug/deps/libbyteorder-d36d73da0d12e75b.rlib" "/opt/rustwide/target/debug/deps/liballocator_api2-88d7b7890afadc02.rlib" "/opt/rustwide/target/debug/deps/libchrono-1d1f6b29859b1023.rlib" "/opt/rustwide/target/debug/deps/libiana_time_zone-327d1375b89fcc29.rlib" "/opt/rustwide/target/debug/deps/libarrow_data-7e3a81dfbd1d6dcf.rlib" "/opt/rustwide/target/debug/deps/libarrow_schema-7f7ebc384ce8a43d.rlib" "/opt/rustwide/target/debug/deps/libarrow_buffer-241abde606c0dc17.rlib" "/opt/rustwide/target/debug/deps/libbytes-4283fbd60d33408b.rlib" "/opt/rustwide/target/debug/deps/libhalf-0c30d9f21923b7c1.rlib" "/opt/rustwide/target/debug/deps/libcfg_if-8217498f8667ada9.rlib" "/opt/rustwide/target/debug/deps/libnum-48563a0ec93a5cf3.rlib" "/opt/rustwide/target/debug/deps/libnum_iter-0a5a5a582ac19231.rlib" "/opt/rustwide/target/debug/deps/libnum_rational-9cbb2a75908b00d9.rlib" "/opt/rustwide/target/debug/deps/libnum_complex-31a6d6619e781676.rlib" "/opt/rustwide/target/debug/deps/libnum_bigint-c2c7a6f6f6051a8d.rlib" "/opt/rustwide/target/debug/deps/libnum_integer-a40b5435b2def59d.rlib" "/opt/rustwide/target/debug/deps/libnum_traits-fa7f7512062a9aed.rlib" "/opt/rustwide/rustup-home/toolchains/1.83.0-x86_64-unknown-linux-gnu/lib/rustlib/x86_64-unknown-linux-gnu/lib/libstd-ca74a2d9c5166d9f.rlib" "/opt/rustwide/rustup-home/toolchains/1.83.0-x86_64-unknown-linux-gnu/lib/rustlib/x86_64-unknown-linux-gnu/lib/libpanic_unwind-e31ab23316ed5080.rlib" "/opt/rustwide/rustup-home/toolchains/1.83.0-x86_64-unknown-linux-gnu/lib/rustlib/x86_64-unknown-linux-gnu/lib/libobject-27dc4aa955912662.rlib" "/opt/rustwide/rustup-home/toolchains/1.83.0-x86_64-unknown-linux-gnu/lib/rustlib/x86_64-unknown-linux-gnu/lib/libmemchr-bd0d6cccce077b99.rlib" "/opt/rustwide/rustup-home/toolchains/1.83.0-x86_64-unknown-linux-gnu/lib/rustlib/x86_64-unknown-linux-gnu/lib/libaddr2line-8d001680935b5e3c.rlib" "/opt/rustwide/rustup-home/toolchains/1.83.0-x86_64-unknown-linux-gnu/lib/rustlib/x86_64-unknown-linux-gnu/lib/libgimli-ba8ce71964f984f4.rlib" "/opt/rustwide/rustup-home/toolchains/1.83.0-x86_64-unknown-linux-gnu/lib/rustlib/x86_64-unknown-linux-gnu/lib/librustc_demangle-99a73526abcec14b.rlib" "/opt/rustwide/rustup-home/toolchains/1.83.0-x86_64-unknown-linux-gnu/lib/rustlib/x86_64-unknown-linux-gnu/lib/libstd_detect-63ac0d22cff92579.rlib" "/opt/rustwide/rustup-home/toolchains/1.83.0-x86_64-unknown-linux-gnu/lib/rustlib/x86_64-unknown-linux-gnu/lib/libhashbrown-9057355c92c922d5.rlib" "/opt/rustwide/rustup-home/toolchains/1.83.0-x86_64-unknown-linux-gnu/lib/rustlib/x86_64-unknown-linux-gnu/lib/librustc_std_workspace_alloc-358be9bc1f6bab04.rlib" "/opt/rustwide/rustup-home/toolchains/1.83.0-x86_64-unknown-linux-gnu/lib/rustlib/x86_64-unknown-linux-gnu/lib/libminiz_oxide-aca15549d5bff974.rlib" "/opt/rustwide/rustup-home/toolchains/1.83.0-x86_64-unknown-linux-gnu/lib/rustlib/x86_64-unknown-linux-gnu/lib/libadler-8251d2cef7072448.rlib" "/opt/rustwide/rustup-home/toolchains/1.83.0-x86_64-unknown-linux-gnu/lib/rustlib/x86_64-unknown-linux-gnu/lib/libunwind-7d50b86011c66411.rlib" "/opt/rustwide/rustup-home/toolchains/1.83.0-x86_64-unknown-linux-gnu/lib/rustlib/x86_64-unknown-linux-gnu/lib/libcfg_if-51ea098fce5006bf.rlib" "/opt/rustwide/rustup-home/toolchains/1.83.0-x86_64-unknown-linux-gnu/lib/rustlib/x86_64-unknown-linux-gnu/lib/liblibc-5a14e0d0b712e731.rlib" "/opt/rustwide/rustup-home/toolchains/1.83.0-x86_64-unknown-linux-gnu/lib/rustlib/x86_64-unknown-linux-gnu/lib/liballoc-8b83dbf3a7b8f999.rlib" "/opt/rustwide/rustup-home/toolchains/1.83.0-x86_64-unknown-linux-gnu/lib/rustlib/x86_64-unknown-linux-gnu/lib/librustc_std_workspace_core-c6fd227bdc7b39ff.rlib" "/opt/rustwide/rustup-home/toolchains/1.83.0-x86_64-unknown-linux-gnu/lib/rustlib/x86_64-unknown-linux-gnu/lib/libcore-959d3389fa3da8a5.rlib" "/opt/rustwide/rustup-home/toolchains/1.83.0-x86_64-unknown-linux-gnu/lib/rustlib/x86_64-unknown-linux-gnu/lib/libcompiler_builtins-abe05db089cc2c62.rlib" "-Wl,-Bdynamic" "-lgcc_s" "-lutil" "-lrt" "-lpthread" "-lm" "-ldl" "-lc" "-Wl,--eh-frame-hdr" "-Wl,-z,noexecstack" "-L" "/opt/rustwide/rustup-home/toolchains/1.83.0-x86_64-unknown-linux-gnu/lib/rustlib/x86_64-unknown-linux-gnu/lib" "-o" "/tmp/rustdoctestWY39RE/rust_out" "-Wl,--gc-sections" "-pie" "-Wl,-z,relro,-z,now" "-nodefaultlibs"
[INFO] [stdout]   = note: collect2: fatal error: ld terminated with signal 9 [Killed]
[INFO] [stdout]           compilation terminated.
[INFO] [stdout]           
[INFO] [stdout] 
[INFO] [stdout] error: aborting due to 1 previous error
[INFO] [stdout] 
[INFO] [stdout] Couldn't compile the test.
[INFO] [stdout] 
[INFO] [stdout] failures:
[INFO] [stdout]     src/expr_ext.rs - expr_ext::IndexAccessor (line 36)
[INFO] [stdout] 
[INFO] [stdout] test result: FAILED. 1 passed; 1 failed; 0 ignored; 0 measured; 0 filtered out; finished in 17.62s
[INFO] [stdout] 
[INFO] [stderr] error: doctest failed, to rerun pass `--doc`
[INFO] running `Command { std: "docker" "inspect" "de687cefc1886d2903ee82a39f85581916d7e2b697c9cecc757db1e9216e07b8", kill_on_drop: false }`
[INFO] running `Command { std: "docker" "rm" "-f" "de687cefc1886d2903ee82a39f85581916d7e2b697c9cecc757db1e9216e07b8", kill_on_drop: false }`
[INFO] [stdout] de687cefc1886d2903ee82a39f85581916d7e2b697c9cecc757db1e9216e07b8
