[INFO] fetching crate crates-index-diff 26.0.0...
[INFO] testing crates-index-diff-26.0.0 against 1.83.0 for beta-1.84.0-4-retry
[INFO] extracting crate crates-index-diff 26.0.0 into /workspace/builds/worker-3-tc1/source
[INFO] validating manifest of crates.io crate crates-index-diff 26.0.0 on toolchain 1.83.0
[INFO] running `Command { std: CARGO_HOME="/workspace/cargo-home" RUSTUP_HOME="/workspace/rustup-home" "/workspace/cargo-home/bin/cargo" "+1.83.0" "metadata" "--manifest-path" "Cargo.toml" "--no-deps", kill_on_drop: false }`
[INFO] started tweaking crates.io crate crates-index-diff 26.0.0
[INFO] finished tweaking crates.io crate crates-index-diff 26.0.0
[INFO] tweaked toml for crates.io crate crates-index-diff 26.0.0 written to /workspace/builds/worker-3-tc1/source/Cargo.toml
[INFO] running `Command { std: CARGO_HOME="/workspace/cargo-home" RUSTUP_HOME="/workspace/rustup-home" "/workspace/cargo-home/bin/cargo" "+1.83.0" "generate-lockfile" "--manifest-path" "Cargo.toml", kill_on_drop: false }`
[INFO] [stderr]     Updating crates.io index
[INFO] [stderr]      Locking 349 packages to latest compatible versions
[INFO] [stderr]       Adding gix v0.67.0 (available: v0.68.0)
[INFO] [stderr]       Adding hashbrown v0.14.5 (available: v0.15.2)
[INFO] [stderr]       Adding thiserror v1.0.69 (available: v2.0.7)
[INFO] running `Command { std: CARGO_HOME="/workspace/cargo-home" RUSTUP_HOME="/workspace/rustup-home" "/workspace/cargo-home/bin/cargo" "+1.83.0" "fetch" "--manifest-path" "Cargo.toml", kill_on_drop: false }`
[INFO] [stderr]  Downloading crates ...
[INFO] [stderr]   Downloaded gix-negotiate v0.16.0
[INFO] [stderr]   Downloaded gix-revwalk v0.16.0
[INFO] [stderr]   Downloaded gix-traverse v0.42.0
[INFO] [stderr]   Downloaded gix-packetline-blocking v0.18.1
[INFO] [stderr]   Downloaded gix-negotiate v0.17.0
[INFO] [stderr]   Downloaded gix-revision v0.30.0
[INFO] [stderr]   Downloaded gix-diff v0.47.0
[INFO] [stderr]   Downloaded gix-filter v0.15.0
[INFO] [stderr]   Downloaded gix-ref v0.48.0
[INFO] [stderr]   Downloaded crates-index v3.4.0
[INFO] [stderr]   Downloaded gix-pack v0.54.0
[INFO] [stderr]   Downloaded gix-config v0.41.0
[INFO] [stderr]   Downloaded gix-submodule v0.16.0
[INFO] [stderr]   Downloaded gix v0.67.0
[INFO] [stderr]   Downloaded gix-odb v0.64.0
[INFO] [stderr]   Downloaded gix-protocol v0.46.1
[INFO] [stderr]   Downloaded gix-command v0.3.11
[INFO] [stderr]   Downloaded gix-transport v0.43.1
[INFO] [stderr]   Downloaded gix-attributes v0.23.1
[INFO] [stderr]   Downloaded gix-filter v0.14.0
[INFO] [stderr]   Downloaded gix-refspec v0.26.0
[INFO] [stderr]   Downloaded gix-submodule v0.15.0
[INFO] [stderr]   Downloaded gix-prompt v0.8.9
[INFO] [stderr]   Downloaded gix-credentials v0.25.1
[INFO] [stderr]   Downloaded gix-index v0.36.0
[INFO] [stderr]   Downloaded gix-worktree v0.38.0
[INFO] [stderr]   Downloaded gix-discover v0.36.0
[INFO] [stderr]   Downloaded gix-pathspec v0.8.1
[INFO] [stderr]   Downloaded gix-packetline v0.18.1
[INFO] [stderr]   Downloaded gix-ignore v0.12.1
[INFO] [stderr]   Downloaded libz-ng-sys v1.1.20
[INFO] [stderr]   Downloaded gix-object v0.45.0
[INFO] [stderr]   Downloaded gix-worktree v0.37.0
[INFO] [stderr]   Downloaded gix-testtools v0.15.0
[INFO] running `Command { std: "docker" "create" "-v" "/var/lib/crater-agent-workspace/builds/worker-3-tc1/target:/opt/rustwide/target:rw,Z" "-v" "/var/lib/crater-agent-workspace/builds/worker-3-tc1/source:/opt/rustwide/workdir:ro,Z" "-v" "/var/lib/crater-agent-workspace/cargo-home:/opt/rustwide/cargo-home:ro,Z" "-v" "/var/lib/crater-agent-workspace/rustup-home:/opt/rustwide/rustup-home:ro,Z" "-e" "SOURCE_DIR=/opt/rustwide/workdir" "-e" "CARGO_TARGET_DIR=/opt/rustwide/target" "-e" "CARGO_HOME=/opt/rustwide/cargo-home" "-e" "RUSTUP_HOME=/opt/rustwide/rustup-home" "-w" "/opt/rustwide/workdir" "-m" "1610612736" "--user" "0:0" "--network" "none" "ghcr.io/rust-lang/crates-build-env/linux@sha256:f3a9d4ad9d972b27faf3965f35b62e55ba32bbce8f20bc8fe909558a86702fde" "/opt/rustwide/cargo-home/bin/cargo" "+1.83.0" "metadata" "--no-deps" "--format-version=1", kill_on_drop: false }`
[INFO] [stdout] 17d788eb83af6433a7b9f8cae7ffccd8430caee42192389055b674796d86337f
[INFO] running `Command { std: "docker" "start" "-a" "17d788eb83af6433a7b9f8cae7ffccd8430caee42192389055b674796d86337f", kill_on_drop: false }`
[INFO] running `Command { std: "docker" "inspect" "17d788eb83af6433a7b9f8cae7ffccd8430caee42192389055b674796d86337f", kill_on_drop: false }`
[INFO] running `Command { std: "docker" "rm" "-f" "17d788eb83af6433a7b9f8cae7ffccd8430caee42192389055b674796d86337f", kill_on_drop: false }`
[INFO] [stdout] 17d788eb83af6433a7b9f8cae7ffccd8430caee42192389055b674796d86337f
[INFO] running `Command { std: "docker" "create" "-v" "/var/lib/crater-agent-workspace/builds/worker-3-tc1/target:/opt/rustwide/target:rw,Z" "-v" "/var/lib/crater-agent-workspace/builds/worker-3-tc1/source:/opt/rustwide/workdir:ro,Z" "-v" "/var/lib/crater-agent-workspace/cargo-home:/opt/rustwide/cargo-home:ro,Z" "-v" "/var/lib/crater-agent-workspace/rustup-home:/opt/rustwide/rustup-home:ro,Z" "-e" "SOURCE_DIR=/opt/rustwide/workdir" "-e" "CARGO_TARGET_DIR=/opt/rustwide/target" "-e" "CARGO_INCREMENTAL=0" "-e" "RUST_BACKTRACE=full" "-e" "RUSTFLAGS=--cap-lints=warn" "-e" "RUSTDOCFLAGS=--cap-lints=warn" "-e" "CARGO_HOME=/opt/rustwide/cargo-home" "-e" "RUSTUP_HOME=/opt/rustwide/rustup-home" "-w" "/opt/rustwide/workdir" "-m" "1610612736" "--user" "0:0" "--network" "none" "ghcr.io/rust-lang/crates-build-env/linux@sha256:f3a9d4ad9d972b27faf3965f35b62e55ba32bbce8f20bc8fe909558a86702fde" "/opt/rustwide/cargo-home/bin/cargo" "+1.83.0" "build" "--frozen" "--message-format=json", kill_on_drop: false }`
[INFO] [stdout] 4853cde2ed3ec95767cac9fa8ac4dafdf3be8f63d06ea7b88415b2d171539578
[INFO] running `Command { std: "docker" "start" "-a" "4853cde2ed3ec95767cac9fa8ac4dafdf3be8f63d06ea7b88415b2d171539578", kill_on_drop: false }`
[INFO] [stderr]    Compiling proc-macro2 v1.0.92
[INFO] [stderr]    Compiling unicode-ident v1.0.14
[INFO] [stderr]    Compiling libc v0.2.168
[INFO] [stderr]    Compiling shlex v1.3.0
[INFO] [stderr]    Compiling autocfg v1.4.0
[INFO] [stderr]    Compiling cfg-if v1.0.0
[INFO] [stderr]    Compiling once_cell v1.20.2
[INFO] [stderr]    Compiling version_check v0.9.5
[INFO] [stderr]    Compiling thiserror v2.0.7
[INFO] [stderr]    Compiling memchr v2.7.4
[INFO] [stderr]    Compiling cc v1.2.4
[INFO] [stderr]    Compiling smallvec v1.13.2
[INFO] [stderr]    Compiling serde v1.0.216
[INFO] [stderr]    Compiling bytes v1.9.0
[INFO] [stderr]    Compiling lock_api v0.4.12
[INFO] [stderr]    Compiling parking_lot_core v0.9.10
[INFO] [stderr]    Compiling regex-automata v0.4.9
[INFO] [stderr]    Compiling typenum v1.17.0
[INFO] [stderr]    Compiling generic-array v0.14.7
[INFO] [stderr]    Compiling quote v1.0.37
[INFO] [stderr]    Compiling gix-trace v0.1.11
[INFO] [stderr]    Compiling scopeguard v1.2.0
[INFO] [stderr]    Compiling tinyvec_macros v0.1.1
[INFO] [stderr]    Compiling syn v2.0.90
[INFO] [stderr]    Compiling log v0.4.22
[INFO] [stderr]    Compiling bstr v1.11.1
[INFO] [stderr]    Compiling tinyvec v1.8.0
[INFO] [stderr]    Compiling cmake v0.1.52
[INFO] [stderr]    Compiling crossbeam-utils v0.8.20
[INFO] [stderr]    Compiling fastrand v2.3.0
[INFO] [stderr]    Compiling bitflags v2.6.0
[INFO] [stderr]    Compiling parking_lot v0.12.3
[INFO] [stderr]    Compiling unicode-normalization v0.1.24
[INFO] [stderr]    Compiling libz-ng-sys v1.1.20
[INFO] [stderr]    Compiling sha1-asm v0.5.3
[INFO] [stderr]    Compiling gix-utils v0.1.13
[INFO] [stderr]    Compiling crypto-common v0.1.6
[INFO] [stderr]    Compiling block-buffer v0.10.4
[INFO] [stderr]    Compiling adler2 v2.0.0
[INFO] [stderr]    Compiling miniz_oxide v0.8.0
[INFO] [stderr]    Compiling digest v0.10.7
[INFO] [stderr]    Compiling crc32fast v1.4.2
[INFO] [stderr]    Compiling same-file v1.0.6
[INFO] [stderr]    Compiling cpufeatures v0.2.16
[INFO] [stderr]    Compiling crossbeam-channel v0.5.13
[INFO] [stderr]    Compiling walkdir v2.5.0
[INFO] [stderr]    Compiling prodash v29.0.0
[INFO] [stderr]    Compiling sha1 v0.10.6
[INFO] [stderr]    Compiling itoa v1.0.14
[INFO] [stderr]    Compiling sha1_smol v1.0.1
[INFO] [stderr]    Compiling ahash v0.8.11
[INFO] [stderr]    Compiling getrandom v0.2.15
[INFO] [stderr]    Compiling zerocopy v0.7.35
[INFO] [stderr]    Compiling allocator-api2 v0.2.21
[INFO] [stderr]    Compiling home v0.5.9
[INFO] [stderr]    Compiling pkg-config v0.3.31
[INFO] [stderr]    Compiling jiff v0.1.15
[INFO] [stderr]    Compiling vcpkg v0.2.15
[INFO] [stderr]    Compiling winnow v0.6.20
[INFO] [stderr]    Compiling hashbrown v0.14.5
[INFO] [stderr]    Compiling thiserror v1.0.69
[INFO] [stderr]    Compiling stable_deref_trait v1.2.0
[INFO] [stderr]    Compiling rustix v0.38.42
[INFO] [stderr]    Compiling linux-raw-sys v0.4.14
[INFO] [stderr]    Compiling openssl-sys v0.9.104
[INFO] [stderr]    Compiling memmap2 v0.9.5
[INFO] [stderr]    Compiling writeable v0.5.5
[INFO] [stderr]    Compiling litemap v0.7.4
[INFO] [stderr]    Compiling synstructure v0.13.1
[INFO] [stderr]    Compiling icu_locid_transform_data v1.5.0
[INFO] [stderr]    Compiling dashmap v6.1.0
[INFO] [stderr]    Compiling socket2 v0.5.8
[INFO] [stderr]    Compiling fnv v1.0.7
[INFO] [stderr]    Compiling icu_properties_data v1.5.0
[INFO] [stderr]    Compiling pin-project-lite v0.2.15
[INFO] [stderr]    Compiling icu_normalizer_data v1.5.0
[INFO] [stderr]    Compiling utf16_iter v1.0.5
[INFO] [stderr]    Compiling utf8_iter v1.0.4
[INFO] [stderr]    Compiling write16 v1.0.0
[INFO] [stderr]    Compiling percent-encoding v2.3.1
[INFO] [stderr]    Compiling futures-core v0.3.31
[INFO] [stderr]    Compiling form_urlencoded v1.2.1
[INFO] [stderr]    Compiling libz-sys v1.1.20
[INFO] [stderr]    Compiling slab v0.4.9
[INFO] [stderr]    Compiling unicode-bom v2.0.3
[INFO] [stderr]    Compiling futures-sink v0.3.31
[INFO] [stderr]    Compiling static_assertions v1.1.0
[INFO] [stderr]    Compiling mio v1.0.3
[INFO] [stderr]    Compiling shell-words v1.1.0
[INFO] [stderr]    Compiling openssl-probe v0.1.5
[INFO] [stderr]    Compiling tokio v1.42.0
[INFO] [stderr]    Compiling kstring v2.0.2
[INFO] [stderr]    Compiling tempfile v3.14.0
[INFO] [stderr]    Compiling http v1.2.0
[INFO] [stderr]    Compiling curl-sys v0.4.78+curl-8.11.0
[INFO] [stderr]    Compiling gix-sec v0.10.10
[INFO] [stderr]    Compiling tracing-core v0.1.33
[INFO] [stderr]    Compiling thiserror-impl v2.0.7
[INFO] [stderr]    Compiling serde_derive v1.0.216
[INFO] [stderr]    Compiling zerofrom-derive v0.1.5
[INFO] [stderr]    Compiling yoke-derive v0.7.5
[INFO] [stderr]    Compiling thiserror-impl v1.0.69
[INFO] [stderr]    Compiling gix-path v0.10.13
[INFO] [stderr]    Compiling gix-date v0.9.2
[INFO] [stderr]    Compiling zerofrom v0.1.5
[INFO] [stderr]    Compiling zerovec-derive v0.10.3
[INFO] [stderr]    Compiling yoke v0.7.5
[INFO] [stderr]    Compiling gix-validate v0.9.2
[INFO] [stderr]    Compiling gix-actor v0.33.1
[INFO] [stderr]    Compiling displaydoc v0.2.5
[INFO] [stderr]    Compiling icu_provider_macros v1.5.0
[INFO] [stderr]    Compiling gix-chunk v0.4.10
[INFO] [stderr]    Compiling gix-quote v0.4.14
[INFO] [stderr]    Compiling gix-config-value v0.14.10
[INFO] [stderr]    Compiling gix-command v0.3.11
[INFO] [stderr]    Compiling httparse v1.9.5
[INFO] [stderr]    Compiling openssl v0.10.68
[INFO] [stderr]    Compiling equivalent v1.0.1
[INFO] [stderr]    Compiling futures-task v0.3.31
[INFO] [stderr]    Compiling futures-io v0.3.31
[INFO] [stderr]    Compiling hashbrown v0.15.2
[INFO] [stderr]    Compiling pin-utils v0.1.0
[INFO] [stderr]    Compiling foreign-types-shared v0.1.1
[INFO] [stderr]    Compiling futures-util v0.3.31
[INFO] [stderr]    Compiling foreign-types v0.3.2
[INFO] [stderr]    Compiling tokio-util v0.7.13
[INFO] [stderr]    Compiling tracing v0.1.41
[INFO] [stderr]    Compiling http-body v1.0.1
[INFO] [stderr]    Compiling zerovec v0.10.4
[INFO] [stderr]    Compiling openssl-macros v0.1.1
[INFO] [stderr]    Compiling indexmap v2.7.0
[INFO] [stderr]    Compiling atomic-waker v1.1.2
[INFO] [stderr]    Compiling native-tls v0.2.12
[INFO] [stderr]    Compiling curl v0.4.47
[INFO] [stderr]    Compiling try-lock v0.2.5
[INFO] [stderr]    Compiling want v0.3.1
[INFO] [stderr]    Compiling gix-prompt v0.8.9
[INFO] [stderr]    Compiling tinystr v0.7.6
[INFO] [stderr]    Compiling icu_collections v1.5.0
[INFO] [stderr]    Compiling h2 v0.4.7
[INFO] [stderr]    Compiling gix-bitmap v0.2.13
[INFO] [stderr]    Compiling icu_locid v1.5.0
[INFO] [stderr]    Compiling futures-channel v0.3.31
[INFO] [stderr]    Compiling filetime v0.2.25
[INFO] [stderr]    Compiling encoding_rs v0.8.35
[INFO] [stderr]    Compiling icu_provider v1.5.0
[INFO] [stderr]    Compiling icu_locid_transform v1.5.0
[INFO] [stderr]    Compiling base64 v0.22.1
[INFO] [stderr]    Compiling tower-service v0.3.3
[INFO] [stderr]    Compiling ryu v1.0.18
[INFO] [stderr]    Compiling icu_properties v1.5.1
[INFO] [stderr]    Compiling clru v0.6.2
[INFO] [stderr]    Compiling hyper v1.5.1
[INFO] [stderr]    Compiling faster-hex v0.9.0
[INFO] [stderr]    Compiling tokio-native-tls v0.3.1
[INFO] [stderr]    Compiling http-body-util v0.1.2
[INFO] [stderr]    Compiling gix-hash v0.15.1
[INFO] [stderr]    Compiling gix-packetline v0.18.1
[INFO] [stderr]    Compiling gix-packetline-blocking v0.18.1
[INFO] [stderr]    Compiling gix-hashtable v0.6.0
[INFO] [stderr]    Compiling maybe-async v0.2.10
[INFO] [stderr]    Compiling imara-diff v0.1.7
[INFO] [stderr]    Compiling smartstring v1.0.1
[INFO] [stderr]    Compiling serde_json v1.0.133
[INFO] [stderr]    Compiling rustls-pki-types v1.10.1
[INFO] [stderr]    Compiling hyper-util v0.1.10
[INFO] [stderr]    Compiling arc-swap v1.7.1
[INFO] [stderr]    Compiling rustls-pemfile v2.2.0
[INFO] [stderr]    Compiling flate2 v1.0.35
[INFO] [stderr]    Compiling serde_urlencoded v0.7.1
[INFO] [stderr]    Compiling sync_wrapper v1.0.2
[INFO] [stderr]    Compiling ipnet v2.10.1
[INFO] [stderr]    Compiling icu_normalizer v1.5.0
[INFO] [stderr]    Compiling mime v0.3.17
[INFO] [stderr]    Compiling hex v0.4.3
[INFO] [stderr]    Compiling gix-features v0.39.1
[INFO] [stderr]    Compiling hyper-tls v0.6.0
[INFO] [stderr]    Compiling idna_adapter v1.2.0
[INFO] [stderr]    Compiling gix-object v0.45.0
[INFO] [stderr]    Compiling gix-fs v0.12.0
[INFO] [stderr]    Compiling gix-commitgraph v0.25.1
[INFO] [stderr]    Compiling gix-glob v0.17.1
[INFO] [stderr]    Compiling idna v1.0.3
[INFO] [stderr]    Compiling gix-tempfile v15.0.0
[INFO] [stderr]    Compiling gix-lock v15.0.1
[INFO] [stderr]    Compiling url v2.5.4
[INFO] [stderr]    Compiling gix-attributes v0.23.1
[INFO] [stderr]    Compiling gix-ignore v0.12.1
[INFO] [stderr]    Compiling gix-pathspec v0.8.1
[INFO] [stderr]    Compiling gix-url v0.28.1
[INFO] [stderr]    Compiling reqwest v0.12.9
[INFO] [stderr]    Compiling gix-revwalk v0.16.0
[INFO] [stderr]    Compiling gix-ref v0.48.0
[INFO] [stderr]    Compiling gix-pack v0.54.0
[INFO] [stderr]    Compiling gix-traverse v0.42.0
[INFO] [stderr]    Compiling gix-revision v0.30.0
[INFO] [stderr]    Compiling gix-credentials v0.25.1
[INFO] [stderr]    Compiling gix-filter v0.14.0
[INFO] [stderr]    Compiling gix-index v0.36.0
[INFO] [stderr]    Compiling gix-refspec v0.26.0
[INFO] [stderr]    Compiling gix-config v0.41.0
[INFO] [stderr]    Compiling gix-transport v0.43.1
[INFO] [stderr]    Compiling gix-worktree v0.37.0
[INFO] [stderr]    Compiling gix-odb v0.64.0
[INFO] [stderr]    Compiling gix-diff v0.47.0
[INFO] [stderr]    Compiling gix-submodule v0.15.0
[INFO] [stderr]    Compiling gix-protocol v0.46.1
[INFO] [stderr]    Compiling gix-discover v0.36.0
[INFO] [stderr]    Compiling gix-negotiate v0.16.0
[INFO] [stderr]    Compiling gix v0.67.0
[INFO] [stderr]    Compiling crates-index-diff v26.0.0 (/opt/rustwide/workdir)
[INFO] [stderr]     Finished `dev` profile [unoptimized + debuginfo] target(s) in 2m 19s
[INFO] running `Command { std: "docker" "inspect" "4853cde2ed3ec95767cac9fa8ac4dafdf3be8f63d06ea7b88415b2d171539578", kill_on_drop: false }`
[INFO] running `Command { std: "docker" "rm" "-f" "4853cde2ed3ec95767cac9fa8ac4dafdf3be8f63d06ea7b88415b2d171539578", kill_on_drop: false }`
[INFO] [stdout] 4853cde2ed3ec95767cac9fa8ac4dafdf3be8f63d06ea7b88415b2d171539578
[INFO] running `Command { std: "docker" "create" "-v" "/var/lib/crater-agent-workspace/builds/worker-3-tc1/target:/opt/rustwide/target:rw,Z" "-v" "/var/lib/crater-agent-workspace/builds/worker-3-tc1/source:/opt/rustwide/workdir:ro,Z" "-v" "/var/lib/crater-agent-workspace/cargo-home:/opt/rustwide/cargo-home:ro,Z" "-v" "/var/lib/crater-agent-workspace/rustup-home:/opt/rustwide/rustup-home:ro,Z" "-e" "SOURCE_DIR=/opt/rustwide/workdir" "-e" "CARGO_TARGET_DIR=/opt/rustwide/target" "-e" "CARGO_INCREMENTAL=0" "-e" "RUST_BACKTRACE=full" "-e" "RUSTFLAGS=--cap-lints=warn" "-e" "RUSTDOCFLAGS=--cap-lints=warn" "-e" "CARGO_HOME=/opt/rustwide/cargo-home" "-e" "RUSTUP_HOME=/opt/rustwide/rustup-home" "-w" "/opt/rustwide/workdir" "-m" "1610612736" "--user" "0:0" "--network" "none" "ghcr.io/rust-lang/crates-build-env/linux@sha256:f3a9d4ad9d972b27faf3965f35b62e55ba32bbce8f20bc8fe909558a86702fde" "/opt/rustwide/cargo-home/bin/cargo" "+1.83.0" "test" "--frozen" "--no-run" "--message-format=json", kill_on_drop: false }`
[INFO] [stdout] afab8998f52c059138e0dbeb0fa32102345b79893a0a887fc3b1039c39760f3a
[INFO] running `Command { std: "docker" "start" "-a" "afab8998f52c059138e0dbeb0fa32102345b79893a0a887fc3b1039c39760f3a", kill_on_drop: false }`
[INFO] [stderr]    Compiling gix-object v0.46.0
[INFO] [stderr]    Compiling gix-hash v0.14.2
[INFO] [stderr]    Compiling prodash v28.0.0
[INFO] [stderr]    Compiling powerfmt v0.2.0
[INFO] [stderr]    Compiling time-core v0.1.2
[INFO] [stderr]    Compiling num-conv v0.1.0
[INFO] [stderr]    Compiling num_threads v0.1.7
[INFO] [stderr]    Compiling signal-hook v0.3.17
[INFO] [stderr]    Compiling gix-validate v0.8.5
[INFO] [stderr]    Compiling deranged v0.3.11
[INFO] [stderr]    Compiling signal-hook-registry v1.4.2
[INFO] [stderr]    Compiling time-macros v0.2.19
[INFO] [stderr]    Compiling gix-hashtable v0.5.2
[INFO] [stderr]    Compiling gix-features v0.38.2
[INFO] [stderr]    Compiling arrayvec v0.7.6
[INFO] [stderr]    Compiling gix-fs v0.11.3
[INFO] [stderr]    Compiling gix-commitgraph v0.24.3
[INFO] [stderr]    Compiling uluru v3.1.0
[INFO] [stderr]    Compiling gix-glob v0.16.5
[INFO] [stderr]    Compiling toml_datetime v0.6.8
[INFO] [stderr]    Compiling gix-tempfile v14.0.2
[INFO] [stderr]    Compiling serde_spanned v0.6.8
[INFO] [stderr]    Compiling semver v1.0.24
[INFO] [stderr]    Compiling toml_edit v0.22.22
[INFO] [stderr]    Compiling gix-attributes v0.22.5
[INFO] [stderr]    Compiling gix-lock v14.0.0
[INFO] [stderr]    Compiling gix-ignore v0.11.4
[INFO] [stderr]    Compiling crc-catalog v2.4.0
[INFO] [stderr]    Compiling crc v3.2.1
[INFO] [stderr]    Compiling tar v0.4.43
[INFO] [stderr]    Compiling smol_str v0.3.2
[INFO] [stderr]    Compiling io-close v0.3.7
[INFO] [stderr]    Compiling gix-revwalk v0.17.0
[INFO] [stderr]    Compiling gix-ref v0.49.0
[INFO] [stderr]    Compiling gix-pack v0.55.0
[INFO] [stderr]    Compiling gix-revision v0.31.0
[INFO] [stderr]    Compiling time v0.3.37
[INFO] [stderr]    Compiling gix-traverse v0.43.0
[INFO] [stderr]    Compiling gix-config v0.42.0
[INFO] [stderr]    Compiling gix-index v0.37.0
[INFO] [stderr]    Compiling gix-refspec v0.27.0
[INFO] [stderr]    Compiling gix-discover v0.37.0
[INFO] [stderr]    Compiling gix-odb v0.65.0
[INFO] [stderr]    Compiling gix-date v0.8.7
[INFO] [stderr]    Compiling gix-worktree v0.38.0
[INFO] [stderr]    Compiling gix-actor v0.31.5
[INFO] [stderr]    Compiling gix-submodule v0.16.0
[INFO] [stderr]    Compiling gix-object v0.42.3
[INFO] [stderr]    Compiling gix-negotiate v0.17.0
[INFO] [stderr]    Compiling gix-revwalk v0.13.2
[INFO] [stderr]    Compiling gix-ref v0.44.1
[INFO] [stderr]    Compiling gix-diff v0.48.0
[INFO] [stderr]    Compiling gix-traverse v0.39.2
[INFO] [stderr]    Compiling gix-filter v0.15.0
[INFO] [stderr]    Compiling toml v0.8.19
[INFO] [stderr]    Compiling rand v0.4.6
[INFO] [stderr]    Compiling rustc-hash v2.1.0
[INFO] [stderr]    Compiling is_ci v1.2.0
[INFO] [stderr]    Compiling gix-index v0.33.1
[INFO] [stderr]    Compiling gix v0.68.0
[INFO] [stderr]    Compiling fs_extra v1.3.0
[INFO] [stderr]    Compiling remove_dir_all v0.5.3
[INFO] [stderr]    Compiling gix-discover v0.32.0
[INFO] [stderr]    Compiling tempdir v0.3.7
[INFO] [stderr]    Compiling gix-worktree v0.34.1
[INFO] [stderr]    Compiling gix-testtools v0.15.0
[INFO] [stderr]    Compiling crates-index v3.4.0
[INFO] [stderr]    Compiling crates-index-diff v26.0.0 (/opt/rustwide/workdir)
[INFO] [stderr]     Finished `test` profile [unoptimized + debuginfo] target(s) in 1m 14s
[INFO] running `Command { std: "docker" "inspect" "afab8998f52c059138e0dbeb0fa32102345b79893a0a887fc3b1039c39760f3a", kill_on_drop: false }`
[INFO] running `Command { std: "docker" "rm" "-f" "afab8998f52c059138e0dbeb0fa32102345b79893a0a887fc3b1039c39760f3a", kill_on_drop: false }`
[INFO] [stdout] afab8998f52c059138e0dbeb0fa32102345b79893a0a887fc3b1039c39760f3a
[INFO] running `Command { std: "docker" "create" "-v" "/var/lib/crater-agent-workspace/builds/worker-3-tc1/target:/opt/rustwide/target:rw,Z" "-v" "/var/lib/crater-agent-workspace/builds/worker-3-tc1/source:/opt/rustwide/workdir:ro,Z" "-v" "/var/lib/crater-agent-workspace/cargo-home:/opt/rustwide/cargo-home:ro,Z" "-v" "/var/lib/crater-agent-workspace/rustup-home:/opt/rustwide/rustup-home:ro,Z" "-e" "SOURCE_DIR=/opt/rustwide/workdir" "-e" "CARGO_TARGET_DIR=/opt/rustwide/target" "-e" "CARGO_INCREMENTAL=0" "-e" "RUST_BACKTRACE=full" "-e" "RUSTFLAGS=--cap-lints=warn" "-e" "RUSTDOCFLAGS=--cap-lints=warn" "-e" "CARGO_HOME=/opt/rustwide/cargo-home" "-e" "RUSTUP_HOME=/opt/rustwide/rustup-home" "-w" "/opt/rustwide/workdir" "-m" "1610612736" "--user" "0:0" "--network" "none" "ghcr.io/rust-lang/crates-build-env/linux@sha256:f3a9d4ad9d972b27faf3965f35b62e55ba32bbce8f20bc8fe909558a86702fde" "/opt/rustwide/cargo-home/bin/cargo" "+1.83.0" "test" "--frozen", kill_on_drop: false }`
[INFO] [stdout] 0e78e60e82c89dd650478ab8cca3cba7f3426d10658d6e2c130868d7e4e3f448
[INFO] running `Command { std: "docker" "start" "-a" "0e78e60e82c89dd650478ab8cca3cba7f3426d10658d6e2c130868d7e4e3f448", kill_on_drop: false }`
[INFO] [stderr]     Finished `test` profile [unoptimized + debuginfo] target(s) in 0.68s
[INFO] [stderr]      Running unittests src/lib.rs (/opt/rustwide/target/debug/deps/crates_index_diff-3675b0312774088c)
[INFO] [stdout] 
[INFO] [stdout] running 3 tests
[INFO] [stderr]    Doc-tests crates_index_diff
[INFO] [stdout] test index::diff::github::tests::test_github_http_url ... ok
[INFO] [stdout] test index::diff::github::tests::test_non_github_url ... ok
[INFO] [stdout] test index::diff::github::tests::test_github_ssh_url ... ok
[INFO] [stdout] 
[INFO] [stdout] test result: ok. 3 passed; 0 failed; 0 ignored; 0 measured; 0 filtered out; finished in 0.00s
[INFO] [stdout] 
[INFO] [stdout] 
[INFO] [stdout] running 1 test
[INFO] [stdout] test src/index/init.rs - index::init::Index::from_path_or_cloned_with_options (line 29) - compile ... FAILED
[INFO] [stdout] 
[INFO] [stdout] failures:
[INFO] [stdout] 
[INFO] [stdout] ---- src/index/init.rs - index::init::Index::from_path_or_cloned_with_options (line 29) stdout ----
[INFO] [stdout] error[E0432]: unresolved import `crates_index_diff::git`
[INFO] [stdout]  --> src/index/init.rs:32:39
[INFO] [stdout]   |
[INFO] [stdout] 6 | use crates_index_diff::{Index, index, git};
[INFO] [stdout]   |                                       ^^^
[INFO] [stdout]   |                                       |
[INFO] [stdout]   |                                       no `git` in the root
[INFO] [stdout]   |                                       help: a similar name exists in the module: `gix`
[INFO] [stdout]   |
[INFO] [stdout]   = help: consider importing this module instead:
[INFO] [stdout]           crates_index::git
[INFO] [stdout] 
[INFO] [stdout] error: aborting due to 1 previous error
[INFO] [stdout] 
[INFO] [stdout] For more information about this error, try `rustc --explain E0432`.
[INFO] [stdout] Couldn't compile the test.
[INFO] [stdout] 
[INFO] [stdout] failures:
[INFO] [stdout]     src/index/init.rs - index::init::Index::from_path_or_cloned_with_options (line 29)
[INFO] [stdout] 
[INFO] [stdout] test result: FAILED. 0 passed; 1 failed; 0 ignored; 0 measured; 0 filtered out; finished in 0.21s
[INFO] [stdout] 
[INFO] [stderr] error: doctest failed, to rerun pass `--doc`
[INFO] running `Command { std: "docker" "inspect" "0e78e60e82c89dd650478ab8cca3cba7f3426d10658d6e2c130868d7e4e3f448", kill_on_drop: false }`
[INFO] running `Command { std: "docker" "rm" "-f" "0e78e60e82c89dd650478ab8cca3cba7f3426d10658d6e2c130868d7e4e3f448", kill_on_drop: false }`
[INFO] [stdout] 0e78e60e82c89dd650478ab8cca3cba7f3426d10658d6e2c130868d7e4e3f448
