[INFO] fetching crate crabby-webshell-generator 2.0.0...
[INFO] testing crabby-webshell-generator-2.0.0 against beta-2024-12-08 for beta-1.84.0-4-retry
[INFO] extracting crate crabby-webshell-generator 2.0.0 into /workspace/builds/worker-2-tc2/source
[INFO] validating manifest of crates.io crate crabby-webshell-generator 2.0.0 on toolchain beta-2024-12-08
[INFO] running `Command { std: CARGO_HOME="/workspace/cargo-home" RUSTUP_HOME="/workspace/rustup-home" "/workspace/cargo-home/bin/cargo" "+beta-2024-12-08" "metadata" "--manifest-path" "Cargo.toml" "--no-deps", kill_on_drop: false }`
[INFO] started tweaking crates.io crate crabby-webshell-generator 2.0.0
[INFO] finished tweaking crates.io crate crabby-webshell-generator 2.0.0
[INFO] tweaked toml for crates.io crate crabby-webshell-generator 2.0.0 written to /workspace/builds/worker-2-tc2/source/Cargo.toml
[INFO] crate crates.io crate crabby-webshell-generator 2.0.0 already has a lockfile, it will not be regenerated
[INFO] running `Command { std: CARGO_HOME="/workspace/cargo-home" RUSTUP_HOME="/workspace/rustup-home" "/workspace/cargo-home/bin/cargo" "+beta-2024-12-08" "fetch" "--manifest-path" "Cargo.toml", kill_on_drop: false }`
[INFO] running `Command { std: "docker" "create" "-v" "/var/lib/crater-agent-workspace/builds/worker-2-tc2/target:/opt/rustwide/target:rw,Z" "-v" "/var/lib/crater-agent-workspace/builds/worker-2-tc2/source:/opt/rustwide/workdir:ro,Z" "-v" "/var/lib/crater-agent-workspace/cargo-home:/opt/rustwide/cargo-home:ro,Z" "-v" "/var/lib/crater-agent-workspace/rustup-home:/opt/rustwide/rustup-home:ro,Z" "-e" "SOURCE_DIR=/opt/rustwide/workdir" "-e" "CARGO_TARGET_DIR=/opt/rustwide/target" "-e" "CARGO_HOME=/opt/rustwide/cargo-home" "-e" "RUSTUP_HOME=/opt/rustwide/rustup-home" "-w" "/opt/rustwide/workdir" "-m" "1610612736" "--user" "0:0" "--network" "none" "ghcr.io/rust-lang/crates-build-env/linux@sha256:f3a9d4ad9d972b27faf3965f35b62e55ba32bbce8f20bc8fe909558a86702fde" "/opt/rustwide/cargo-home/bin/cargo" "+beta-2024-12-08" "metadata" "--no-deps" "--format-version=1", kill_on_drop: false }`
[INFO] [stdout] efbd3dcb43f3963acf76e98793e246dd228e16bbf8cb3b61e909895c6c528c78
[INFO] running `Command { std: "docker" "start" "-a" "efbd3dcb43f3963acf76e98793e246dd228e16bbf8cb3b61e909895c6c528c78", kill_on_drop: false }`
[INFO] running `Command { std: "docker" "inspect" "efbd3dcb43f3963acf76e98793e246dd228e16bbf8cb3b61e909895c6c528c78", kill_on_drop: false }`
[INFO] running `Command { std: "docker" "rm" "-f" "efbd3dcb43f3963acf76e98793e246dd228e16bbf8cb3b61e909895c6c528c78", kill_on_drop: false }`
[INFO] [stdout] efbd3dcb43f3963acf76e98793e246dd228e16bbf8cb3b61e909895c6c528c78
[INFO] running `Command { std: "docker" "create" "-v" "/var/lib/crater-agent-workspace/builds/worker-2-tc2/target:/opt/rustwide/target:rw,Z" "-v" "/var/lib/crater-agent-workspace/builds/worker-2-tc2/source:/opt/rustwide/workdir:ro,Z" "-v" "/var/lib/crater-agent-workspace/cargo-home:/opt/rustwide/cargo-home:ro,Z" "-v" "/var/lib/crater-agent-workspace/rustup-home:/opt/rustwide/rustup-home:ro,Z" "-e" "SOURCE_DIR=/opt/rustwide/workdir" "-e" "CARGO_TARGET_DIR=/opt/rustwide/target" "-e" "CARGO_INCREMENTAL=0" "-e" "RUST_BACKTRACE=full" "-e" "RUSTFLAGS=--cap-lints=warn" "-e" "RUSTDOCFLAGS=--cap-lints=warn" "-e" "CARGO_HOME=/opt/rustwide/cargo-home" "-e" "RUSTUP_HOME=/opt/rustwide/rustup-home" "-w" "/opt/rustwide/workdir" "-m" "1610612736" "--user" "0:0" "--network" "none" "ghcr.io/rust-lang/crates-build-env/linux@sha256:f3a9d4ad9d972b27faf3965f35b62e55ba32bbce8f20bc8fe909558a86702fde" "/opt/rustwide/cargo-home/bin/cargo" "+beta-2024-12-08" "build" "--frozen" "--message-format=json", kill_on_drop: false }`
[INFO] [stdout] 77e6c371472ec867050206af0ca83422c5b520ca07924b04c8fd016e00e3c723
[INFO] running `Command { std: "docker" "start" "-a" "77e6c371472ec867050206af0ca83422c5b520ca07924b04c8fd016e00e3c723", kill_on_drop: false }`
[INFO] [stderr]    Compiling libc v0.2.153
[INFO] [stderr]    Compiling pkg-config v0.3.30
[INFO] [stderr]    Compiling cfg-if v1.0.0
[INFO] [stderr]    Compiling proc-macro2 v1.0.81
[INFO] [stderr]    Compiling unicode-ident v1.0.12
[INFO] [stderr]    Compiling version_check v0.9.4
[INFO] [stderr]    Compiling typenum v1.17.0
[INFO] [stderr]    Compiling log v0.4.21
[INFO] [stderr]    Compiling once_cell v1.19.0
[INFO] [stderr]    Compiling bytes v1.6.0
[INFO] [stderr]    Compiling pin-project-lite v0.2.14
[INFO] [stderr]    Compiling memchr v2.7.2
[INFO] [stderr]    Compiling futures-core v0.3.30
[INFO] [stderr]    Compiling itoa v1.0.11
[INFO] [stderr]    Compiling vcpkg v0.2.15
[INFO] [stderr]    Compiling autocfg v1.2.0
[INFO] [stderr]    Compiling futures-sink v0.3.30
[INFO] [stderr]    Compiling fnv v1.0.7
[INFO] [stderr]    Compiling futures-io v0.3.30
[INFO] [stderr]    Compiling futures-task v0.3.30
[INFO] [stderr]    Compiling pin-utils v0.1.0
[INFO] [stderr]    Compiling subtle v2.5.0
[INFO] [stderr]    Compiling httparse v1.8.0
[INFO] [stderr]    Compiling equivalent v1.0.1
[INFO] [stderr]    Compiling foreign-types-shared v0.1.1
[INFO] [stderr]    Compiling openssl v0.10.64
[INFO] [stderr]    Compiling hashbrown v0.14.3
[INFO] [stderr]    Compiling foreign-types v0.3.2
[INFO] [stderr]    Compiling tinyvec_macros v0.1.1
[INFO] [stderr]    Compiling tracing-core v0.1.32
[INFO] [stderr]    Compiling crc32fast v1.4.0
[INFO] [stderr]    Compiling try-lock v0.2.5
[INFO] [stderr]    Compiling native-tls v0.2.11
[INFO] [stderr]    Compiling slab v0.4.9
[INFO] [stderr]    Compiling serde v1.0.198
[INFO] [stderr]    Compiling generic-array v0.14.7
[INFO] [stderr]    Compiling bitflags v2.5.0
[INFO] [stderr]    Compiling want v0.3.1
[INFO] [stderr]    Compiling tracing v0.1.40
[INFO] [stderr]    Compiling tinyvec v1.6.0
[INFO] [stderr]    Compiling http v1.1.0
[INFO] [stderr]    Compiling futures-channel v0.3.30
[INFO] [stderr]    Compiling cpufeatures v0.2.12
[INFO] [stderr]    Compiling tower-layer v0.3.2
[INFO] [stderr]    Compiling percent-encoding v2.3.1
[INFO] [stderr]    Compiling indexmap v2.2.6
[INFO] [stderr]    Compiling futures-util v0.3.30
[INFO] [stderr]    Compiling smallvec v1.13.2
[INFO] [stderr]    Compiling zstd-safe v7.1.0
[INFO] [stderr]    Compiling openssl-probe v0.1.5
[INFO] [stderr]    Compiling tower-service v0.3.2
[INFO] [stderr]    Compiling quote v1.0.36
[INFO] [stderr]    Compiling utf8parse v0.2.1
[INFO] [stderr]    Compiling form_urlencoded v1.2.1
[INFO] [stderr]    Compiling jobserver v0.1.30
[INFO] [stderr]    Compiling mio v0.8.11
[INFO] [stderr]    Compiling syn v2.0.60
[INFO] [stderr]    Compiling num_cpus v1.16.0
[INFO] [stderr]    Compiling socket2 v0.5.6
[INFO] [stderr]    Compiling getrandom v0.2.14
[INFO] [stderr]    Compiling cc v1.0.94
[INFO] [stderr]    Compiling unicode-normalization v0.1.23
[INFO] [stderr]    Compiling anstyle-parse v0.2.3
[INFO] [stderr]    Compiling aho-corasick v1.1.3
[INFO] [stderr]    Compiling regex-syntax v0.8.3
[INFO] [stderr]    Compiling http-body v1.0.0
[INFO] [stderr]    Compiling ryu v1.0.17
[INFO] [stderr]    Compiling unicode-bidi v0.3.15
[INFO] [stderr]    Compiling anstyle-query v1.0.2
[INFO] [stderr]    Compiling crc-catalog v2.4.0
[INFO] [stderr]    Compiling tokio v1.37.0
[INFO] [stderr]    Compiling colorchoice v1.0.0
[INFO] [stderr]    Compiling lazy_static v1.4.0
[INFO] [stderr]    Compiling adler v1.0.2
[INFO] [stderr]    Compiling powerfmt v0.2.0
[INFO] [stderr]    Compiling anstyle v1.0.6
[INFO] [stderr]    Compiling cmake v0.1.50
[INFO] [stderr]    Compiling crypto-common v0.1.6
[INFO] [stderr]    Compiling block-buffer v0.10.4
[INFO] [stderr]    Compiling inout v0.1.3
[INFO] [stderr]    Compiling digest v0.10.7
[INFO] [stderr]    Compiling deranged v0.3.11
[INFO] [stderr]    Compiling idna v0.5.0
[INFO] [stderr]    Compiling cipher v0.4.4
[INFO] [stderr]    Compiling miniz_oxide v0.7.2
[INFO] [stderr]    Compiling crc v3.2.1
[INFO] [stderr]    Compiling hmac v0.12.1
[INFO] [stderr]    Compiling anstream v0.6.13
[INFO] [stderr]    Compiling http-body-util v0.1.1
[INFO] [stderr]    Compiling rand_core v0.6.4
[INFO] [stderr]    Compiling is-terminal v0.4.12
[INFO] [stderr]    Compiling ppv-lite86 v0.2.17
[INFO] [stderr]    Compiling byteorder v1.5.0
[INFO] [stderr]    Compiling base64 v0.22.0
[INFO] [stderr]    Compiling heck v0.5.0
[INFO] [stderr]    Compiling bit-vec v0.6.3
[INFO] [stderr]    Compiling simd-adler32 v0.3.7
[INFO] [stderr]    Compiling anyhow v1.0.82
[INFO] [stderr]    Compiling num-conv v0.1.0
[INFO] [stderr]    Compiling time-core v0.1.2
[INFO] [stderr]    Compiling typed-arena v2.0.2
[INFO] [stderr]    Compiling serde_json v1.0.116
[INFO] [stderr]    Compiling zip v1.1.3
[INFO] [stderr]    Compiling rustls-pki-types v1.4.1
[INFO] [stderr]    Compiling strsim v0.11.1
[INFO] [stderr]    Compiling clap_lex v0.7.0
[INFO] [stderr]    Compiling openssl-sys v0.9.102
[INFO] [stderr]    Compiling zstd-sys v2.0.10+zstd.1.5.6
[INFO] [stderr]    Compiling libz-ng-sys v1.1.15
[INFO] [stderr]    Compiling bzip2-sys v0.1.11+1.0.8
[INFO] [stderr]    Compiling rustls-pemfile v2.1.2
[INFO] [stderr]    Compiling clap_builder v4.5.2
[INFO] [stderr]    Compiling zopfli v0.8.0
[INFO] [stderr]    Compiling time v0.3.36
[INFO] [stderr]    Compiling bit-set v0.5.3
[INFO] [stderr]    Compiling rand_chacha v0.3.1
[INFO] [stderr]    Compiling lzma-rs v0.3.0
[INFO] [stderr]    Compiling url v2.5.0
[INFO] [stderr]    Compiling regex-automata v0.4.6
[INFO] [stderr]    Compiling serde_urlencoded v0.7.1
[INFO] [stderr]    Compiling aes v0.8.4
[INFO] [stderr]    Compiling colored v1.9.4
[INFO] [stderr]    Compiling pbkdf2 v0.12.2
[INFO] [stderr]    Compiling sha1 v0.10.6
[INFO] [stderr]    Compiling encoding_rs v0.8.34
[INFO] [stderr]    Compiling mime v0.3.17
[INFO] [stderr]    Compiling ipnet v2.9.0
[INFO] [stderr]    Compiling sync_wrapper v0.1.2
[INFO] [stderr]    Compiling bzip2 v0.4.4
[INFO] [stderr]    Compiling constant_time_eq v0.3.0
[INFO] [stderr]    Compiling deflate64 v0.1.8
[INFO] [stderr]    Compiling fern v0.6.2
[INFO] [stderr]    Compiling rand v0.8.5
[INFO] [stderr]    Compiling sha2 v0.10.8
[INFO] [stderr]    Compiling colored v2.1.0
[INFO] [stderr]    Compiling base16ct v0.2.0
[INFO] [stderr]    Compiling glob v0.3.1
[INFO] [stderr]    Compiling humantime v2.1.0
[INFO] [stderr]    Compiling tokio-util v0.7.10
[INFO] [stderr]    Compiling pin-project-internal v1.1.5
[INFO] [stderr]    Compiling openssl-macros v0.1.1
[INFO] [stderr]    Compiling clap_derive v4.5.4
[INFO] [stderr]    Compiling h2 v0.4.4
[INFO] [stderr]    Compiling regex v1.10.4
[INFO] [stderr]    Compiling pin-project v1.1.5
[INFO] [stderr]    Compiling fancy-regex v0.13.0
[INFO] [stderr]    Compiling tower v0.4.13
[INFO] [stderr]    Compiling clap v4.5.4
[INFO] [stderr]    Compiling tokio-native-tls v0.3.1
[INFO] [stderr]    Compiling zstd v0.13.1
[INFO] [stderr] error: failed to run custom build command for `libz-ng-sys v1.1.15`
[INFO] [stderr] note: To improve backtraces for build dependencies, set the CARGO_PROFILE_DEV_BUILD_OVERRIDE_DEBUG=true environment variable to enable debug information generation.
[INFO] [stderr] 
[INFO] [stderr] Caused by:
[INFO] [stderr]   process didn't exit successfully: `/opt/rustwide/target/debug/build/libz-ng-sys-5cdb6dd9201506e5/build-script-build_zng` (exit status: 101)
[INFO] [stderr]   --- stdout
[INFO] [stderr]   CMAKE_TOOLCHAIN_FILE_x86_64-unknown-linux-gnu = None
[INFO] [stderr]   CMAKE_TOOLCHAIN_FILE_x86_64_unknown_linux_gnu = None
[INFO] [stderr]   HOST_CMAKE_TOOLCHAIN_FILE = None
[INFO] [stderr]   CMAKE_TOOLCHAIN_FILE = None
[INFO] [stderr]   CMAKE_GENERATOR_x86_64-unknown-linux-gnu = None
[INFO] [stderr]   CMAKE_GENERATOR_x86_64_unknown_linux_gnu = None
[INFO] [stderr]   HOST_CMAKE_GENERATOR = None
[INFO] [stderr]   CMAKE_GENERATOR = None
[INFO] [stderr]   CMAKE_PREFIX_PATH_x86_64-unknown-linux-gnu = None
[INFO] [stderr]   CMAKE_PREFIX_PATH_x86_64_unknown_linux_gnu = None
[INFO] [stderr]   HOST_CMAKE_PREFIX_PATH = None
[INFO] [stderr]   CMAKE_PREFIX_PATH = None
[INFO] [stderr]   CMAKE_x86_64-unknown-linux-gnu = None
[INFO] [stderr]   CMAKE_x86_64_unknown_linux_gnu = None
[INFO] [stderr]   HOST_CMAKE = None
[INFO] [stderr]   CMAKE = None
[INFO] [stderr]   running: cd "/opt/rustwide/target/debug/build/libz-ng-sys-91b0eb0b7c6b0081/out/build" && CMAKE_PREFIX_PATH="" "cmake" "/opt/rustwide/cargo-home/registry/src/index.crates.io-6f17d22bba15001f/libz-ng-sys-1.1.15/src/zlib-ng" "-DBUILD_SHARED_LIBS=OFF" "-DZLIB_COMPAT=OFF" "-DZLIB_ENABLE_TESTS=OFF" "-DWITH_GZFILEOP=ON" "-DCMAKE_INSTALL_PREFIX=/opt/rustwide/target/debug/build/libz-ng-sys-91b0eb0b7c6b0081/out" "-DCMAKE_C_FLAGS= -ffunction-sections -fdata-sections -fPIC -m64" "-DCMAKE_C_COMPILER=/usr/bin/cc" "-DCMAKE_CXX_FLAGS= -ffunction-sections -fdata-sections -fPIC -m64" "-DCMAKE_CXX_COMPILER=/usr/bin/c++" "-DCMAKE_ASM_FLAGS= -ffunction-sections -fdata-sections -fPIC -m64" "-DCMAKE_ASM_COMPILER=/usr/bin/cc" "-DCMAKE_BUILD_TYPE=Debug"
[INFO] [stderr]   -- Using CMake version 3.22.1
[INFO] [stderr]   -- ZLIB_HEADER_VERSION: 1.3.0
[INFO] [stderr]   -- ZLIBNG_HEADER_VERSION: 2.1.6
[INFO] [stderr]   -- The C compiler identification is GNU 11.4.0
[INFO] [stderr]   -- Detecting C compiler ABI info
[INFO] [stderr]   -- Detecting C compiler ABI info - done
[INFO] [stderr]   -- Check for working C compiler: /usr/bin/cc - skipped
[INFO] [stderr]   -- Detecting C compile features
[INFO] [stderr]   -- Detecting C compile features - done
[INFO] [stderr]   -- Arch detected: 'x86_64'
[INFO] [stderr]   -- Basearch of 'x86_64' has been detected as: 'x86'
[INFO] [stderr]   -- Performing Test FNO_LTO_AVAILABLE
[INFO] [stderr]   -- Performing Test FNO_LTO_AVAILABLE - Success
[INFO] [stderr]   -- Looking for arm_acle.h
[INFO] [stderr]   -- Looking for arm_acle.h - not found
[INFO] [stderr]   -- Looking for sys/auxv.h
[INFO] [stderr]   -- Looking for sys/auxv.h - found
[INFO] [stderr]   -- Looking for sys/sdt.h
[INFO] [stderr]   -- Looking for sys/sdt.h - not found
[INFO] [stderr]   -- Looking for unistd.h
[INFO] [stderr]   -- Looking for unistd.h - found
[INFO] [stderr]   -- Looking for sys/types.h
[INFO] [stderr]   -- Looking for sys/types.h - found
[INFO] [stderr]   -- Looking for stdint.h
[INFO] [stderr]   -- Looking for stdint.h - found
[INFO] [stderr]   -- Looking for stddef.h
[INFO] [stderr]   -- Looking for stddef.h - found
[INFO] [stderr]   -- Check size of off64_t
[INFO] [stderr]   -- Check size of off64_t - done
[INFO] [stderr]   -- Looking for fseeko
[INFO] [stderr]   -- Looking for fseeko - found
[INFO] [stderr]   -- Looking for strerror
[INFO] [stderr]   -- Looking for strerror - found
[INFO] [stderr]   -- Looking for posix_memalign
[INFO] [stderr]   -- Looking for posix_memalign - found
[INFO] [stderr]   -- Looking for aligned_alloc
[INFO] [stderr]   -- Looking for aligned_alloc - found
[INFO] [stderr]   -- Performing Test HAVE_NO_INTERPOSITION
[INFO] [stderr]   -- Performing Test HAVE_NO_INTERPOSITION - Success
[INFO] [stderr]   -- Performing Test HAVE_ATTRIBUTE_VISIBILITY_HIDDEN
[INFO] [stderr]   -- Performing Test HAVE_ATTRIBUTE_VISIBILITY_HIDDEN - Success
[INFO] [stderr]   -- Performing Test HAVE_ATTRIBUTE_VISIBILITY_INTERNAL
[INFO] [stderr]   -- Performing Test HAVE_ATTRIBUTE_VISIBILITY_INTERNAL - Success
[INFO] [stderr]   -- Performing Test HAVE_ATTRIBUTE_ALIGNED
[INFO] [stderr]   -- Performing Test HAVE_ATTRIBUTE_ALIGNED - Success
[INFO] [stderr]   -- Performing Test HAVE_BUILTIN_CTZ
[INFO] [stderr]   -- Performing Test HAVE_BUILTIN_CTZ - Success
[INFO] [stderr]   -- Performing Test HAVE_BUILTIN_CTZLL
[INFO] [stderr]   -- Performing Test HAVE_BUILTIN_CTZLL - Success
[INFO] [stderr]   -- Performing Test HAVE_PTRDIFF_T
[INFO] [stderr]   -- Performing Test HAVE_PTRDIFF_T - Success
[INFO] [stderr]   -- Performing Test HAVE_AVX2_INTRIN
[INFO] [stderr]   -- Performing Test HAVE_AVX2_INTRIN - Success
[INFO] [stderr]   -- Performing Test HAVE_CASCADE_LAKE
[INFO] [stderr]   -- Performing Test HAVE_CASCADE_LAKE - Success
[INFO] [stderr]   -- Performing Test HAVE_AVX512_INTRIN
[INFO] [stderr]   -- Performing Test HAVE_AVX512_INTRIN - Success
[INFO] [stderr]   -- Performing Test HAVE_MASK_INTRIN
[INFO] [stderr]   -- Performing Test HAVE_MASK_INTRIN - Success
[INFO] [stderr]   -- Performing Test HAVE_AVX512VNNI_INTRIN
[INFO] [stderr]   -- Performing Test HAVE_AVX512VNNI_INTRIN - Success
[INFO] [stderr]   -- Performing Test HAVE_SSE42_INTRIN
[INFO] [stderr]   -- Performing Test HAVE_SSE42_INTRIN - Success
[INFO] [stderr]   -- Performing Test HAVE_SSE2_INTRIN
[INFO] [stderr]   -- Performing Test HAVE_SSE2_INTRIN - Success
[INFO] [stderr]   -- Performing Test HAVE_SSSE3_INTRIN
[INFO] [stderr]   -- Performing Test HAVE_SSSE3_INTRIN - Success
[INFO] [stderr]   -- Performing Test HAVE_PCLMULQDQ_INTRIN
[INFO] [stderr]   -- Performing Test HAVE_PCLMULQDQ_INTRIN - Success
[INFO] [stderr]   -- Performing Test HAVE_VPCLMULQDQ_INTRIN
[INFO] [stderr]   -- Performing Test HAVE_VPCLMULQDQ_INTRIN - Success
[INFO] [stderr]   -- Performing Test HAVE_XSAVE_INTRIN
[INFO] [stderr]   -- Performing Test HAVE_XSAVE_INTRIN - Success
[INFO] [stderr]   -- Architecture-specific source files: arch/x86/x86_features.c;arch/x86/slide_hash_avx2.c;arch/x86/chunkset_avx2.c;arch/x86/compare256_avx2.c;arch/x86/adler32_avx2.c;arch/x86/adler32_avx512.c;arch/x86/adler32_avx512_vnni.c;arch/x86/adler32_sse42.c;arch/x86/insert_string_sse42.c;arch/x86/chunkset_sse2.c;arch/x86/compare256_sse2.c;arch/x86/slide_hash_sse2.c;arch/x86/adler32_ssse3.c;arch/x86/chunkset_ssse3.c;arch/x86/crc32_pclmulqdq.c;arch/x86/crc32_vpclmulqdq.c
[INFO] [stderr]   -- The following features have been enabled:
[INFO] [stderr] 
[INFO] [stderr]    * CMAKE_BUILD_TYPE, Build type: Debug (selected)
[INFO] [stderr]    * AVX2_SLIDEHASH, Support AVX2 optimized slide_hash, using "-mavx2"
[INFO] [stderr]    * AVX2_CHUNKSET, Support AVX2 optimized chunkset, using "-mavx2"
[INFO] [stderr]    * AVX2_COMPARE256, Support AVX2 optimized compare256, using "-mavx2"
[INFO] [stderr]    * AVX2_ADLER32, Support AVX2-accelerated adler32, using "-mavx2"
[INFO] [stderr]    * AVX512_ADLER32, Support AVX512-accelerated adler32, using "-mavx512f -mavx512dq -mavx512bw -mavx512vl -mtune=cascadelake"
[INFO] [stderr]    * AVX512VNNI_ADLER32, Support AVX512VNNI adler32, using "-mavx512f -mavx512dq -mavx512bw -mavx512vl -mavx512vnni -mtune=cascadelake"
[INFO] [stderr]    * SSE42_CRC, Support SSE4.2 optimized CRC hash generation, using "-msse4.2"
[INFO] [stderr]    * SSSE3_ADLER32, Support SSSE3-accelerated adler32, using "-mssse3"
[INFO] [stderr]    * PCLMUL_CRC, Support CRC hash generation using PCLMULQDQ, using "-mssse3 -msse4.2 -mpclmul"
[INFO] [stderr]    * VPCLMUL_CRC, Support CRC hash generation using VPCLMULQDQ, using "-mvpclmulqdq -mavx512f -mavx512f -mavx512dq -mavx512bw -mavx512vl -mtune=cascadelake"
[INFO] [stderr]    * XSAVE, Support XSAVE intrinsics using "-mxsave"
[INFO] [stderr]    * WITH_GZFILEOP, Compile with support for gzFile related functions
[INFO] [stderr]    * ZLIBNG_ENABLE_TESTS, Test zlib-ng specific API
[INFO] [stderr]    * WITH_SANITIZER, Enable sanitizer support
[INFO] [stderr]    * WITH_GTEST, Build gtest_zlib
[INFO] [stderr]    * WITH_OPTIM, Build with optimisation
[INFO] [stderr]    * WITH_NEW_STRATEGIES, Use new strategies
[INFO] [stderr]    * WITH_AVX2, Build with AVX2
[INFO] [stderr]    * WITH_AVX512, Build with AVX512
[INFO] [stderr]    * WITH_AVX512VNNI, Build with AVX512 VNNI
[INFO] [stderr]    * WITH_SSE2, Build with SSE2
[INFO] [stderr]    * WITH_SSSE3, Build with SSSE3
[INFO] [stderr]    * WITH_SSE42, Build with SSE42
[INFO] [stderr]    * WITH_PCLMULQDQ, Build with PCLMULQDQ
[INFO] [stderr]    * WITH_VPCLMULQDQ, Build with VPCLMULQDQ
[INFO] [stderr] 
[INFO] [stderr]   -- The following features have been disabled:
[INFO] [stderr] 
[INFO] [stderr]    * ZLIB_SYMBOL_PREFIX, Publicly exported symbols DO NOT have a custom prefix
[INFO] [stderr]    * ZLIB_COMPAT, Compile with zlib compatible API
[INFO] [stderr]    * ZLIB_ENABLE_TESTS, Build test binaries
[INFO] [stderr]    * WITH_FUZZERS, Build test/fuzz
[INFO] [stderr]    * WITH_BENCHMARKS, Build test/benchmarks
[INFO] [stderr]    * WITH_BENCHMARK_APPS, Build application benchmarks
[INFO] [stderr]    * WITH_NATIVE_INSTRUCTIONS, Instruct the compiler to use the full instruction set on this host (gcc/clang -march=native)
[INFO] [stderr]    * WITH_MAINTAINER_WARNINGS, Build with project maintainer warnings
[INFO] [stderr]    * WITH_CODE_COVERAGE, Enable code coverage reporting
[INFO] [stderr]    * WITH_INFLATE_STRICT, Build with strict inflate distance checking
[INFO] [stderr]    * WITH_INFLATE_ALLOW_INVALID_DIST, Build with zero fill for inflate invalid distances
[INFO] [stderr]    * INSTALL_UTILS, Copy minigzip and minideflate during install
[INFO] [stderr] 
[INFO] [stderr]   -- Configuring done
[INFO] [stderr]   -- Generating done
[INFO] [stderr]   -- Build files have been written to: /opt/rustwide/target/debug/build/libz-ng-sys-91b0eb0b7c6b0081/out/build
[INFO] [stderr]   running: cd "/opt/rustwide/target/debug/build/libz-ng-sys-91b0eb0b7c6b0081/out/build" && MAKEFLAGS="-j --jobserver-fds=8,9 --jobserver-auth=8,9" "cmake" "--build" "." "--target" "install" "--config" "Debug"
[INFO] [stderr]   [  2%] Building C object CMakeFiles/zlib.dir/deflate.c.o
[INFO] [stderr]   [  4%] Building C object CMakeFiles/zlib.dir/adler32.c.o
[INFO] [stderr]   [  6%] Building C object CMakeFiles/zlib.dir/adler32_fold.c.o
[INFO] [stderr]   [ 10%] Building C object CMakeFiles/zlib.dir/chunkset.c.o
[INFO] [stderr]   [  8%] Building C object CMakeFiles/zlib.dir/crc32_braid.c.o
[INFO] [stderr]   [ 12%] Building C object CMakeFiles/zlib.dir/cpu_features.c.o
[INFO] [stderr]   [ 14%] Building C object CMakeFiles/zlib.dir/compare256.c.o
[INFO] [stderr]   [ 17%] Building C object CMakeFiles/zlib.dir/compress.c.o
[INFO] [stderr]   [ 19%] Building C object CMakeFiles/zlib.dir/crc32_fold.c.o
[INFO] [stderr]   [ 21%] Building C object CMakeFiles/zlib.dir/crc32_braid_comb.c.o
[INFO] [stderr]   [ 23%] Building C object CMakeFiles/zlib.dir/deflate_huff.c.o
[INFO] [stderr]   [ 25%] Building C object CMakeFiles/zlib.dir/deflate_medium.c.o
[INFO] [stderr]   [ 27%] Building C object CMakeFiles/zlib.dir/deflate_fast.c.o
[INFO] [stderr]   [ 29%] Building C object CMakeFiles/zlib.dir/deflate_quick.c.o
[INFO] [stderr] 
[INFO] [stderr]   --- stderr
[INFO] [stderr]   CMake Warning:
[INFO] [stderr]     Manually-specified variables were not used by the project:
[INFO] [stderr] 
[INFO] [stderr]       CMAKE_ASM_COMPILER
[INFO] [stderr]       CMAKE_ASM_FLAGS
[INFO] [stderr]       CMAKE_CXX_COMPILER
[INFO] [stderr]       CMAKE_CXX_FLAGS
[INFO] [stderr] 
[INFO] [stderr] 
[INFO] [stderr]   /opt/rustwide/cargo-home/registry/src/index.crates.io-6f17d22bba15001f/libz-ng-sys-1.1.15/src/zlib-ng/adler32_fold.c:16:1: fatal error: error writing to /tmp/cchKtTuX.s: No space left on device
[INFO] [stderr]      16 | }
[INFO] [stderr]         | ^
[INFO] [stderr]   compilation terminated.
[INFO] [stderr]   gmake[2]: *** [CMakeFiles/zlib.dir/build.make:90: CMakeFiles/zlib.dir/adler32_fold.c.o] Error 1
[INFO] [stderr]   gmake[2]: *** Waiting for unfinished jobs....
[INFO] [stderr]   /opt/rustwide/cargo-home/registry/src/index.crates.io-6f17d22bba15001f/libz-ng-sys-1.1.15/src/zlib-ng/adler32.c:114:1: fatal error: error writing to /tmp/ccDShWEZ.s: No space left on device
[INFO] [stderr]     114 | }
[INFO] [stderr]         | ^
[INFO] [stderr]   compilation terminated.
[INFO] [stderr]   /tmp/ccfQGYOO.s: Assembler messages:
[INFO] [stderr]   /tmp/ccfQGYOO.s: Fatal error: can't write 1024 bytes to section .rodata.crc_table of CMakeFiles/zlib.dir/crc32_braid.c.o: 'No space left on device'
[INFO] [stderr]   /tmp/ccfQGYOO.s: Fatal error: CMakeFiles/zlib.dir/crc32_braid.c.o: No space left on device
[INFO] [stderr]   /tmp/ccENtXiC.s: Assembler messages:
[INFO] [stderr]   /tmp/ccENtXiC.s: Fatal error: can't write 32 bytes to section .text.crc32_fold_reset_c of CMakeFiles/zlib.dir/crc32_fold.c.o: 'No space left on device'
[INFO] [stderr]   gmake[2]: *** [CMakeFiles/zlib.dir/build.make:76: CMakeFiles/zlib.dir/adler32.c.o] Error 1
[INFO] [stderr]   gmake[2]: *** [CMakeFiles/zlib.dir/build.make:160: CMakeFiles/zlib.dir/crc32_braid.c.o] Error 1
[INFO] [stderr]   gmake[2]: *** [CMakeFiles/zlib.dir/build.make:188: CMakeFiles/zlib.dir/crc32_fold.c.o] Error 1
[INFO] [stderr]   /opt/rustwide/cargo-home/registry/src/index.crates.io-6f17d22bba15001f/libz-ng-sys-1.1.15/src/zlib-ng/deflate_medium.c:292:1: fatal error: error writing to /tmp/ccrcRgkF.s: No space left on device
[INFO] [stderr]     292 | }
[INFO] [stderr]         | ^
[INFO] [stderr]   compilation terminated.
[INFO] [stderr]   gmake[2]: *** [CMakeFiles/zlib.dir/build.make:244: CMakeFiles/zlib.dir/deflate_medium.c.o] Error 1
[INFO] [stderr]   /opt/rustwide/cargo-home/registry/src/index.crates.io-6f17d22bba15001f/libz-ng-sys-1.1.15/src/zlib-ng/compare256.c:177: fatal error: error writing to /tmp/ccGRU4BF.s: No space left on device
[INFO] [stderr]     177 | 
[INFO] [stderr]         | 
[INFO] [stderr]   compilation terminated.
[INFO] [stderr]   gmake[2]: *** [CMakeFiles/zlib.dir/build.make:118: CMakeFiles/zlib.dir/compare256.c.o] Error 1
[INFO] [stderr]   /opt/rustwide/cargo-home/registry/src/index.crates.io-6f17d22bba15001f/libz-ng-sys-1.1.15/src/zlib-ng/crc32_braid_comb.c:54:1: fatal error: error writing to /tmp/ccCcIThj.s: No space left on device
[INFO] [stderr]      54 | }
[INFO] [stderr]         | ^
[INFO] [stderr]   compilation terminated.
[INFO] [stderr]   /opt/rustwide/cargo-home/registry/src/index.crates.io-6f17d22bba15001f/libz-ng-sys-1.1.15/src/zlib-ng/deflate.c:1409:1: fatal error: error writing to /tmp/cc0XJmrj.s: No space left on device
[INFO] [stderr]    1409 | }
[INFO] [stderr]         | ^
[INFO] [stderr]   compilation terminated.
[INFO] [stderr]   gmake[2]: *** [CMakeFiles/zlib.dir/build.make:174: CMakeFiles/zlib.dir/crc32_braid_comb.c.o] Error 1
[INFO] [stderr]   gmake[2]: *** [CMakeFiles/zlib.dir/build.make:202: CMakeFiles/zlib.dir/deflate.c.o] Error 1
[INFO] [stderr]   /opt/rustwide/cargo-home/registry/src/index.crates.io-6f17d22bba15001f/libz-ng-sys-1.1.15/src/zlib-ng/deflate_quick.c:129:1: fatal error: error writing to /tmp/ccsnhtyE.s: No space left on device
[INFO] [stderr]     129 | }
[INFO] [stderr]         | ^
[INFO] [stderr]   compilation terminated.
[INFO] [stderr]   gmake[2]: *** [CMakeFiles/zlib.dir/build.make:258: CMakeFiles/zlib.dir/deflate_quick.c.o] Error 1
[INFO] [stderr]   gmake[1]: *** [CMakeFiles/Makefile2:83: CMakeFiles/zlib.dir/all] Error 2
[INFO] [stderr]   gmake: *** [Makefile:156: all] Error 2
[INFO] [stderr]   thread 'main' panicked at /opt/rustwide/cargo-home/registry/src/index.crates.io-6f17d22bba15001f/cmake-0.1.50/src/lib.rs:1098:5:
[INFO] [stderr] 
[INFO] [stderr]   command did not execute successfully, got: exit status: 2
[INFO] [stderr] 
[INFO] [stderr]   build script failed, must exit now
[INFO] [stderr]   stack backtrace:
[INFO] [stderr]      0:     0x6512e47a10ea - std::backtrace_rs::backtrace::libunwind::trace::h8810477743020387
[INFO] [stderr]                                  at /rustc/202008a1b8de96d2e5b6bc02d379db03a877d34d/library/std/src/../../backtrace/src/backtrace/libunwind.rs:116:5
[INFO] [stderr]      1:     0x6512e47a10ea - std::backtrace_rs::backtrace::trace_unsynchronized::h3aa55355dd6c54a6
[INFO] [stderr]                                  at /rustc/202008a1b8de96d2e5b6bc02d379db03a877d34d/library/std/src/../../backtrace/src/backtrace/mod.rs:66:5
[INFO] [stderr]      2:     0x6512e47a10ea - std::sys::backtrace::_print_fmt::h8588b0f62410823f
[INFO] [stderr]                                  at /rustc/202008a1b8de96d2e5b6bc02d379db03a877d34d/library/std/src/sys/backtrace.rs:66:9
[INFO] [stderr]      3:     0x6512e47a10ea - <std::sys::backtrace::BacktraceLock::print::DisplayBacktrace as core::fmt::Display>::fmt::h98c26ac25ffe89bb
[INFO] [stderr]                                  at /rustc/202008a1b8de96d2e5b6bc02d379db03a877d34d/library/std/src/sys/backtrace.rs:39:26
[INFO] [stderr]      4:     0x6512e47c3ad3 - core::fmt::rt::Argument::fmt::hf95377f4aebd453b
[INFO] [stderr]                                  at /rustc/202008a1b8de96d2e5b6bc02d379db03a877d34d/library/core/src/fmt/rt.rs:177:76
[INFO] [stderr]      5:     0x6512e47c3ad3 - core::fmt::write::h0dd5f6e2238c7982
[INFO] [stderr]                                  at /rustc/202008a1b8de96d2e5b6bc02d379db03a877d34d/library/core/src/fmt/mod.rs:1189:21
[INFO] [stderr]      6:     0x6512e479e053 - std::io::Write::write_fmt::hc00bff0a88e08857
[INFO] [stderr]                                  at /rustc/202008a1b8de96d2e5b6bc02d379db03a877d34d/library/std/src/io/mod.rs:1884:15
[INFO] [stderr]      7:     0x6512e47a0f32 - std::sys::backtrace::BacktraceLock::print::h5c19c1c038ee186d
[INFO] [stderr]                                  at /rustc/202008a1b8de96d2e5b6bc02d379db03a877d34d/library/std/src/sys/backtrace.rs:42:9
[INFO] [stderr]      8:     0x6512e47a212c - std::panicking::default_hook::{{closure}}::h77172f079a1fcb13
[INFO] [stderr]                                  at /rustc/202008a1b8de96d2e5b6bc02d379db03a877d34d/library/std/src/panicking.rs:268:22
[INFO] [stderr]      9:     0x6512e47a1f72 - std::panicking::default_hook::he5f8e3b203ccddba
[INFO] [stderr]                                  at /rustc/202008a1b8de96d2e5b6bc02d379db03a877d34d/library/std/src/panicking.rs:295:9
[INFO] [stderr]     10:     0x6512e47a2707 - std::panicking::rust_panic_with_hook::h53863d4e9018df39
[INFO] [stderr]                                  at /rustc/202008a1b8de96d2e5b6bc02d379db03a877d34d/library/std/src/panicking.rs:801:13
[INFO] [stderr]     11:     0x6512e47a259a - std::panicking::begin_panic_handler::{{closure}}::h67280e6fa0757873
[INFO] [stderr]                                  at /rustc/202008a1b8de96d2e5b6bc02d379db03a877d34d/library/std/src/panicking.rs:674:13
[INFO] [stderr]     12:     0x6512e47a15c9 - std::sys::backtrace::__rust_end_short_backtrace::h1dac3f54d6fbbeb2
[INFO] [stderr]                                  at /rustc/202008a1b8de96d2e5b6bc02d379db03a877d34d/library/std/src/sys/backtrace.rs:170:18
[INFO] [stderr]     13:     0x6512e47a222c - rust_begin_unwind
[INFO] [stderr]                                  at /rustc/202008a1b8de96d2e5b6bc02d379db03a877d34d/library/std/src/panicking.rs:665:5
[INFO] [stderr]     14:     0x6512e4711400 - core::panicking::panic_fmt::h6792bd1b2bf01041
[INFO] [stderr]                                  at /rustc/202008a1b8de96d2e5b6bc02d379db03a877d34d/library/core/src/panicking.rs:76:14
[INFO] [stderr]     15:     0x6512e471d082 - cmake::fail::h20b189bd19acc050
[INFO] [stderr]     16:     0x6512e471c859 - cmake::run::h14210a2a6f120cd9
[INFO] [stderr]     17:     0x6512e47191e6 - cmake::Config::build::h9e4f160739a81d8d
[INFO] [stderr]     18:     0x6512e4713766 - build_script_build_zng::build_zlib_ng::h3ab04bda39fba5b2
[INFO] [stderr]     19:     0x6512e47143c7 - build_script_build_zng::main::h0d74b94b9811fd4b
[INFO] [stderr]     20:     0x6512e4711e23 - core::ops::function::FnOnce::call_once::hf5de37fbf7e48dff
[INFO] [stderr]     21:     0x6512e4711d16 - std::sys::backtrace::__rust_begin_short_backtrace::h65076f7b915e7ef5
[INFO] [stderr]     22:     0x6512e4711c09 - std::rt::lang_start::{{closure}}::h83fc0d39ae08a0c7
[INFO] [stderr]     23:     0x6512e479a5f7 - core::ops::function::impls::<impl core::ops::function::FnOnce<A> for &F>::call_once::hba2470d01d3f5e41
[INFO] [stderr]                                  at /rustc/202008a1b8de96d2e5b6bc02d379db03a877d34d/library/core/src/ops/function.rs:284:13
[INFO] [stderr]     24:     0x6512e479a5f7 - std::panicking::try::do_call::hc063fb73159aab72
[INFO] [stderr]                                  at /rustc/202008a1b8de96d2e5b6bc02d379db03a877d34d/library/std/src/panicking.rs:557:40
[INFO] [stderr]     25:     0x6512e479a5f7 - std::panicking::try::h2767c6d245d3a3bb
[INFO] [stderr]                                  at /rustc/202008a1b8de96d2e5b6bc02d379db03a877d34d/library/std/src/panicking.rs:520:19
[INFO] [stderr]     26:     0x6512e479a5f7 - std::panic::catch_unwind::h061c6ef75790da63
[INFO] [stderr]                                  at /rustc/202008a1b8de96d2e5b6bc02d379db03a877d34d/library/std/src/panic.rs:358:14
[INFO] [stderr]     27:     0x6512e479a5f7 - std::rt::lang_start_internal::{{closure}}::h5c5e35b11a4b8c4e
[INFO] [stderr]                                  at /rustc/202008a1b8de96d2e5b6bc02d379db03a877d34d/library/std/src/rt.rs:174:48
[INFO] [stderr]     28:     0x6512e479a5f7 - std::panicking::try::do_call::h705e99690a8109cc
[INFO] [stderr]                                  at /rustc/202008a1b8de96d2e5b6bc02d379db03a877d34d/library/std/src/panicking.rs:557:40
[INFO] [stderr]     29:     0x6512e479a5f7 - std::panicking::try::he5f4452754ed9a34
[INFO] [stderr]                                  at /rustc/202008a1b8de96d2e5b6bc02d379db03a877d34d/library/std/src/panicking.rs:520:19
[INFO] [stderr]     30:     0x6512e479a5f7 - std::panic::catch_unwind::h5db61b3bcbe883e5
[INFO] [stderr]                                  at /rustc/202008a1b8de96d2e5b6bc02d379db03a877d34d/library/std/src/panic.rs:358:14
[INFO] [stderr]     31:     0x6512e479a5f7 - std::rt::lang_start_internal::h81da9b59bab665c6
[INFO] [stderr]                                  at /rustc/202008a1b8de96d2e5b6bc02d379db03a877d34d/library/std/src/rt.rs:174:20
[INFO] [stderr]     32:     0x6512e4711be7 - std::rt::lang_start::h20a33922be189cd6
[INFO] [stderr]     33:     0x6512e4714415 - main
[INFO] [stderr]     34:     0x75d699a4dd90 - <unknown>
[INFO] [stderr]     35:     0x75d699a4de40 - __libc_start_main
[INFO] [stderr]     36:     0x6512e4711a15 - _start
[INFO] [stderr]     37:                0x0 - <unknown>
[INFO] [stderr] warning: build failed, waiting for other jobs to finish...
[INFO] [stdout] error: failed to build archive at `/opt/rustwide/target/debug/deps/libregex_automata-8ab00b536a5a1470.rlib`: No space left on device (os error 28)
[INFO] [stdout] 
[INFO] [stdout] 
[INFO] [stderr] error: could not compile `regex-automata` (lib) due to 1 previous error
[INFO] running `Command { std: "docker" "inspect" "77e6c371472ec867050206af0ca83422c5b520ca07924b04c8fd016e00e3c723", kill_on_drop: false }`
[INFO] running `Command { std: "docker" "rm" "-f" "77e6c371472ec867050206af0ca83422c5b520ca07924b04c8fd016e00e3c723", kill_on_drop: false }`
[INFO] [stdout] 77e6c371472ec867050206af0ca83422c5b520ca07924b04c8fd016e00e3c723
