[INFO] fetching crate cql2 0.3.2...
[INFO] testing cql2-0.3.2 against beta-2024-12-08 for beta-1.84.0-4-retry
[INFO] extracting crate cql2 0.3.2 into /workspace/builds/worker-2-tc2/source
[INFO] validating manifest of crates.io crate cql2 0.3.2 on toolchain beta-2024-12-08
[INFO] running `Command { std: CARGO_HOME="/workspace/cargo-home" RUSTUP_HOME="/workspace/rustup-home" "/workspace/cargo-home/bin/cargo" "+beta-2024-12-08" "metadata" "--manifest-path" "Cargo.toml" "--no-deps", kill_on_drop: false }`
[INFO] started tweaking crates.io crate cql2 0.3.2
[INFO] removed 0 missing tests
[INFO] finished tweaking crates.io crate cql2 0.3.2
[INFO] tweaked toml for crates.io crate cql2 0.3.2 written to /workspace/builds/worker-2-tc2/source/Cargo.toml
[INFO] running `Command { std: CARGO_HOME="/workspace/cargo-home" RUSTUP_HOME="/workspace/rustup-home" "/workspace/cargo-home/bin/cargo" "+beta-2024-12-08" "generate-lockfile" "--manifest-path" "Cargo.toml", kill_on_drop: false }`
[INFO] [stderr]     Updating crates.io index
[INFO] [stderr]      Locking 125 packages to latest compatible versions
[INFO] running `Command { std: CARGO_HOME="/workspace/cargo-home" RUSTUP_HOME="/workspace/rustup-home" "/workspace/cargo-home/bin/cargo" "+beta-2024-12-08" "fetch" "--manifest-path" "Cargo.toml", kill_on_drop: false }`
[INFO] running `Command { std: "docker" "create" "-v" "/var/lib/crater-agent-workspace/builds/worker-2-tc2/target:/opt/rustwide/target:rw,Z" "-v" "/var/lib/crater-agent-workspace/builds/worker-2-tc2/source:/opt/rustwide/workdir:ro,Z" "-v" "/var/lib/crater-agent-workspace/cargo-home:/opt/rustwide/cargo-home:ro,Z" "-v" "/var/lib/crater-agent-workspace/rustup-home:/opt/rustwide/rustup-home:ro,Z" "-e" "SOURCE_DIR=/opt/rustwide/workdir" "-e" "CARGO_TARGET_DIR=/opt/rustwide/target" "-e" "CARGO_HOME=/opt/rustwide/cargo-home" "-e" "RUSTUP_HOME=/opt/rustwide/rustup-home" "-w" "/opt/rustwide/workdir" "-m" "1610612736" "--user" "0:0" "--network" "none" "ghcr.io/rust-lang/crates-build-env/linux@sha256:f3a9d4ad9d972b27faf3965f35b62e55ba32bbce8f20bc8fe909558a86702fde" "/opt/rustwide/cargo-home/bin/cargo" "+beta-2024-12-08" "metadata" "--no-deps" "--format-version=1", kill_on_drop: false }`
[INFO] [stdout] e7a4d78c624abd9c6d01c1ff4c77d988bf6ead9a93f1aae998449109f182d1b9
[INFO] running `Command { std: "docker" "start" "-a" "e7a4d78c624abd9c6d01c1ff4c77d988bf6ead9a93f1aae998449109f182d1b9", kill_on_drop: false }`
[INFO] running `Command { std: "docker" "inspect" "e7a4d78c624abd9c6d01c1ff4c77d988bf6ead9a93f1aae998449109f182d1b9", kill_on_drop: false }`
[INFO] running `Command { std: "docker" "rm" "-f" "e7a4d78c624abd9c6d01c1ff4c77d988bf6ead9a93f1aae998449109f182d1b9", kill_on_drop: false }`
[INFO] [stdout] e7a4d78c624abd9c6d01c1ff4c77d988bf6ead9a93f1aae998449109f182d1b9
[INFO] running `Command { std: "docker" "create" "-v" "/var/lib/crater-agent-workspace/builds/worker-2-tc2/target:/opt/rustwide/target:rw,Z" "-v" "/var/lib/crater-agent-workspace/builds/worker-2-tc2/source:/opt/rustwide/workdir:ro,Z" "-v" "/var/lib/crater-agent-workspace/cargo-home:/opt/rustwide/cargo-home:ro,Z" "-v" "/var/lib/crater-agent-workspace/rustup-home:/opt/rustwide/rustup-home:ro,Z" "-e" "SOURCE_DIR=/opt/rustwide/workdir" "-e" "CARGO_TARGET_DIR=/opt/rustwide/target" "-e" "CARGO_INCREMENTAL=0" "-e" "RUST_BACKTRACE=full" "-e" "RUSTFLAGS=--cap-lints=warn" "-e" "RUSTDOCFLAGS=--cap-lints=warn" "-e" "CARGO_HOME=/opt/rustwide/cargo-home" "-e" "RUSTUP_HOME=/opt/rustwide/rustup-home" "-w" "/opt/rustwide/workdir" "-m" "1610612736" "--user" "0:0" "--network" "none" "ghcr.io/rust-lang/crates-build-env/linux@sha256:f3a9d4ad9d972b27faf3965f35b62e55ba32bbce8f20bc8fe909558a86702fde" "/opt/rustwide/cargo-home/bin/cargo" "+beta-2024-12-08" "build" "--frozen" "--message-format=json", kill_on_drop: false }`
[INFO] [stdout] 7d199609c94ab870e7934e2c79f00cc60edcdf94bde6eb3b07d456c8ec961131
[INFO] running `Command { std: "docker" "start" "-a" "7d199609c94ab870e7934e2c79f00cc60edcdf94bde6eb3b07d456c8ec961131", kill_on_drop: false }`
[INFO] [stderr]    Compiling proc-macro2 v1.0.92
[INFO] [stderr]    Compiling unicode-ident v1.0.14
[INFO] [stderr]    Compiling stable_deref_trait v1.2.0
[INFO] [stderr]    Compiling memchr v2.7.4
[INFO] [stderr]    Compiling writeable v0.5.5
[INFO] [stderr]    Compiling litemap v0.7.4
[INFO] [stderr]    Compiling serde v1.0.216
[INFO] [stderr]    Compiling icu_locid_transform_data v1.5.0
[INFO] [stderr]    Compiling libm v0.2.11
[INFO] [stderr]    Compiling autocfg v1.4.0
[INFO] [stderr]    Compiling siphasher v0.3.11
[INFO] [stderr]    Compiling thiserror v2.0.7
[INFO] [stderr]    Compiling icu_properties_data v1.5.0
[INFO] [stderr]    Compiling equivalent v1.0.1
[INFO] [stderr]    Compiling smallvec v1.13.2
[INFO] [stderr]    Compiling write16 v1.0.0
[INFO] [stderr]    Compiling thiserror v1.0.69
[INFO] [stderr]    Compiling rand_core v0.6.4
[INFO] [stderr]    Compiling num-traits v0.2.19
[INFO] [stderr]    Compiling hashbrown v0.15.2
[INFO] [stderr]    Compiling icu_normalizer_data v1.5.0
[INFO] [stderr]    Compiling utf8_iter v1.0.4
[INFO] [stderr]    Compiling serde_json v1.0.133
[INFO] [stderr]    Compiling utf16_iter v1.0.5
[INFO] [stderr]    Compiling once_cell v1.20.2
[INFO] [stderr]    Compiling libc v0.2.168
[INFO] [stderr]    Compiling rand v0.8.5
[INFO] [stderr]    Compiling phf_shared v0.11.2
[INFO] [stderr]    Compiling quote v1.0.37
[INFO] [stderr]    Compiling ryu v1.0.18
[INFO] [stderr]    Compiling syn v2.0.90
[INFO] [stderr]    Compiling itoa v1.0.14
[INFO] [stderr]    Compiling version_check v0.9.5
[INFO] [stderr]    Compiling tinyvec_macros v0.1.1
[INFO] [stderr]    Compiling ucd-trie v0.1.7
[INFO] [stderr]    Compiling tinyvec v1.8.0
[INFO] [stderr]    Compiling indexmap v2.7.0
[INFO] [stderr]    Compiling ahash v0.8.11
[INFO] [stderr]    Compiling phf_generator v0.11.2
[INFO] [stderr]    Compiling aho-corasick v1.1.3
[INFO] [stderr]    Compiling percent-encoding v2.3.1
[INFO] [stderr]    Compiling log v0.4.22
[INFO] [stderr]    Compiling cfg-if v1.0.0
[INFO] [stderr]    Compiling regex-syntax v0.8.5
[INFO] [stderr]    Compiling getrandom v0.2.15
[INFO] [stderr]    Compiling form_urlencoded v1.2.1
[INFO] [stderr]    Compiling unicode-normalization v0.1.24
[INFO] [stderr]    Compiling zerocopy v0.7.35
[INFO] [stderr]    Compiling unicode-bidi v0.3.17
[INFO] [stderr]    Compiling bitflags v1.3.2
[INFO] [stderr]    Compiling geozero v0.14.0
[INFO] [stderr]    Compiling fluent-uri v0.1.4
[INFO] [stderr]    Compiling base64 v0.21.7
[INFO] [stderr]    Compiling appendlist v1.4.0
[INFO] [stderr]    Compiling lazy_static v1.5.0
[INFO] [stderr]    Compiling idna v0.5.0
[INFO] [stderr]    Compiling regex-automata v0.4.9
[INFO] [stderr]    Compiling synstructure v0.13.1
[INFO] [stderr]    Compiling regex v1.11.1
[INFO] [stderr]    Compiling zerofrom-derive v0.1.5
[INFO] [stderr]    Compiling yoke-derive v0.7.5
[INFO] [stderr]    Compiling zerovec-derive v0.10.3
[INFO] [stderr]    Compiling displaydoc v0.2.5
[INFO] [stderr]    Compiling icu_provider_macros v1.5.0
[INFO] [stderr]    Compiling serde_derive v1.0.216
[INFO] [stderr]    Compiling thiserror-impl v2.0.7
[INFO] [stderr]    Compiling thiserror-impl v1.0.69
[INFO] [stderr]    Compiling phf_macros v0.11.2
[INFO] [stderr]    Compiling zerofrom v0.1.5
[INFO] [stderr]    Compiling yoke v0.7.5
[INFO] [stderr]    Compiling phf v0.11.2
[INFO] [stderr]    Compiling zerovec v0.10.4
[INFO] [stderr]    Compiling pg_escape v0.1.1
[INFO] [stderr]    Compiling pest v2.7.15
[INFO] [stderr]    Compiling tinystr v0.7.6
[INFO] [stderr]    Compiling icu_collections v1.5.0
[INFO] [stderr]    Compiling icu_locid v1.5.0
[INFO] [stderr]    Compiling pest_meta v2.7.15
[INFO] [stderr]    Compiling icu_provider v1.5.0
[INFO] [stderr]    Compiling pest_generator v2.7.15
[INFO] [stderr]    Compiling icu_locid_transform v1.5.0
[INFO] [stderr]    Compiling icu_properties v1.5.1
[INFO] [stderr]    Compiling pest_derive v2.7.15
[INFO] [stderr]    Compiling icu_normalizer v1.5.0
[INFO] [stderr]    Compiling geo-types v0.7.14
[INFO] [stderr]    Compiling wkt v0.11.1
[INFO] [stderr]    Compiling idna_adapter v1.2.0
[INFO] [stderr]    Compiling idna v1.0.3
[INFO] [stderr]    Compiling url v2.5.4
[INFO] [stderr]    Compiling geojson v0.24.1
[INFO] [stderr]    Compiling boon v0.6.0
[INFO] [stderr]    Compiling cql2 v0.3.2 (/opt/rustwide/workdir)
[INFO] [stderr]     Finished `dev` profile [unoptimized + debuginfo] target(s) in 1m 25s
[INFO] running `Command { std: "docker" "inspect" "7d199609c94ab870e7934e2c79f00cc60edcdf94bde6eb3b07d456c8ec961131", kill_on_drop: false }`
[INFO] running `Command { std: "docker" "rm" "-f" "7d199609c94ab870e7934e2c79f00cc60edcdf94bde6eb3b07d456c8ec961131", kill_on_drop: false }`
[INFO] [stdout] 7d199609c94ab870e7934e2c79f00cc60edcdf94bde6eb3b07d456c8ec961131
[INFO] running `Command { std: "docker" "create" "-v" "/var/lib/crater-agent-workspace/builds/worker-2-tc2/target:/opt/rustwide/target:rw,Z" "-v" "/var/lib/crater-agent-workspace/builds/worker-2-tc2/source:/opt/rustwide/workdir:ro,Z" "-v" "/var/lib/crater-agent-workspace/cargo-home:/opt/rustwide/cargo-home:ro,Z" "-v" "/var/lib/crater-agent-workspace/rustup-home:/opt/rustwide/rustup-home:ro,Z" "-e" "SOURCE_DIR=/opt/rustwide/workdir" "-e" "CARGO_TARGET_DIR=/opt/rustwide/target" "-e" "CARGO_INCREMENTAL=0" "-e" "RUST_BACKTRACE=full" "-e" "RUSTFLAGS=--cap-lints=warn" "-e" "RUSTDOCFLAGS=--cap-lints=warn" "-e" "CARGO_HOME=/opt/rustwide/cargo-home" "-e" "RUSTUP_HOME=/opt/rustwide/rustup-home" "-w" "/opt/rustwide/workdir" "-m" "1610612736" "--user" "0:0" "--network" "none" "ghcr.io/rust-lang/crates-build-env/linux@sha256:f3a9d4ad9d972b27faf3965f35b62e55ba32bbce8f20bc8fe909558a86702fde" "/opt/rustwide/cargo-home/bin/cargo" "+beta-2024-12-08" "test" "--frozen" "--no-run" "--message-format=json", kill_on_drop: false }`
[INFO] [stdout] 02786ef13b5856da073b598abf22094d7ae1d67d3c6ad61f83f0dc29ddfb691e
[INFO] running `Command { std: "docker" "start" "-a" "02786ef13b5856da073b598abf22094d7ae1d67d3c6ad61f83f0dc29ddfb691e", kill_on_drop: false }`
[INFO] [stderr]    Compiling semver v1.0.24
[INFO] [stderr]    Compiling syn v2.0.90
[INFO] [stderr]    Compiling slab v0.4.9
[INFO] [stderr]    Compiling futures-sink v0.3.31
[INFO] [stderr]    Compiling futures-core v0.3.31
[INFO] [stderr]    Compiling futures-io v0.3.31
[INFO] [stderr]    Compiling pin-utils v0.1.0
[INFO] [stderr]    Compiling winnow v0.6.20
[INFO] [stderr]    Compiling toml_datetime v0.6.8
[INFO] [stderr]    Compiling pin-project-lite v0.2.15
[INFO] [stderr]    Compiling futures-channel v0.3.31
[INFO] [stderr]    Compiling futures-task v0.3.31
[INFO] [stderr]    Compiling relative-path v1.9.3
[INFO] [stderr]    Compiling glob v0.3.1
[INFO] [stderr]    Compiling futures-timer v3.0.3
[INFO] [stderr]    Compiling rustc_version v0.4.1
[INFO] [stderr]    Compiling rstest_macros v0.23.0
[INFO] [stderr]    Compiling toml_edit v0.22.22
[INFO] [stderr]    Compiling proc-macro-crate v3.2.0
[INFO] [stderr]    Compiling synstructure v0.13.1
[INFO] [stderr]    Compiling zerofrom-derive v0.1.5
[INFO] [stderr]    Compiling yoke-derive v0.7.5
[INFO] [stderr]    Compiling zerovec-derive v0.10.3
[INFO] [stderr]    Compiling displaydoc v0.2.5
[INFO] [stderr]    Compiling icu_provider_macros v1.5.0
[INFO] [stderr]    Compiling serde_derive v1.0.216
[INFO] [stderr]    Compiling thiserror-impl v2.0.7
[INFO] [stderr]    Compiling thiserror-impl v1.0.69
[INFO] [stderr]    Compiling futures-macro v0.3.31
[INFO] [stderr]    Compiling phf_macros v0.11.2
[INFO] [stderr]    Compiling thiserror v1.0.69
[INFO] [stderr]    Compiling thiserror v2.0.7
[INFO] [stderr]    Compiling pest v2.7.15
[INFO] [stderr]    Compiling zerofrom v0.1.5
[INFO] [stderr]    Compiling yoke v0.7.5
[INFO] [stderr]    Compiling futures-util v0.3.31
[INFO] [stderr]    Compiling phf v0.11.2
[INFO] [stderr]    Compiling pg_escape v0.1.1
[INFO] [stderr]    Compiling zerovec v0.10.4
[INFO] [stderr]    Compiling tinystr v0.7.6
[INFO] [stderr]    Compiling icu_collections v1.5.0
[INFO] [stderr]    Compiling icu_locid v1.5.0
[INFO] [stderr]    Compiling pest_meta v2.7.15
[INFO] [stderr]    Compiling serde v1.0.216
[INFO] [stderr]    Compiling pest_generator v2.7.15
[INFO] [stderr]    Compiling icu_provider v1.5.0
[INFO] [stderr]    Compiling icu_locid_transform v1.5.0
[INFO] [stderr]    Compiling pest_derive v2.7.15
[INFO] [stderr]    Compiling icu_properties v1.5.1
[INFO] [stderr]    Compiling futures-executor v0.3.31
[INFO] [stderr]    Compiling futures v0.3.31
[INFO] [stderr]    Compiling rstest v0.23.0
[INFO] [stderr]    Compiling serde_json v1.0.133
[INFO] [stderr]    Compiling geo-types v0.7.14
[INFO] [stderr]    Compiling wkt v0.11.1
[INFO] [stderr]    Compiling geojson v0.24.1
[INFO] [stderr]    Compiling assert-json-diff v2.0.2
[INFO] [stderr]    Compiling icu_normalizer v1.5.0
[INFO] [stderr]    Compiling geozero v0.14.0
[INFO] [stderr]    Compiling idna_adapter v1.2.0
[INFO] [stderr]    Compiling idna v1.0.3
[INFO] [stderr]    Compiling url v2.5.4
[INFO] [stderr]    Compiling boon v0.6.0
[INFO] [stderr]    Compiling cql2 v0.3.2 (/opt/rustwide/workdir)
[INFO] [stderr]     Finished `test` profile [unoptimized + debuginfo] target(s) in 1m 22s
[INFO] running `Command { std: "docker" "inspect" "02786ef13b5856da073b598abf22094d7ae1d67d3c6ad61f83f0dc29ddfb691e", kill_on_drop: false }`
[INFO] running `Command { std: "docker" "rm" "-f" "02786ef13b5856da073b598abf22094d7ae1d67d3c6ad61f83f0dc29ddfb691e", kill_on_drop: false }`
[INFO] [stdout] 02786ef13b5856da073b598abf22094d7ae1d67d3c6ad61f83f0dc29ddfb691e
[INFO] running `Command { std: "docker" "create" "-v" "/var/lib/crater-agent-workspace/builds/worker-2-tc2/target:/opt/rustwide/target:rw,Z" "-v" "/var/lib/crater-agent-workspace/builds/worker-2-tc2/source:/opt/rustwide/workdir:ro,Z" "-v" "/var/lib/crater-agent-workspace/cargo-home:/opt/rustwide/cargo-home:ro,Z" "-v" "/var/lib/crater-agent-workspace/rustup-home:/opt/rustwide/rustup-home:ro,Z" "-e" "SOURCE_DIR=/opt/rustwide/workdir" "-e" "CARGO_TARGET_DIR=/opt/rustwide/target" "-e" "CARGO_INCREMENTAL=0" "-e" "RUST_BACKTRACE=full" "-e" "RUSTFLAGS=--cap-lints=warn" "-e" "RUSTDOCFLAGS=--cap-lints=warn" "-e" "CARGO_HOME=/opt/rustwide/cargo-home" "-e" "RUSTUP_HOME=/opt/rustwide/rustup-home" "-w" "/opt/rustwide/workdir" "-m" "1610612736" "--user" "0:0" "--network" "none" "ghcr.io/rust-lang/crates-build-env/linux@sha256:f3a9d4ad9d972b27faf3965f35b62e55ba32bbce8f20bc8fe909558a86702fde" "/opt/rustwide/cargo-home/bin/cargo" "+beta-2024-12-08" "test" "--frozen", kill_on_drop: false }`
[INFO] [stdout] d42d6a6b906ee43797a1c8761fd480b3aaee558a823675192bafa836abebe33c
[INFO] running `Command { std: "docker" "start" "-a" "d42d6a6b906ee43797a1c8761fd480b3aaee558a823675192bafa836abebe33c", kill_on_drop: false }`
[INFO] [stderr]     Finished `test` profile [unoptimized + debuginfo] target(s) in 0.42s
[INFO] [stderr]      Running unittests src/lib.rs (/opt/rustwide/target/debug/deps/cql2-96a539c9af2bf9c9)
[INFO] [stdout] 
[INFO] [stdout] running 5 tests
[INFO] [stdout] test expr::tests::keep_zm ... ok
[INFO] [stdout] test expr::tests::keep_z ... ok
[INFO] [stdout] test parser::tests::point_zm ... ok
[INFO] [stdout] test expr::tests::keep_m ... ok
[INFO] [stdout] test expr::tests::implicit_z ... ok
[INFO] [stdout] 
[INFO] [stdout] test result: ok. 5 passed; 0 failed; 0 ignored; 0 measured; 0 filtered out; finished in 0.02s
[INFO] [stdout] 
[INFO] [stderr]      Running tests/ogc_tests.rs (/opt/rustwide/target/debug/deps/ogc_tests-a35f436b1b5006bf)
[INFO] [stdout] 
[INFO] [stdout] running 458 tests
[INFO] [stdout] test validate_expected::path_003_tests_expected_clause6_02a_json_out ... ok
[INFO] [stdout] test validate_expected::path_007_tests_expected_clause6_02c_json_out ... ok
[INFO] [stdout] test validate_expected::path_005_tests_expected_clause6_02b_json_out ... ok
[INFO] [stdout] test validate_expected::path_008_tests_expected_clause6_02c_txt_out ... ok
[INFO] [stdout] test validate_expected::path_006_tests_expected_clause6_02b_txt_out ... ok
[INFO] [stdout] test validate_expected::path_004_tests_expected_clause6_02a_txt_out ... ok
[INFO] [stdout] test validate_expected::path_001_tests_expected_clause6_01_json_out ... ok
[INFO] [stdout] test validate_expected::path_002_tests_expected_clause6_01_txt_out ... ok
[INFO] [stdout] test validate_expected::path_010_tests_expected_clause6_02d_txt_out ... ok
[INFO] [stdout] test validate_expected::path_016_tests_expected_clause7_02_txt_out ... ok
[INFO] [stdout] test validate_expected::path_015_tests_expected_clause7_02_json_out ... ok
[INFO] [stdout] test validate_expected::path_009_tests_expected_clause6_02d_json_out ... ok
[INFO] [stdout] test validate_expected::path_011_tests_expected_clause6_03_json_out ... ok
[INFO] [stdout] test validate_expected::path_012_tests_expected_clause6_03_txt_out ... ok
[INFO] [stdout] test validate_expected::path_014_tests_expected_clause7_01_txt_out ... ok
[INFO] [stdout] test validate_expected::path_013_tests_expected_clause7_01_json_out ... ok
[INFO] [stdout] test validate_expected::path_017_tests_expected_clause7_03a_json_out ... ok
[INFO] [stdout] test validate_expected::path_021_tests_expected_clause7_04_json_out ... ok
[INFO] [stdout] test validate_expected::path_018_tests_expected_clause7_03a_txt_out ... ok
[INFO] [stdout] test validate_expected::path_022_tests_expected_clause7_04_txt_out ... ok
[INFO] [stdout] test validate_expected::path_020_tests_expected_clause7_03b_txt_out ... ok
[INFO] [stdout] test validate_expected::path_019_tests_expected_clause7_03b_json_out ... ok
[INFO] [stdout] test validate_expected::path_023_tests_expected_clause7_05_json_out ... ok
[INFO] [stdout] test validate_expected::path_027_tests_expected_clause7_10_json_out ... ok
[INFO] [stdout] test validate_expected::path_026_tests_expected_clause7_07_txt_out ... ok
[INFO] [stdout] test validate_expected::path_024_tests_expected_clause7_05_txt_out ... ok
[INFO] [stdout] test validate_expected::path_025_tests_expected_clause7_07_json_out ... ok
[INFO] [stdout] test validate_expected::path_029_tests_expected_clause7_12_json_out ... ok
[INFO] [stdout] test validate_expected::path_028_tests_expected_clause7_10_txt_out ... ok
[INFO] [stdout] test validate_expected::path_030_tests_expected_clause7_12_txt_out ... ok
[INFO] [stdout] test validate_expected::path_032_tests_expected_clause7_13_txt_out ... ok
[INFO] [stdout] test validate_expected::path_034_tests_expected_clause7_15_txt_out ... ok
[INFO] [stdout] test validate_expected::path_031_tests_expected_clause7_13_json_out ... ok
[INFO] [stdout] test validate_expected::path_033_tests_expected_clause7_15_json_out ... ok
[INFO] [stdout] test validate_expected::path_035_tests_expected_clause7_16_json_out ... ok
[INFO] [stdout] test validate_expected::path_036_tests_expected_clause7_16_txt_out ... ok
[INFO] [stdout] test validate_expected::path_037_tests_expected_clause7_17_json_out ... ok
[INFO] [stdout] test validate_expected::path_038_tests_expected_clause7_17_txt_out ... ok
[INFO] [stdout] test validate_expected::path_040_tests_expected_clause7_18_txt_out ... ok
[INFO] [stdout] test validate_expected::path_043_tests_expected_example01_json_out ... ok
[INFO] [stdout] test validate_expected::path_039_tests_expected_clause7_18_json_out ... ok
[INFO] [stdout] test validate_expected::path_042_tests_expected_clause7_19_txt_out ... ok
[INFO] [stdout] test validate_expected::path_041_tests_expected_clause7_19_json_out ... ok
[INFO] [stdout] test validate_expected::path_044_tests_expected_example01_txt_out ... ok
[INFO] [stdout] test validate_expected::path_045_tests_expected_example02_json_out ... ok
[INFO] [stdout] test validate_expected::path_046_tests_expected_example02_txt_out ... ok
[INFO] [stdout] test validate_expected::path_047_tests_expected_example03_json_out ... ok
[INFO] [stdout] test validate_expected::path_048_tests_expected_example03_txt_out ... ok
[INFO] [stdout] test validate_expected::path_050_tests_expected_example04_txt_out ... ok
[INFO] [stdout] test validate_expected::path_051_tests_expected_example05a_json_out ... ok
[INFO] [stdout] test validate_expected::path_052_tests_expected_example05a_txt_out ... ok
[INFO] [stdout] test validate_expected::path_049_tests_expected_example04_json_out ... ok
[INFO] [stdout] test validate_expected::path_053_tests_expected_example05b_json_out ... ok
[INFO] [stdout] test validate_expected::path_054_tests_expected_example05b_txt_out ... ok
[INFO] [stdout] test validate_expected::path_055_tests_expected_example06a_json_out ... ok
[INFO] [stdout] test validate_expected::path_056_tests_expected_example06a_txt_out ... ok
[INFO] [stdout] test validate_expected::path_057_tests_expected_example06b_json_out ... ok
[INFO] [stdout] test validate_expected::path_061_tests_expected_example08_json_out ... ok
[INFO] [stdout] test validate_expected::path_059_tests_expected_example07_json_out ... ok
[INFO] [stdout] test validate_expected::path_058_tests_expected_example06b_txt_out ... ok
[INFO] [stdout] test validate_expected::path_060_tests_expected_example07_txt_out ... ok
[INFO] [stdout] test validate_expected::path_062_tests_expected_example08_txt_out ... ok
[INFO] [stdout] test validate_expected::path_063_tests_expected_example09_json_out ... ok
[INFO] [stdout] test validate_expected::path_067_tests_expected_example11_json_out ... ok
[INFO] [stdout] test validate_expected::path_064_tests_expected_example09_txt_out ... ok
[INFO] [stdout] test validate_expected::path_068_tests_expected_example11_txt_out ... ok
[INFO] [stdout] test validate_expected::path_065_tests_expected_example10_json_out ... ok
[INFO] [stdout] test validate_expected::path_066_tests_expected_example10_txt_out ... ok
[INFO] [stdout] test validate_expected::path_069_tests_expected_example12_json_out ... ok
[INFO] [stdout] test validate_expected::path_070_tests_expected_example12_txt_out ... ok
[INFO] [stdout] test validate_expected::path_071_tests_expected_example13_json_out ... ok
[INFO] [stdout] test validate_expected::path_072_tests_expected_example13_txt_out ... ok
[INFO] [stdout] test validate_expected::path_073_tests_expected_example14_json_out ... ok
[INFO] [stdout] test validate_expected::path_074_tests_expected_example14_txt_out ... ok
[INFO] [stdout] test validate_expected::path_075_tests_expected_example15_json_out ... ok
[INFO] [stdout] test validate_expected::path_076_tests_expected_example15_txt_out ... ok
[INFO] [stdout] test validate_expected::path_077_tests_expected_example16_json_out ... ok
[INFO] [stdout] test validate_expected::path_078_tests_expected_example16_txt_out ... ok
[INFO] [stdout] test validate_expected::path_082_tests_expected_example18_txt_out ... ok
[INFO] [stdout] test validate_expected::path_079_tests_expected_example17_json_out ... ok
[INFO] [stdout] test validate_expected::path_080_tests_expected_example17_txt_out ... ok
[INFO] [stdout] test validate_expected::path_081_tests_expected_example18_json_out ... ok
[INFO] [stdout] test validate_expected::path_083_tests_expected_example19_json_out ... ok
[INFO] [stdout] test validate_expected::path_084_tests_expected_example19_txt_out ... ok
[INFO] [stdout] test validate_expected::path_085_tests_expected_example20_json_out ... ok
[INFO] [stdout] test validate_expected::path_086_tests_expected_example20_txt_out ... ok
[INFO] [stdout] test validate_expected::path_087_tests_expected_example21_json_out ... ok
[INFO] [stdout] test validate_expected::path_088_tests_expected_example21_txt_out ... ok
[INFO] [stdout] test validate_expected::path_089_tests_expected_example22_json_out ... ok
[INFO] [stdout] test validate_expected::path_090_tests_expected_example22_txt_out ... ok
[INFO] [stdout] test validate_expected::path_093_tests_expected_example24_json_out ... ok
[INFO] [stdout] test validate_expected::path_091_tests_expected_example23_json_out ... ok
[INFO] [stdout] test validate_expected::path_094_tests_expected_example24_txt_out ... ok
[INFO] [stdout] test validate_expected::path_097_tests_expected_example26_json_out ... ok
[INFO] [stdout] test validate_expected::path_098_tests_expected_example26_txt_out ... ok
[INFO] [stdout] test validate_expected::path_095_tests_expected_example25_json_out ... ok
[INFO] [stdout] test validate_expected::path_101_tests_expected_example28_json_out ... ok
[INFO] [stdout] test validate_expected::path_100_tests_expected_example27_txt_out ... ok
[INFO] [stdout] test validate_expected::path_099_tests_expected_example27_json_out ... ok
[INFO] [stdout] test validate_expected::path_103_tests_expected_example29_json_out ... ok
[INFO] [stdout] test validate_expected::path_092_tests_expected_example23_txt_out ... ok
[INFO] [stdout] test validate_expected::path_102_tests_expected_example28_txt_out ... ok
[INFO] [stdout] test validate_expected::path_104_tests_expected_example29_txt_out ... ok
[INFO] [stdout] test validate_expected::path_105_tests_expected_example30_json_out ... ok
[INFO] [stdout] test validate_expected::path_106_tests_expected_example30_txt_out ... ok
[INFO] [stdout] test validate_expected::path_107_tests_expected_example31_json_out ... ok
[INFO] [stdout] test validate_expected::path_110_tests_expected_example32_txt_out ... ok
[INFO] [stdout] test validate_expected::path_109_tests_expected_example32_json_out ... ok
[INFO] [stdout] test validate_expected::path_108_tests_expected_example31_txt_out ... ok
[INFO] [stdout] test validate_expected::path_096_tests_expected_example25_txt_out ... ok
[INFO] [stdout] test validate_expected::path_112_tests_expected_example33_txt_out ... ok
[INFO] [stdout] test validate_expected::path_111_tests_expected_example33_json_out ... ok
[INFO] [stdout] test validate_expected::path_113_tests_expected_example34_json_out ... ok
[INFO] [stdout] test validate_expected::path_114_tests_expected_example34_txt_out ... ok
[INFO] [stdout] test validate_expected::path_115_tests_expected_example35_json_out ... ok
[INFO] [stdout] test validate_expected::path_117_tests_expected_example36_alt01_txt_out ... ok
[INFO] [stdout] test validate_expected::path_118_tests_expected_example36_json_out ... ok
[INFO] [stdout] test validate_expected::path_116_tests_expected_example35_txt_out ... ok
[INFO] [stdout] test validate_expected::path_119_tests_expected_example36_txt_out ... ok
[INFO] [stdout] test validate_expected::path_120_tests_expected_example37_json_out ... ok
[INFO] [stdout] test validate_expected::path_121_tests_expected_example37_txt_out ... ok
[INFO] [stdout] test validate_expected::path_122_tests_expected_example38_alt01_txt_out ... ok
[INFO] [stdout] test validate_expected::path_123_tests_expected_example38_json_out ... ok
[INFO] [stdout] test validate_expected::path_124_tests_expected_example38_txt_out ... ok
[INFO] [stdout] test validate_expected::path_125_tests_expected_example39_json_out ... ok
[INFO] [stdout] test validate_expected::path_126_tests_expected_example39_txt_out ... ok
[INFO] [stdout] test validate_expected::path_127_tests_expected_example40_alt01_txt_out ... ok
[INFO] [stdout] test validate_expected::path_128_tests_expected_example40_json_out ... ok
[INFO] [stdout] test validate_expected::path_129_tests_expected_example40_txt_out ... ok
[INFO] [stdout] test validate_expected::path_131_tests_expected_example41_txt_out ... ok
[INFO] [stdout] test validate_expected::path_130_tests_expected_example41_json_out ... ok
[INFO] [stdout] test validate_expected::path_133_tests_expected_example42_json_out ... ok
[INFO] [stdout] test validate_expected::path_134_tests_expected_example42_txt_out ... ok
[INFO] [stdout] test validate_expected::path_136_tests_expected_example43_json_out ... ok
[INFO] [stdout] test validate_expected::path_132_tests_expected_example42_alt01_txt_out ... ok
[INFO] [stdout] test validate_expected::path_135_tests_expected_example43_alt01_txt_out ... ok
[INFO] [stdout] test validate_expected::path_137_tests_expected_example43_txt_out ... ok
[INFO] [stdout] test validate_expected::path_138_tests_expected_example44_alt01_txt_out ... ok
[INFO] [stdout] test validate_expected::path_139_tests_expected_example44_json_out ... ok
[INFO] [stdout] test validate_expected::path_140_tests_expected_example44_txt_out ... ok
[INFO] [stdout] test validate_expected::path_144_tests_expected_example46_json_out ... ok
[INFO] [stdout] test validate_expected::path_143_tests_expected_example46_alt01_txt_out ... ok
[INFO] [stdout] test validate_expected::path_145_tests_expected_example46_txt_out ... ok
[INFO] [stdout] test validate_expected::path_146_tests_expected_example47_json_out ... ok
[INFO] [stdout] test validate_expected::path_141_tests_expected_example45_json_out ... ok
[INFO] [stdout] test validate_expected::path_147_tests_expected_example47_txt_out ... ok
[INFO] [stdout] test validate_expected::path_148_tests_expected_example48_json_out ... ok
[INFO] [stdout] test validate_expected::path_150_tests_expected_example49_alt01_txt_out ... ok
[INFO] [stdout] test validate_expected::path_149_tests_expected_example48_txt_out ... ok
[INFO] [stdout] test validate_expected::path_152_tests_expected_example49_txt_out ... ok
[INFO] [stdout] test validate_expected::path_151_tests_expected_example49_json_out ... ok
[INFO] [stdout] test validate_expected::path_155_tests_expected_example51_json_out ... ok
[INFO] [stdout] test validate_expected::path_157_tests_expected_example52_json_out ... ok
[INFO] [stdout] test validate_expected::path_156_tests_expected_example51_txt_out ... ok
[INFO] [stdout] test validate_expected::path_153_tests_expected_example50_json_out ... ok
[INFO] [stdout] test validate_expected::path_158_tests_expected_example52_txt_out ... ok
[INFO] [stdout] test validate_expected::path_159_tests_expected_example53_json_out ... ok
[INFO] [stdout] test validate_expected::path_160_tests_expected_example53_txt_out ... ok
[INFO] [stdout] test validate_expected::path_142_tests_expected_example45_txt_out ... ok
[INFO] [stdout] test validate_expected::path_161_tests_expected_example54_alt01_txt_out ... ok
[INFO] [stdout] test validate_expected::path_162_tests_expected_example54_json_out ... ok
[INFO] [stdout] test validate_expected::path_154_tests_expected_example50_txt_out ... ok
[INFO] [stdout] test validate_expected::path_163_tests_expected_example54_txt_out ... ok
[INFO] [stdout] test validate_expected::path_164_tests_expected_example55_alt01_txt_out ... ok
[INFO] [stdout] test validate_expected::path_165_tests_expected_example55_json_out ... ok
[INFO] [stdout] test validate_expected::path_167_tests_expected_example56_json_out ... ok
[INFO] [stdout] test validate_expected::path_166_tests_expected_example55_txt_out ... ok
[INFO] [stdout] test validate_expected::path_168_tests_expected_example56_txt_out ... ok
[INFO] [stdout] test validate_expected::path_169_tests_expected_example57_json_out ... ok
[INFO] [stdout] test validate_expected::path_171_tests_expected_example58_json_out ... ok
[INFO] [stdout] test validate_expected::path_170_tests_expected_example57_txt_out ... ok
[INFO] [stdout] test validate_expected::path_172_tests_expected_example58_txt_out ... ok
[INFO] [stdout] test validate_expected::path_174_tests_expected_example59_txt_out ... ok
[INFO] [stdout] test validate_expected::path_173_tests_expected_example59_json_out ... ok
[INFO] [stdout] test validate_expected::path_175_tests_expected_example60_json_out ... ok
[INFO] [stdout] test validate_expected::path_176_tests_expected_example60_txt_out ... ok
[INFO] [stdout] test validate_expected::path_177_tests_expected_example61_json_out ... ok
[INFO] [stdout] test validate_expected::path_178_tests_expected_example61_txt_out ... ok
[INFO] [stdout] test validate_expected::path_180_tests_expected_example62_txt_out ... ok
[INFO] [stdout] test validate_expected::path_179_tests_expected_example62_json_out ... ok
[INFO] [stdout] test validate_expected::path_181_tests_expected_example63_json_out ... ok
[INFO] [stdout] test validate_expected::path_182_tests_expected_example63_txt_out ... ok
[INFO] [stdout] test validate_expected::path_183_tests_expected_example64_json_out ... ok
[INFO] [stdout] test validate_expected::path_185_tests_expected_example65_json_out ... ok
[INFO] [stdout] test validate_expected::path_184_tests_expected_example64_txt_out ... ok
[INFO] [stdout] test validate_expected::path_186_tests_expected_example65_txt_out ... ok
[INFO] [stdout] test validate_expected::path_187_tests_expected_example66_json_out ... ok
[INFO] [stdout] test validate_expected::path_188_tests_expected_example66_txt_out ... ok
[INFO] [stdout] test validate_expected::path_189_tests_expected_example67_json_out ... ok
[INFO] [stdout] test validate_expected::path_190_tests_expected_example67_txt_out ... ok
[INFO] [stdout] test validate_expected::path_191_tests_expected_example68_json_out ... ok
[INFO] [stdout] test validate_expected::path_195_tests_expected_example70_json_out ... ok
[INFO] [stdout] test validate_expected::path_192_tests_expected_example68_txt_out ... ok
[INFO] [stdout] test validate_expected::path_194_tests_expected_example69_txt_out ... ok
[INFO] [stdout] test validate_expected::path_193_tests_expected_example69_json_out ... ok
[INFO] [stdout] test validate_expected::path_197_tests_expected_example71_json_out ... ok
[INFO] [stdout] test validate_expected::path_198_tests_expected_example71_txt_out ... ok
[INFO] [stdout] test validate_expected::path_200_tests_expected_example72_txt_out ... ok
[INFO] [stdout] test validate_expected::path_196_tests_expected_example70_txt_out ... ok
[INFO] [stdout] test validate_expected::path_199_tests_expected_example72_json_out ... ok
[INFO] [stdout] test validate_expected::path_201_tests_expected_example73_json_out ... ok
[INFO] [stdout] test validate_expected::path_202_tests_expected_example73_txt_out ... ok
[INFO] [stdout] test validate_expected::path_203_tests_expected_example74_json_out ... ok
[INFO] [stdout] test validate_expected::path_205_tests_expected_example75_json_out ... ok
[INFO] [stdout] test validate_expected::path_207_tests_expected_example76_json_out ... ok
[INFO] [stdout] test validate_expected::path_206_tests_expected_example75_txt_out ... ok
[INFO] [stdout] test validate_expected::path_204_tests_expected_example74_txt_out ... ok
[INFO] [stdout] test validate_expected::path_208_tests_expected_example76_txt_out ... ok
[INFO] [stdout] test validate_expected::path_209_tests_expected_example77_json_out ... ok
[INFO] [stdout] test validate_expected::path_211_tests_expected_example78_json_out ... ok
[INFO] [stdout] test validate_expected::path_210_tests_expected_example77_txt_out ... ok
[INFO] [stdout] test validate_expected::path_214_tests_expected_example79_txt_out ... ok
[INFO] [stdout] test validate_expected::path_215_tests_expected_example80_json_out ... ok
[INFO] [stdout] test validate_expected::path_213_tests_expected_example79_json_out ... ok
[INFO] [stdout] test validate_expected::path_212_tests_expected_example78_txt_out ... ok
[INFO] [stdout] test validate_expected::path_216_tests_expected_example80_txt_out ... ok
[INFO] [stdout] test validate_expected::path_221_tests_expected_example83_json_out ... ok
[INFO] [stdout] test validate_expected::path_218_tests_expected_example81_txt_out ... ok
[INFO] [stdout] test validate_expected::path_220_tests_expected_example82_txt_out ... ok
[INFO] [stdout] test validate_expected::path_219_tests_expected_example82_json_out ... ok
[INFO] [stdout] test validate_expected::path_217_tests_expected_example81_json_out ... ok
[INFO] [stdout] test validate_expected::path_223_tests_expected_example84_json_out ... ok
[INFO] [stdout] test validate_expected::path_222_tests_expected_example83_txt_out ... ok
[INFO] [stdout] test validate_expected::path_224_tests_expected_example84_txt_out ... ok
[INFO] [stdout] test validate_json_fixtures::path_002_examples_json_clause6_02a_json ... ok
[INFO] [stdout] test validate_expected::path_228_tests_expected_example86_json_out ... ok
[INFO] [stdout] test validate_json_fixtures::path_005_examples_json_clause6_02d_json ... ok
[INFO] [stdout] test validate_json_fixtures::path_003_examples_json_clause6_02b_json ... ok
[INFO] [stdout] test validate_json_fixtures::path_004_examples_json_clause6_02c_json ... ok
[INFO] [stdout] test validate_expected::path_229_tests_expected_example86_txt_out ... ok
[INFO] [stdout] test validate_json_fixtures::path_001_examples_json_clause6_01_json ... ok
[INFO] [stdout] test validate_json_fixtures::path_006_examples_json_clause6_03_json ... ok
[INFO] [stdout] test validate_json_fixtures::path_007_examples_json_clause7_01_json ... ok
[INFO] [stdout] test validate_json_fixtures::path_008_examples_json_clause7_02_json ... ok
[INFO] [stdout] test validate_json_fixtures::path_009_examples_json_clause7_03a_json ... ok
[INFO] [stdout] test validate_json_fixtures::path_011_examples_json_clause7_04_json ... ok
[INFO] [stdout] test validate_json_fixtures::path_010_examples_json_clause7_03b_json ... ok
[INFO] [stdout] test validate_json_fixtures::path_012_examples_json_clause7_05_json ... ok
[INFO] [stdout] test validate_json_fixtures::path_014_examples_json_clause7_10_json ... ok
[INFO] [stdout] test validate_json_fixtures::path_013_examples_json_clause7_07_json ... ok
[INFO] [stdout] test validate_json_fixtures::path_018_examples_json_clause7_16_json ... ok
[INFO] [stdout] test validate_json_fixtures::path_020_examples_json_clause7_18_json ... ok
[INFO] [stdout] test validate_json_fixtures::path_017_examples_json_clause7_15_json ... ok
[INFO] [stdout] test validate_json_fixtures::path_015_examples_json_clause7_12_json ... ok
[INFO] [stdout] test validate_json_fixtures::path_016_examples_json_clause7_13_json ... ok
[INFO] [stdout] test validate_json_fixtures::path_019_examples_json_clause7_17_json ... ok
[INFO] [stdout] test validate_json_fixtures::path_021_examples_json_clause7_19_json ... ok
[INFO] [stdout] test validate_json_fixtures::path_022_examples_json_example01_json ... ok
[INFO] [stdout] test validate_json_fixtures::path_023_examples_json_example02_json ... ok
[INFO] [stdout] test validate_json_fixtures::path_024_examples_json_example03_json ... ok
[INFO] [stdout] test validate_json_fixtures::path_025_examples_json_example04_json ... ok
[INFO] [stdout] test validate_json_fixtures::path_026_examples_json_example05a_json ... ok
[INFO] [stdout] test validate_json_fixtures::path_027_examples_json_example05b_json ... ok
[INFO] [stdout] test validate_json_fixtures::path_030_examples_json_example07_json ... ok
[INFO] [stdout] test validate_json_fixtures::path_028_examples_json_example06a_json ... ok
[INFO] [stdout] test validate_json_fixtures::path_029_examples_json_example06b_json ... ok
[INFO] [stdout] test validate_json_fixtures::path_033_examples_json_example10_json ... ok
[INFO] [stdout] test validate_json_fixtures::path_032_examples_json_example09_json ... ok
[INFO] [stdout] test validate_json_fixtures::path_031_examples_json_example08_json ... ok
[INFO] [stdout] test validate_json_fixtures::path_035_examples_json_example12_json ... ok
[INFO] [stdout] test validate_json_fixtures::path_034_examples_json_example11_json ... ok
[INFO] [stdout] test validate_json_fixtures::path_036_examples_json_example13_json ... ok
[INFO] [stdout] test validate_json_fixtures::path_038_examples_json_example15_json ... ok
[INFO] [stdout] test validate_json_fixtures::path_037_examples_json_example14_json ... ok
[INFO] [stdout] test validate_expected::path_226_tests_expected_example85_json_out ... ok
[INFO] [stdout] test validate_json_fixtures::path_040_examples_json_example17_json ... ok
[INFO] [stdout] test validate_json_fixtures::path_041_examples_json_example18_json ... ok
[INFO] [stdout] test validate_json_fixtures::path_039_examples_json_example16_json ... ok
[INFO] [stdout] test validate_json_fixtures::path_042_examples_json_example19_json ... ok
[INFO] [stdout] test validate_expected::path_225_tests_expected_example85_alt01_txt_out ... ok
[INFO] [stdout] test validate_json_fixtures::path_045_examples_json_example22_json ... ok
[INFO] [stdout] test validate_json_fixtures::path_043_examples_json_example20_json ... ok
[INFO] [stdout] test validate_json_fixtures::path_044_examples_json_example21_json ... ok
[INFO] [stdout] test validate_json_fixtures::path_048_examples_json_example25_json ... ok
[INFO] [stdout] test validate_json_fixtures::path_047_examples_json_example24_json ... ok
[INFO] [stdout] test validate_json_fixtures::path_046_examples_json_example23_json ... ok
[INFO] [stdout] test validate_json_fixtures::path_049_examples_json_example26_json ... ok
[INFO] [stdout] test validate_json_fixtures::path_050_examples_json_example27_json ... ok
[INFO] [stdout] test validate_json_fixtures::path_051_examples_json_example28_json ... ok
[INFO] [stdout] test validate_json_fixtures::path_052_examples_json_example29_json ... ok
[INFO] [stdout] test validate_json_fixtures::path_053_examples_json_example30_json ... ok
[INFO] [stdout] test validate_json_fixtures::path_054_examples_json_example31_json ... ok
[INFO] [stdout] test validate_json_fixtures::path_055_examples_json_example32_json ... ok
[INFO] [stdout] test validate_json_fixtures::path_061_examples_json_example38_json ... ok
[INFO] [stdout] test validate_json_fixtures::path_056_examples_json_example33_json ... ok
[INFO] [stdout] test validate_json_fixtures::path_059_examples_json_example36_json ... ok
[INFO] [stdout] test validate_json_fixtures::path_060_examples_json_example37_json ... ok
[INFO] [stdout] test validate_json_fixtures::path_058_examples_json_example35_json ... ok
[INFO] [stdout] test validate_json_fixtures::path_062_examples_json_example39_json ... ok
[INFO] [stdout] test validate_json_fixtures::path_067_examples_json_example44_json ... ok
[INFO] [stdout] test validate_json_fixtures::path_065_examples_json_example42_json ... ok
[INFO] [stdout] test validate_json_fixtures::path_068_examples_json_example45_json ... ok
[INFO] [stdout] test validate_json_fixtures::path_057_examples_json_example34_json ... ok
[INFO] [stdout] test validate_json_fixtures::path_069_examples_json_example46_json ... ok
[INFO] [stdout] test validate_json_fixtures::path_066_examples_json_example43_json ... ok
[INFO] [stdout] test validate_json_fixtures::path_073_examples_json_example50_json ... ok
[INFO] [stdout] test validate_json_fixtures::path_075_examples_json_example52_json ... ok
[INFO] [stdout] test validate_json_fixtures::path_063_examples_json_example40_json ... ok
[INFO] [stdout] test validate_json_fixtures::path_064_examples_json_example41_json ... ok
[INFO] [stdout] test validate_json_fixtures::path_074_examples_json_example51_json ... ok
[INFO] [stdout] test validate_json_fixtures::path_076_examples_json_example53_json ... ok
[INFO] [stdout] test validate_json_fixtures::path_070_examples_json_example47_json ... ok
[INFO] [stdout] test validate_json_fixtures::path_079_examples_json_example56_json ... ok
[INFO] [stdout] test validate_json_fixtures::path_071_examples_json_example48_json ... ok
[INFO] [stdout] test validate_json_fixtures::path_078_examples_json_example55_json ... ok
[INFO] [stdout] test validate_json_fixtures::path_080_examples_json_example57_json ... ok
[INFO] [stdout] test validate_json_fixtures::path_072_examples_json_example49_json ... ok
[INFO] [stdout] test validate_json_fixtures::path_081_examples_json_example58_json ... ok
[INFO] [stdout] test validate_json_fixtures::path_077_examples_json_example54_json ... ok
[INFO] [stdout] test validate_json_fixtures::path_082_examples_json_example59_json ... ok
[INFO] [stdout] test validate_json_fixtures::path_085_examples_json_example62_json ... ok
[INFO] [stdout] test validate_json_fixtures::path_088_examples_json_example65_json ... ok
[INFO] [stdout] test validate_json_fixtures::path_084_examples_json_example61_json ... ok
[INFO] [stdout] test validate_json_fixtures::path_083_examples_json_example60_json ... ok
[INFO] [stdout] test validate_json_fixtures::path_089_examples_json_example66_json ... ok
[INFO] [stdout] test validate_json_fixtures::path_087_examples_json_example64_json ... ok
[INFO] [stdout] test validate_json_fixtures::path_086_examples_json_example63_json ... ok
[INFO] [stdout] test validate_json_fixtures::path_090_examples_json_example67_json ... ok
[INFO] [stdout] test validate_json_fixtures::path_091_examples_json_example68_json ... ok
[INFO] [stdout] test validate_json_fixtures::path_093_examples_json_example70_json ... ok
[INFO] [stdout] test validate_json_fixtures::path_092_examples_json_example69_json ... ok
[INFO] [stdout] test validate_json_fixtures::path_096_examples_json_example73_json ... ok
[INFO] [stdout] test validate_json_fixtures::path_095_examples_json_example72_json ... ok
[INFO] [stdout] test validate_json_fixtures::path_097_examples_json_example74_json ... ok
[INFO] [stdout] test validate_json_fixtures::path_094_examples_json_example71_json ... ok
[INFO] [stdout] test validate_json_fixtures::path_104_examples_json_example81_json ... ok
[INFO] [stdout] test validate_json_fixtures::path_098_examples_json_example75_json ... ok
[INFO] [stdout] test validate_json_fixtures::path_100_examples_json_example77_json ... ok
[INFO] [stdout] test validate_json_fixtures::path_099_examples_json_example76_json ... ok
[INFO] [stdout] test validate_json_fixtures::path_105_examples_json_example82_json ... ok
[INFO] [stdout] test validate_json_fixtures::path_102_examples_json_example79_json ... ok
[INFO] [stdout] test validate_json_fixtures::path_101_examples_json_example78_json ... ok
[INFO] [stdout] test validate_json_fixtures::path_103_examples_json_example80_json ... ok
[INFO] [stdout] test validate_json_fixtures::path_106_examples_json_example83_json ... ok
[INFO] [stdout] test validate_json_fixtures::path_107_examples_json_example84_json ... ok
[INFO] [stdout] test validate_json_fixtures::path_109_examples_json_example86_json ... ok
[INFO] [stdout] test validate_text_fixtures::path_001_examples_text_clause6_01_txt ... ok
[INFO] [stdout] test validate_text_fixtures::path_004_examples_text_clause6_02c_txt ... ok
[INFO] [stdout] test validate_text_fixtures::path_005_examples_text_clause6_02d_txt ... ok
[INFO] [stdout] test validate_text_fixtures::path_009_examples_text_clause7_03a_txt ... ok
[INFO] [stdout] test validate_expected::path_227_tests_expected_example85_txt_out ... ok
[INFO] [stdout] test validate_text_fixtures::path_008_examples_text_clause7_02_txt ... ok
[INFO] [stdout] test validate_text_fixtures::path_003_examples_text_clause6_02b_txt ... ok
[INFO] [stdout] test validate_text_fixtures::path_002_examples_text_clause6_02a_txt ... ok
[INFO] [stdout] test validate_text_fixtures::path_006_examples_text_clause6_03_txt ... ok
[INFO] [stdout] test validate_text_fixtures::path_007_examples_text_clause7_01_txt ... ok
[INFO] [stdout] test validate_text_fixtures::path_011_examples_text_clause7_04_txt ... ok
[INFO] [stdout] test validate_text_fixtures::path_010_examples_text_clause7_03b_txt ... ok
[INFO] [stdout] test validate_text_fixtures::path_012_examples_text_clause7_05_txt ... ok
[INFO] [stdout] test validate_text_fixtures::path_013_examples_text_clause7_07_txt ... ok
[INFO] [stdout] test validate_text_fixtures::path_014_examples_text_clause7_10_txt ... ok
[INFO] [stdout] test validate_text_fixtures::path_016_examples_text_clause7_13_txt ... ok
[INFO] [stdout] test validate_text_fixtures::path_015_examples_text_clause7_12_txt ... ok
[INFO] [stdout] test validate_text_fixtures::path_017_examples_text_clause7_15_txt ... ok
[INFO] [stdout] test validate_text_fixtures::path_018_examples_text_clause7_16_txt ... ok
[INFO] [stdout] test validate_text_fixtures::path_019_examples_text_clause7_17_txt ... ok
[INFO] [stdout] test validate_text_fixtures::path_022_examples_text_example01_txt ... ok
[INFO] [stdout] test validate_text_fixtures::path_021_examples_text_clause7_19_txt ... ok
[INFO] [stdout] test validate_text_fixtures::path_020_examples_text_clause7_18_txt ... ok
[INFO] [stdout] test validate_text_fixtures::path_023_examples_text_example02_txt ... ok
[INFO] [stdout] test validate_text_fixtures::path_024_examples_text_example03_txt ... ok
[INFO] [stdout] test validate_text_fixtures::path_025_examples_text_example04_txt ... ok
[INFO] [stdout] test validate_text_fixtures::path_026_examples_text_example05a_txt ... ok
[INFO] [stdout] test validate_text_fixtures::path_028_examples_text_example06a_txt ... ok
[INFO] [stdout] test validate_text_fixtures::path_029_examples_text_example06b_txt ... ok
[INFO] [stdout] test validate_text_fixtures::path_030_examples_text_example07_txt ... ok
[INFO] [stdout] test validate_text_fixtures::path_027_examples_text_example05b_txt ... ok
[INFO] [stdout] test validate_text_fixtures::path_032_examples_text_example09_txt ... ok
[INFO] [stdout] test validate_text_fixtures::path_031_examples_text_example08_txt ... ok
[INFO] [stdout] test validate_text_fixtures::path_033_examples_text_example10_txt ... ok
[INFO] [stdout] test validate_text_fixtures::path_035_examples_text_example12_txt ... ok
[INFO] [stdout] test validate_text_fixtures::path_038_examples_text_example15_txt ... ok
[INFO] [stdout] test validate_text_fixtures::path_036_examples_text_example13_txt ... ok
[INFO] [stdout] test validate_text_fixtures::path_034_examples_text_example11_txt ... ok
[INFO] [stdout] test validate_text_fixtures::path_037_examples_text_example14_txt ... ok
[INFO] [stdout] test validate_text_fixtures::path_039_examples_text_example16_txt ... ok
[INFO] [stdout] test validate_text_fixtures::path_041_examples_text_example18_txt ... ok
[INFO] [stdout] test validate_text_fixtures::path_040_examples_text_example17_txt ... ok
[INFO] [stdout] test validate_text_fixtures::path_042_examples_text_example19_txt ... ok
[INFO] [stdout] test validate_text_fixtures::path_043_examples_text_example20_txt ... ok
[INFO] [stdout] test validate_text_fixtures::path_044_examples_text_example21_txt ... ok
[INFO] [stdout] test validate_text_fixtures::path_045_examples_text_example22_txt ... ok
[INFO] [stdout] test validate_text_fixtures::path_047_examples_text_example24_txt ... ok
[INFO] [stdout] test validate_json_fixtures::path_108_examples_json_example85_json ... ok
[INFO] [stdout] test validate_text_fixtures::path_049_examples_text_example26_txt ... ok
[INFO] [stdout] test validate_text_fixtures::path_050_examples_text_example27_txt ... ok
[INFO] [stdout] test validate_text_fixtures::path_051_examples_text_example28_txt ... ok
[INFO] [stdout] test validate_text_fixtures::path_052_examples_text_example29_txt ... ok
[INFO] [stdout] test validate_text_fixtures::path_053_examples_text_example30_txt ... ok
[INFO] [stdout] test validate_text_fixtures::path_055_examples_text_example32_txt ... ok
[INFO] [stdout] test validate_text_fixtures::path_054_examples_text_example31_txt ... ok
[INFO] [stdout] test validate_text_fixtures::path_057_examples_text_example34_txt ... ok
[INFO] [stdout] test validate_text_fixtures::path_056_examples_text_example33_txt ... ok
[INFO] [stdout] test validate_text_fixtures::path_046_examples_text_example23_txt ... ok
[INFO] [stdout] test validate_text_fixtures::path_058_examples_text_example35_txt ... ok
[INFO] [stdout] test validate_text_fixtures::path_059_examples_text_example36_alt01_txt ... ok
[INFO] [stdout] test validate_text_fixtures::path_048_examples_text_example25_txt ... ok
[INFO] [stdout] test validate_text_fixtures::path_061_examples_text_example37_txt ... ok
[INFO] [stdout] test validate_text_fixtures::path_062_examples_text_example38_alt01_txt ... ok
[INFO] [stdout] test validate_text_fixtures::path_060_examples_text_example36_txt ... ok
[INFO] [stdout] test validate_text_fixtures::path_064_examples_text_example39_txt ... ok
[INFO] [stdout] test validate_text_fixtures::path_063_examples_text_example38_txt ... ok
[INFO] [stdout] test validate_text_fixtures::path_065_examples_text_example40_alt01_txt ... ok
[INFO] [stdout] test validate_text_fixtures::path_070_examples_text_example43_alt01_txt ... ok
[INFO] [stdout] test validate_text_fixtures::path_066_examples_text_example40_txt ... ok
[INFO] [stdout] test validate_text_fixtures::path_067_examples_text_example41_txt ... ok
[INFO] [stdout] test validate_text_fixtures::path_069_examples_text_example42_txt ... ok
[INFO] [stdout] test validate_text_fixtures::path_068_examples_text_example42_alt01_txt ... ok
[INFO] [stdout] test validate_text_fixtures::path_071_examples_text_example43_txt ... ok
[INFO] [stdout] test validate_text_fixtures::path_073_examples_text_example44_txt ... ok
[INFO] [stdout] test validate_text_fixtures::path_072_examples_text_example44_alt01_txt ... ok
[INFO] [stdout] test validate_text_fixtures::path_078_examples_text_example48_txt ... ok
[INFO] [stdout] test validate_text_fixtures::path_075_examples_text_example46_alt01_txt ... ok
[INFO] [stdout] test validate_text_fixtures::path_076_examples_text_example46_txt ... ok
[INFO] [stdout] test validate_text_fixtures::path_077_examples_text_example47_txt ... ok
[INFO] [stdout] test validate_text_fixtures::path_080_examples_text_example49_txt ... ok
[INFO] [stdout] test validate_text_fixtures::path_082_examples_text_example51_txt ... ok
[INFO] [stdout] test validate_text_fixtures::path_083_examples_text_example52_txt ... ok
[INFO] [stdout] test validate_text_fixtures::path_085_examples_text_example54_alt01_txt ... ok
[INFO] [stdout] test validate_text_fixtures::path_088_examples_text_example55_txt ... ok
[INFO] [stdout] test validate_text_fixtures::path_089_examples_text_example56_txt ... ok
[INFO] [stdout] test validate_text_fixtures::path_084_examples_text_example53_txt ... ok
[INFO] [stdout] test validate_text_fixtures::path_079_examples_text_example49_alt01_txt ... ok
[INFO] [stdout] test validate_text_fixtures::path_092_examples_text_example59_txt ... ok
[INFO] [stdout] test validate_text_fixtures::path_091_examples_text_example58_txt ... ok
[INFO] [stdout] test validate_text_fixtures::path_081_examples_text_example50_txt ... ok
[INFO] [stdout] test validate_text_fixtures::path_087_examples_text_example55_alt01_txt ... ok
[INFO] [stdout] test validate_text_fixtures::path_086_examples_text_example54_txt ... ok
[INFO] [stdout] test validate_text_fixtures::path_095_examples_text_example62_txt ... ok
[INFO] [stdout] test validate_text_fixtures::path_074_examples_text_example45_txt ... ok
[INFO] [stdout] test validate_text_fixtures::path_090_examples_text_example57_txt ... ok
[INFO] [stdout] test validate_text_fixtures::path_093_examples_text_example60_txt ... ok
[INFO] [stdout] test validate_text_fixtures::path_102_examples_text_example69_txt ... ok
[INFO] [stdout] test validate_text_fixtures::path_094_examples_text_example61_txt ... ok
[INFO] [stdout] test validate_text_fixtures::path_099_examples_text_example66_txt ... ok
[INFO] [stdout] test validate_text_fixtures::path_100_examples_text_example67_txt ... ok
[INFO] [stdout] test validate_text_fixtures::path_096_examples_text_example63_txt ... ok
[INFO] [stdout] test validate_text_fixtures::path_097_examples_text_example64_txt ... ok
[INFO] [stdout] test validate_text_fixtures::path_103_examples_text_example70_txt ... ok
[INFO] [stdout] test validate_text_fixtures::path_101_examples_text_example68_txt ... ok
[INFO] [stdout] test validate_text_fixtures::path_098_examples_text_example65_txt ... ok
[INFO] [stdout] test validate_text_fixtures::path_109_examples_text_example76_txt ... ok
[INFO] [stdout] test validate_text_fixtures::path_104_examples_text_example71_txt ... ok
[INFO] [stdout] test validate_text_fixtures::path_105_examples_text_example72_txt ... ok
[INFO] [stdout] test validate_text_fixtures::path_107_examples_text_example74_txt ... ok
[INFO] [stdout] test validate_text_fixtures::path_106_examples_text_example73_txt ... ok
[INFO] [stdout] test validate_text_fixtures::path_111_examples_text_example78_txt ... ok
[INFO] [stdout] test validate_text_fixtures::path_110_examples_text_example77_txt ... ok
[INFO] [stdout] test validate_text_fixtures::path_108_examples_text_example75_txt ... ok
[INFO] [stdout] test validate_text_fixtures::path_112_examples_text_example79_txt ... ok
[INFO] [stdout] test validate_text_fixtures::path_114_examples_text_example81_txt ... ok
[INFO] [stdout] test validate_text_fixtures::path_117_examples_text_example84_txt ... ok
[INFO] [stdout] test validate_text_fixtures::path_115_examples_text_example82_txt ... ok
[INFO] [stdout] test validate_text_fixtures::path_113_examples_text_example80_txt ... ok
[INFO] [stdout] test validate_text_fixtures::path_116_examples_text_example83_txt ... ok
[INFO] [stdout] test validate_text_fixtures::path_120_examples_text_example86_txt ... ok
[INFO] [stdout] test validate_text_fixtures::path_118_examples_text_example85_alt01_txt ... ok
[INFO] [stdout] test validate_text_fixtures::path_119_examples_text_example85_txt ... ok
[INFO] [stdout] 
[INFO] [stdout] test result: ok. 458 passed; 0 failed; 0 ignored; 0 measured; 0 filtered out; finished in 35.35s
[INFO] [stdout] 
[INFO] [stderr]    Doc-tests cql2
[INFO] [stdout] 
[INFO] [stdout] running 14 tests
[INFO] [stdout] test src/expr.rs - expr::Expr::to_sql (line 133) ... FAILED
[INFO] [stdout] test src/lib.rs - parse_file (line 73) - compile ... ok
[INFO] [stdout] test src/geometry.rs - geometry::Geometry::to_wkt (line 24) ... ok
[INFO] [stdout] test src/expr.rs - expr::Expr::to_json (line 215) ... ok
[INFO] [stdout] test src/expr.rs - expr::Expr::to_text (line 43) ... ok
[INFO] [stdout] test src/expr.rs - expr::Expr (line 13) ... ok
[INFO] [stdout] test src/expr.rs - expr::Expr::to_json_pretty (line 229) ... ok
[INFO] [stdout] test src/expr.rs - expr::Expr::is_valid (line 259) ... ok
[INFO] [stdout] test src/expr.rs - expr::Expr::to_value (line 243) ... ok
[INFO] [stdout] test src/lib.rs - parse_json (line 61) ... ok
[INFO] [stdout] test src/parser.rs - parser::parse_text (line 12) ... ok
[INFO] [stdout] test src/lib.rs - readme (line 112) ... ok
[INFO] [stdout] test src/validator.rs - validator::Validator::validate (line 39) ... ok
[INFO] [stdout] test src/validator.rs - validator::Validator::new (line 17) ... ok
[INFO] [stdout] 
[INFO] [stdout] failures:
[INFO] [stdout] 
[INFO] [stdout] ---- src/expr.rs - expr::Expr::to_sql (line 133) stdout ----
[INFO] [stdout] error: linking with `cc` failed: exit status: 1
[INFO] [stdout]   |
[INFO] [stdout]   = note: LC_ALL="C" PATH="/opt/rustwide/rustup-home/toolchains/beta-2024-12-08-x86_64-unknown-linux-gnu/lib/rustlib/x86_64-unknown-linux-gnu/bin:/opt/rustwide/cargo-home/bin:/usr/local/sbin:/usr/local/bin:/usr/sbin:/usr/bin:/sbin:/bin" VSLANG="1033" "cc" "-m64" "/tmp/rustcJOrlBT/symbols.o" "/tmp/rustdoctestB3TI9m/rust_out.rust_out.9242fac72db2cd11-cgu.0.rcgu.o" "/tmp/rustdoctestB3TI9m/rust_out.2hl2tb9xdtge7mguxzn2q1kvi.rcgu.o" "-Wl,--as-needed" "-Wl,-Bstatic" "/opt/rustwide/target/debug/deps/libcql2-fae7544308cb821e.rlib" "/opt/rustwide/target/debug/deps/liblazy_static-34736fcc74b41a53.rlib" "/opt/rustwide/target/debug/deps/libboon-e15ebf2c187abe2b.rlib" "/opt/rustwide/target/debug/deps/libfluent_uri-f5b3d7271ae67856.rlib" "/opt/rustwide/target/debug/deps/libbitflags-85e13ed1e0c6d910.rlib" "/opt/rustwide/target/debug/deps/libidna-2920ff1a05be3dcf.rlib" "/opt/rustwide/target/debug/deps/libunicode_normalization-507a58b0722f1647.rlib" "/opt/rustwide/target/debug/deps/libtinyvec-d87fde7a6a546b49.rlib" "/opt/rustwide/target/debug/deps/libtinyvec_macros-333661e3b238a9a3.rlib" "/opt/rustwide/target/debug/deps/libunicode_bidi-2b73248709eb6338.rlib" "/opt/rustwide/target/debug/deps/libahash-6c997da020fc4c63.rlib" "/opt/rustwide/target/debug/deps/libgetrandom-9ad27de8605c0f2e.rlib" "/opt/rustwide/target/debug/deps/liblibc-1a24466f8882f427.rlib" "/opt/rustwide/target/debug/deps/libcfg_if-a3e7e701fcd1f47b.rlib" "/opt/rustwide/target/debug/deps/libzerocopy-7d07cba449ed1a54.rlib" "/opt/rustwide/target/debug/deps/libappendlist-3194b14987f2dc2d.rlib" "/opt/rustwide/target/debug/deps/libonce_cell-0a05695a483fa658.rlib" "/opt/rustwide/target/debug/deps/libbase64-83d75e850891a998.rlib" "/opt/rustwide/target/debug/deps/liburl-42aa5192fa3f3107.rlib" "/opt/rustwide/target/debug/deps/libidna-90779e0d512b84b5.rlib" "/opt/rustwide/target/debug/deps/libidna_adapter-731c4e6bb46b207d.rlib" "/opt/rustwide/target/debug/deps/libicu_normalizer-66fa059fc1971b02.rlib" "/opt/rustwide/target/debug/deps/libicu_normalizer_data-d3c2725a089a2467.rlib" "/opt/rustwide/target/debug/deps/libwrite16-d15e33f2b3b5e6d8.rlib" "/opt/rustwide/target/debug/deps/libutf8_iter-d5e8daeaacfd8f95.rlib" "/opt/rustwide/target/debug/deps/libutf16_iter-9749a04129eccc81.rlib" "/opt/rustwide/target/debug/deps/libsmallvec-53fd8ee9edcafbcd.rlib" "/opt/rustwide/target/debug/deps/libicu_properties-46e3205f8881ba8f.rlib" "/opt/rustwide/target/debug/deps/libicu_properties_data-8db115c81033ba3a.rlib" "/opt/rustwide/target/debug/deps/libicu_locid_transform-5e91e601f8d7860d.rlib" "/opt/rustwide/target/debug/deps/libicu_locid_transform_data-b75aeb662448ba61.rlib" "/opt/rustwide/target/debug/deps/libicu_collections-4775e53f09f86c67.rlib" "/opt/rustwide/target/debug/deps/libicu_provider-aab12e62eb21a968.rlib" "/opt/rustwide/target/debug/deps/libicu_locid-5c6afad52a166631.rlib" "/opt/rustwide/target/debug/deps/liblitemap-f4f1c45b9b1b6474.rlib" "/opt/rustwide/target/debug/deps/libtinystr-8cb4f4e4e162fb31.rlib" "/opt/rustwide/target/debug/deps/libzerovec-e3bf4d958f5b955c.rlib" "/opt/rustwide/target/debug/deps/libwriteable-d425da3f2cf37998.rlib" "/opt/rustwide/target/debug/deps/libyoke-b55b3062831cfcff.rlib" "/opt/rustwide/target/debug/deps/libzerofrom-5d80ea442dd530a4.rlib" "/opt/rustwide/target/debug/deps/libstable_deref_trait-8e22d1dc883a4bb5.rlib" "/opt/rustwide/target/debug/deps/libform_urlencoded-ec894a6132fc4081.rlib" "/opt/rustwide/target/debug/deps/libpercent_encoding-fc63a8437ca6afa3.rlib" "/opt/rustwide/target/debug/deps/libregex-efe1db66ebfa54c7.rlib" "/opt/rustwide/target/debug/deps/libregex_automata-877ebb2ba0bf5ace.rlib" "/opt/rustwide/target/debug/deps/libaho_corasick-b7cbf506a5c4f18e.rlib" "/opt/rustwide/target/debug/deps/libregex_syntax-68a2118807cc42f7.rlib" "/opt/rustwide/target/debug/deps/libpest-8998c54d5506f207.rlib" "/opt/rustwide/target/debug/deps/libucd_trie-a3cd6c7701e4bcff.rlib" "/opt/rustwide/target/debug/deps/libgeozero-7faba3f5df2a31ee.rlib" "/opt/rustwide/target/debug/deps/libwkt-08866ae3de8e4cbf.rlib" "/opt/rustwide/target/debug/deps/libgeojson-2a0cd9dcd436ea93.rlib" "/opt/rustwide/target/debug/deps/liblog-35c349e0e34201c2.rlib" "/opt/rustwide/target/debug/deps/libgeo_types-e111514d4c292565.rlib" "/opt/rustwide/target/debug/deps/libnum_traits-ccaf2d3487179422.rlib" "/opt/rustwide/target/debug/deps/libthiserror-adabc6dbccefd567.rlib" "/opt/rustwide/target/debug/deps/libserde_json-3b8cef449dadbcde.rlib" "/opt/rustwide/target/debug/deps/libmemchr-412d53cbfea52259.rlib" "/opt/rustwide/target/debug/deps/libitoa-87633a66effadcdd.rlib" "/opt/rustwide/target/debug/deps/libryu-6e02dac7c3b6be75.rlib" "/opt/rustwide/target/debug/deps/libindexmap-4adac39f4066dbcd.rlib" "/opt/rustwide/target/debug/deps/libequivalent-e4dc2e1acc32de2c.rlib" "/opt/rustwide/target/debug/deps/libhashbrown-d84fbfd56281ed8b.rlib" "/opt/rustwide/target/debug/deps/libserde-44e6b32c7f49887b.rlib" "/opt/rustwide/target/debug/deps/libpg_escape-e6fa73e8f055e372.rlib" "/opt/rustwide/target/debug/deps/libphf-feb157e1fb935ec1.rlib" "/opt/rustwide/target/debug/deps/libphf_shared-5933b6875818cf32.rlib" "/opt/rustwide/target/debug/deps/libsiphasher-8c98df6e4615cbd6.rlib" "/opt/rustwide/target/debug/deps/libthiserror-806defba342d5532.rlib" "/opt/rustwide/rustup-home/toolchains/beta-2024-12-08-x86_64-unknown-linux-gnu/lib/rustlib/x86_64-unknown-linux-gnu/lib/libstd-02dc84f49135b6b8.rlib" "/opt/rustwide/rustup-home/toolchains/beta-2024-12-08-x86_64-unknown-linux-gnu/lib/rustlib/x86_64-unknown-linux-gnu/lib/libpanic_unwind-a8f45b397fae3f81.rlib" "/opt/rustwide/rustup-home/toolchains/beta-2024-12-08-x86_64-unknown-linux-gnu/lib/rustlib/x86_64-unknown-linux-gnu/lib/libobject-089607133c180609.rlib" "/opt/rustwide/rustup-home/toolchains/beta-2024-12-08-x86_64-unknown-linux-gnu/lib/rustlib/x86_64-unknown-linux-gnu/lib/libmemchr-fc89f091bcd86cbb.rlib" "/opt/rustwide/rustup-home/toolchains/beta-2024-12-08-x86_64-unknown-linux-gnu/lib/rustlib/x86_64-unknown-linux-gnu/lib/libaddr2line-5a60949f01c7340c.rlib" "/opt/rustwide/rustup-home/toolchains/beta-2024-12-08-x86_64-unknown-linux-gnu/lib/rustlib/x86_64-unknown-linux-gnu/lib/libgimli-d29e6a55ca253c8c.rlib" "/opt/rustwide/rustup-home/toolchains/beta-2024-12-08-x86_64-unknown-linux-gnu/lib/rustlib/x86_64-unknown-linux-gnu/lib/librustc_demangle-273c078d5f65de7a.rlib" "/opt/rustwide/rustup-home/toolchains/beta-2024-12-08-x86_64-unknown-linux-gnu/lib/rustlib/x86_64-unknown-linux-gnu/lib/libstd_detect-413c950ffbdd4454.rlib" "/opt/rustwide/rustup-home/toolchains/beta-2024-12-08-x86_64-unknown-linux-gnu/lib/rustlib/x86_64-unknown-linux-gnu/lib/libhashbrown-1853c0976a1d88a6.rlib" "/opt/rustwide/rustup-home/toolchains/beta-2024-12-08-x86_64-unknown-linux-gnu/lib/rustlib/x86_64-unknown-linux-gnu/lib/librustc_std_workspace_alloc-ccb3384ddacb0f9e.rlib" "/opt/rustwide/rustup-home/toolchains/beta-2024-12-08-x86_64-unknown-linux-gnu/lib/rustlib/x86_64-unknown-linux-gnu/lib/libminiz_oxide-0b901dfb0ca849e0.rlib" "/opt/rustwide/rustup-home/toolchains/beta-2024-12-08-x86_64-unknown-linux-gnu/lib/rustlib/x86_64-unknown-linux-gnu/lib/libadler-eebeb8d7c64543ad.rlib" "/opt/rustwide/rustup-home/toolchains/beta-2024-12-08-x86_64-unknown-linux-gnu/lib/rustlib/x86_64-unknown-linux-gnu/lib/libunwind-4723ef81d6079867.rlib" "/opt/rustwide/rustup-home/toolchains/beta-2024-12-08-x86_64-unknown-linux-gnu/lib/rustlib/x86_64-unknown-linux-gnu/lib/libcfg_if-54442f8b422f5a54.rlib" "/opt/rustwide/rustup-home/toolchains/beta-2024-12-08-x86_64-unknown-linux-gnu/lib/rustlib/x86_64-unknown-linux-gnu/lib/liblibc-e0bbe034b5282553.rlib" "/opt/rustwide/rustup-home/toolchains/beta-2024-12-08-x86_64-unknown-linux-gnu/lib/rustlib/x86_64-unknown-linux-gnu/lib/liballoc-d0febb68c1c37b90.rlib" "/opt/rustwide/rustup-home/toolchains/beta-2024-12-08-x86_64-unknown-linux-gnu/lib/rustlib/x86_64-unknown-linux-gnu/lib/librustc_std_workspace_core-4cf833632aafa84c.rlib" "/opt/rustwide/rustup-home/toolchains/beta-2024-12-08-x86_64-unknown-linux-gnu/lib/rustlib/x86_64-unknown-linux-gnu/lib/libcore-65c2c6d2d6ae570b.rlib" "/opt/rustwide/rustup-home/toolchains/beta-2024-12-08-x86_64-unknown-linux-gnu/lib/rustlib/x86_64-unknown-linux-gnu/lib/libcompiler_builtins-97929cee0dcfe424.rlib" "-Wl,-Bdynamic" "-lc" "-lm" "-lrt" "-lpthread" "-lgcc_s" "-lutil" "-lrt" "-lpthread" "-lm" "-ldl" "-lc" "-Wl,--eh-frame-hdr" "-Wl,-z,noexecstack" "-L" "/opt/rustwide/rustup-home/toolchains/beta-2024-12-08-x86_64-unknown-linux-gnu/lib/rustlib/x86_64-unknown-linux-gnu/lib" "-o" "/tmp/rustdoctestB3TI9m/rust_out" "-Wl,--gc-sections" "-pie" "-Wl,-z,relro,-z,now" "-nodefaultlibs"
[INFO] [stdout]   = note: collect2: fatal error: ld terminated with signal 9 [Killed]
[INFO] [stdout]           compilation terminated.
[INFO] [stdout]           
[INFO] [stdout] 
[INFO] [stdout] error: aborting due to 1 previous error
[INFO] [stdout] 
[INFO] [stdout] Couldn't compile the test.
[INFO] [stdout] 
[INFO] [stdout] failures:
[INFO] [stdout]     src/expr.rs - expr::Expr::to_sql (line 133)
[INFO] [stdout] 
[INFO] [stdout] test result: FAILED. 13 passed; 1 failed; 0 ignored; 0 measured; 0 filtered out; finished in 21.66s
[INFO] [stdout] 
[INFO] [stderr] error: doctest failed, to rerun pass `--doc`
[INFO] running `Command { std: "docker" "inspect" "d42d6a6b906ee43797a1c8761fd480b3aaee558a823675192bafa836abebe33c", kill_on_drop: false }`
[INFO] running `Command { std: "docker" "rm" "-f" "d42d6a6b906ee43797a1c8761fd480b3aaee558a823675192bafa836abebe33c", kill_on_drop: false }`
[INFO] [stdout] d42d6a6b906ee43797a1c8761fd480b3aaee558a823675192bafa836abebe33c
