[INFO] fetching crate celestial-nav 0.0.1...
[INFO] testing celestial-nav-0.0.1 against 1.83.0 for beta-1.84.0-4-retry
[INFO] extracting crate celestial-nav 0.0.1 into /workspace/builds/worker-2-tc1/source
[INFO] validating manifest of crates.io crate celestial-nav 0.0.1 on toolchain 1.83.0
[INFO] running `Command { std: CARGO_HOME="/workspace/cargo-home" RUSTUP_HOME="/workspace/rustup-home" "/workspace/cargo-home/bin/cargo" "+1.83.0" "metadata" "--manifest-path" "Cargo.toml" "--no-deps", kill_on_drop: false }`
[INFO] started tweaking crates.io crate celestial-nav 0.0.1
[INFO] removed 0 missing tests
[INFO] finished tweaking crates.io crate celestial-nav 0.0.1
[INFO] tweaked toml for crates.io crate celestial-nav 0.0.1 written to /workspace/builds/worker-2-tc1/source/Cargo.toml
[INFO] running `Command { std: CARGO_HOME="/workspace/cargo-home" RUSTUP_HOME="/workspace/rustup-home" "/workspace/cargo-home/bin/cargo" "+1.83.0" "generate-lockfile" "--manifest-path" "Cargo.toml", kill_on_drop: false }`
[INFO] [stderr]     Updating crates.io index
[INFO] [stderr]      Locking 154 packages to latest compatible versions
[INFO] running `Command { std: CARGO_HOME="/workspace/cargo-home" RUSTUP_HOME="/workspace/rustup-home" "/workspace/cargo-home/bin/cargo" "+1.83.0" "fetch" "--manifest-path" "Cargo.toml", kill_on_drop: false }`
[INFO] [stderr]  Downloading crates ...
[INFO] [stderr]   Downloaded i_shape v1.6.0
[INFO] [stderr]   Downloaded i_key_sort v0.2.0
[INFO] [stderr]   Downloaded i_float v1.6.0
[INFO] [stderr]   Downloaded i_overlay v1.9.3
[INFO] [stderr]   Downloaded i_tree v0.8.3
[INFO] [stderr]   Downloaded hifitime v4.0.1
[INFO] [stderr]   Downloaded geo v0.29.3
[INFO] running `Command { std: "docker" "create" "-v" "/var/lib/crater-agent-workspace/builds/worker-2-tc1/target:/opt/rustwide/target:rw,Z" "-v" "/var/lib/crater-agent-workspace/builds/worker-2-tc1/source:/opt/rustwide/workdir:ro,Z" "-v" "/var/lib/crater-agent-workspace/cargo-home:/opt/rustwide/cargo-home:ro,Z" "-v" "/var/lib/crater-agent-workspace/rustup-home:/opt/rustwide/rustup-home:ro,Z" "-e" "SOURCE_DIR=/opt/rustwide/workdir" "-e" "CARGO_TARGET_DIR=/opt/rustwide/target" "-e" "CARGO_HOME=/opt/rustwide/cargo-home" "-e" "RUSTUP_HOME=/opt/rustwide/rustup-home" "-w" "/opt/rustwide/workdir" "-m" "1610612736" "--user" "0:0" "--network" "none" "ghcr.io/rust-lang/crates-build-env/linux@sha256:f3a9d4ad9d972b27faf3965f35b62e55ba32bbce8f20bc8fe909558a86702fde" "/opt/rustwide/cargo-home/bin/cargo" "+1.83.0" "metadata" "--no-deps" "--format-version=1", kill_on_drop: false }`
[INFO] [stdout] 1f5c3c1cef3e0433f9b340d6921f28e1e97dcf5ed014f02e3258e3846660650e
[INFO] running `Command { std: "docker" "start" "-a" "1f5c3c1cef3e0433f9b340d6921f28e1e97dcf5ed014f02e3258e3846660650e", kill_on_drop: false }`
[INFO] running `Command { std: "docker" "inspect" "1f5c3c1cef3e0433f9b340d6921f28e1e97dcf5ed014f02e3258e3846660650e", kill_on_drop: false }`
[INFO] running `Command { std: "docker" "rm" "-f" "1f5c3c1cef3e0433f9b340d6921f28e1e97dcf5ed014f02e3258e3846660650e", kill_on_drop: false }`
[INFO] [stdout] 1f5c3c1cef3e0433f9b340d6921f28e1e97dcf5ed014f02e3258e3846660650e
[INFO] running `Command { std: "docker" "create" "-v" "/var/lib/crater-agent-workspace/builds/worker-2-tc1/target:/opt/rustwide/target:rw,Z" "-v" "/var/lib/crater-agent-workspace/builds/worker-2-tc1/source:/opt/rustwide/workdir:ro,Z" "-v" "/var/lib/crater-agent-workspace/cargo-home:/opt/rustwide/cargo-home:ro,Z" "-v" "/var/lib/crater-agent-workspace/rustup-home:/opt/rustwide/rustup-home:ro,Z" "-e" "SOURCE_DIR=/opt/rustwide/workdir" "-e" "CARGO_TARGET_DIR=/opt/rustwide/target" "-e" "CARGO_INCREMENTAL=0" "-e" "RUST_BACKTRACE=full" "-e" "RUSTFLAGS=--cap-lints=warn" "-e" "RUSTDOCFLAGS=--cap-lints=warn" "-e" "CARGO_HOME=/opt/rustwide/cargo-home" "-e" "RUSTUP_HOME=/opt/rustwide/rustup-home" "-w" "/opt/rustwide/workdir" "-m" "1610612736" "--user" "0:0" "--network" "none" "ghcr.io/rust-lang/crates-build-env/linux@sha256:f3a9d4ad9d972b27faf3965f35b62e55ba32bbce8f20bc8fe909558a86702fde" "/opt/rustwide/cargo-home/bin/cargo" "+1.83.0" "build" "--frozen" "--message-format=json", kill_on_drop: false }`
[INFO] [stdout] 3f4deee980e18cfb169ab92544a21bc01858db128d55b0e767974c2ff144d80c
[INFO] running `Command { std: "docker" "start" "-a" "3f4deee980e18cfb169ab92544a21bc01858db128d55b0e767974c2ff144d80c", kill_on_drop: false }`
[INFO] [stderr]    Compiling autocfg v1.4.0
[INFO] [stderr]    Compiling libm v0.2.11
[INFO] [stderr]    Compiling proc-macro2 v1.0.92
[INFO] [stderr]    Compiling unicode-ident v1.0.14
[INFO] [stderr]    Compiling crossbeam-utils v0.8.20
[INFO] [stderr]    Compiling either v1.13.0
[INFO] [stderr]    Compiling version_check v0.9.5
[INFO] [stderr]    Compiling rayon-core v1.12.1
[INFO] [stderr]    Compiling serde v1.0.216
[INFO] [stderr]    Compiling static_assertions v1.1.0
[INFO] [stderr]    Compiling byteorder v1.5.0
[INFO] [stderr]    Compiling heapless v0.8.0
[INFO] [stderr]    Compiling ahash v0.8.11
[INFO] [stderr]    Compiling num-traits v0.2.19
[INFO] [stderr]    Compiling lexical-util v1.0.6
[INFO] [stderr]    Compiling cfg-if v1.0.0
[INFO] [stderr]    Compiling hash32 v0.3.1
[INFO] [stderr]    Compiling smallvec v1.13.2
[INFO] [stderr]    Compiling once_cell v1.20.2
[INFO] [stderr]    Compiling bytemuck v1.20.0
[INFO] [stderr]    Compiling stable_deref_trait v1.2.0
[INFO] [stderr]    Compiling crossbeam-epoch v0.9.18
[INFO] [stderr]    Compiling paste v1.0.15
[INFO] [stderr]    Compiling zerocopy v0.7.35
[INFO] [stderr]    Compiling crossbeam-deque v0.8.5
[INFO] [stderr]    Compiling quote v1.0.37
[INFO] [stderr]    Compiling lexical-parse-integer v1.0.5
[INFO] [stderr]    Compiling safe_arch v0.7.2
[INFO] [stderr]    Compiling matrixmultiply v0.3.9
[INFO] [stderr]    Compiling syn v2.0.90
[INFO] [stderr]    Compiling heck v0.5.0
[INFO] [stderr]    Compiling allocator-api2 v0.2.21
[INFO] [stderr]    Compiling rayon v1.10.0
[INFO] [stderr]    Compiling typenum v1.17.0
[INFO] [stderr]    Compiling lexical-parse-float v1.0.5
[INFO] [stderr]    Compiling approx v0.5.1
[INFO] [stderr]    Compiling hashbrown v0.14.5
[INFO] [stderr]    Compiling num-integer v0.1.46
[INFO] [stderr]    Compiling rstar v0.12.2
[INFO] [stderr]    Compiling num-complex v0.4.6
[INFO] [stderr]    Compiling wide v0.7.30
[INFO] [stderr]    Compiling itertools v0.11.0
[INFO] [stderr]    Compiling i_key_sort v0.2.0
[INFO] [stderr]    Compiling i_tree v0.8.3
[INFO] [stderr]    Compiling rawpointer v0.2.1
[INFO] [stderr]    Compiling robust v1.1.0
[INFO] [stderr]    Compiling lexical-core v1.0.5
[INFO] [stderr]    Compiling num-rational v0.4.2
[INFO] [stderr]    Compiling spade v2.12.1
[INFO] [stderr]    Compiling geographiclib-rs v0.2.4
[INFO] [stderr]    Compiling simba v0.9.0
[INFO] [stderr]    Compiling float_next_after v1.0.0
[INFO] [stderr]    Compiling log v0.4.22
[INFO] [stderr]    Compiling geo-types v0.7.14
[INFO] [stderr]    Compiling earcutr v0.4.3
[INFO] [stderr]    Compiling serde_derive v1.0.216
[INFO] [stderr]    Compiling snafu-derive v0.8.5
[INFO] [stderr]    Compiling nalgebra-macros v0.2.2
[INFO] [stderr]    Compiling snafu v0.8.5
[INFO] [stderr]    Compiling hifitime v4.0.1
[INFO] [stderr]    Compiling nalgebra v0.33.2
[INFO] [stderr]    Compiling i_float v1.6.0
[INFO] [stderr]    Compiling i_shape v1.6.0
[INFO] [stderr]    Compiling i_overlay v1.9.3
[INFO] [stderr]    Compiling geo v0.29.3
[INFO] [stderr]    Compiling celestial-nav v0.0.1 (/opt/rustwide/workdir)
[INFO] [stdout] warning: unused import: `Matrix3`
[INFO] [stdout]  --> src/solver.rs:4:29
[INFO] [stdout]   |
[INFO] [stdout] 4 |     prelude::{Epoch, Frame, Matrix3, Rotation3},
[INFO] [stdout]   |                             ^^^^^^^
[INFO] [stdout]   |
[INFO] [stdout]   = note: `#[warn(unused_imports)]` on by default
[INFO] [stdout] 
[INFO] [stdout] 
[INFO] [stdout] warning: unused import: `DMatrix`
[INFO] [stdout]  --> src/solver.rs:8:16
[INFO] [stdout]   |
[INFO] [stdout] 8 | use nalgebra::{DMatrix, Matrix1x4};
[INFO] [stdout]   |                ^^^^^^^
[INFO] [stdout] 
[INFO] [stdout] 
[INFO] [stdout] warning: unused import: `crate::tracker::Tracker`
[INFO] [stdout]   --> src/solver.rs:11:5
[INFO] [stdout]    |
[INFO] [stdout] 11 | use crate::tracker::Tracker;
[INFO] [stdout]    |     ^^^^^^^^^^^^^^^^^^^^^^^
[INFO] [stdout] 
[INFO] [stdout] 
[INFO] [stdout] warning: unused variable: `threshold`
[INFO] [stdout]    --> src/frame/mod.rs:167:13
[INFO] [stdout]     |
[INFO] [stdout] 167 |         let threshold = self.gray8_star_luminosity_threshold();
[INFO] [stdout]     |             ^^^^^^^^^ help: if this is intentional, prefix it with an underscore: `_threshold`
[INFO] [stdout]     |
[INFO] [stdout]     = note: `#[warn(unused_variables)]` on by default
[INFO] [stdout] 
[INFO] [stdout] 
[INFO] [stdout] warning: variable does not need to be mutable
[INFO] [stdout]    --> src/frame/mod.rs:165:13
[INFO] [stdout]     |
[INFO] [stdout] 165 |         let mut coords = [Coord::zero(); N];
[INFO] [stdout]     |             ----^^^^^^
[INFO] [stdout]     |             |
[INFO] [stdout]     |             help: remove this `mut`
[INFO] [stdout]     |
[INFO] [stdout]     = note: `#[warn(unused_mut)]` on by default
[INFO] [stdout] 
[INFO] [stdout] 
[INFO] [stdout] warning: unused variable: `t`
[INFO] [stdout]    --> src/solver.rs:106:50
[INFO] [stdout]     |
[INFO] [stdout] 106 |     pub fn resolve<const K: usize>(&'a mut self, t: Epoch, orientation_rot3: Rotation3<f64>) -> Option<Coord> {
[INFO] [stdout]     |                                                  ^ help: if this is intentional, prefix it with an underscore: `_t`
[INFO] [stdout] 
[INFO] [stdout] 
[INFO] [stdout] warning: unused variable: `coords`
[INFO] [stdout]    --> src/solver.rs:144:13
[INFO] [stdout]     |
[INFO] [stdout] 144 |         let coords = frame.star_coordinates_finder::<4>();
[INFO] [stdout]     |             ^^^^^^ help: if this is intentional, prefix it with an underscore: `_coords`
[INFO] [stdout] 
[INFO] [stdout] 
[INFO] [stdout] warning: unused variable: `rot3`
[INFO] [stdout]    --> src/solver.rs:130:56
[INFO] [stdout]     |
[INFO] [stdout] 130 |     pub fn video_processing<const K: usize>(&mut self, rot3: Rotation3<f64>) {
[INFO] [stdout]     |                                                        ^^^^ help: if this is intentional, prefix it with an underscore: `_rot3`
[INFO] [stdout] 
[INFO] [stdout] 
[INFO] [stdout] warning: variable does not need to be mutable
[INFO] [stdout]    --> src/solver.rs:141:13
[INFO] [stdout]     |
[INFO] [stdout] 141 |         let mut frame = self.video_frame.as_ref().unwrap();
[INFO] [stdout]     |             ----^^^^^
[INFO] [stdout]     |             |
[INFO] [stdout]     |             help: remove this `mut`
[INFO] [stdout] 
[INFO] [stdout] 
[INFO] [stdout] warning: unused variable: `p`
[INFO] [stdout]    --> src/solver.rs:157:13
[INFO] [stdout]     |
[INFO] [stdout] 157 |         let p = Matrix1x4::from([
[INFO] [stdout]     |             ^ help: if this is intentional, prefix it with an underscore: `_p`
[INFO] [stdout] 
[INFO] [stdout] 
[INFO] [stdout] warning: unused variable: `xy`
[INFO] [stdout]   --> src/tracker.rs:25:30
[INFO] [stdout]    |
[INFO] [stdout] 25 |     pub fn update(&mut self, xy: Coord, t: Epoch) {
[INFO] [stdout]    |                              ^^ help: if this is intentional, prefix it with an underscore: `_xy`
[INFO] [stdout] 
[INFO] [stdout] 
[INFO] [stdout] warning: unused variable: `t`
[INFO] [stdout]   --> src/tracker.rs:25:41
[INFO] [stdout]    |
[INFO] [stdout] 25 |     pub fn update(&mut self, xy: Coord, t: Epoch) {
[INFO] [stdout]    |                                         ^ help: if this is intentional, prefix it with an underscore: `_t`
[INFO] [stdout] 
[INFO] [stdout] 
[INFO] [stdout] warning: method `get` is never used
[INFO] [stdout]   --> src/frame/mod.rs:38:19
[INFO] [stdout]    |
[INFO] [stdout] 27 | impl<'a, const XY: usize> Frame<'a, XY> {
[INFO] [stdout]    | --------------------------------------- method in this implementation
[INFO] [stdout] ...
[INFO] [stdout] 38 |     pub(crate) fn get(&self, x: u16, y: u16) -> Option<&UnderlyingComponent> {
[INFO] [stdout]    |                   ^^^
[INFO] [stdout]    |
[INFO] [stdout]    = note: `#[warn(dead_code)]` on by default
[INFO] [stdout] 
[INFO] [stdout] 
[INFO] [stdout] warning: variant `PostProcessing` is never constructed
[INFO] [stdout]   --> src/solver.rs:22:5
[INFO] [stdout]    |
[INFO] [stdout] 15 | enum State {
[INFO] [stdout]    |      ----- variant in this enum
[INFO] [stdout] ...
[INFO] [stdout] 22 |     PostProcessing,
[INFO] [stdout]    |     ^^^^^^^^^^^^^^
[INFO] [stdout]    |
[INFO] [stdout]    = note: `State` has derived impls for the traits `Clone` and `Debug`, but these are intentionally ignored during dead code analysis
[INFO] [stdout] 
[INFO] [stdout] 
[INFO] [stdout] warning: struct `Star` is never constructed
[INFO] [stdout]  --> src/tracker.rs:6:12
[INFO] [stdout]   |
[INFO] [stdout] 6 | pub struct Star {
[INFO] [stdout]   |            ^^^^
[INFO] [stdout] 
[INFO] [stdout] 
[INFO] [stdout] warning: struct `Tracker` is never constructed
[INFO] [stdout]   --> src/tracker.rs:20:12
[INFO] [stdout]    |
[INFO] [stdout] 20 | pub struct Tracker<const N: usize> {
[INFO] [stdout]    |            ^^^^^^^
[INFO] [stdout] 
[INFO] [stdout] 
[INFO] [stdout] warning: method `update` is never used
[INFO] [stdout]   --> src/tracker.rs:25:12
[INFO] [stdout]    |
[INFO] [stdout] 24 | impl<const N: usize> Tracker<N> {
[INFO] [stdout]    | ------------------------------- method in this implementation
[INFO] [stdout] 25 |     pub fn update(&mut self, xy: Coord, t: Epoch) {
[INFO] [stdout]    |            ^^^^^^
[INFO] [stdout] 
[INFO] [stdout] 
[INFO] [stderr]     Finished `dev` profile [unoptimized + debuginfo] target(s) in 51.72s
[INFO] running `Command { std: "docker" "inspect" "3f4deee980e18cfb169ab92544a21bc01858db128d55b0e767974c2ff144d80c", kill_on_drop: false }`
[INFO] running `Command { std: "docker" "rm" "-f" "3f4deee980e18cfb169ab92544a21bc01858db128d55b0e767974c2ff144d80c", kill_on_drop: false }`
[INFO] [stdout] 3f4deee980e18cfb169ab92544a21bc01858db128d55b0e767974c2ff144d80c
[INFO] running `Command { std: "docker" "create" "-v" "/var/lib/crater-agent-workspace/builds/worker-2-tc1/target:/opt/rustwide/target:rw,Z" "-v" "/var/lib/crater-agent-workspace/builds/worker-2-tc1/source:/opt/rustwide/workdir:ro,Z" "-v" "/var/lib/crater-agent-workspace/cargo-home:/opt/rustwide/cargo-home:ro,Z" "-v" "/var/lib/crater-agent-workspace/rustup-home:/opt/rustwide/rustup-home:ro,Z" "-e" "SOURCE_DIR=/opt/rustwide/workdir" "-e" "CARGO_TARGET_DIR=/opt/rustwide/target" "-e" "CARGO_INCREMENTAL=0" "-e" "RUST_BACKTRACE=full" "-e" "RUSTFLAGS=--cap-lints=warn" "-e" "RUSTDOCFLAGS=--cap-lints=warn" "-e" "CARGO_HOME=/opt/rustwide/cargo-home" "-e" "RUSTUP_HOME=/opt/rustwide/rustup-home" "-w" "/opt/rustwide/workdir" "-m" "1610612736" "--user" "0:0" "--network" "none" "ghcr.io/rust-lang/crates-build-env/linux@sha256:f3a9d4ad9d972b27faf3965f35b62e55ba32bbce8f20bc8fe909558a86702fde" "/opt/rustwide/cargo-home/bin/cargo" "+1.83.0" "test" "--frozen" "--no-run" "--message-format=json", kill_on_drop: false }`
[INFO] [stdout] 67f5440966453f12dbf352cc95a7e417ade2d846ecc19f380f714ea68b9d9d57
[INFO] running `Command { std: "docker" "start" "-a" "67f5440966453f12dbf352cc95a7e417ade2d846ecc19f380f714ea68b9d9d57", kill_on_drop: false }`
[INFO] [stderr]    Compiling syn v2.0.90
[INFO] [stderr]    Compiling simd-adler32 v0.3.7
[INFO] [stderr]    Compiling once_cell v1.20.2
[INFO] [stderr]    Compiling bytemuck v1.20.0
[INFO] [stderr]    Compiling num-bigint v0.4.6
[INFO] [stderr]    Compiling anyhow v1.0.94
[INFO] [stderr]    Compiling adler2 v2.0.0
[INFO] [stderr]    Compiling memchr v2.7.4
[INFO] [stderr]    Compiling arrayvec v0.7.6
[INFO] [stderr]    Compiling miniz_oxide v0.8.0
[INFO] [stderr]    Compiling aligned-vec v0.5.0
[INFO] [stderr]    Compiling minimal-lexical v0.2.1
[INFO] [stderr]    Compiling built v0.7.5
[INFO] [stderr]    Compiling libc v0.2.168
[INFO] [stderr]    Compiling thiserror v1.0.69
[INFO] [stderr]    Compiling rav1e v0.7.1
[INFO] [stderr]    Compiling nom v7.1.3
[INFO] [stderr]    Compiling ahash v0.8.11
[INFO] [stderr]    Compiling v_frame v0.3.8
[INFO] [stderr]    Compiling safe_arch v0.7.2
[INFO] [stderr]    Compiling crc32fast v1.4.2
[INFO] [stderr]    Compiling hashbrown v0.14.5
[INFO] [stderr]    Compiling flate2 v1.0.35
[INFO] [stderr]    Compiling maybe-rayon v0.1.1
[INFO] [stderr]    Compiling itertools v0.12.1
[INFO] [stderr]    Compiling num-rational v0.4.2
[INFO] [stderr]    Compiling wide v0.7.30
[INFO] [stderr]    Compiling simd_helpers v0.1.0
[INFO] [stderr]    Compiling imgref v1.11.0
[INFO] [stderr]    Compiling weezl v0.1.8
[INFO] [stderr]    Compiling bitstream-io v2.6.0
[INFO] [stderr]    Compiling noop_proc_macro v0.3.0
[INFO] [stderr]    Compiling new_debug_unreachable v1.0.6
[INFO] [stderr]    Compiling quick-error v2.0.1
[INFO] [stderr]    Compiling loop9 v0.1.5
[INFO] [stderr]    Compiling spade v2.12.1
[INFO] [stderr]    Compiling avif-serialize v0.8.2
[INFO] [stderr]    Compiling av1-grain v0.2.3
[INFO] [stderr]    Compiling zune-inflate v0.2.54
[INFO] [stderr]    Compiling fdeflate v0.3.7
[INFO] [stderr]    Compiling half v2.4.1
[INFO] [stderr]    Compiling byteorder-lite v0.1.0
[INFO] [stderr]    Compiling bitflags v1.3.2
[INFO] [stderr]    Compiling lebe v0.5.2
[INFO] [stderr]    Compiling simba v0.9.0
[INFO] [stderr]    Compiling bit_field v0.10.2
[INFO] [stderr]    Compiling jpeg-decoder v0.3.1
[INFO] [stderr]    Compiling color_quant v1.1.0
[INFO] [stderr]    Compiling zune-core v0.4.12
[INFO] [stderr]    Compiling rgb v0.8.50
[INFO] [stderr]    Compiling gif v0.13.1
[INFO] [stderr]    Compiling exr v1.73.0
[INFO] [stderr]    Compiling zune-jpeg v0.4.14
[INFO] [stderr]    Compiling png v0.17.15
[INFO] [stderr]    Compiling tiff v0.9.1
[INFO] [stderr]    Compiling image-webp v0.2.0
[INFO] [stderr]    Compiling qoi v0.4.1
[INFO] [stderr]    Compiling serde_derive v1.0.216
[INFO] [stderr]    Compiling thiserror-impl v1.0.69
[INFO] [stderr]    Compiling profiling-procmacros v1.0.16
[INFO] [stderr]    Compiling snafu-derive v0.8.5
[INFO] [stderr]    Compiling num-derive v0.4.2
[INFO] [stderr]    Compiling arg_enum_proc_macro v0.3.4
[INFO] [stderr]    Compiling profiling v1.0.16
[INFO] [stderr]    Compiling nalgebra-macros v0.2.2
[INFO] [stderr]    Compiling snafu v0.8.5
[INFO] [stderr]    Compiling hifitime v4.0.1
[INFO] [stderr]    Compiling nalgebra v0.33.2
[INFO] [stderr]    Compiling serde v1.0.216
[INFO] [stderr]    Compiling ravif v0.11.11
[INFO] [stderr]    Compiling i_float v1.6.0
[INFO] [stderr]    Compiling i_shape v1.6.0
[INFO] [stderr]    Compiling image v0.25.5
[INFO] [stderr]    Compiling i_overlay v1.9.3
[INFO] [stderr]    Compiling geo v0.29.3
[INFO] [stderr]    Compiling celestial-nav v0.0.1 (/opt/rustwide/workdir)
[INFO] [stdout] warning: unused import: `Matrix3`
[INFO] [stdout]  --> src/solver.rs:4:29
[INFO] [stdout]   |
[INFO] [stdout] 4 |     prelude::{Epoch, Frame, Matrix3, Rotation3},
[INFO] [stdout]   |                             ^^^^^^^
[INFO] [stdout]   |
[INFO] [stdout]   = note: `#[warn(unused_imports)]` on by default
[INFO] [stdout] 
[INFO] [stdout] 
[INFO] [stdout] warning: unused import: `DMatrix`
[INFO] [stdout]  --> src/solver.rs:8:16
[INFO] [stdout]   |
[INFO] [stdout] 8 | use nalgebra::{DMatrix, Matrix1x4};
[INFO] [stdout]   |                ^^^^^^^
[INFO] [stdout] 
[INFO] [stdout] 
[INFO] [stdout] warning: unused import: `crate::tracker::Tracker`
[INFO] [stdout]   --> src/solver.rs:11:5
[INFO] [stdout]    |
[INFO] [stdout] 11 | use crate::tracker::Tracker;
[INFO] [stdout]    |     ^^^^^^^^^^^^^^^^^^^^^^^
[INFO] [stdout] 
[INFO] [stdout] 
[INFO] [stdout] warning: unused variable: `threshold`
[INFO] [stdout]    --> src/frame/mod.rs:167:13
[INFO] [stdout]     |
[INFO] [stdout] 167 |         let threshold = self.gray8_star_luminosity_threshold();
[INFO] [stdout]     |             ^^^^^^^^^ help: if this is intentional, prefix it with an underscore: `_threshold`
[INFO] [stdout]     |
[INFO] [stdout]     = note: `#[warn(unused_variables)]` on by default
[INFO] [stdout] 
[INFO] [stdout] 
[INFO] [stdout] warning: variable does not need to be mutable
[INFO] [stdout]    --> src/frame/mod.rs:165:13
[INFO] [stdout]     |
[INFO] [stdout] 165 |         let mut coords = [Coord::zero(); N];
[INFO] [stdout]     |             ----^^^^^^
[INFO] [stdout]     |             |
[INFO] [stdout]     |             help: remove this `mut`
[INFO] [stdout]     |
[INFO] [stdout]     = note: `#[warn(unused_mut)]` on by default
[INFO] [stdout] 
[INFO] [stdout] 
[INFO] [stdout] warning: unused variable: `t`
[INFO] [stdout]    --> src/solver.rs:106:50
[INFO] [stdout]     |
[INFO] [stdout] 106 |     pub fn resolve<const K: usize>(&'a mut self, t: Epoch, orientation_rot3: Rotation3<f64>) -> Option<Coord> {
[INFO] [stdout]     |                                                  ^ help: if this is intentional, prefix it with an underscore: `_t`
[INFO] [stdout] 
[INFO] [stdout] 
[INFO] [stdout] warning: unused variable: `coords`
[INFO] [stdout]    --> src/solver.rs:144:13
[INFO] [stdout]     |
[INFO] [stdout] 144 |         let coords = frame.star_coordinates_finder::<4>();
[INFO] [stdout]     |             ^^^^^^ help: if this is intentional, prefix it with an underscore: `_coords`
[INFO] [stdout] 
[INFO] [stdout] 
[INFO] [stdout] warning: unused variable: `rot3`
[INFO] [stdout]    --> src/solver.rs:130:56
[INFO] [stdout]     |
[INFO] [stdout] 130 |     pub fn video_processing<const K: usize>(&mut self, rot3: Rotation3<f64>) {
[INFO] [stdout]     |                                                        ^^^^ help: if this is intentional, prefix it with an underscore: `_rot3`
[INFO] [stdout] 
[INFO] [stdout] 
[INFO] [stdout] warning: variable does not need to be mutable
[INFO] [stdout]    --> src/solver.rs:141:13
[INFO] [stdout]     |
[INFO] [stdout] 141 |         let mut frame = self.video_frame.as_ref().unwrap();
[INFO] [stdout]     |             ----^^^^^
[INFO] [stdout]     |             |
[INFO] [stdout]     |             help: remove this `mut`
[INFO] [stdout] 
[INFO] [stdout] 
[INFO] [stdout] warning: unused variable: `p`
[INFO] [stdout]    --> src/solver.rs:157:13
[INFO] [stdout]     |
[INFO] [stdout] 157 |         let p = Matrix1x4::from([
[INFO] [stdout]     |             ^ help: if this is intentional, prefix it with an underscore: `_p`
[INFO] [stdout] 
[INFO] [stdout] 
[INFO] [stdout] warning: unused variable: `xy`
[INFO] [stdout]   --> src/tracker.rs:25:30
[INFO] [stdout]    |
[INFO] [stdout] 25 |     pub fn update(&mut self, xy: Coord, t: Epoch) {
[INFO] [stdout]    |                              ^^ help: if this is intentional, prefix it with an underscore: `_xy`
[INFO] [stdout] 
[INFO] [stdout] 
[INFO] [stdout] warning: unused variable: `t`
[INFO] [stdout]   --> src/tracker.rs:25:41
[INFO] [stdout]    |
[INFO] [stdout] 25 |     pub fn update(&mut self, xy: Coord, t: Epoch) {
[INFO] [stdout]    |                                         ^ help: if this is intentional, prefix it with an underscore: `_t`
[INFO] [stdout] 
[INFO] [stdout] 
[INFO] [stdout] warning: method `get` is never used
[INFO] [stdout]   --> src/frame/mod.rs:38:19
[INFO] [stdout]    |
[INFO] [stdout] 27 | impl<'a, const XY: usize> Frame<'a, XY> {
[INFO] [stdout]    | --------------------------------------- method in this implementation
[INFO] [stdout] ...
[INFO] [stdout] 38 |     pub(crate) fn get(&self, x: u16, y: u16) -> Option<&UnderlyingComponent> {
[INFO] [stdout]    |                   ^^^
[INFO] [stdout]    |
[INFO] [stdout]    = note: `#[warn(dead_code)]` on by default
[INFO] [stdout] 
[INFO] [stdout] 
[INFO] [stdout] warning: variant `PostProcessing` is never constructed
[INFO] [stdout]   --> src/solver.rs:22:5
[INFO] [stdout]    |
[INFO] [stdout] 15 | enum State {
[INFO] [stdout]    |      ----- variant in this enum
[INFO] [stdout] ...
[INFO] [stdout] 22 |     PostProcessing,
[INFO] [stdout]    |     ^^^^^^^^^^^^^^
[INFO] [stdout]    |
[INFO] [stdout]    = note: `State` has derived impls for the traits `Clone` and `Debug`, but these are intentionally ignored during dead code analysis
[INFO] [stdout] 
[INFO] [stdout] 
[INFO] [stdout] warning: struct `Star` is never constructed
[INFO] [stdout]  --> src/tracker.rs:6:12
[INFO] [stdout]   |
[INFO] [stdout] 6 | pub struct Star {
[INFO] [stdout]   |            ^^^^
[INFO] [stdout] 
[INFO] [stdout] 
[INFO] [stdout] warning: struct `Tracker` is never constructed
[INFO] [stdout]   --> src/tracker.rs:20:12
[INFO] [stdout]    |
[INFO] [stdout] 20 | pub struct Tracker<const N: usize> {
[INFO] [stdout]    |            ^^^^^^^
[INFO] [stdout] 
[INFO] [stdout] 
[INFO] [stdout] warning: method `update` is never used
[INFO] [stdout]   --> src/tracker.rs:25:12
[INFO] [stdout]    |
[INFO] [stdout] 24 | impl<const N: usize> Tracker<N> {
[INFO] [stdout]    | ------------------------------- method in this implementation
[INFO] [stdout] 25 |     pub fn update(&mut self, xy: Coord, t: Epoch) {
[INFO] [stdout]    |            ^^^^^^
[INFO] [stdout] 
[INFO] [stdout] 
[INFO] [stdout] warning: unused import: `crate::tracker::Star`
[INFO] [stdout]  --> src/frame/bitmap/test.rs:2:5
[INFO] [stdout]   |
[INFO] [stdout] 2 | use crate::tracker::Star;
[INFO] [stdout]   |     ^^^^^^^^^^^^^^^^^^^^
[INFO] [stdout]   |
[INFO] [stdout]   = note: `#[warn(unused_imports)]` on by default
[INFO] [stdout] 
[INFO] [stdout] 
[INFO] [stdout] warning: unused import: `image::open as image_open`
[INFO] [stdout]  --> src/frame/bitmap/test.rs:6:5
[INFO] [stdout]   |
[INFO] [stdout] 6 | use image::open as image_open;
[INFO] [stdout]   |     ^^^^^^^^^^^^^^^^^^^^^^^^^
[INFO] [stdout] 
[INFO] [stdout] 
[INFO] [stdout] warning: unused import: `image::DynamicImage`
[INFO] [stdout]  --> src/frame/bitmap/test.rs:7:5
[INFO] [stdout]   |
[INFO] [stdout] 7 | use image::DynamicImage;
[INFO] [stdout]   |     ^^^^^^^^^^^^^^^^^^^
[INFO] [stdout] 
[INFO] [stdout] 
[INFO] [stdout] warning: unused import: `image::EncodableLayout`
[INFO] [stdout]  --> src/frame/bitmap/test.rs:8:5
[INFO] [stdout]   |
[INFO] [stdout] 8 | use image::EncodableLayout;
[INFO] [stdout]   |     ^^^^^^^^^^^^^^^^^^^^^^
[INFO] [stdout] 
[INFO] [stdout] 
[INFO] [stdout] warning: unused import: `std::path::Path`
[INFO] [stdout]   --> src/frame/bitmap/test.rs:11:5
[INFO] [stdout]    |
[INFO] [stdout] 11 | use std::path::Path;
[INFO] [stdout]    |     ^^^^^^^^^^^^^^^
[INFO] [stdout] 
[INFO] [stdout] 
[INFO] [stdout] warning: unused import: `Matrix3`
[INFO] [stdout]  --> src/solver.rs:4:29
[INFO] [stdout]   |
[INFO] [stdout] 4 |     prelude::{Epoch, Frame, Matrix3, Rotation3},
[INFO] [stdout]   |                             ^^^^^^^
[INFO] [stdout] 
[INFO] [stdout] 
[INFO] [stdout] warning: unused import: `DMatrix`
[INFO] [stdout]  --> src/solver.rs:8:16
[INFO] [stdout]   |
[INFO] [stdout] 8 | use nalgebra::{DMatrix, Matrix1x4};
[INFO] [stdout]   |                ^^^^^^^
[INFO] [stdout] 
[INFO] [stdout] 
[INFO] [stdout] warning: unused import: `crate::tracker::Tracker`
[INFO] [stdout]   --> src/solver.rs:11:5
[INFO] [stdout]    |
[INFO] [stdout] 11 | use crate::tracker::Tracker;
[INFO] [stdout]    |     ^^^^^^^^^^^^^^^^^^^^^^^
[INFO] [stdout] 
[INFO] [stdout] 
[INFO] [stdout] warning: unused variable: `threshold`
[INFO] [stdout]    --> src/frame/mod.rs:167:13
[INFO] [stdout]     |
[INFO] [stdout] 167 |         let threshold = self.gray8_star_luminosity_threshold();
[INFO] [stdout]     |             ^^^^^^^^^ help: if this is intentional, prefix it with an underscore: `_threshold`
[INFO] [stdout]     |
[INFO] [stdout]     = note: `#[warn(unused_variables)]` on by default
[INFO] [stdout] 
[INFO] [stdout] 
[INFO] [stdout] warning: variable does not need to be mutable
[INFO] [stdout]    --> src/frame/mod.rs:165:13
[INFO] [stdout]     |
[INFO] [stdout] 165 |         let mut coords = [Coord::zero(); N];
[INFO] [stdout]     |             ----^^^^^^
[INFO] [stdout]     |             |
[INFO] [stdout]     |             help: remove this `mut`
[INFO] [stdout]     |
[INFO] [stdout]     = note: `#[warn(unused_mut)]` on by default
[INFO] [stdout] 
[INFO] [stdout] 
[INFO] [stdout] warning: unused variable: `t`
[INFO] [stdout]    --> src/solver.rs:106:50
[INFO] [stdout]     |
[INFO] [stdout] 106 |     pub fn resolve<const K: usize>(&'a mut self, t: Epoch, orientation_rot3: Rotation3<f64>) -> Option<Coord> {
[INFO] [stdout]     |                                                  ^ help: if this is intentional, prefix it with an underscore: `_t`
[INFO] [stdout] 
[INFO] [stdout] 
[INFO] [stdout] warning: unused variable: `coords`
[INFO] [stdout]    --> src/solver.rs:144:13
[INFO] [stdout]     |
[INFO] [stdout] 144 |         let coords = frame.star_coordinates_finder::<4>();
[INFO] [stdout]     |             ^^^^^^ help: if this is intentional, prefix it with an underscore: `_coords`
[INFO] [stdout] 
[INFO] [stdout] 
[INFO] [stdout] warning: unused variable: `rot3`
[INFO] [stdout]    --> src/solver.rs:130:56
[INFO] [stdout]     |
[INFO] [stdout] 130 |     pub fn video_processing<const K: usize>(&mut self, rot3: Rotation3<f64>) {
[INFO] [stdout]     |                                                        ^^^^ help: if this is intentional, prefix it with an underscore: `_rot3`
[INFO] [stdout] 
[INFO] [stdout] 
[INFO] [stdout] warning: variable does not need to be mutable
[INFO] [stdout]    --> src/solver.rs:141:13
[INFO] [stdout]     |
[INFO] [stdout] 141 |         let mut frame = self.video_frame.as_ref().unwrap();
[INFO] [stdout]     |             ----^^^^^
[INFO] [stdout]     |             |
[INFO] [stdout]     |             help: remove this `mut`
[INFO] [stdout] 
[INFO] [stdout] 
[INFO] [stdout] warning: unused variable: `p`
[INFO] [stdout]    --> src/solver.rs:157:13
[INFO] [stdout]     |
[INFO] [stdout] 157 |         let p = Matrix1x4::from([
[INFO] [stdout]     |             ^ help: if this is intentional, prefix it with an underscore: `_p`
[INFO] [stdout] 
[INFO] [stdout] 
[INFO] [stdout] warning: unused variable: `xy`
[INFO] [stdout]   --> src/tracker.rs:25:30
[INFO] [stdout]    |
[INFO] [stdout] 25 |     pub fn update(&mut self, xy: Coord, t: Epoch) {
[INFO] [stdout]    |                              ^^ help: if this is intentional, prefix it with an underscore: `_xy`
[INFO] [stdout] 
[INFO] [stdout] 
[INFO] [stdout] warning: unused variable: `t`
[INFO] [stdout]   --> src/tracker.rs:25:41
[INFO] [stdout]    |
[INFO] [stdout] 25 |     pub fn update(&mut self, xy: Coord, t: Epoch) {
[INFO] [stdout]    |                                         ^ help: if this is intentional, prefix it with an underscore: `_t`
[INFO] [stdout] 
[INFO] [stdout] 
[INFO] [stdout] warning: method `get` is never used
[INFO] [stdout]   --> src/frame/mod.rs:38:19
[INFO] [stdout]    |
[INFO] [stdout] 27 | impl<'a, const XY: usize> Frame<'a, XY> {
[INFO] [stdout]    | --------------------------------------- method in this implementation
[INFO] [stdout] ...
[INFO] [stdout] 38 |     pub(crate) fn get(&self, x: u16, y: u16) -> Option<&UnderlyingComponent> {
[INFO] [stdout]    |                   ^^^
[INFO] [stdout]    |
[INFO] [stdout]    = note: `#[warn(dead_code)]` on by default
[INFO] [stdout] 
[INFO] [stdout] 
[INFO] [stdout] warning: struct `OwnedBitMap` is never constructed
[INFO] [stdout]   --> src/frame/bitmap/test.rs:14:12
[INFO] [stdout]    |
[INFO] [stdout] 14 | pub struct OwnedBitMap {
[INFO] [stdout]    |            ^^^^^^^^^^^
[INFO] [stdout] 
[INFO] [stdout] 
[INFO] [stdout] warning: variant `PostProcessing` is never constructed
[INFO] [stdout]   --> src/solver.rs:22:5
[INFO] [stdout]    |
[INFO] [stdout] 15 | enum State {
[INFO] [stdout]    |      ----- variant in this enum
[INFO] [stdout] ...
[INFO] [stdout] 22 |     PostProcessing,
[INFO] [stdout]    |     ^^^^^^^^^^^^^^
[INFO] [stdout]    |
[INFO] [stdout]    = note: `State` has derived impls for the traits `Clone` and `Debug`, but these are intentionally ignored during dead code analysis
[INFO] [stdout] 
[INFO] [stdout] 
[INFO] [stdout] warning: struct `Star` is never constructed
[INFO] [stdout]  --> src/tracker.rs:6:12
[INFO] [stdout]   |
[INFO] [stdout] 6 | pub struct Star {
[INFO] [stdout]   |            ^^^^
[INFO] [stdout] 
[INFO] [stdout] 
[INFO] [stdout] warning: struct `Tracker` is never constructed
[INFO] [stdout]   --> src/tracker.rs:20:12
[INFO] [stdout]    |
[INFO] [stdout] 20 | pub struct Tracker<const N: usize> {
[INFO] [stdout]    |            ^^^^^^^
[INFO] [stdout] 
[INFO] [stdout] 
[INFO] [stdout] warning: method `update` is never used
[INFO] [stdout]   --> src/tracker.rs:25:12
[INFO] [stdout]    |
[INFO] [stdout] 24 | impl<const N: usize> Tracker<N> {
[INFO] [stdout]    | ------------------------------- method in this implementation
[INFO] [stdout] 25 |     pub fn update(&mut self, xy: Coord, t: Epoch) {
[INFO] [stdout]    |            ^^^^^^
[INFO] [stdout] 
[INFO] [stdout] 
[INFO] [stderr]     Finished `test` profile [unoptimized + debuginfo] target(s) in 1m 24s
[INFO] running `Command { std: "docker" "inspect" "67f5440966453f12dbf352cc95a7e417ade2d846ecc19f380f714ea68b9d9d57", kill_on_drop: false }`
[INFO] running `Command { std: "docker" "rm" "-f" "67f5440966453f12dbf352cc95a7e417ade2d846ecc19f380f714ea68b9d9d57", kill_on_drop: false }`
[INFO] [stdout] 67f5440966453f12dbf352cc95a7e417ade2d846ecc19f380f714ea68b9d9d57
[INFO] running `Command { std: "docker" "create" "-v" "/var/lib/crater-agent-workspace/builds/worker-2-tc1/target:/opt/rustwide/target:rw,Z" "-v" "/var/lib/crater-agent-workspace/builds/worker-2-tc1/source:/opt/rustwide/workdir:ro,Z" "-v" "/var/lib/crater-agent-workspace/cargo-home:/opt/rustwide/cargo-home:ro,Z" "-v" "/var/lib/crater-agent-workspace/rustup-home:/opt/rustwide/rustup-home:ro,Z" "-e" "SOURCE_DIR=/opt/rustwide/workdir" "-e" "CARGO_TARGET_DIR=/opt/rustwide/target" "-e" "CARGO_INCREMENTAL=0" "-e" "RUST_BACKTRACE=full" "-e" "RUSTFLAGS=--cap-lints=warn" "-e" "RUSTDOCFLAGS=--cap-lints=warn" "-e" "CARGO_HOME=/opt/rustwide/cargo-home" "-e" "RUSTUP_HOME=/opt/rustwide/rustup-home" "-w" "/opt/rustwide/workdir" "-m" "1610612736" "--user" "0:0" "--network" "none" "ghcr.io/rust-lang/crates-build-env/linux@sha256:f3a9d4ad9d972b27faf3965f35b62e55ba32bbce8f20bc8fe909558a86702fde" "/opt/rustwide/cargo-home/bin/cargo" "+1.83.0" "test" "--frozen", kill_on_drop: false }`
[INFO] [stdout] 46e14bb5c84b605a6b53e4a1b61c485c3132baed225f9367e007ef0bf4480dcc
[INFO] running `Command { std: "docker" "start" "-a" "46e14bb5c84b605a6b53e4a1b61c485c3132baed225f9367e007ef0bf4480dcc", kill_on_drop: false }`
[INFO] [stderr] warning: unused import: `Matrix3`
[INFO] [stderr]  --> src/solver.rs:4:29
[INFO] [stderr]   |
[INFO] [stderr] 4 |     prelude::{Epoch, Frame, Matrix3, Rotation3},
[INFO] [stderr]   |                             ^^^^^^^
[INFO] [stderr]   |
[INFO] [stderr]   = note: `#[warn(unused_imports)]` on by default
[INFO] [stderr] 
[INFO] [stderr] warning: unused import: `DMatrix`
[INFO] [stderr]  --> src/solver.rs:8:16
[INFO] [stderr]   |
[INFO] [stderr] 8 | use nalgebra::{DMatrix, Matrix1x4};
[INFO] [stderr]   |                ^^^^^^^
[INFO] [stderr] 
[INFO] [stderr] warning: unused import: `crate::tracker::Tracker`
[INFO] [stderr]   --> src/solver.rs:11:5
[INFO] [stderr]    |
[INFO] [stderr] 11 | use crate::tracker::Tracker;
[INFO] [stderr]    |     ^^^^^^^^^^^^^^^^^^^^^^^
[INFO] [stderr] 
[INFO] [stderr] warning: unused variable: `threshold`
[INFO] [stderr]    --> src/frame/mod.rs:167:13
[INFO] [stderr]     |
[INFO] [stderr] 167 |         let threshold = self.gray8_star_luminosity_threshold();
[INFO] [stderr]     |             ^^^^^^^^^ help: if this is intentional, prefix it with an underscore: `_threshold`
[INFO] [stderr]     |
[INFO] [stderr]     = note: `#[warn(unused_variables)]` on by default
[INFO] [stderr] 
[INFO] [stderr] warning: variable does not need to be mutable
[INFO] [stderr]    --> src/frame/mod.rs:165:13
[INFO] [stderr]     |
[INFO] [stderr] 165 |         let mut coords = [Coord::zero(); N];
[INFO] [stderr]     |             ----^^^^^^
[INFO] [stderr]     |             |
[INFO] [stderr]     |             help: remove this `mut`
[INFO] [stderr]     |
[INFO] [stderr]     = note: `#[warn(unused_mut)]` on by default
[INFO] [stderr] 
[INFO] [stderr] warning: unused variable: `t`
[INFO] [stderr]    --> src/solver.rs:106:50
[INFO] [stderr]     |
[INFO] [stderr] 106 |     pub fn resolve<const K: usize>(&'a mut self, t: Epoch, orientation_rot3: Rotation3<f64>) -> Option<Coord> {
[INFO] [stderr]     |                                                  ^ help: if this is intentional, prefix it with an underscore: `_t`
[INFO] [stderr] 
[INFO] [stderr] warning: unused variable: `coords`
[INFO] [stderr]    --> src/solver.rs:144:13
[INFO] [stderr]     |
[INFO] [stderr] 144 |         let coords = frame.star_coordinates_finder::<4>();
[INFO] [stderr]     |             ^^^^^^ help: if this is intentional, prefix it with an underscore: `_coords`
[INFO] [stderr] 
[INFO] [stderr] warning: unused variable: `rot3`
[INFO] [stderr]    --> src/solver.rs:130:56
[INFO] [stderr]     |
[INFO] [stderr] 130 |     pub fn video_processing<const K: usize>(&mut self, rot3: Rotation3<f64>) {
[INFO] [stderr]     |                                                        ^^^^ help: if this is intentional, prefix it with an underscore: `_rot3`
[INFO] [stderr] 
[INFO] [stderr] warning: variable does not need to be mutable
[INFO] [stderr]    --> src/solver.rs:141:13
[INFO] [stderr]     |
[INFO] [stderr] 141 |         let mut frame = self.video_frame.as_ref().unwrap();
[INFO] [stderr]     |             ----^^^^^
[INFO] [stderr]     |             |
[INFO] [stderr]     |             help: remove this `mut`
[INFO] [stderr] 
[INFO] [stderr] warning: unused variable: `p`
[INFO] [stderr]    --> src/solver.rs:157:13
[INFO] [stderr]     |
[INFO] [stderr] 157 |         let p = Matrix1x4::from([
[INFO] [stderr]     |             ^ help: if this is intentional, prefix it with an underscore: `_p`
[INFO] [stderr] 
[INFO] [stderr] warning: unused variable: `xy`
[INFO] [stderr]   --> src/tracker.rs:25:30
[INFO] [stderr]    |
[INFO] [stderr] 25 |     pub fn update(&mut self, xy: Coord, t: Epoch) {
[INFO] [stderr]    |                              ^^ help: if this is intentional, prefix it with an underscore: `_xy`
[INFO] [stderr] 
[INFO] [stderr] warning: unused variable: `t`
[INFO] [stderr]   --> src/tracker.rs:25:41
[INFO] [stderr]    |
[INFO] [stderr] 25 |     pub fn update(&mut self, xy: Coord, t: Epoch) {
[INFO] [stderr]    |                                         ^ help: if this is intentional, prefix it with an underscore: `_t`
[INFO] [stderr] 
[INFO] [stderr] warning: method `get` is never used
[INFO] [stderr]   --> src/frame/mod.rs:38:19
[INFO] [stderr]    |
[INFO] [stderr] 27 | impl<'a, const XY: usize> Frame<'a, XY> {
[INFO] [stderr]    | --------------------------------------- method in this implementation
[INFO] [stderr] ...
[INFO] [stderr] 38 |     pub(crate) fn get(&self, x: u16, y: u16) -> Option<&UnderlyingComponent> {
[INFO] [stderr]    |                   ^^^
[INFO] [stderr]    |
[INFO] [stderr]    = note: `#[warn(dead_code)]` on by default
[INFO] [stderr] 
[INFO] [stderr] warning: variant `PostProcessing` is never constructed
[INFO] [stderr]   --> src/solver.rs:22:5
[INFO] [stderr]    |
[INFO] [stderr] 15 | enum State {
[INFO] [stderr]    |      ----- variant in this enum
[INFO] [stderr] ...
[INFO] [stderr] 22 |     PostProcessing,
[INFO] [stderr]    |     ^^^^^^^^^^^^^^
[INFO] [stderr]    |
[INFO] [stderr]    = note: `State` has derived impls for the traits `Clone` and `Debug`, but these are intentionally ignored during dead code analysis
[INFO] [stderr] 
[INFO] [stderr] warning: struct `Star` is never constructed
[INFO] [stderr]  --> src/tracker.rs:6:12
[INFO] [stderr]   |
[INFO] [stderr] 6 | pub struct Star {
[INFO] [stderr]   |            ^^^^
[INFO] [stderr] 
[INFO] [stderr] warning: struct `Tracker` is never constructed
[INFO] [stderr]   --> src/tracker.rs:20:12
[INFO] [stderr]    |
[INFO] [stderr] 20 | pub struct Tracker<const N: usize> {
[INFO] [stderr]    |            ^^^^^^^
[INFO] [stderr] 
[INFO] [stderr] warning: method `update` is never used
[INFO] [stderr]   --> src/tracker.rs:25:12
[INFO] [stderr]    |
[INFO] [stderr] 24 | impl<const N: usize> Tracker<N> {
[INFO] [stderr]    | ------------------------------- method in this implementation
[INFO] [stderr] 25 |     pub fn update(&mut self, xy: Coord, t: Epoch) {
[INFO] [stderr]    |            ^^^^^^
[INFO] [stderr] 
[INFO] [stderr] warning: `celestial-nav` (lib) generated 17 warnings (run `cargo fix --lib -p celestial-nav` to apply 5 suggestions)
[INFO] [stderr] warning: unused import: `crate::tracker::Star`
[INFO] [stderr]  --> src/frame/bitmap/test.rs:2:5
[INFO] [stderr]   |
[INFO] [stderr] 2 | use crate::tracker::Star;
[INFO] [stderr]   |     ^^^^^^^^^^^^^^^^^^^^
[INFO] [stderr]   |
[INFO] [stderr]   = note: `#[warn(unused_imports)]` on by default
[INFO] [stderr] 
[INFO] [stderr] warning: unused import: `image::open as image_open`
[INFO] [stderr]  --> src/frame/bitmap/test.rs:6:5
[INFO] [stderr]   |
[INFO] [stderr] 6 | use image::open as image_open;
[INFO] [stderr]   |     ^^^^^^^^^^^^^^^^^^^^^^^^^
[INFO] [stderr] 
[INFO] [stderr] warning: unused import: `image::DynamicImage`
[INFO] [stderr]  --> src/frame/bitmap/test.rs:7:5
[INFO] [stderr]   |
[INFO] [stderr] 7 | use image::DynamicImage;
[INFO] [stderr]   |     ^^^^^^^^^^^^^^^^^^^
[INFO] [stderr] 
[INFO] [stderr] warning: unused import: `image::EncodableLayout`
[INFO] [stderr]  --> src/frame/bitmap/test.rs:8:5
[INFO] [stderr]   |
[INFO] [stderr] 8 | use image::EncodableLayout;
[INFO] [stderr]   |     ^^^^^^^^^^^^^^^^^^^^^^
[INFO] [stderr] 
[INFO] [stderr] warning: unused import: `std::path::Path`
[INFO] [stderr]   --> src/frame/bitmap/test.rs:11:5
[INFO] [stderr]    |
[INFO] [stderr] 11 | use std::path::Path;
[INFO] [stderr]    |     ^^^^^^^^^^^^^^^
[INFO] [stderr] 
[INFO] [stderr] warning: unused import: `Matrix3`
[INFO] [stderr]  --> src/solver.rs:4:29
[INFO] [stderr]   |
[INFO] [stderr] 4 |     prelude::{Epoch, Frame, Matrix3, Rotation3},
[INFO] [stderr]   |                             ^^^^^^^
[INFO] [stderr] 
[INFO] [stderr] warning: struct `OwnedBitMap` is never constructed
[INFO] [stderr]   --> src/frame/bitmap/test.rs:14:12
[INFO] [stderr]    |
[INFO] [stderr] 14 | pub struct OwnedBitMap {
[INFO] [stderr]    |            ^^^^^^^^^^^
[INFO] [stderr] 
[INFO] [stderr] warning: `celestial-nav` (lib test) generated 23 warnings (16 duplicates) (run `cargo fix --lib -p celestial-nav --tests` to apply 6 suggestions)
[INFO] [stderr]     Finished `test` profile [unoptimized + debuginfo] target(s) in 0.18s
[INFO] [stderr]      Running unittests src/lib.rs (/opt/rustwide/target/debug/deps/celestial_nav-633f01cc50b54541)
[INFO] [stdout] 
[INFO] [stdout] running 0 tests
[INFO] [stdout] 
[INFO] [stdout] test result: ok. 0 passed; 0 failed; 0 ignored; 0 measured; 0 filtered out; finished in 0.00s
[INFO] [stdout] 
[INFO] [stderr]      Running tests/mod.rs (/opt/rustwide/target/debug/deps/mod-68b14c946af8c72a)
[INFO] [stdout] 
[INFO] [stdout] running 1 test
[INFO] [stdout] test stars::test_stars_finder ... FAILED
[INFO] [stdout] 
[INFO] [stdout] failures:
[INFO] [stdout] 
[INFO] [stdout] ---- stars::test_stars_finder stdout ----
[INFO] [stdout] bitmap_from_gray_scale:width=612,height=408
[INFO] [stdout] thread 'stars::test_stars_finder' panicked at tests/stars.rs:46:5:
[INFO] [stdout] [Coord { x: 0, y: 0 }, Coord { x: 0, y: 0 }, Coord { x: 0, y: 0 }, Coord { x: 0, y: 0 }, Coord { x: 0, y: 0 }, Coord { x: 0, y: 0 }, Coord { x: 0, y: 0 }, Coord { x: 0, y: 0 }]
[INFO] [stdout] stack backtrace:
[INFO] [stdout]    0:     0x5f44506fdeba - std::backtrace_rs::backtrace::libunwind::trace::h5a5b8284f2d0c266
[INFO] [stdout]                                at /rustc/90b35a6239c3d8bdabc530a6a0816f7ff89a0aaf/library/std/src/../../backtrace/src/backtrace/libunwind.rs:116:5
[INFO] [stdout]    1:     0x5f44506fdeba - std::backtrace_rs::backtrace::trace_unsynchronized::h76d4f1c9b0b875e3
[INFO] [stdout]                                at /rustc/90b35a6239c3d8bdabc530a6a0816f7ff89a0aaf/library/std/src/../../backtrace/src/backtrace/mod.rs:66:5
[INFO] [stdout]    2:     0x5f44506fdeba - std::sys::backtrace::_print_fmt::hc4546b8364a537c6
[INFO] [stdout]                                at /rustc/90b35a6239c3d8bdabc530a6a0816f7ff89a0aaf/library/std/src/sys/backtrace.rs:66:9
[INFO] [stdout]    3:     0x5f44506fdeba - <std::sys::backtrace::BacktraceLock::print::DisplayBacktrace as core::fmt::Display>::fmt::h5b6bd5631a6d1f6b
[INFO] [stdout]                                at /rustc/90b35a6239c3d8bdabc530a6a0816f7ff89a0aaf/library/std/src/sys/backtrace.rs:39:26
[INFO] [stdout]    4:     0x5f4450725253 - core::fmt::rt::Argument::fmt::h270f6602a2b96f62
[INFO] [stdout]                                at /rustc/90b35a6239c3d8bdabc530a6a0816f7ff89a0aaf/library/core/src/fmt/rt.rs:177:76
[INFO] [stdout]    5:     0x5f4450725253 - core::fmt::write::h7550c97b06c86515
[INFO] [stdout]                                at /rustc/90b35a6239c3d8bdabc530a6a0816f7ff89a0aaf/library/core/src/fmt/mod.rs:1186:21
[INFO] [stdout]    6:     0x5f44506faf63 - std::io::Write::write_fmt::h509ff860e5956e5e
[INFO] [stdout]                                at /rustc/90b35a6239c3d8bdabc530a6a0816f7ff89a0aaf/library/std/src/io/mod.rs:1839:15
[INFO] [stdout]    7:     0x5f44506fdd02 - std::sys::backtrace::BacktraceLock::print::h2395ccd2c84ba3aa
[INFO] [stdout]                                at /rustc/90b35a6239c3d8bdabc530a6a0816f7ff89a0aaf/library/std/src/sys/backtrace.rs:42:9
[INFO] [stdout]    8:     0x5f44506ff31a - std::panicking::default_hook::{{closure}}::he19d4c7230e07961
[INFO] [stdout]                                at /rustc/90b35a6239c3d8bdabc530a6a0816f7ff89a0aaf/library/std/src/panicking.rs:268:22
[INFO] [stdout]    9:     0x5f44506ff124 - std::panicking::default_hook::hf614597d3c67bbdb
[INFO] [stdout]                                at /rustc/90b35a6239c3d8bdabc530a6a0816f7ff89a0aaf/library/std/src/panicking.rs:292:9
[INFO] [stdout]   10:     0x5f4450434619 - <alloc::boxed::Box<F,A> as core::ops::function::Fn<Args>>::call::h39b51ce4599c23d1
[INFO] [stdout]                                at /rustc/90b35a6239c3d8bdabc530a6a0816f7ff89a0aaf/library/alloc/src/boxed.rs:2468:9
[INFO] [stdout]   11:     0x5f4450434619 - test::test_main::{{closure}}::he977ae839a582784
[INFO] [stdout]                                at /rustc/90b35a6239c3d8bdabc530a6a0816f7ff89a0aaf/library/test/src/lib.rs:133:21
[INFO] [stdout]   12:     0x5f44506ff9b8 - <alloc::boxed::Box<F,A> as core::ops::function::Fn<Args>>::call::h9455091b6b06f9fb
[INFO] [stdout]                                at /rustc/90b35a6239c3d8bdabc530a6a0816f7ff89a0aaf/library/alloc/src/boxed.rs:2468:9
[INFO] [stdout]   13:     0x5f44506ff9b8 - std::panicking::rust_panic_with_hook::h8942133a8b252070
[INFO] [stdout]                                at /rustc/90b35a6239c3d8bdabc530a6a0816f7ff89a0aaf/library/std/src/panicking.rs:809:13
[INFO] [stdout]   14:     0x5f44506ff77a - std::panicking::begin_panic_handler::{{closure}}::hb5f5963570096b29
[INFO] [stdout]                                at /rustc/90b35a6239c3d8bdabc530a6a0816f7ff89a0aaf/library/std/src/panicking.rs:674:13
[INFO] [stdout]   15:     0x5f44506fe399 - std::sys::backtrace::__rust_end_short_backtrace::h6208cedc1922feda
[INFO] [stdout]                                at /rustc/90b35a6239c3d8bdabc530a6a0816f7ff89a0aaf/library/std/src/sys/backtrace.rs:170:18
[INFO] [stdout]   16:     0x5f44506ff40c - rust_begin_unwind
[INFO] [stdout]                                at /rustc/90b35a6239c3d8bdabc530a6a0816f7ff89a0aaf/library/std/src/panicking.rs:665:5
[INFO] [stdout]   17:     0x5f445032f050 - core::panicking::panic_fmt::h0c3082644d1bf418
[INFO] [stdout]                                at /rustc/90b35a6239c3d8bdabc530a6a0816f7ff89a0aaf/library/core/src/panicking.rs:74:14
[INFO] [stdout]   18:     0x5f44503d266b - mod::stars::test_stars_finder::h42088716be498846
[INFO] [stdout]                                at /opt/rustwide/workdir/tests/stars.rs:46:5
[INFO] [stdout]   19:     0x5f44503d2457 - mod::stars::test_stars_finder::{{closure}}::hd15a4232a40db3c5
[INFO] [stdout]                                at /opt/rustwide/workdir/tests/stars.rs:31:23
[INFO] [stdout]   20:     0x5f44503bd4d6 - core::ops::function::FnOnce::call_once::h49f74ad79fdfa074
[INFO] [stdout]                                at /rustc/90b35a6239c3d8bdabc530a6a0816f7ff89a0aaf/library/core/src/ops/function.rs:250:5
[INFO] [stdout]   21:     0x5f4450438fdb - core::ops::function::FnOnce::call_once::h109cf8051a59b34e
[INFO] [stdout]                                at /rustc/90b35a6239c3d8bdabc530a6a0816f7ff89a0aaf/library/core/src/ops/function.rs:250:5
[INFO] [stdout]   22:     0x5f4450438fdb - test::__rust_begin_short_backtrace::hf4fff89d377446ba
[INFO] [stdout]                                at /rustc/90b35a6239c3d8bdabc530a6a0816f7ff89a0aaf/library/test/src/lib.rs:621:18
[INFO] [stdout]   23:     0x5f4450438817 - test::run_test_in_process::{{closure}}::h0e39181dd7ee5a43
[INFO] [stdout]                                at /rustc/90b35a6239c3d8bdabc530a6a0816f7ff89a0aaf/library/test/src/lib.rs:644:60
[INFO] [stdout]   24:     0x5f4450438817 - <core::panic::unwind_safe::AssertUnwindSafe<F> as core::ops::function::FnOnce<()>>::call_once::hc5a66a30f0bdfd1f
[INFO] [stdout]                                at /rustc/90b35a6239c3d8bdabc530a6a0816f7ff89a0aaf/library/core/src/panic/unwind_safe.rs:272:9
[INFO] [stdout]   25:     0x5f4450438817 - std::panicking::try::do_call::h873b7cf639554a5e
[INFO] [stdout]                                at /rustc/90b35a6239c3d8bdabc530a6a0816f7ff89a0aaf/library/std/src/panicking.rs:557:40
[INFO] [stdout]   26:     0x5f4450438817 - std::panicking::try::hdb19862fad9c8bd1
[INFO] [stdout]                                at /rustc/90b35a6239c3d8bdabc530a6a0816f7ff89a0aaf/library/std/src/panicking.rs:520:19
[INFO] [stdout]   27:     0x5f4450438817 - std::panic::catch_unwind::h281fe732d236d260
[INFO] [stdout]                                at /rustc/90b35a6239c3d8bdabc530a6a0816f7ff89a0aaf/library/std/src/panic.rs:358:14
[INFO] [stdout]   28:     0x5f4450438817 - test::run_test_in_process::h949b6df8457ed338
[INFO] [stdout]                                at /rustc/90b35a6239c3d8bdabc530a6a0816f7ff89a0aaf/library/test/src/lib.rs:644:27
[INFO] [stdout]   29:     0x5f4450438817 - test::run_test::{{closure}}::h52c556a6d4740e10
[INFO] [stdout]                                at /rustc/90b35a6239c3d8bdabc530a6a0816f7ff89a0aaf/library/test/src/lib.rs:565:43
[INFO] [stdout]   30:     0x5f44503fdaf4 - test::run_test::{{closure}}::h4237f6381c45ccb9
[INFO] [stdout]                                at /rustc/90b35a6239c3d8bdabc530a6a0816f7ff89a0aaf/library/test/src/lib.rs:595:41
[INFO] [stdout]   31:     0x5f44503fdaf4 - std::sys::backtrace::__rust_begin_short_backtrace::h505c97a579eca628
[INFO] [stdout]                                at /rustc/90b35a6239c3d8bdabc530a6a0816f7ff89a0aaf/library/std/src/sys/backtrace.rs:154:18
[INFO] [stdout]   32:     0x5f44504011be - std::thread::Builder::spawn_unchecked_::{{closure}}::{{closure}}::h9e86b2e2bc107ea3
[INFO] [stdout]                                at /rustc/90b35a6239c3d8bdabc530a6a0816f7ff89a0aaf/library/std/src/thread/mod.rs:538:17
[INFO] [stdout]   33:     0x5f44504011be - <core::panic::unwind_safe::AssertUnwindSafe<F> as core::ops::function::FnOnce<()>>::call_once::h8b06ddb275ff4a25
[INFO] [stdout]                                at /rustc/90b35a6239c3d8bdabc530a6a0816f7ff89a0aaf/library/core/src/panic/unwind_safe.rs:272:9
[INFO] [stdout]   34:     0x5f44504011be - std::panicking::try::do_call::hb26ecd7cd9a9355d
[INFO] [stdout]                                at /rustc/90b35a6239c3d8bdabc530a6a0816f7ff89a0aaf/library/std/src/panicking.rs:557:40
[INFO] [stdout]   35:     0x5f44504011be - std::panicking::try::h8ddeca9d705f9069
[INFO] [stdout]                                at /rustc/90b35a6239c3d8bdabc530a6a0816f7ff89a0aaf/library/std/src/panicking.rs:520:19
[INFO] [stdout]   36:     0x5f44504011be - std::panic::catch_unwind::h49e1c33078844c46
[INFO] [stdout]                                at /rustc/90b35a6239c3d8bdabc530a6a0816f7ff89a0aaf/library/std/src/panic.rs:358:14
[INFO] [stdout]   37:     0x5f44504011be - std::thread::Builder::spawn_unchecked_::{{closure}}::h6073db6ff56ad35d
[INFO] [stdout]                                at /rustc/90b35a6239c3d8bdabc530a6a0816f7ff89a0aaf/library/std/src/thread/mod.rs:537:30
[INFO] [stdout]   38:     0x5f44504011be - core::ops::function::FnOnce::call_once{{vtable.shim}}::h2c5a5f3779c774f1
[INFO] [stdout]                                at /rustc/90b35a6239c3d8bdabc530a6a0816f7ff89a0aaf/library/core/src/ops/function.rs:250:5
[INFO] [stdout]   39:     0x5f445070371b - <alloc::boxed::Box<F,A> as core::ops::function::FnOnce<Args>>::call_once::hf75717d9f28faebf
[INFO] [stdout]                                at /rustc/90b35a6239c3d8bdabc530a6a0816f7ff89a0aaf/library/alloc/src/boxed.rs:2454:9
[INFO] [stdout]   40:     0x5f445070371b - <alloc::boxed::Box<F,A> as core::ops::function::FnOnce<Args>>::call_once::h7bd883a5f3c5f3c1
[INFO] [stdout]                                at /rustc/90b35a6239c3d8bdabc530a6a0816f7ff89a0aaf/library/alloc/src/boxed.rs:2454:9
[INFO] [stdout]   41:     0x5f445070371b - std::sys::pal::unix::thread::Thread::new::thread_start::hcc78f3943333fa94
[INFO] [stdout]                                at /rustc/90b35a6239c3d8bdabc530a6a0816f7ff89a0aaf/library/std/src/sys/pal/unix/thread.rs:105:17
[INFO] [stdout]   42:     0x7f1080a1dac3 - <unknown>
[INFO] [stdout]   43:     0x7f1080aaea04 - clone
[INFO] [stdout]   44:                0x0 - <unknown>
[INFO] [stdout] 
[INFO] [stdout] 
[INFO] [stdout] failures:
[INFO] [stdout]     stars::test_stars_finder
[INFO] [stdout] 
[INFO] [stdout] test result: FAILED. 0 passed; 1 failed; 0 ignored; 0 measured; 0 filtered out; finished in 0.18s
[INFO] [stdout] 
[INFO] [stderr] error: test failed, to rerun pass `--test mod`
[INFO] running `Command { std: "docker" "inspect" "46e14bb5c84b605a6b53e4a1b61c485c3132baed225f9367e007ef0bf4480dcc", kill_on_drop: false }`
[INFO] running `Command { std: "docker" "rm" "-f" "46e14bb5c84b605a6b53e4a1b61c485c3132baed225f9367e007ef0bf4480dcc", kill_on_drop: false }`
[INFO] [stdout] 46e14bb5c84b605a6b53e4a1b61c485c3132baed225f9367e007ef0bf4480dcc
