[INFO] fetching crate casbin-rxqlite-adapter 1.2.0...
[INFO] testing casbin-rxqlite-adapter-1.2.0 against 1.83.0 for beta-1.84.0-4-retry
[INFO] extracting crate casbin-rxqlite-adapter 1.2.0 into /workspace/builds/worker-3-tc1/source
[INFO] validating manifest of crates.io crate casbin-rxqlite-adapter 1.2.0 on toolchain 1.83.0
[INFO] running `Command { std: CARGO_HOME="/workspace/cargo-home" RUSTUP_HOME="/workspace/rustup-home" "/workspace/cargo-home/bin/cargo" "+1.83.0" "metadata" "--manifest-path" "Cargo.toml" "--no-deps", kill_on_drop: false }`
[INFO] started tweaking crates.io crate casbin-rxqlite-adapter 1.2.0
[INFO] finished tweaking crates.io crate casbin-rxqlite-adapter 1.2.0
[INFO] tweaked toml for crates.io crate casbin-rxqlite-adapter 1.2.0 written to /workspace/builds/worker-3-tc1/source/Cargo.toml
[INFO] running `Command { std: CARGO_HOME="/workspace/cargo-home" RUSTUP_HOME="/workspace/rustup-home" "/workspace/cargo-home/bin/cargo" "+1.83.0" "generate-lockfile" "--manifest-path" "Cargo.toml", kill_on_drop: false }`
[INFO] [stderr]     Updating crates.io index
[INFO] [stderr]      Locking 353 packages to latest compatible versions
[INFO] [stderr]       Adding sqlx v0.7.4 (available: v0.8.2)
[INFO] running `Command { std: CARGO_HOME="/workspace/cargo-home" RUSTUP_HOME="/workspace/rustup-home" "/workspace/cargo-home/bin/cargo" "+1.83.0" "fetch" "--manifest-path" "Cargo.toml", kill_on_drop: false }`
[INFO] [stderr]  Downloading crates ...
[INFO] [stderr]   Downloaded rxqlite-common v0.1.4
[INFO] [stderr]   Downloaded rcgen v0.12.1
[INFO] [stderr]   Downloaded rxqlite-tests-common v0.1.9
[INFO] [stderr]   Downloaded rxqlite-client v0.1.8
[INFO] [stderr]   Downloaded casbin v2.5.0
[INFO] [stderr]   Downloaded rxqlite-notification v0.1.1
[INFO] [stderr]   Downloaded sqlx-rxqlite v0.1.18
[INFO] [stderr]   Downloaded rhai v1.20.1
[INFO] [stderr]   Downloaded rxqlite-lite-common v0.1.6
[INFO] running `Command { std: "docker" "create" "-v" "/var/lib/crater-agent-workspace/builds/worker-3-tc1/target:/opt/rustwide/target:rw,Z" "-v" "/var/lib/crater-agent-workspace/builds/worker-3-tc1/source:/opt/rustwide/workdir:ro,Z" "-v" "/var/lib/crater-agent-workspace/cargo-home:/opt/rustwide/cargo-home:ro,Z" "-v" "/var/lib/crater-agent-workspace/rustup-home:/opt/rustwide/rustup-home:ro,Z" "-e" "SOURCE_DIR=/opt/rustwide/workdir" "-e" "CARGO_TARGET_DIR=/opt/rustwide/target" "-e" "CARGO_HOME=/opt/rustwide/cargo-home" "-e" "RUSTUP_HOME=/opt/rustwide/rustup-home" "-w" "/opt/rustwide/workdir" "-m" "1610612736" "--user" "0:0" "--network" "none" "ghcr.io/rust-lang/crates-build-env/linux@sha256:f3a9d4ad9d972b27faf3965f35b62e55ba32bbce8f20bc8fe909558a86702fde" "/opt/rustwide/cargo-home/bin/cargo" "+1.83.0" "metadata" "--no-deps" "--format-version=1", kill_on_drop: false }`
[INFO] [stdout] 7523704a97688d74e44e1a8f20ef6203abe09b1136d97ac63ead8cc2bbf75992
[INFO] running `Command { std: "docker" "start" "-a" "7523704a97688d74e44e1a8f20ef6203abe09b1136d97ac63ead8cc2bbf75992", kill_on_drop: false }`
[INFO] running `Command { std: "docker" "inspect" "7523704a97688d74e44e1a8f20ef6203abe09b1136d97ac63ead8cc2bbf75992", kill_on_drop: false }`
[INFO] running `Command { std: "docker" "rm" "-f" "7523704a97688d74e44e1a8f20ef6203abe09b1136d97ac63ead8cc2bbf75992", kill_on_drop: false }`
[INFO] [stdout] 7523704a97688d74e44e1a8f20ef6203abe09b1136d97ac63ead8cc2bbf75992
[INFO] running `Command { std: "docker" "create" "-v" "/var/lib/crater-agent-workspace/builds/worker-3-tc1/target:/opt/rustwide/target:rw,Z" "-v" "/var/lib/crater-agent-workspace/builds/worker-3-tc1/source:/opt/rustwide/workdir:ro,Z" "-v" "/var/lib/crater-agent-workspace/cargo-home:/opt/rustwide/cargo-home:ro,Z" "-v" "/var/lib/crater-agent-workspace/rustup-home:/opt/rustwide/rustup-home:ro,Z" "-e" "SOURCE_DIR=/opt/rustwide/workdir" "-e" "CARGO_TARGET_DIR=/opt/rustwide/target" "-e" "CARGO_INCREMENTAL=0" "-e" "RUST_BACKTRACE=full" "-e" "RUSTFLAGS=--cap-lints=warn" "-e" "RUSTDOCFLAGS=--cap-lints=warn" "-e" "CARGO_HOME=/opt/rustwide/cargo-home" "-e" "RUSTUP_HOME=/opt/rustwide/rustup-home" "-w" "/opt/rustwide/workdir" "-m" "1610612736" "--user" "0:0" "--network" "none" "ghcr.io/rust-lang/crates-build-env/linux@sha256:f3a9d4ad9d972b27faf3965f35b62e55ba32bbce8f20bc8fe909558a86702fde" "/opt/rustwide/cargo-home/bin/cargo" "+1.83.0" "build" "--frozen" "--message-format=json", kill_on_drop: false }`
[INFO] [stdout] d17d4c95f683dd1de7e7f722ea3e65af25f6d92371c69677ab4acc17835dfd16
[INFO] running `Command { std: "docker" "start" "-a" "d17d4c95f683dd1de7e7f722ea3e65af25f6d92371c69677ab4acc17835dfd16", kill_on_drop: false }`
[INFO] [stderr]    Compiling proc-macro2 v1.0.92
[INFO] [stderr]    Compiling unicode-ident v1.0.14
[INFO] [stderr]    Compiling libc v0.2.168
[INFO] [stderr]    Compiling autocfg v1.4.0
[INFO] [stderr]    Compiling cfg-if v1.0.0
[INFO] [stderr]    Compiling serde v1.0.216
[INFO] [stderr]    Compiling scopeguard v1.2.0
[INFO] [stderr]    Compiling shlex v1.3.0
[INFO] [stderr]    Compiling portable-atomic v1.10.0
[INFO] [stderr]    Compiling version_check v0.9.5
[INFO] [stderr]    Compiling pin-project-lite v0.2.15
[INFO] [stderr]    Compiling memchr v2.7.4
[INFO] [stderr]    Compiling futures-core v0.3.31
[INFO] [stderr]    Compiling parking_lot_core v0.9.10
[INFO] [stderr]    Compiling bytes v1.9.0
[INFO] [stderr]    Compiling futures-sink v0.3.31
[INFO] [stderr]    Compiling stable_deref_trait v1.2.0
[INFO] [stderr]    Compiling lock_api v0.4.12
[INFO] [stderr]    Compiling untrusted v0.9.0
[INFO] [stderr]    Compiling slab v0.4.9
[INFO] [stderr]    Compiling itoa v1.0.14
[INFO] [stderr]    Compiling value-bag v1.10.0
[INFO] [stderr]    Compiling once_cell v1.20.2
[INFO] [stderr]    Compiling quote v1.0.37
[INFO] [stderr]    Compiling paste v1.0.15
[INFO] [stderr]    Compiling syn v2.0.90
[INFO] [stderr]    Compiling spin v0.9.8
[INFO] [stderr]    Compiling log v0.4.22
[INFO] [stderr]    Compiling crunchy v0.2.2
[INFO] [stderr]    Compiling num-traits v0.2.19
[INFO] [stderr]    Compiling futures-channel v0.3.31
[INFO] [stderr]    Compiling tiny-keccak v2.0.2
[INFO] [stderr]    Compiling futures-task v0.3.31
[INFO] [stderr]    Compiling dunce v1.0.5
[INFO] [stderr]    Compiling fs_extra v1.3.0
[INFO] [stderr]    Compiling litemap v0.7.4
[INFO] [stderr]    Compiling pin-utils v0.1.0
[INFO] [stderr]    Compiling futures-io v0.3.31
[INFO] [stderr]    Compiling writeable v0.5.5
[INFO] [stderr]    Compiling hashbrown v0.15.2
[INFO] [stderr]    Compiling equivalent v1.0.1
[INFO] [stderr]    Compiling icu_locid_transform_data v1.5.0
[INFO] [stderr]    Compiling tracing-core v0.1.33
[INFO] [stderr]    Compiling ahash v0.8.11
[INFO] [stderr]    Compiling icu_properties_data v1.5.0
[INFO] [stderr]    Compiling typenum v1.17.0
[INFO] [stderr]    Compiling aws-lc-rs v1.11.1
[INFO] [stderr]    Compiling generic-array v0.14.7
[INFO] [stderr]    Compiling write16 v1.0.0
[INFO] [stderr]    Compiling indexmap v2.7.0
[INFO] [stderr]    Compiling utf16_iter v1.0.5
[INFO] [stderr]    Compiling icu_normalizer_data v1.5.0
[INFO] [stderr]    Compiling zerocopy v0.7.35
[INFO] [stderr]    Compiling utf8_iter v1.0.4
[INFO] [stderr]    Compiling bitflags v2.6.0
[INFO] [stderr]    Compiling jobserver v0.1.32
[INFO] [stderr]    Compiling getrandom v0.2.15
[INFO] [stderr]    Compiling signal-hook-registry v1.4.2
[INFO] [stderr]    Compiling socket2 v0.5.8
[INFO] [stderr]    Compiling mio v1.0.3
[INFO] [stderr]    Compiling const-random-macro v0.1.16
[INFO] [stderr]    Compiling cc v1.2.4
[INFO] [stderr]    Compiling rustls-pki-types v1.10.1
[INFO] [stderr]    Compiling const-random v0.1.18
[INFO] [stderr]    Compiling zeroize v1.8.1
[INFO] [stderr]    Compiling fnv v1.0.7
[INFO] [stderr]    Compiling ryu v1.0.18
[INFO] [stderr]    Compiling thiserror v1.0.69
[INFO] [stderr]    Compiling serde_json v1.0.133
[INFO] [stderr]    Compiling percent-encoding v2.3.1
[INFO] [stderr]    Compiling http v1.2.0
[INFO] [stderr]    Compiling allocator-api2 v0.2.21
[INFO] [stderr]    Compiling form_urlencoded v1.2.1
[INFO] [stderr]    Compiling subtle v2.6.1
[INFO] [stderr]    Compiling crossbeam-utils v0.8.20
[INFO] [stderr]    Compiling httparse v1.9.5
[INFO] [stderr]    Compiling rustls v0.23.20
[INFO] [stderr]    Compiling rustls v0.21.12
[INFO] [stderr]    Compiling block-buffer v0.10.4
[INFO] [stderr]    Compiling crypto-common v0.1.6
[INFO] [stderr]    Compiling cmake v0.1.52
[INFO] [stderr]    Compiling hashbrown v0.14.5
[INFO] [stderr]    Compiling powerfmt v0.2.0
[INFO] [stderr]    Compiling http-body v1.0.1
[INFO] [stderr]    Compiling minimal-lexical v0.2.1
[INFO] [stderr]    Compiling atomic-waker v1.1.2
[INFO] [stderr]    Compiling try-lock v0.2.5
[INFO] [stderr]    Compiling deranged v0.3.11
[INFO] [stderr]    Compiling want v0.3.1
[INFO] [stderr]    Compiling nom v7.1.3
[INFO] [stderr]    Compiling digest v0.10.7
[INFO] [stderr]    Compiling anyhow v1.0.94
[INFO] [stderr]    Compiling base64 v0.21.7
[INFO] [stderr]    Compiling num-conv v0.1.0
[INFO] [stderr]    Compiling iana-time-zone v0.1.61
[INFO] [stderr]    Compiling rustix v0.38.42
[INFO] [stderr]    Compiling base64 v0.22.1
[INFO] [stderr]    Compiling time-core v0.1.2
[INFO] [stderr]    Compiling ring v0.17.8
[INFO] [stderr]    Compiling aws-lc-sys v0.23.1
[INFO] [stderr]    Compiling cfg_aliases v0.2.1
[INFO] [stderr]    Compiling cpufeatures v0.2.16
[INFO] [stderr]    Compiling crc-catalog v2.4.0
[INFO] [stderr]    Compiling unicode_categories v0.1.1
[INFO] [stderr]    Compiling crc v3.2.1
[INFO] [stderr]    Compiling sha2 v0.10.8
[INFO] [stderr]    Compiling nix v0.29.0
[INFO] [stderr]    Compiling time v0.3.37
[INFO] [stderr]    Compiling rustls-pemfile v1.0.4
[INFO] [stderr]    Compiling crossbeam-queue v0.3.11
[INFO] [stderr]    Compiling hashlink v0.8.4
[INFO] [stderr]    Compiling atoi v2.0.0
[INFO] [stderr]    Compiling syn v1.0.109
[INFO] [stderr]    Compiling tower-service v0.3.3
[INFO] [stderr]    Compiling webpki-roots v0.25.4
[INFO] [stderr]    Compiling hex v0.4.3
[INFO] [stderr]    Compiling sqlformat v0.2.6
[INFO] [stderr]    Compiling byteorder v1.5.0
[INFO] [stderr]    Compiling linux-raw-sys v0.4.14
[INFO] [stderr]    Compiling synstructure v0.13.1
[INFO] [stderr]    Compiling event-listener v2.5.3
[INFO] [stderr]    Compiling rustls v0.22.4
[INFO] [stderr]    Compiling yasna v0.5.2
[INFO] [stderr]    Compiling pem v3.0.4
[INFO] [stderr]    Compiling webpki-roots v0.26.7
[INFO] [stderr]    Compiling smartstring v1.0.1
[INFO] [stderr]    Compiling unicode-segmentation v1.12.0
[INFO] [stderr]    Compiling fastrand v2.3.0
[INFO] [stderr]    Compiling convert_case v0.4.0
[INFO] [stderr]    Compiling heck v0.4.1
[INFO] [stderr]    Compiling rustls-pemfile v2.2.0
[INFO] [stderr]    Compiling aho-corasick v1.1.3
[INFO] [stderr]    Compiling sync_wrapper v1.0.2
[INFO] [stderr]    Compiling mime v0.3.17
[INFO] [stderr]    Compiling serde_derive v1.0.216
[INFO] [stderr]    Compiling zerofrom-derive v0.1.5
[INFO] [stderr]    Compiling yoke-derive v0.7.5
[INFO] [stderr]    Compiling zerofrom v0.1.5
[INFO] [stderr]    Compiling zerovec-derive v0.10.3
[INFO] [stderr]    Compiling tokio-macros v2.4.0
[INFO] [stderr]    Compiling displaydoc v0.2.5
[INFO] [stderr]    Compiling futures-macro v0.3.31
[INFO] [stderr]    Compiling yoke v0.7.5
[INFO] [stderr]    Compiling icu_provider_macros v1.5.0
[INFO] [stderr]    Compiling zerovec v0.10.4
[INFO] [stderr]    Compiling tracing-attributes v0.1.28
[INFO] [stderr]    Compiling thiserror-impl v1.0.69
[INFO] [stderr]    Compiling rustls-webpki v0.101.7
[INFO] [stderr]    Compiling sct v0.7.1
[INFO] [stderr]    Compiling tempfile v3.14.0
[INFO] [stderr]    Compiling futures-util v0.3.31
[INFO] [stderr]    Compiling tinystr v0.7.6
[INFO] [stderr]    Compiling icu_locid v1.5.0
[INFO] [stderr]    Compiling icu_collections v1.5.0
[INFO] [stderr]    Compiling icu_provider v1.5.0
[INFO] [stderr]    Compiling icu_locid_transform v1.5.0
[INFO] [stderr]    Compiling tracing v0.1.41
[INFO] [stderr]    Compiling rcgen v0.12.1
[INFO] [stderr]    Compiling derive_more v0.99.18
[INFO] [stderr]    Compiling state v0.6.0
[INFO] [stderr]    Compiling regex-syntax v0.8.5
[INFO] [stderr]    Compiling icu_properties v1.5.1
[INFO] [stderr]    Compiling http-body-util v0.1.2
[INFO] [stderr]    Compiling smallvec v1.13.2
[INFO] [stderr]    Compiling either v1.13.0
[INFO] [stderr]    Compiling chrono v0.4.39
[INFO] [stderr]    Compiling parking_lot v0.12.3
[INFO] [stderr]    Compiling tokio v1.42.0
[INFO] [stderr]    Compiling futures-intrusive v0.5.0
[INFO] [stderr]    Compiling rxqlite-common v0.1.4
[INFO] [stderr]    Compiling anyerror v0.1.12
[INFO] [stderr]    Compiling serde_urlencoded v0.7.1
[INFO] [stderr]    Compiling icu_normalizer v1.5.0
[INFO] [stderr]    Compiling rxqlite-notification v0.1.1
[INFO] [stderr]    Compiling futures-executor v0.3.31
[INFO] [stderr]    Compiling spin v0.5.2
[INFO] [stderr]    Compiling ipnet v2.10.1
[INFO] [stderr]    Compiling static_assertions v1.1.0
[INFO] [stderr]    Compiling dotenvy v0.15.7
[INFO] [stderr]    Compiling no-std-compat v0.4.1
[INFO] [stderr]    Compiling futures v0.3.31
[INFO] [stderr]    Compiling idna_adapter v1.2.0
[INFO] [stderr]    Compiling rxqlite-tests-common v0.1.9
[INFO] [stderr]    Compiling regex-automata v0.4.9
[INFO] [stderr]    Compiling idna v1.0.3
[INFO] [stderr]    Compiling thin-vec v0.2.13
[INFO] [stderr]    Compiling url v2.5.4
[INFO] [stderr]    Compiling rhai_codegen v2.2.0
[INFO] [stderr]    Compiling fixedbitset v0.4.2
[INFO] [stderr]    Compiling petgraph v0.6.5
[INFO] [stderr]    Compiling async-trait v0.1.83
[INFO] [stderr]    Compiling hashlink v0.9.1
[INFO] [stderr]    Compiling flume v0.11.1
[INFO] [stderr]    Compiling urlencoding v2.1.3
[INFO] [stderr]    Compiling dotenv v0.15.0
[INFO] [stderr]    Compiling regex v1.11.1
[INFO] [stderr]    Compiling tokio-util v0.7.13
[INFO] [stderr]    Compiling tokio-stream v0.1.17
[INFO] [stderr]    Compiling sqlx-core v0.7.4
[INFO] [stderr]    Compiling h2 v0.4.7
[INFO] [stderr]    Compiling rhai v1.20.1
[INFO] [stderr]    Compiling sqlx-macros-core v0.7.4
[INFO] [stderr]    Compiling sqlx-macros v0.7.4
[INFO] [stderr]    Compiling hyper v1.5.1
[INFO] [stderr]    Compiling hyper-util v0.1.10
[INFO] [stderr]    Compiling sqlx v0.7.4
[INFO] [stderr]    Compiling casbin v2.5.0
[INFO] [stderr]    Compiling rustls-webpki v0.102.8
[INFO] [stderr]    Compiling tokio-rustls v0.26.1
[INFO] [stderr]    Compiling hyper-rustls v0.27.3
[INFO] [stderr]    Compiling rxqlite-lite-common v0.1.6
[INFO] [stderr]    Compiling reqwest v0.12.9
[INFO] [stderr]    Compiling rxqlite-client v0.1.8
[INFO] [stderr]    Compiling sqlx-rxqlite v0.1.18
[INFO] [stderr]    Compiling casbin-rxqlite-adapter v1.2.0 (/opt/rustwide/workdir)
[INFO] [stdout] warning: unexpected `cfg` condition value: `mysql`
[INFO] [stdout]   --> src/adapter.rs:13:7
[INFO] [stdout]    |
[INFO] [stdout] 13 | #[cfg(feature = "mysql")]
[INFO] [stdout]    |       ^^^^^^^^^^^^^^^^^
[INFO] [stdout]    |
[INFO] [stdout]    = note: expected values for `feature` are: `async-std`, `default`, `runtime-async-std-native-tls`, `runtime-async-std-rustls`, `runtime-tokio-native-tls`, `runtime-tokio-rustls`, and `tokio`
[INFO] [stdout]    = help: consider adding `mysql` as a feature in `Cargo.toml`
[INFO] [stdout]    = note: see <https://doc.rust-lang.org/nightly/rustc/check-cfg/cargo-specifics.html> for more information about checking conditional configuration
[INFO] [stdout]    = note: `#[warn(unexpected_cfgs)]` on by default
[INFO] [stdout] 
[INFO] [stdout] 
[INFO] [stdout] warning: unexpected `cfg` condition value: `postgres`
[INFO] [stdout]   --> src/adapter.rs:15:7
[INFO] [stdout]    |
[INFO] [stdout] 15 | #[cfg(feature = "postgres")]
[INFO] [stdout]    |       ^^^^^^^^^^^^^^^^^^^^
[INFO] [stdout]    |
[INFO] [stdout]    = note: expected values for `feature` are: `async-std`, `default`, `runtime-async-std-native-tls`, `runtime-async-std-rustls`, `runtime-tokio-native-tls`, `runtime-tokio-rustls`, and `tokio`
[INFO] [stdout]    = help: consider adding `postgres` as a feature in `Cargo.toml`
[INFO] [stdout]    = note: see <https://doc.rust-lang.org/nightly/rustc/check-cfg/cargo-specifics.html> for more information about checking conditional configuration
[INFO] [stdout] 
[INFO] [stdout] 
[INFO] [stdout] warning: unexpected `cfg` condition value: `sqlite`
[INFO] [stdout]   --> src/adapter.rs:17:7
[INFO] [stdout]    |
[INFO] [stdout] 17 | #[cfg(feature = "sqlite")]
[INFO] [stdout]    |       ^^^^^^^^^^^^^^^^^^
[INFO] [stdout]    |
[INFO] [stdout]    = note: expected values for `feature` are: `async-std`, `default`, `runtime-async-std-native-tls`, `runtime-async-std-rustls`, `runtime-tokio-native-tls`, `runtime-tokio-rustls`, and `tokio`
[INFO] [stdout]    = help: consider adding `sqlite` as a feature in `Cargo.toml`
[INFO] [stdout]    = note: see <https://doc.rust-lang.org/nightly/rustc/check-cfg/cargo-specifics.html> for more information about checking conditional configuration
[INFO] [stdout] 
[INFO] [stdout] 
[INFO] [stdout] warning: unexpected `cfg` condition value: `postgres`
[INFO] [stdout]   --> src/adapter.rs:34:15
[INFO] [stdout]    |
[INFO] [stdout] 34 |         #[cfg(feature = "postgres")]
[INFO] [stdout]    |               ^^^^^^^^^^^^^^^^^^^^
[INFO] [stdout]    |
[INFO] [stdout]    = note: expected values for `feature` are: `async-std`, `default`, `runtime-async-std-native-tls`, `runtime-async-std-rustls`, `runtime-tokio-native-tls`, `runtime-tokio-rustls`, and `tokio`
[INFO] [stdout]    = help: consider adding `postgres` as a feature in `Cargo.toml`
[INFO] [stdout]    = note: see <https://doc.rust-lang.org/nightly/rustc/check-cfg/cargo-specifics.html> for more information about checking conditional configuration
[INFO] [stdout] 
[INFO] [stdout] 
[INFO] [stdout] warning: unexpected `cfg` condition value: `mysql`
[INFO] [stdout]   --> src/adapter.rs:41:15
[INFO] [stdout]    |
[INFO] [stdout] 41 |         #[cfg(feature = "mysql")]
[INFO] [stdout]    |               ^^^^^^^^^^^^^^^^^
[INFO] [stdout]    |
[INFO] [stdout]    = note: expected values for `feature` are: `async-std`, `default`, `runtime-async-std-native-tls`, `runtime-async-std-rustls`, `runtime-tokio-native-tls`, `runtime-tokio-rustls`, and `tokio`
[INFO] [stdout]    = help: consider adding `mysql` as a feature in `Cargo.toml`
[INFO] [stdout]    = note: see <https://doc.rust-lang.org/nightly/rustc/check-cfg/cargo-specifics.html> for more information about checking conditional configuration
[INFO] [stdout] 
[INFO] [stdout] 
[INFO] [stdout] warning: unexpected `cfg` condition value: `sqlite`
[INFO] [stdout]   --> src/adapter.rs:48:15
[INFO] [stdout]    |
[INFO] [stdout] 48 |         #[cfg(feature = "sqlite")]
[INFO] [stdout]    |               ^^^^^^^^^^^^^^^^^^
[INFO] [stdout]    |
[INFO] [stdout]    = note: expected values for `feature` are: `async-std`, `default`, `runtime-async-std-native-tls`, `runtime-async-std-rustls`, `runtime-tokio-native-tls`, `runtime-tokio-rustls`, and `tokio`
[INFO] [stdout]    = help: consider adding `sqlite` as a feature in `Cargo.toml`
[INFO] [stdout]    = note: see <https://doc.rust-lang.org/nightly/rustc/check-cfg/cargo-specifics.html> for more information about checking conditional configuration
[INFO] [stdout] 
[INFO] [stdout] 
[INFO] [stdout] warning: unexpected `cfg` condition value: `postgres`
[INFO] [stdout]  --> src/models.rs:4:11
[INFO] [stdout]   |
[INFO] [stdout] 4 | #[cfg(any(feature = "postgres", feature = "mysql"))]
[INFO] [stdout]   |           ^^^^^^^^^^^^^^^^^^^^
[INFO] [stdout]   |
[INFO] [stdout]   = note: expected values for `feature` are: `async-std`, `default`, `runtime-async-std-native-tls`, `runtime-async-std-rustls`, `runtime-tokio-native-tls`, `runtime-tokio-rustls`, and `tokio`
[INFO] [stdout]   = help: consider adding `postgres` as a feature in `Cargo.toml`
[INFO] [stdout]   = note: see <https://doc.rust-lang.org/nightly/rustc/check-cfg/cargo-specifics.html> for more information about checking conditional configuration
[INFO] [stdout] 
[INFO] [stdout] 
[INFO] [stdout] warning: unexpected `cfg` condition value: `mysql`
[INFO] [stdout]  --> src/models.rs:4:33
[INFO] [stdout]   |
[INFO] [stdout] 4 | #[cfg(any(feature = "postgres", feature = "mysql"))]
[INFO] [stdout]   |                                 ^^^^^^^^^^^^^^^^^
[INFO] [stdout]   |
[INFO] [stdout]   = note: expected values for `feature` are: `async-std`, `default`, `runtime-async-std-native-tls`, `runtime-async-std-rustls`, `runtime-tokio-native-tls`, `runtime-tokio-rustls`, and `tokio`
[INFO] [stdout]   = help: consider adding `mysql` as a feature in `Cargo.toml`
[INFO] [stdout]   = note: see <https://doc.rust-lang.org/nightly/rustc/check-cfg/cargo-specifics.html> for more information about checking conditional configuration
[INFO] [stdout] 
[INFO] [stdout] 
[INFO] [stdout] warning: unused variable: `pool_size`
[INFO] [stdout]   --> src/adapter.rs:31:47
[INFO] [stdout]    |
[INFO] [stdout] 31 |     pub async fn new<U: Into<String>>(url: U, pool_size: u32) -> Result<Self> {
[INFO] [stdout]    |                                               ^^^^^^^^^ help: if this is intentional, prefix it with an underscore: `_pool_size`
[INFO] [stdout]    |
[INFO] [stdout]    = note: `#[warn(unused_variables)]` on by default
[INFO] [stdout] 
[INFO] [stdout] 
[INFO] [stderr]     Finished `dev` profile [unoptimized + debuginfo] target(s) in 3m 54s
[INFO] running `Command { std: "docker" "inspect" "d17d4c95f683dd1de7e7f722ea3e65af25f6d92371c69677ab4acc17835dfd16", kill_on_drop: false }`
[INFO] running `Command { std: "docker" "rm" "-f" "d17d4c95f683dd1de7e7f722ea3e65af25f6d92371c69677ab4acc17835dfd16", kill_on_drop: false }`
[INFO] [stdout] d17d4c95f683dd1de7e7f722ea3e65af25f6d92371c69677ab4acc17835dfd16
[INFO] running `Command { std: "docker" "create" "-v" "/var/lib/crater-agent-workspace/builds/worker-3-tc1/target:/opt/rustwide/target:rw,Z" "-v" "/var/lib/crater-agent-workspace/builds/worker-3-tc1/source:/opt/rustwide/workdir:ro,Z" "-v" "/var/lib/crater-agent-workspace/cargo-home:/opt/rustwide/cargo-home:ro,Z" "-v" "/var/lib/crater-agent-workspace/rustup-home:/opt/rustwide/rustup-home:ro,Z" "-e" "SOURCE_DIR=/opt/rustwide/workdir" "-e" "CARGO_TARGET_DIR=/opt/rustwide/target" "-e" "CARGO_INCREMENTAL=0" "-e" "RUST_BACKTRACE=full" "-e" "RUSTFLAGS=--cap-lints=warn" "-e" "RUSTDOCFLAGS=--cap-lints=warn" "-e" "CARGO_HOME=/opt/rustwide/cargo-home" "-e" "RUSTUP_HOME=/opt/rustwide/rustup-home" "-w" "/opt/rustwide/workdir" "-m" "1610612736" "--user" "0:0" "--network" "none" "ghcr.io/rust-lang/crates-build-env/linux@sha256:f3a9d4ad9d972b27faf3965f35b62e55ba32bbce8f20bc8fe909558a86702fde" "/opt/rustwide/cargo-home/bin/cargo" "+1.83.0" "test" "--frozen" "--no-run" "--message-format=json", kill_on_drop: false }`
[INFO] [stdout] de86413f9116f82bda7f68c3468582eec0bfc1337564c78e69113c5311f96094
[INFO] running `Command { std: "docker" "start" "-a" "de86413f9116f82bda7f68c3468582eec0bfc1337564c78e69113c5311f96094", kill_on_drop: false }`
[INFO] [stderr]    Compiling fastrand v2.3.0
[INFO] [stderr]    Compiling rustix v0.38.42
[INFO] [stderr]    Compiling concurrent-queue v2.5.0
[INFO] [stderr]    Compiling parking v2.2.1
[INFO] [stderr]    Compiling linux-raw-sys v0.4.14
[INFO] [stderr]    Compiling async-task v4.7.1
[INFO] [stderr]    Compiling async-attributes v1.1.2
[INFO] [stderr]    Compiling kv-log-macro v1.0.7
[INFO] [stderr]    Compiling futures-lite v2.5.0
[INFO] [stderr]    Compiling piper v0.2.4
[INFO] [stderr]    Compiling event-listener v5.3.1
[INFO] [stderr]    Compiling async-channel v1.9.0
[INFO] [stderr]    Compiling event-listener-strategy v0.5.3
[INFO] [stderr]    Compiling async-lock v3.4.0
[INFO] [stderr]    Compiling async-channel v2.3.1
[INFO] [stderr]    Compiling blocking v1.6.1
[INFO] [stderr]    Compiling async-executor v1.13.1
[INFO] [stderr]    Compiling tempfile v3.14.0
[INFO] [stderr]    Compiling polling v3.7.4
[INFO] [stderr]    Compiling sqlx-macros-core v0.7.4
[INFO] [stderr]    Compiling async-io v2.4.0
[INFO] [stderr]    Compiling async-global-executor v2.4.1
[INFO] [stderr]    Compiling async-std v1.13.0
[INFO] [stderr]    Compiling sqlx-macros v0.7.4
[INFO] [stderr]    Compiling sqlx v0.7.4
[INFO] [stderr]    Compiling casbin-rxqlite-adapter v1.2.0 (/opt/rustwide/workdir)
[INFO] [stdout] warning: unexpected `cfg` condition value: `mysql`
[INFO] [stdout]   --> src/adapter.rs:13:7
[INFO] [stdout]    |
[INFO] [stdout] 13 | #[cfg(feature = "mysql")]
[INFO] [stdout]    |       ^^^^^^^^^^^^^^^^^
[INFO] [stdout]    |
[INFO] [stdout]    = note: expected values for `feature` are: `async-std`, `default`, `runtime-async-std-native-tls`, `runtime-async-std-rustls`, `runtime-tokio-native-tls`, `runtime-tokio-rustls`, and `tokio`
[INFO] [stdout]    = help: consider adding `mysql` as a feature in `Cargo.toml`
[INFO] [stdout]    = note: see <https://doc.rust-lang.org/nightly/rustc/check-cfg/cargo-specifics.html> for more information about checking conditional configuration
[INFO] [stdout]    = note: `#[warn(unexpected_cfgs)]` on by default
[INFO] [stdout] 
[INFO] [stdout] 
[INFO] [stdout] warning: unexpected `cfg` condition value: `postgres`
[INFO] [stdout]   --> src/adapter.rs:15:7
[INFO] [stdout]    |
[INFO] [stdout] 15 | #[cfg(feature = "postgres")]
[INFO] [stdout]    |       ^^^^^^^^^^^^^^^^^^^^
[INFO] [stdout]    |
[INFO] [stdout]    = note: expected values for `feature` are: `async-std`, `default`, `runtime-async-std-native-tls`, `runtime-async-std-rustls`, `runtime-tokio-native-tls`, `runtime-tokio-rustls`, and `tokio`
[INFO] [stdout]    = help: consider adding `postgres` as a feature in `Cargo.toml`
[INFO] [stdout]    = note: see <https://doc.rust-lang.org/nightly/rustc/check-cfg/cargo-specifics.html> for more information about checking conditional configuration
[INFO] [stdout] 
[INFO] [stdout] 
[INFO] [stdout] warning: unexpected `cfg` condition value: `sqlite`
[INFO] [stdout]   --> src/adapter.rs:17:7
[INFO] [stdout]    |
[INFO] [stdout] 17 | #[cfg(feature = "sqlite")]
[INFO] [stdout]    |       ^^^^^^^^^^^^^^^^^^
[INFO] [stdout]    |
[INFO] [stdout]    = note: expected values for `feature` are: `async-std`, `default`, `runtime-async-std-native-tls`, `runtime-async-std-rustls`, `runtime-tokio-native-tls`, `runtime-tokio-rustls`, and `tokio`
[INFO] [stdout]    = help: consider adding `sqlite` as a feature in `Cargo.toml`
[INFO] [stdout]    = note: see <https://doc.rust-lang.org/nightly/rustc/check-cfg/cargo-specifics.html> for more information about checking conditional configuration
[INFO] [stdout] 
[INFO] [stdout] 
[INFO] [stdout] warning: unexpected `cfg` condition value: `postgres`
[INFO] [stdout]   --> src/adapter.rs:34:15
[INFO] [stdout]    |
[INFO] [stdout] 34 |         #[cfg(feature = "postgres")]
[INFO] [stdout]    |               ^^^^^^^^^^^^^^^^^^^^
[INFO] [stdout]    |
[INFO] [stdout]    = note: expected values for `feature` are: `async-std`, `default`, `runtime-async-std-native-tls`, `runtime-async-std-rustls`, `runtime-tokio-native-tls`, `runtime-tokio-rustls`, and `tokio`
[INFO] [stdout]    = help: consider adding `postgres` as a feature in `Cargo.toml`
[INFO] [stdout]    = note: see <https://doc.rust-lang.org/nightly/rustc/check-cfg/cargo-specifics.html> for more information about checking conditional configuration
[INFO] [stdout] 
[INFO] [stdout] 
[INFO] [stdout] warning: unexpected `cfg` condition value: `mysql`
[INFO] [stdout]   --> src/adapter.rs:41:15
[INFO] [stdout]    |
[INFO] [stdout] 41 |         #[cfg(feature = "mysql")]
[INFO] [stdout]    |               ^^^^^^^^^^^^^^^^^
[INFO] [stdout]    |
[INFO] [stdout]    = note: expected values for `feature` are: `async-std`, `default`, `runtime-async-std-native-tls`, `runtime-async-std-rustls`, `runtime-tokio-native-tls`, `runtime-tokio-rustls`, and `tokio`
[INFO] [stdout]    = help: consider adding `mysql` as a feature in `Cargo.toml`
[INFO] [stdout]    = note: see <https://doc.rust-lang.org/nightly/rustc/check-cfg/cargo-specifics.html> for more information about checking conditional configuration
[INFO] [stdout] 
[INFO] [stdout] 
[INFO] [stdout] warning: unexpected `cfg` condition value: `sqlite`
[INFO] [stdout]   --> src/adapter.rs:48:15
[INFO] [stdout]    |
[INFO] [stdout] 48 |         #[cfg(feature = "sqlite")]
[INFO] [stdout]    |               ^^^^^^^^^^^^^^^^^^
[INFO] [stdout]    |
[INFO] [stdout]    = note: expected values for `feature` are: `async-std`, `default`, `runtime-async-std-native-tls`, `runtime-async-std-rustls`, `runtime-tokio-native-tls`, `runtime-tokio-rustls`, and `tokio`
[INFO] [stdout]    = help: consider adding `sqlite` as a feature in `Cargo.toml`
[INFO] [stdout]    = note: see <https://doc.rust-lang.org/nightly/rustc/check-cfg/cargo-specifics.html> for more information about checking conditional configuration
[INFO] [stdout] 
[INFO] [stdout] 
[INFO] [stdout] warning: unexpected `cfg` condition value: `postgres`
[INFO] [stdout]  --> src/models.rs:4:11
[INFO] [stdout]   |
[INFO] [stdout] 4 | #[cfg(any(feature = "postgres", feature = "mysql"))]
[INFO] [stdout]   |           ^^^^^^^^^^^^^^^^^^^^
[INFO] [stdout]   |
[INFO] [stdout]   = note: expected values for `feature` are: `async-std`, `default`, `runtime-async-std-native-tls`, `runtime-async-std-rustls`, `runtime-tokio-native-tls`, `runtime-tokio-rustls`, and `tokio`
[INFO] [stdout]   = help: consider adding `postgres` as a feature in `Cargo.toml`
[INFO] [stdout]   = note: see <https://doc.rust-lang.org/nightly/rustc/check-cfg/cargo-specifics.html> for more information about checking conditional configuration
[INFO] [stdout] 
[INFO] [stdout] 
[INFO] [stdout] warning: unexpected `cfg` condition value: `mysql`
[INFO] [stdout]  --> src/models.rs:4:33
[INFO] [stdout]   |
[INFO] [stdout] 4 | #[cfg(any(feature = "postgres", feature = "mysql"))]
[INFO] [stdout]   |                                 ^^^^^^^^^^^^^^^^^
[INFO] [stdout]   |
[INFO] [stdout]   = note: expected values for `feature` are: `async-std`, `default`, `runtime-async-std-native-tls`, `runtime-async-std-rustls`, `runtime-tokio-native-tls`, `runtime-tokio-rustls`, and `tokio`
[INFO] [stdout]   = help: consider adding `mysql` as a feature in `Cargo.toml`
[INFO] [stdout]   = note: see <https://doc.rust-lang.org/nightly/rustc/check-cfg/cargo-specifics.html> for more information about checking conditional configuration
[INFO] [stdout] 
[INFO] [stdout] 
[INFO] [stdout] warning: unused variable: `pool_size`
[INFO] [stdout]   --> src/adapter.rs:31:47
[INFO] [stdout]    |
[INFO] [stdout] 31 |     pub async fn new<U: Into<String>>(url: U, pool_size: u32) -> Result<Self> {
[INFO] [stdout]    |                                               ^^^^^^^^^ help: if this is intentional, prefix it with an underscore: `_pool_size`
[INFO] [stdout]    |
[INFO] [stdout]    = note: `#[warn(unused_variables)]` on by default
[INFO] [stdout] 
[INFO] [stdout] 
[INFO] [stdout] warning: unexpected `cfg` condition value: `mysql`
[INFO] [stdout]   --> src/adapter.rs:13:7
[INFO] [stdout]    |
[INFO] [stdout] 13 | #[cfg(feature = "mysql")]
[INFO] [stdout]    |       ^^^^^^^^^^^^^^^^^
[INFO] [stdout]    |
[INFO] [stdout]    = note: expected values for `feature` are: `async-std`, `default`, `runtime-async-std-native-tls`, `runtime-async-std-rustls`, `runtime-tokio-native-tls`, `runtime-tokio-rustls`, and `tokio`
[INFO] [stdout]    = help: consider adding `mysql` as a feature in `Cargo.toml`
[INFO] [stdout]    = note: see <https://doc.rust-lang.org/nightly/rustc/check-cfg/cargo-specifics.html> for more information about checking conditional configuration
[INFO] [stdout]    = note: `#[warn(unexpected_cfgs)]` on by default
[INFO] [stdout] 
[INFO] [stdout] 
[INFO] [stdout] warning: unexpected `cfg` condition value: `postgres`
[INFO] [stdout]   --> src/adapter.rs:15:7
[INFO] [stdout]    |
[INFO] [stdout] 15 | #[cfg(feature = "postgres")]
[INFO] [stdout]    |       ^^^^^^^^^^^^^^^^^^^^
[INFO] [stdout]    |
[INFO] [stdout]    = note: expected values for `feature` are: `async-std`, `default`, `runtime-async-std-native-tls`, `runtime-async-std-rustls`, `runtime-tokio-native-tls`, `runtime-tokio-rustls`, and `tokio`
[INFO] [stdout]    = help: consider adding `postgres` as a feature in `Cargo.toml`
[INFO] [stdout]    = note: see <https://doc.rust-lang.org/nightly/rustc/check-cfg/cargo-specifics.html> for more information about checking conditional configuration
[INFO] [stdout] 
[INFO] [stdout] 
[INFO] [stdout] warning: unexpected `cfg` condition value: `sqlite`
[INFO] [stdout]   --> src/adapter.rs:17:7
[INFO] [stdout]    |
[INFO] [stdout] 17 | #[cfg(feature = "sqlite")]
[INFO] [stdout]    |       ^^^^^^^^^^^^^^^^^^
[INFO] [stdout]    |
[INFO] [stdout]    = note: expected values for `feature` are: `async-std`, `default`, `runtime-async-std-native-tls`, `runtime-async-std-rustls`, `runtime-tokio-native-tls`, `runtime-tokio-rustls`, and `tokio`
[INFO] [stdout]    = help: consider adding `sqlite` as a feature in `Cargo.toml`
[INFO] [stdout]    = note: see <https://doc.rust-lang.org/nightly/rustc/check-cfg/cargo-specifics.html> for more information about checking conditional configuration
[INFO] [stdout] 
[INFO] [stdout] 
[INFO] [stdout] warning: unexpected `cfg` condition value: `postgres`
[INFO] [stdout]   --> src/adapter.rs:34:15
[INFO] [stdout]    |
[INFO] [stdout] 34 |         #[cfg(feature = "postgres")]
[INFO] [stdout]    |               ^^^^^^^^^^^^^^^^^^^^
[INFO] [stdout]    |
[INFO] [stdout]    = note: expected values for `feature` are: `async-std`, `default`, `runtime-async-std-native-tls`, `runtime-async-std-rustls`, `runtime-tokio-native-tls`, `runtime-tokio-rustls`, and `tokio`
[INFO] [stdout]    = help: consider adding `postgres` as a feature in `Cargo.toml`
[INFO] [stdout]    = note: see <https://doc.rust-lang.org/nightly/rustc/check-cfg/cargo-specifics.html> for more information about checking conditional configuration
[INFO] [stdout] 
[INFO] [stdout] 
[INFO] [stdout] warning: unexpected `cfg` condition value: `mysql`
[INFO] [stdout]   --> src/adapter.rs:41:15
[INFO] [stdout]    |
[INFO] [stdout] 41 |         #[cfg(feature = "mysql")]
[INFO] [stdout]    |               ^^^^^^^^^^^^^^^^^
[INFO] [stdout]    |
[INFO] [stdout]    = note: expected values for `feature` are: `async-std`, `default`, `runtime-async-std-native-tls`, `runtime-async-std-rustls`, `runtime-tokio-native-tls`, `runtime-tokio-rustls`, and `tokio`
[INFO] [stdout]    = help: consider adding `mysql` as a feature in `Cargo.toml`
[INFO] [stdout]    = note: see <https://doc.rust-lang.org/nightly/rustc/check-cfg/cargo-specifics.html> for more information about checking conditional configuration
[INFO] [stdout] 
[INFO] [stdout] 
[INFO] [stdout] warning: unexpected `cfg` condition value: `sqlite`
[INFO] [stdout]   --> src/adapter.rs:48:15
[INFO] [stdout]    |
[INFO] [stdout] 48 |         #[cfg(feature = "sqlite")]
[INFO] [stdout]    |               ^^^^^^^^^^^^^^^^^^
[INFO] [stdout]    |
[INFO] [stdout]    = note: expected values for `feature` are: `async-std`, `default`, `runtime-async-std-native-tls`, `runtime-async-std-rustls`, `runtime-tokio-native-tls`, `runtime-tokio-rustls`, and `tokio`
[INFO] [stdout]    = help: consider adding `sqlite` as a feature in `Cargo.toml`
[INFO] [stdout]    = note: see <https://doc.rust-lang.org/nightly/rustc/check-cfg/cargo-specifics.html> for more information about checking conditional configuration
[INFO] [stdout] 
[INFO] [stdout] 
[INFO] [stdout] warning: unexpected `cfg` condition value: `postgres`
[INFO] [stdout]    --> src/adapter.rs:312:19
[INFO] [stdout]     |
[INFO] [stdout] 312 |             #[cfg(feature = "postgres")]
[INFO] [stdout]     |                   ^^^^^^^^^^^^^^^^^^^^
[INFO] [stdout]     |
[INFO] [stdout]     = note: expected values for `feature` are: `async-std`, `default`, `runtime-async-std-native-tls`, `runtime-async-std-rustls`, `runtime-tokio-native-tls`, `runtime-tokio-rustls`, and `tokio`
[INFO] [stdout]     = help: consider adding `postgres` as a feature in `Cargo.toml`
[INFO] [stdout]     = note: see <https://doc.rust-lang.org/nightly/rustc/check-cfg/cargo-specifics.html> for more information about checking conditional configuration
[INFO] [stdout] 
[INFO] [stdout] 
[INFO] [stdout] warning: unexpected `cfg` condition value: `mysql`
[INFO] [stdout]    --> src/adapter.rs:319:19
[INFO] [stdout]     |
[INFO] [stdout] 319 |             #[cfg(feature = "mysql")]
[INFO] [stdout]     |                   ^^^^^^^^^^^^^^^^^
[INFO] [stdout]     |
[INFO] [stdout]     = note: expected values for `feature` are: `async-std`, `default`, `runtime-async-std-native-tls`, `runtime-async-std-rustls`, `runtime-tokio-native-tls`, `runtime-tokio-rustls`, and `tokio`
[INFO] [stdout]     = help: consider adding `mysql` as a feature in `Cargo.toml`
[INFO] [stdout]     = note: see <https://doc.rust-lang.org/nightly/rustc/check-cfg/cargo-specifics.html> for more information about checking conditional configuration
[INFO] [stdout] 
[INFO] [stdout] 
[INFO] [stdout] warning: unexpected `cfg` condition value: `sqlite`
[INFO] [stdout]    --> src/adapter.rs:326:19
[INFO] [stdout]     |
[INFO] [stdout] 326 |             #[cfg(feature = "sqlite")]
[INFO] [stdout]     |                   ^^^^^^^^^^^^^^^^^^
[INFO] [stdout]     |
[INFO] [stdout]     = note: expected values for `feature` are: `async-std`, `default`, `runtime-async-std-native-tls`, `runtime-async-std-rustls`, `runtime-tokio-native-tls`, `runtime-tokio-rustls`, and `tokio`
[INFO] [stdout]     = help: consider adding `sqlite` as a feature in `Cargo.toml`
[INFO] [stdout]     = note: see <https://doc.rust-lang.org/nightly/rustc/check-cfg/cargo-specifics.html> for more information about checking conditional configuration
[INFO] [stdout] 
[INFO] [stdout] 
[INFO] [stdout] warning: unexpected `cfg` condition value: `postgres`
[INFO] [stdout]    --> src/adapter.rs:363:19
[INFO] [stdout]     |
[INFO] [stdout] 363 |             #[cfg(feature = "postgres")]
[INFO] [stdout]     |                   ^^^^^^^^^^^^^^^^^^^^
[INFO] [stdout]     |
[INFO] [stdout]     = note: expected values for `feature` are: `async-std`, `default`, `runtime-async-std-native-tls`, `runtime-async-std-rustls`, `runtime-tokio-native-tls`, `runtime-tokio-rustls`, and `tokio`
[INFO] [stdout]     = help: consider adding `postgres` as a feature in `Cargo.toml`
[INFO] [stdout]     = note: see <https://doc.rust-lang.org/nightly/rustc/check-cfg/cargo-specifics.html> for more information about checking conditional configuration
[INFO] [stdout] 
[INFO] [stdout] 
[INFO] [stdout] warning: unexpected `cfg` condition value: `mysql`
[INFO] [stdout]    --> src/adapter.rs:372:19
[INFO] [stdout]     |
[INFO] [stdout] 372 |             #[cfg(feature = "mysql")]
[INFO] [stdout]     |                   ^^^^^^^^^^^^^^^^^
[INFO] [stdout]     |
[INFO] [stdout]     = note: expected values for `feature` are: `async-std`, `default`, `runtime-async-std-native-tls`, `runtime-async-std-rustls`, `runtime-tokio-native-tls`, `runtime-tokio-rustls`, and `tokio`
[INFO] [stdout]     = help: consider adding `mysql` as a feature in `Cargo.toml`
[INFO] [stdout]     = note: see <https://doc.rust-lang.org/nightly/rustc/check-cfg/cargo-specifics.html> for more information about checking conditional configuration
[INFO] [stdout] 
[INFO] [stdout] 
[INFO] [stdout] warning: unexpected `cfg` condition value: `sqlite`
[INFO] [stdout]    --> src/adapter.rs:381:19
[INFO] [stdout]     |
[INFO] [stdout] 381 |             #[cfg(feature = "sqlite")]
[INFO] [stdout]     |                   ^^^^^^^^^^^^^^^^^^
[INFO] [stdout]     |
[INFO] [stdout]     = note: expected values for `feature` are: `async-std`, `default`, `runtime-async-std-native-tls`, `runtime-async-std-rustls`, `runtime-tokio-native-tls`, `runtime-tokio-rustls`, and `tokio`
[INFO] [stdout]     = help: consider adding `sqlite` as a feature in `Cargo.toml`
[INFO] [stdout]     = note: see <https://doc.rust-lang.org/nightly/rustc/check-cfg/cargo-specifics.html> for more information about checking conditional configuration
[INFO] [stdout] 
[INFO] [stdout] 
[INFO] [stdout] warning: unexpected `cfg` condition value: `postgres`
[INFO] [stdout]    --> src/adapter.rs:431:19
[INFO] [stdout]     |
[INFO] [stdout] 431 |             #[cfg(feature = "postgres")]
[INFO] [stdout]     |                   ^^^^^^^^^^^^^^^^^^^^
[INFO] [stdout]     |
[INFO] [stdout]     = note: expected values for `feature` are: `async-std`, `default`, `runtime-async-std-native-tls`, `runtime-async-std-rustls`, `runtime-tokio-native-tls`, `runtime-tokio-rustls`, and `tokio`
[INFO] [stdout]     = help: consider adding `postgres` as a feature in `Cargo.toml`
[INFO] [stdout]     = note: see <https://doc.rust-lang.org/nightly/rustc/check-cfg/cargo-specifics.html> for more information about checking conditional configuration
[INFO] [stdout] 
[INFO] [stdout] 
[INFO] [stdout] warning: unexpected `cfg` condition value: `mysql`
[INFO] [stdout]    --> src/adapter.rs:438:19
[INFO] [stdout]     |
[INFO] [stdout] 438 |             #[cfg(feature = "mysql")]
[INFO] [stdout]     |                   ^^^^^^^^^^^^^^^^^
[INFO] [stdout]     |
[INFO] [stdout]     = note: expected values for `feature` are: `async-std`, `default`, `runtime-async-std-native-tls`, `runtime-async-std-rustls`, `runtime-tokio-native-tls`, `runtime-tokio-rustls`, and `tokio`
[INFO] [stdout]     = help: consider adding `mysql` as a feature in `Cargo.toml`
[INFO] [stdout]     = note: see <https://doc.rust-lang.org/nightly/rustc/check-cfg/cargo-specifics.html> for more information about checking conditional configuration
[INFO] [stdout] 
[INFO] [stdout] 
[INFO] [stdout] warning: unexpected `cfg` condition value: `sqlite`
[INFO] [stdout]    --> src/adapter.rs:445:19
[INFO] [stdout]     |
[INFO] [stdout] 445 |             #[cfg(feature = "sqlite")]
[INFO] [stdout]     |                   ^^^^^^^^^^^^^^^^^^
[INFO] [stdout]     |
[INFO] [stdout]     = note: expected values for `feature` are: `async-std`, `default`, `runtime-async-std-native-tls`, `runtime-async-std-rustls`, `runtime-tokio-native-tls`, `runtime-tokio-rustls`, and `tokio`
[INFO] [stdout]     = help: consider adding `sqlite` as a feature in `Cargo.toml`
[INFO] [stdout]     = note: see <https://doc.rust-lang.org/nightly/rustc/check-cfg/cargo-specifics.html> for more information about checking conditional configuration
[INFO] [stdout] 
[INFO] [stdout] 
[INFO] [stdout] warning: unexpected `cfg` condition value: `postgres`
[INFO] [stdout]  --> src/models.rs:4:11
[INFO] [stdout]   |
[INFO] [stdout] 4 | #[cfg(any(feature = "postgres", feature = "mysql"))]
[INFO] [stdout]   |           ^^^^^^^^^^^^^^^^^^^^
[INFO] [stdout]   |
[INFO] [stdout]   = note: expected values for `feature` are: `async-std`, `default`, `runtime-async-std-native-tls`, `runtime-async-std-rustls`, `runtime-tokio-native-tls`, `runtime-tokio-rustls`, and `tokio`
[INFO] [stdout]   = help: consider adding `postgres` as a feature in `Cargo.toml`
[INFO] [stdout]   = note: see <https://doc.rust-lang.org/nightly/rustc/check-cfg/cargo-specifics.html> for more information about checking conditional configuration
[INFO] [stdout] 
[INFO] [stdout] 
[INFO] [stdout] warning: unexpected `cfg` condition value: `mysql`
[INFO] [stdout]  --> src/models.rs:4:33
[INFO] [stdout]   |
[INFO] [stdout] 4 | #[cfg(any(feature = "postgres", feature = "mysql"))]
[INFO] [stdout]   |                                 ^^^^^^^^^^^^^^^^^
[INFO] [stdout]   |
[INFO] [stdout]   = note: expected values for `feature` are: `async-std`, `default`, `runtime-async-std-native-tls`, `runtime-async-std-rustls`, `runtime-tokio-native-tls`, `runtime-tokio-rustls`, and `tokio`
[INFO] [stdout]   = help: consider adding `mysql` as a feature in `Cargo.toml`
[INFO] [stdout]   = note: see <https://doc.rust-lang.org/nightly/rustc/check-cfg/cargo-specifics.html> for more information about checking conditional configuration
[INFO] [stdout] 
[INFO] [stdout] 
[INFO] [stdout] warning: unused import: `super::*`
[INFO] [stdout]  --> src/tests/mod.rs:3:5
[INFO] [stdout]   |
[INFO] [stdout] 3 | use super::*;
[INFO] [stdout]   |     ^^^^^^^^
[INFO] [stdout]   |
[INFO] [stdout]   = note: `#[warn(unused_imports)]` on by default
[INFO] [stdout] 
[INFO] [stdout] 
[INFO] [stdout] warning: unused variable: `pool_size`
[INFO] [stdout]   --> src/adapter.rs:31:47
[INFO] [stdout]    |
[INFO] [stdout] 31 |     pub async fn new<U: Into<String>>(url: U, pool_size: u32) -> Result<Self> {
[INFO] [stdout]    |                                               ^^^^^^^^^ help: if this is intentional, prefix it with an underscore: `_pool_size`
[INFO] [stdout]    |
[INFO] [stdout]    = note: `#[warn(unused_variables)]` on by default
[INFO] [stdout] 
[INFO] [stdout] 
[INFO] [stdout] warning: function `get_cluster_manager` is never used
[INFO] [stdout]   --> src/tests/mod.rs:23:8
[INFO] [stdout]    |
[INFO] [stdout] 23 | pub fn get_cluster_manager(
[INFO] [stdout]    |        ^^^^^^^^^^^^^^^^^^^
[INFO] [stdout]    |
[INFO] [stdout]    = note: `#[warn(dead_code)]` on by default
[INFO] [stdout] 
[INFO] [stdout] 
[INFO] [stdout] warning: associated items `new`, `get_metrics`, `node_count`, and `wait_for_cluster_established` are never used
[INFO] [stdout]    --> src/tests/mod.rs:73:18
[INFO] [stdout]     |
[INFO] [stdout] 72  | impl TestManagerWithPool {
[INFO] [stdout]     | ------------------------ associated items in this implementation
[INFO] [stdout] 73  |     pub async fn new(test_name: &str, instance_count: usize, tls_config: Option<TestTlsConfig>) -> anyhow::Result<Self> {
[INFO] [stdout]     |                  ^^^
[INFO] [stdout] ...
[INFO] [stdout] 114 |     pub async fn get_metrics(&self, node_id: NodeId) -> anyhow::Result<RaftMetrics> {
[INFO] [stdout]     |                  ^^^^^^^^^^^
[INFO] [stdout] ...
[INFO] [stdout] 120 |     pub fn node_count(&self) -> usize {
[INFO] [stdout]     |            ^^^^^^^^^^
[INFO] [stdout] ...
[INFO] [stdout] 124 |     pub async fn wait_for_cluster_established(
[INFO] [stdout]     |                  ^^^^^^^^^^^^^^^^^^^^^^^^^^^^
[INFO] [stdout] 
[INFO] [stdout] 
[INFO] [stderr]     Finished `test` profile [unoptimized + debuginfo] target(s) in 41.92s
[INFO] running `Command { std: "docker" "inspect" "de86413f9116f82bda7f68c3468582eec0bfc1337564c78e69113c5311f96094", kill_on_drop: false }`
[INFO] running `Command { std: "docker" "rm" "-f" "de86413f9116f82bda7f68c3468582eec0bfc1337564c78e69113c5311f96094", kill_on_drop: false }`
[INFO] [stdout] de86413f9116f82bda7f68c3468582eec0bfc1337564c78e69113c5311f96094
[INFO] running `Command { std: "docker" "create" "-v" "/var/lib/crater-agent-workspace/builds/worker-3-tc1/target:/opt/rustwide/target:rw,Z" "-v" "/var/lib/crater-agent-workspace/builds/worker-3-tc1/source:/opt/rustwide/workdir:ro,Z" "-v" "/var/lib/crater-agent-workspace/cargo-home:/opt/rustwide/cargo-home:ro,Z" "-v" "/var/lib/crater-agent-workspace/rustup-home:/opt/rustwide/rustup-home:ro,Z" "-e" "SOURCE_DIR=/opt/rustwide/workdir" "-e" "CARGO_TARGET_DIR=/opt/rustwide/target" "-e" "CARGO_INCREMENTAL=0" "-e" "RUST_BACKTRACE=full" "-e" "RUSTFLAGS=--cap-lints=warn" "-e" "RUSTDOCFLAGS=--cap-lints=warn" "-e" "CARGO_HOME=/opt/rustwide/cargo-home" "-e" "RUSTUP_HOME=/opt/rustwide/rustup-home" "-w" "/opt/rustwide/workdir" "-m" "1610612736" "--user" "0:0" "--network" "none" "ghcr.io/rust-lang/crates-build-env/linux@sha256:f3a9d4ad9d972b27faf3965f35b62e55ba32bbce8f20bc8fe909558a86702fde" "/opt/rustwide/cargo-home/bin/cargo" "+1.83.0" "test" "--frozen", kill_on_drop: false }`
[INFO] [stdout] 4b680e32ad40c08d890f648b1e2bee6ea9f282a18296229eac146e56aab96d1c
[INFO] running `Command { std: "docker" "start" "-a" "4b680e32ad40c08d890f648b1e2bee6ea9f282a18296229eac146e56aab96d1c", kill_on_drop: false }`
[INFO] [stderr] warning: unexpected `cfg` condition value: `mysql`
[INFO] [stderr]   --> src/adapter.rs:13:7
[INFO] [stderr]    |
[INFO] [stderr] 13 | #[cfg(feature = "mysql")]
[INFO] [stderr]    |       ^^^^^^^^^^^^^^^^^
[INFO] [stderr]    |
[INFO] [stderr]    = note: expected values for `feature` are: `async-std`, `default`, `runtime-async-std-native-tls`, `runtime-async-std-rustls`, `runtime-tokio-native-tls`, `runtime-tokio-rustls`, and `tokio`
[INFO] [stderr]    = help: consider adding `mysql` as a feature in `Cargo.toml`
[INFO] [stderr]    = note: see <https://doc.rust-lang.org/nightly/rustc/check-cfg/cargo-specifics.html> for more information about checking conditional configuration
[INFO] [stderr]    = note: `#[warn(unexpected_cfgs)]` on by default
[INFO] [stderr] 
[INFO] [stderr] warning: unexpected `cfg` condition value: `postgres`
[INFO] [stderr]   --> src/adapter.rs:15:7
[INFO] [stderr]    |
[INFO] [stderr] 15 | #[cfg(feature = "postgres")]
[INFO] [stderr]    |       ^^^^^^^^^^^^^^^^^^^^
[INFO] [stderr]    |
[INFO] [stderr]    = note: expected values for `feature` are: `async-std`, `default`, `runtime-async-std-native-tls`, `runtime-async-std-rustls`, `runtime-tokio-native-tls`, `runtime-tokio-rustls`, and `tokio`
[INFO] [stderr]    = help: consider adding `postgres` as a feature in `Cargo.toml`
[INFO] [stderr]    = note: see <https://doc.rust-lang.org/nightly/rustc/check-cfg/cargo-specifics.html> for more information about checking conditional configuration
[INFO] [stderr] 
[INFO] [stderr] warning: unexpected `cfg` condition value: `sqlite`
[INFO] [stderr]   --> src/adapter.rs:17:7
[INFO] [stderr]    |
[INFO] [stderr] 17 | #[cfg(feature = "sqlite")]
[INFO] [stderr]    |       ^^^^^^^^^^^^^^^^^^
[INFO] [stderr]    |
[INFO] [stderr]    = note: expected values for `feature` are: `async-std`, `default`, `runtime-async-std-native-tls`, `runtime-async-std-rustls`, `runtime-tokio-native-tls`, `runtime-tokio-rustls`, and `tokio`
[INFO] [stderr]    = help: consider adding `sqlite` as a feature in `Cargo.toml`
[INFO] [stderr]    = note: see <https://doc.rust-lang.org/nightly/rustc/check-cfg/cargo-specifics.html> for more information about checking conditional configuration
[INFO] [stderr] 
[INFO] [stderr] warning: unexpected `cfg` condition value: `postgres`
[INFO] [stderr]   --> src/adapter.rs:34:15
[INFO] [stderr]    |
[INFO] [stderr] 34 |         #[cfg(feature = "postgres")]
[INFO] [stderr]    |               ^^^^^^^^^^^^^^^^^^^^
[INFO] [stderr]    |
[INFO] [stderr]    = note: expected values for `feature` are: `async-std`, `default`, `runtime-async-std-native-tls`, `runtime-async-std-rustls`, `runtime-tokio-native-tls`, `runtime-tokio-rustls`, and `tokio`
[INFO] [stderr]    = help: consider adding `postgres` as a feature in `Cargo.toml`
[INFO] [stderr]    = note: see <https://doc.rust-lang.org/nightly/rustc/check-cfg/cargo-specifics.html> for more information about checking conditional configuration
[INFO] [stderr] 
[INFO] [stderr] warning: unexpected `cfg` condition value: `mysql`
[INFO] [stderr]   --> src/adapter.rs:41:15
[INFO] [stderr]    |
[INFO] [stderr] 41 |         #[cfg(feature = "mysql")]
[INFO] [stderr]    |               ^^^^^^^^^^^^^^^^^
[INFO] [stderr]    |
[INFO] [stderr]    = note: expected values for `feature` are: `async-std`, `default`, `runtime-async-std-native-tls`, `runtime-async-std-rustls`, `runtime-tokio-native-tls`, `runtime-tokio-rustls`, and `tokio`
[INFO] [stderr]    = help: consider adding `mysql` as a feature in `Cargo.toml`
[INFO] [stderr]    = note: see <https://doc.rust-lang.org/nightly/rustc/check-cfg/cargo-specifics.html> for more information about checking conditional configuration
[INFO] [stderr] 
[INFO] [stderr] warning: unexpected `cfg` condition value: `sqlite`
[INFO] [stderr]   --> src/adapter.rs:48:15
[INFO] [stderr]    |
[INFO] [stderr] 48 |         #[cfg(feature = "sqlite")]
[INFO] [stderr]    |               ^^^^^^^^^^^^^^^^^^
[INFO] [stderr]    |
[INFO] [stderr]    = note: expected values for `feature` are: `async-std`, `default`, `runtime-async-std-native-tls`, `runtime-async-std-rustls`, `runtime-tokio-native-tls`, `runtime-tokio-rustls`, and `tokio`
[INFO] [stderr]    = help: consider adding `sqlite` as a feature in `Cargo.toml`
[INFO] [stderr]    = note: see <https://doc.rust-lang.org/nightly/rustc/check-cfg/cargo-specifics.html> for more information about checking conditional configuration
[INFO] [stderr] 
[INFO] [stderr] warning: unexpected `cfg` condition value: `postgres`
[INFO] [stderr]  --> src/models.rs:4:11
[INFO] [stderr]   |
[INFO] [stderr] 4 | #[cfg(any(feature = "postgres", feature = "mysql"))]
[INFO] [stderr]   |           ^^^^^^^^^^^^^^^^^^^^
[INFO] [stderr]   |
[INFO] [stderr]   = note: expected values for `feature` are: `async-std`, `default`, `runtime-async-std-native-tls`, `runtime-async-std-rustls`, `runtime-tokio-native-tls`, `runtime-tokio-rustls`, and `tokio`
[INFO] [stderr]   = help: consider adding `postgres` as a feature in `Cargo.toml`
[INFO] [stderr]   = note: see <https://doc.rust-lang.org/nightly/rustc/check-cfg/cargo-specifics.html> for more information about checking conditional configuration
[INFO] [stderr] 
[INFO] [stderr] warning: unexpected `cfg` condition value: `mysql`
[INFO] [stderr]  --> src/models.rs:4:33
[INFO] [stderr]   |
[INFO] [stderr] 4 | #[cfg(any(feature = "postgres", feature = "mysql"))]
[INFO] [stderr]   |                                 ^^^^^^^^^^^^^^^^^
[INFO] [stderr]   |
[INFO] [stderr]   = note: expected values for `feature` are: `async-std`, `default`, `runtime-async-std-native-tls`, `runtime-async-std-rustls`, `runtime-tokio-native-tls`, `runtime-tokio-rustls`, and `tokio`
[INFO] [stderr]   = help: consider adding `mysql` as a feature in `Cargo.toml`
[INFO] [stderr]   = note: see <https://doc.rust-lang.org/nightly/rustc/check-cfg/cargo-specifics.html> for more information about checking conditional configuration
[INFO] [stderr] 
[INFO] [stderr] warning: unused variable: `pool_size`
[INFO] [stderr]   --> src/adapter.rs:31:47
[INFO] [stderr]    |
[INFO] [stderr] 31 |     pub async fn new<U: Into<String>>(url: U, pool_size: u32) -> Result<Self> {
[INFO] [stderr]    |                                               ^^^^^^^^^ help: if this is intentional, prefix it with an underscore: `_pool_size`
[INFO] [stderr]    |
[INFO] [stderr]    = note: `#[warn(unused_variables)]` on by default
[INFO] [stderr] 
[INFO] [stderr] warning: `casbin-rxqlite-adapter` (lib) generated 9 warnings
[INFO] [stderr] warning: unexpected `cfg` condition value: `postgres`
[INFO] [stderr]    --> src/adapter.rs:312:19
[INFO] [stderr]     |
[INFO] [stderr] 312 |             #[cfg(feature = "postgres")]
[INFO] [stderr]     |                   ^^^^^^^^^^^^^^^^^^^^
[INFO] [stderr]     |
[INFO] [stderr]     = note: expected values for `feature` are: `async-std`, `default`, `runtime-async-std-native-tls`, `runtime-async-std-rustls`, `runtime-tokio-native-tls`, `runtime-tokio-rustls`, and `tokio`
[INFO] [stderr]     = help: consider adding `postgres` as a feature in `Cargo.toml`
[INFO] [stderr]     = note: see <https://doc.rust-lang.org/nightly/rustc/check-cfg/cargo-specifics.html> for more information about checking conditional configuration
[INFO] [stderr] 
[INFO] [stderr] warning: unexpected `cfg` condition value: `mysql`
[INFO] [stderr]    --> src/adapter.rs:319:19
[INFO] [stderr]     |
[INFO] [stderr] 319 |             #[cfg(feature = "mysql")]
[INFO] [stderr]     |                   ^^^^^^^^^^^^^^^^^
[INFO] [stderr]     |
[INFO] [stderr]     = note: expected values for `feature` are: `async-std`, `default`, `runtime-async-std-native-tls`, `runtime-async-std-rustls`, `runtime-tokio-native-tls`, `runtime-tokio-rustls`, and `tokio`
[INFO] [stderr]     = help: consider adding `mysql` as a feature in `Cargo.toml`
[INFO] [stderr]     = note: see <https://doc.rust-lang.org/nightly/rustc/check-cfg/cargo-specifics.html> for more information about checking conditional configuration
[INFO] [stderr] 
[INFO] [stderr] warning: unexpected `cfg` condition value: `sqlite`
[INFO] [stderr]    --> src/adapter.rs:326:19
[INFO] [stderr]     |
[INFO] [stderr] 326 |             #[cfg(feature = "sqlite")]
[INFO] [stderr]     |                   ^^^^^^^^^^^^^^^^^^
[INFO] [stderr]     |
[INFO] [stderr]     = note: expected values for `feature` are: `async-std`, `default`, `runtime-async-std-native-tls`, `runtime-async-std-rustls`, `runtime-tokio-native-tls`, `runtime-tokio-rustls`, and `tokio`
[INFO] [stderr]     = help: consider adding `sqlite` as a feature in `Cargo.toml`
[INFO] [stderr]     = note: see <https://doc.rust-lang.org/nightly/rustc/check-cfg/cargo-specifics.html> for more information about checking conditional configuration
[INFO] [stderr] 
[INFO] [stderr] warning: unexpected `cfg` condition value: `postgres`
[INFO] [stderr]    --> src/adapter.rs:363:19
[INFO] [stderr]     |
[INFO] [stderr] 363 |             #[cfg(feature = "postgres")]
[INFO] [stderr]     |                   ^^^^^^^^^^^^^^^^^^^^
[INFO] [stderr]     |
[INFO] [stderr]     = note: expected values for `feature` are: `async-std`, `default`, `runtime-async-std-native-tls`, `runtime-async-std-rustls`, `runtime-tokio-native-tls`, `runtime-tokio-rustls`, and `tokio`
[INFO] [stderr]     = help: consider adding `postgres` as a feature in `Cargo.toml`
[INFO] [stderr]     = note: see <https://doc.rust-lang.org/nightly/rustc/check-cfg/cargo-specifics.html> for more information about checking conditional configuration
[INFO] [stderr] 
[INFO] [stderr] warning: unexpected `cfg` condition value: `mysql`
[INFO] [stderr]    --> src/adapter.rs:372:19
[INFO] [stderr]     |
[INFO] [stderr] 372 |             #[cfg(feature = "mysql")]
[INFO] [stderr]     |                   ^^^^^^^^^^^^^^^^^
[INFO] [stderr]     |
[INFO] [stderr]     = note: expected values for `feature` are: `async-std`, `default`, `runtime-async-std-native-tls`, `runtime-async-std-rustls`, `runtime-tokio-native-tls`, `runtime-tokio-rustls`, and `tokio`
[INFO] [stderr]     = help: consider adding `mysql` as a feature in `Cargo.toml`
[INFO] [stderr]     = note: see <https://doc.rust-lang.org/nightly/rustc/check-cfg/cargo-specifics.html> for more information about checking conditional configuration
[INFO] [stderr] 
[INFO] [stderr] warning: unexpected `cfg` condition value: `sqlite`
[INFO] [stderr]    --> src/adapter.rs:381:19
[INFO] [stderr]     |
[INFO] [stderr] 381 |             #[cfg(feature = "sqlite")]
[INFO] [stderr]     |                   ^^^^^^^^^^^^^^^^^^
[INFO] [stderr]     |
[INFO] [stderr]     = note: expected values for `feature` are: `async-std`, `default`, `runtime-async-std-native-tls`, `runtime-async-std-rustls`, `runtime-tokio-native-tls`, `runtime-tokio-rustls`, and `tokio`
[INFO] [stderr]     = help: consider adding `sqlite` as a feature in `Cargo.toml`
[INFO] [stderr]     = note: see <https://doc.rust-lang.org/nightly/rustc/check-cfg/cargo-specifics.html> for more information about checking conditional configuration
[INFO] [stderr] 
[INFO] [stderr] warning: unexpected `cfg` condition value: `postgres`
[INFO] [stderr]    --> src/adapter.rs:431:19
[INFO] [stderr]     |
[INFO] [stderr] 431 |             #[cfg(feature = "postgres")]
[INFO] [stderr]     |                   ^^^^^^^^^^^^^^^^^^^^
[INFO] [stderr]     |
[INFO] [stderr]     = note: expected values for `feature` are: `async-std`, `default`, `runtime-async-std-native-tls`, `runtime-async-std-rustls`, `runtime-tokio-native-tls`, `runtime-tokio-rustls`, and `tokio`
[INFO] [stderr]     = help: consider adding `postgres` as a feature in `Cargo.toml`
[INFO] [stderr]     = note: see <https://doc.rust-lang.org/nightly/rustc/check-cfg/cargo-specifics.html> for more information about checking conditional configuration
[INFO] [stderr] 
[INFO] [stderr] warning: unexpected `cfg` condition value: `mysql`
[INFO] [stderr]    --> src/adapter.rs:438:19
[INFO] [stderr]     |
[INFO] [stderr] 438 |             #[cfg(feature = "mysql")]
[INFO] [stderr]     |                   ^^^^^^^^^^^^^^^^^
[INFO] [stderr]     |
[INFO] [stderr]     = note: expected values for `feature` are: `async-std`, `default`, `runtime-async-std-native-tls`, `runtime-async-std-rustls`, `runtime-tokio-native-tls`, `runtime-tokio-rustls`, and `tokio`
[INFO] [stderr]     = help: consider adding `mysql` as a feature in `Cargo.toml`
[INFO] [stderr]     = note: see <https://doc.rust-lang.org/nightly/rustc/check-cfg/cargo-specifics.html> for more information about checking conditional configuration
[INFO] [stderr] 
[INFO] [stderr] warning: unexpected `cfg` condition value: `sqlite`
[INFO] [stderr]    --> src/adapter.rs:445:19
[INFO] [stderr]     |
[INFO] [stderr] 445 |             #[cfg(feature = "sqlite")]
[INFO] [stderr]     |                   ^^^^^^^^^^^^^^^^^^
[INFO] [stderr]     |
[INFO] [stderr]     = note: expected values for `feature` are: `async-std`, `default`, `runtime-async-std-native-tls`, `runtime-async-std-rustls`, `runtime-tokio-native-tls`, `runtime-tokio-rustls`, and `tokio`
[INFO] [stderr]     = help: consider adding `sqlite` as a feature in `Cargo.toml`
[INFO] [stderr]     = note: see <https://doc.rust-lang.org/nightly/rustc/check-cfg/cargo-specifics.html> for more information about checking conditional configuration
[INFO] [stderr] 
[INFO] [stderr] warning: unused import: `super::*`
[INFO] [stderr]  --> src/tests/mod.rs:3:5
[INFO] [stderr]   |
[INFO] [stderr] 3 | use super::*;
[INFO] [stderr]   |     ^^^^^^^^
[INFO] [stderr]   |
[INFO] [stderr]   = note: `#[warn(unused_imports)]` on by default
[INFO] [stderr] 
[INFO] [stderr] warning: function `get_cluster_manager` is never used
[INFO] [stderr]   --> src/tests/mod.rs:23:8
[INFO] [stderr]    |
[INFO] [stderr] 23 | pub fn get_cluster_manager(
[INFO] [stderr]    |        ^^^^^^^^^^^^^^^^^^^
[INFO] [stderr]    |
[INFO] [stderr]    = note: `#[warn(dead_code)]` on by default
[INFO] [stderr] 
[INFO] [stderr] warning: associated items `new`, `get_metrics`, `node_count`, and `wait_for_cluster_established` are never used
[INFO] [stderr]    --> src/tests/mod.rs:73:18
[INFO] [stderr]     |
[INFO] [stderr] 72  | impl TestManagerWithPool {
[INFO] [stderr]     | ------------------------ associated items in this implementation
[INFO] [stderr] 73  |     pub async fn new(test_name: &str, instance_count: usize, tls_config: Option<TestTlsConfig>) -> anyhow::Result<Self> {
[INFO] [stderr]     |                  ^^^
[INFO] [stderr] ...
[INFO] [stderr] 114 |     pub async fn get_metrics(&self, node_id: NodeId) -> anyhow::Result<RaftMetrics> {
[INFO] [stderr]     |                  ^^^^^^^^^^^
[INFO] [stderr] ...
[INFO] [stderr] 120 |     pub fn node_count(&self) -> usize {
[INFO] [stderr]     |            ^^^^^^^^^^
[INFO] [stderr] ...
[INFO] [stderr] 124 |     pub async fn wait_for_cluster_established(
[INFO] [stderr]     |                  ^^^^^^^^^^^^^^^^^^^^^^^^^^^^
[INFO] [stderr] 
[INFO] [stderr] warning: `casbin-rxqlite-adapter` (lib test) generated 21 warnings (9 duplicates) (run `cargo fix --lib -p casbin-rxqlite-adapter --tests` to apply 1 suggestion)
[INFO] [stderr]     Finished `test` profile [unoptimized + debuginfo] target(s) in 0.67s
[INFO] [stderr]      Running unittests src/lib.rs (/opt/rustwide/target/debug/deps/casbin_rxqlite_adapter-e748eb7b2e146805)
[INFO] [stdout] 
[INFO] [stdout] running 3 tests
[INFO] [stdout] test tests::adapter::test_adapter ... FAILED
[INFO] [stdout] test tests::adapter::test_create_with_pool ... FAILED
[INFO] [stdout] test tests::adapter::test_create ... FAILED
[INFO] [stdout] 
[INFO] [stdout] failures:
[INFO] [stdout] 
[INFO] [stdout] ---- tests::adapter::test_adapter stdout ----
[INFO] [stdout] using rxqlited: /opt/rustwide/cargo-home/registry/src/index.crates.io-6f17d22bba15001f/rxqlite-client-0.1.8/target/release/rxqlited
[INFO] [stdout] thread 'tests::adapter::test_adapter' panicked at /opt/rustwide/cargo-home/registry/src/index.crates.io-6f17d22bba15001f/rxqlite-client-0.1.8/src/tests/mod.rs:50:5:
[INFO] [stdout] assertion failed: executable_path.is_file()
[INFO] [stdout] stack backtrace:
[INFO] [stdout]    0:     0x617615e3619a - std::backtrace_rs::backtrace::libunwind::trace::h5a5b8284f2d0c266
[INFO] [stdout]                                at /rustc/90b35a6239c3d8bdabc530a6a0816f7ff89a0aaf/library/std/src/../../backtrace/src/backtrace/libunwind.rs:116:5
[INFO] [stdout]    1:     0x617615e3619a - std::backtrace_rs::backtrace::trace_unsynchronized::h76d4f1c9b0b875e3
[INFO] [stdout]                                at /rustc/90b35a6239c3d8bdabc530a6a0816f7ff89a0aaf/library/std/src/../../backtrace/src/backtrace/mod.rs:66:5
[INFO] [stdout]    2:     0x617615e3619a - std::sys::backtrace::_print_fmt::hc4546b8364a537c6
[INFO] [stdout]                                at /rustc/90b35a6239c3d8bdabc530a6a0816f7ff89a0aaf/library/std/src/sys/backtrace.rs:66:9
[INFO] [stdout]    3:     0x617615e3619a - <std::sys::backtrace::BacktraceLock::print::DisplayBacktrace as core::fmt::Display>::fmt::h5b6bd5631a6d1f6b
[INFO] [stdout]                                at /rustc/90b35a6239c3d8bdabc530a6a0816f7ff89a0aaf/library/std/src/sys/backtrace.rs:39:26
[INFO] [stdout]    4:     0x617615e61be3 - core::fmt::rt::Argument::fmt::h270f6602a2b96f62
[INFO] [stdout]                                at /rustc/90b35a6239c3d8bdabc530a6a0816f7ff89a0aaf/library/core/src/fmt/rt.rs:177:76
[INFO] [stdout]    5:     0x617615e61be3 - core::fmt::write::h7550c97b06c86515
[INFO] [stdout]                                at /rustc/90b35a6239c3d8bdabc530a6a0816f7ff89a0aaf/library/core/src/fmt/mod.rs:1186:21
[INFO] [stdout]    6:     0x617615e32493 - std::io::Write::write_fmt::h509ff860e5956e5e
[INFO] [stdout]                                at /rustc/90b35a6239c3d8bdabc530a6a0816f7ff89a0aaf/library/std/src/io/mod.rs:1839:15
[INFO] [stdout]    7:     0x617615e35fe2 - std::sys::backtrace::BacktraceLock::print::h2395ccd2c84ba3aa
[INFO] [stdout]                                at /rustc/90b35a6239c3d8bdabc530a6a0816f7ff89a0aaf/library/std/src/sys/backtrace.rs:42:9
[INFO] [stdout]    8:     0x617615e3767a - std::panicking::default_hook::{{closure}}::he19d4c7230e07961
[INFO] [stdout]                                at /rustc/90b35a6239c3d8bdabc530a6a0816f7ff89a0aaf/library/std/src/panicking.rs:268:22
[INFO] [stdout]    9:     0x617615e37484 - std::panicking::default_hook::hf614597d3c67bbdb
[INFO] [stdout]                                at /rustc/90b35a6239c3d8bdabc530a6a0816f7ff89a0aaf/library/std/src/panicking.rs:292:9
[INFO] [stdout]   10:     0x6176151f0b89 - <alloc::boxed::Box<F,A> as core::ops::function::Fn<Args>>::call::h39b51ce4599c23d1
[INFO] [stdout]                                at /rustc/90b35a6239c3d8bdabc530a6a0816f7ff89a0aaf/library/alloc/src/boxed.rs:2468:9
[INFO] [stdout]   11:     0x6176151f0b89 - test::test_main::{{closure}}::he977ae839a582784
[INFO] [stdout]                                at /rustc/90b35a6239c3d8bdabc530a6a0816f7ff89a0aaf/library/test/src/lib.rs:133:21
[INFO] [stdout]   12:     0x617615e37d18 - <alloc::boxed::Box<F,A> as core::ops::function::Fn<Args>>::call::h9455091b6b06f9fb
[INFO] [stdout]                                at /rustc/90b35a6239c3d8bdabc530a6a0816f7ff89a0aaf/library/alloc/src/boxed.rs:2468:9
[INFO] [stdout]   13:     0x617615e37d18 - std::panicking::rust_panic_with_hook::h8942133a8b252070
[INFO] [stdout]                                at /rustc/90b35a6239c3d8bdabc530a6a0816f7ff89a0aaf/library/std/src/panicking.rs:809:13
[INFO] [stdout]   14:     0x617615e37aa6 - std::panicking::begin_panic_handler::{{closure}}::hb5f5963570096b29
[INFO] [stdout]                                at /rustc/90b35a6239c3d8bdabc530a6a0816f7ff89a0aaf/library/std/src/panicking.rs:667:13
[INFO] [stdout]   15:     0x617615e36679 - std::sys::backtrace::__rust_end_short_backtrace::h6208cedc1922feda
[INFO] [stdout]                                at /rustc/90b35a6239c3d8bdabc530a6a0816f7ff89a0aaf/library/std/src/sys/backtrace.rs:170:18
[INFO] [stdout]   16:     0x617615e3776c - rust_begin_unwind
[INFO] [stdout]                                at /rustc/90b35a6239c3d8bdabc530a6a0816f7ff89a0aaf/library/std/src/panicking.rs:665:5
[INFO] [stdout]   17:     0x6176150a7390 - core::panicking::panic_fmt::h0c3082644d1bf418
[INFO] [stdout]                                at /rustc/90b35a6239c3d8bdabc530a6a0816f7ff89a0aaf/library/core/src/panicking.rs:74:14
[INFO] [stdout]   18:     0x6176150a741c - core::panicking::panic::h957f98c65a3b3074
[INFO] [stdout]                                at /rustc/90b35a6239c3d8bdabc530a6a0816f7ff89a0aaf/library/core/src/panicking.rs:148:5
[INFO] [stdout]   19:     0x61761521f99c - rxqlite_client::tests::get_cluster_manager::hcd171c9492ed221b
[INFO] [stdout]                                at /opt/rustwide/cargo-home/registry/src/index.crates.io-6f17d22bba15001f/rxqlite-client-0.1.8/src/tests/mod.rs:50:5
[INFO] [stdout]   20:     0x61761521fbbb - rxqlite_client::tests::TestManager::new::h84e09706f567f68b
[INFO] [stdout]                                at /opt/rustwide/cargo-home/registry/src/index.crates.io-6f17d22bba15001f/rxqlite-client-0.1.8/src/tests/mod.rs:83:19
[INFO] [stdout]   21:     0x61761519a4f5 - casbin_rxqlite_adapter::tests::adapter::test_adapter::{{closure}}::h50abf245e9219bfa
[INFO] [stdout]                                at /opt/rustwide/workdir/src/tests/adapter.rs:37:22
[INFO] [stdout]   22:     0x6176151952dd - <core::pin::Pin<P> as core::future::future::Future>::poll::h6194ac7d4e9ce0bc
[INFO] [stdout]                                at /rustc/90b35a6239c3d8bdabc530a6a0816f7ff89a0aaf/library/core/src/future/future.rs:123:9
[INFO] [stdout]   23:     0x6176151755df - tokio::runtime::park::CachedParkThread::block_on::{{closure}}::h5b8bab139bc75a1d
[INFO] [stdout]                                at /opt/rustwide/cargo-home/registry/src/index.crates.io-6f17d22bba15001f/tokio-1.42.0/src/runtime/park.rs:281:63
[INFO] [stdout]   24:     0x617615174282 - tokio::runtime::coop::with_budget::h8ba1a2b62c25b64a
[INFO] [stdout]                                at /opt/rustwide/cargo-home/registry/src/index.crates.io-6f17d22bba15001f/tokio-1.42.0/src/runtime/coop.rs:107:5
[INFO] [stdout]   25:     0x617615174282 - tokio::runtime::coop::budget::h305313cf9e644e7d
[INFO] [stdout]                                at /opt/rustwide/cargo-home/registry/src/index.crates.io-6f17d22bba15001f/tokio-1.42.0/src/runtime/coop.rs:73:5
[INFO] [stdout]   26:     0x617615174282 - tokio::runtime::park::CachedParkThread::block_on::hb78ff54cd95a7d15
[INFO] [stdout]                                at /opt/rustwide/cargo-home/registry/src/index.crates.io-6f17d22bba15001f/tokio-1.42.0/src/runtime/park.rs:281:31
[INFO] [stdout]   27:     0x6176150faf30 - tokio::runtime::context::blocking::BlockingRegionGuard::block_on::he8be7d7848af2fea
[INFO] [stdout]                                at /opt/rustwide/cargo-home/registry/src/index.crates.io-6f17d22bba15001f/tokio-1.42.0/src/runtime/context/blocking.rs:66:9
[INFO] [stdout]   28:     0x6176151568ae - tokio::runtime::scheduler::multi_thread::MultiThread::block_on::{{closure}}::hc9ec5ba73f9edac0
[INFO] [stdout]                                at /opt/rustwide/cargo-home/registry/src/index.crates.io-6f17d22bba15001f/tokio-1.42.0/src/runtime/scheduler/multi_thread/mod.rs:87:13
[INFO] [stdout]   29:     0x617615134b10 - tokio::runtime::context::runtime::enter_runtime::h33624050a32e781a
[INFO] [stdout]                                at /opt/rustwide/cargo-home/registry/src/index.crates.io-6f17d22bba15001f/tokio-1.42.0/src/runtime/context/runtime.rs:65:16
[INFO] [stdout]   30:     0x6176151566d1 - tokio::runtime::scheduler::multi_thread::MultiThread::block_on::hf8ea6410304cdec7
[INFO] [stdout]                                at /opt/rustwide/cargo-home/registry/src/index.crates.io-6f17d22bba15001f/tokio-1.42.0/src/runtime/scheduler/multi_thread/mod.rs:86:9
[INFO] [stdout]   31:     0x617615109c7e - tokio::runtime::runtime::Runtime::block_on_inner::hf335714540944737
[INFO] [stdout]                                at /opt/rustwide/cargo-home/registry/src/index.crates.io-6f17d22bba15001f/tokio-1.42.0/src/runtime/runtime.rs:370:45
[INFO] [stdout]   32:     0x617615109f3d - tokio::runtime::runtime::Runtime::block_on::h07d42fc8ffad5886
[INFO] [stdout]                                at /opt/rustwide/cargo-home/registry/src/index.crates.io-6f17d22bba15001f/tokio-1.42.0/src/runtime/runtime.rs:340:13
[INFO] [stdout]   33:     0x61761519a3f2 - casbin_rxqlite_adapter::tests::adapter::test_adapter::hb6b25ddfe7575d48
[INFO] [stdout]                                at /opt/rustwide/workdir/src/tests/adapter.rs:35:11
[INFO] [stdout]   34:     0x61761519a2c7 - casbin_rxqlite_adapter::tests::adapter::test_adapter::{{closure}}::h8d10233d34f7434d
[INFO] [stdout]                                at /opt/rustwide/workdir/src/tests/adapter.rs:33:18
[INFO] [stdout]   35:     0x6176150db7e6 - core::ops::function::FnOnce::call_once::h1fc88678adb24493
[INFO] [stdout]                                at /rustc/90b35a6239c3d8bdabc530a6a0816f7ff89a0aaf/library/core/src/ops/function.rs:250:5
[INFO] [stdout]   36:     0x6176151f554b - core::ops::function::FnOnce::call_once::h109cf8051a59b34e
[INFO] [stdout]                                at /rustc/90b35a6239c3d8bdabc530a6a0816f7ff89a0aaf/library/core/src/ops/function.rs:250:5
[INFO] [stdout]   37:     0x6176151f554b - test::__rust_begin_short_backtrace::hf4fff89d377446ba
[INFO] [stdout]                                at /rustc/90b35a6239c3d8bdabc530a6a0816f7ff89a0aaf/library/test/src/lib.rs:621:18
[INFO] [stdout]   38:     0x6176151f4d87 - test::run_test_in_process::{{closure}}::h0e39181dd7ee5a43
[INFO] [stdout]                                at /rustc/90b35a6239c3d8bdabc530a6a0816f7ff89a0aaf/library/test/src/lib.rs:644:60
[INFO] [stdout]   39:     0x6176151f4d87 - <core::panic::unwind_safe::AssertUnwindSafe<F> as core::ops::function::FnOnce<()>>::call_once::hc5a66a30f0bdfd1f
[INFO] [stdout]                                at /rustc/90b35a6239c3d8bdabc530a6a0816f7ff89a0aaf/library/core/src/panic/unwind_safe.rs:272:9
[INFO] [stdout]   40:     0x6176151f4d87 - std::panicking::try::do_call::h873b7cf639554a5e
[INFO] [stdout]                                at /rustc/90b35a6239c3d8bdabc530a6a0816f7ff89a0aaf/library/std/src/panicking.rs:557:40
[INFO] [stdout]   41:     0x6176151f4d87 - std::panicking::try::hdb19862fad9c8bd1
[INFO] [stdout]                                at /rustc/90b35a6239c3d8bdabc530a6a0816f7ff89a0aaf/library/std/src/panicking.rs:520:19
[INFO] [stdout]   42:     0x6176151f4d87 - std::panic::catch_unwind::h281fe732d236d260
[INFO] [stdout]                                at /rustc/90b35a6239c3d8bdabc530a6a0816f7ff89a0aaf/library/std/src/panic.rs:358:14
[INFO] [stdout]   43:     0x6176151f4d87 - test::run_test_in_process::h949b6df8457ed338
[INFO] [stdout]                                at /rustc/90b35a6239c3d8bdabc530a6a0816f7ff89a0aaf/library/test/src/lib.rs:644:27
[INFO] [stdout]   44:     0x6176151f4d87 - test::run_test::{{closure}}::h52c556a6d4740e10
[INFO] [stdout]                                at /rustc/90b35a6239c3d8bdabc530a6a0816f7ff89a0aaf/library/test/src/lib.rs:565:43
[INFO] [stdout]   45:     0x6176151ba064 - test::run_test::{{closure}}::h4237f6381c45ccb9
[INFO] [stdout]                                at /rustc/90b35a6239c3d8bdabc530a6a0816f7ff89a0aaf/library/test/src/lib.rs:595:41
[INFO] [stdout]   46:     0x6176151ba064 - std::sys::backtrace::__rust_begin_short_backtrace::h505c97a579eca628
[INFO] [stdout]                                at /rustc/90b35a6239c3d8bdabc530a6a0816f7ff89a0aaf/library/std/src/sys/backtrace.rs:154:18
[INFO] [stdout]   47:     0x6176151bd72e - std::thread::Builder::spawn_unchecked_::{{closure}}::{{closure}}::h9e86b2e2bc107ea3
[INFO] [stdout]                                at /rustc/90b35a6239c3d8bdabc530a6a0816f7ff89a0aaf/library/std/src/thread/mod.rs:538:17
[INFO] [stdout]   48:     0x6176151bd72e - <core::panic::unwind_safe::AssertUnwindSafe<F> as core::ops::function::FnOnce<()>>::call_once::h8b06ddb275ff4a25
[INFO] [stdout]                                at /rustc/90b35a6239c3d8bdabc530a6a0816f7ff89a0aaf/library/core/src/panic/unwind_safe.rs:272:9
[INFO] [stdout]   49:     0x6176151bd72e - std::panicking::try::do_call::hb26ecd7cd9a9355d
[INFO] [stdout]                                at /rustc/90b35a6239c3d8bdabc530a6a0816f7ff89a0aaf/library/std/src/panicking.rs:557:40
[INFO] [stdout]   50:     0x6176151bd72e - std::panicking::try::h8ddeca9d705f9069
[INFO] [stdout]                                at /rustc/90b35a6239c3d8bdabc530a6a0816f7ff89a0aaf/library/std/src/panicking.rs:520:19
[INFO] [stdout]   51:     0x6176151bd72e - std::panic::catch_unwind::h49e1c33078844c46
[INFO] [stdout]                                at /rustc/90b35a6239c3d8bdabc530a6a0816f7ff89a0aaf/library/std/src/panic.rs:358:14
[INFO] [stdout]   52:     0x6176151bd72e - std::thread::Builder::spawn_unchecked_::{{closure}}::h6073db6ff56ad35d
[INFO] [stdout]                                at /rustc/90b35a6239c3d8bdabc530a6a0816f7ff89a0aaf/library/std/src/thread/mod.rs:537:30
[INFO] [stdout]   53:     0x6176151bd72e - core::ops::function::FnOnce::call_once{{vtable.shim}}::h2c5a5f3779c774f1
[INFO] [stdout]                                at /rustc/90b35a6239c3d8bdabc530a6a0816f7ff89a0aaf/library/core/src/ops/function.rs:250:5
[INFO] [stdout]   54:     0x617615e3d49b - <alloc::boxed::Box<F,A> as core::ops::function::FnOnce<Args>>::call_once::hf75717d9f28faebf
[INFO] [stdout]                                at /rustc/90b35a6239c3d8bdabc530a6a0816f7ff89a0aaf/library/alloc/src/boxed.rs:2454:9
[INFO] [stdout]   55:     0x617615e3d49b - <alloc::boxed::Box<F,A> as core::ops::function::FnOnce<Args>>::call_once::h7bd883a5f3c5f3c1
[INFO] [stdout]                                at /rustc/90b35a6239c3d8bdabc530a6a0816f7ff89a0aaf/library/alloc/src/boxed.rs:2454:9
[INFO] [stdout]   56:     0x617615e3d49b - std::sys::pal::unix::thread::Thread::new::thread_start::hcc78f3943333fa94
[INFO] [stdout]                                at /rustc/90b35a6239c3d8bdabc530a6a0816f7ff89a0aaf/library/std/src/sys/pal/unix/thread.rs:105:17
[INFO] [stdout]   57:     0x72bcc9435ac3 - <unknown>
[INFO] [stdout]   58:     0x72bcc94c6a04 - clone
[INFO] [stdout]   59:                0x0 - <unknown>
[INFO] [stdout] 
[INFO] [stdout] ---- tests::adapter::test_create_with_pool stdout ----
[INFO] [stdout] using rxqlited: /opt/rustwide/cargo-home/registry/src/index.crates.io-6f17d22bba15001f/rxqlite-client-0.1.8/target/release/rxqlited
[INFO] [stdout] thread 'tests::adapter::test_create_with_pool' panicked at /opt/rustwide/cargo-home/registry/src/index.crates.io-6f17d22bba15001f/rxqlite-client-0.1.8/src/tests/mod.rs:50:5:
[INFO] [stdout] assertion failed: executable_path.is_file()
[INFO] [stdout] stack backtrace:
[INFO] [stdout]    0:     0x617615e3619a - std::backtrace_rs::backtrace::libunwind::trace::h5a5b8284f2d0c266
[INFO] [stdout]                                at /rustc/90b35a6239c3d8bdabc530a6a0816f7ff89a0aaf/library/std/src/../../backtrace/src/backtrace/libunwind.rs:116:5
[INFO] [stdout]    1:     0x617615e3619a - std::backtrace_rs::backtrace::trace_unsynchronized::h76d4f1c9b0b875e3
[INFO] [stdout]                                at /rustc/90b35a6239c3d8bdabc530a6a0816f7ff89a0aaf/library/std/src/../../backtrace/src/backtrace/mod.rs:66:5
[INFO] [stdout]    2:     0x617615e3619a - std::sys::backtrace::_print_fmt::hc4546b8364a537c6
[INFO] [stdout]                                at /rustc/90b35a6239c3d8bdabc530a6a0816f7ff89a0aaf/library/std/src/sys/backtrace.rs:66:9
[INFO] [stdout]    3:     0x617615e3619a - <std::sys::backtrace::BacktraceLock::print::DisplayBacktrace as core::fmt::Display>::fmt::h5b6bd5631a6d1f6b
[INFO] [stdout]                                at /rustc/90b35a6239c3d8bdabc530a6a0816f7ff89a0aaf/library/std/src/sys/backtrace.rs:39:26
[INFO] [stdout]    4:     0x617615e61be3 - core::fmt::rt::Argument::fmt::h270f6602a2b96f62
[INFO] [stdout]                                at /rustc/90b35a6239c3d8bdabc530a6a0816f7ff89a0aaf/library/core/src/fmt/rt.rs:177:76
[INFO] [stdout]    5:     0x617615e61be3 - core::fmt::write::h7550c97b06c86515
[INFO] [stdout]                                at /rustc/90b35a6239c3d8bdabc530a6a0816f7ff89a0aaf/library/core/src/fmt/mod.rs:1186:21
[INFO] [stdout]    6:     0x617615e32493 - std::io::Write::write_fmt::h509ff860e5956e5e
[INFO] [stdout]                                at /rustc/90b35a6239c3d8bdabc530a6a0816f7ff89a0aaf/library/std/src/io/mod.rs:1839:15
[INFO] [stdout]    7:     0x617615e35fe2 - std::sys::backtrace::BacktraceLock::print::h2395ccd2c84ba3aa
[INFO] [stdout]                                at /rustc/90b35a6239c3d8bdabc530a6a0816f7ff89a0aaf/library/std/src/sys/backtrace.rs:42:9
[INFO] [stdout]    8:     0x617615e3767a - std::panicking::default_hook::{{closure}}::he19d4c7230e07961
[INFO] [stdout]                                at /rustc/90b35a6239c3d8bdabc530a6a0816f7ff89a0aaf/library/std/src/panicking.rs:268:22
[INFO] [stdout]    9:     0x617615e37484 - std::panicking::default_hook::hf614597d3c67bbdb
[INFO] [stdout]                                at /rustc/90b35a6239c3d8bdabc530a6a0816f7ff89a0aaf/library/std/src/panicking.rs:292:9
[INFO] [stdout]   10:     0x6176151f0b89 - <alloc::boxed::Box<F,A> as core::ops::function::Fn<Args>>::call::h39b51ce4599c23d1
[INFO] [stdout]                                at /rustc/90b35a6239c3d8bdabc530a6a0816f7ff89a0aaf/library/alloc/src/boxed.rs:2468:9
[INFO] [stdout]   11:     0x6176151f0b89 - test::test_main::{{closure}}::he977ae839a582784
[INFO] [stdout]                                at /rustc/90b35a6239c3d8bdabc530a6a0816f7ff89a0aaf/library/test/src/lib.rs:133:21
[INFO] [stdout]   12:     0x617615e37d18 - <alloc::boxed::Box<F,A> as core::ops::function::Fn<Args>>::call::h9455091b6b06f9fb
[INFO] [stdout]                                at /rustc/90b35a6239c3d8bdabc530a6a0816f7ff89a0aaf/library/alloc/src/boxed.rs:2468:9
[INFO] [stdout]   13:     0x617615e37d18 - std::panicking::rust_panic_with_hook::h8942133a8b252070
[INFO] [stdout]                                at /rustc/90b35a6239c3d8bdabc530a6a0816f7ff89a0aaf/library/std/src/panicking.rs:809:13
[INFO] [stdout]   14:     0x617615e37aa6 - std::panicking::begin_panic_handler::{{closure}}::hb5f5963570096b29
[INFO] [stdout]                                at /rustc/90b35a6239c3d8bdabc530a6a0816f7ff89a0aaf/library/std/src/panicking.rs:667:13
[INFO] [stdout]   15:     0x617615e36679 - std::sys::backtrace::__rust_end_short_backtrace::h6208cedc1922feda
[INFO] [stdout]                                at /rustc/90b35a6239c3d8bdabc530a6a0816f7ff89a0aaf/library/std/src/sys/backtrace.rs:170:18
[INFO] [stdout]   16:     0x617615e3776c - rust_begin_unwind
[INFO] [stdout]                                at /rustc/90b35a6239c3d8bdabc530a6a0816f7ff89a0aaf/library/std/src/panicking.rs:665:5
[INFO] [stdout]   17:     0x6176150a7390 - core::panicking::panic_fmt::h0c3082644d1bf418
[INFO] [stdout]                                at /rustc/90b35a6239c3d8bdabc530a6a0816f7ff89a0aaf/library/core/src/panicking.rs:74:14
[INFO] [stdout]   18:     0x6176150a741c - core::panicking::panic::h957f98c65a3b3074
[INFO] [stdout]                                at /rustc/90b35a6239c3d8bdabc530a6a0816f7ff89a0aaf/library/core/src/panicking.rs:148:5
[INFO] [stdout]   19:     0x61761521f99c - rxqlite_client::tests::get_cluster_manager::hcd171c9492ed221b
[INFO] [stdout]                                at /opt/rustwide/cargo-home/registry/src/index.crates.io-6f17d22bba15001f/rxqlite-client-0.1.8/src/tests/mod.rs:50:5
[INFO] [stdout]   20:     0x61761521fbbb - rxqlite_client::tests::TestManager::new::h84e09706f567f68b
[INFO] [stdout]                                at /opt/rustwide/cargo-home/registry/src/index.crates.io-6f17d22bba15001f/rxqlite-client-0.1.8/src/tests/mod.rs:83:19
[INFO] [stdout]   21:     0x617615199df6 - casbin_rxqlite_adapter::tests::adapter::test_create_with_pool::{{closure}}::h3f592c8a368aa203
[INFO] [stdout]                                at /opt/rustwide/workdir/src/tests/adapter.rs:23:22
[INFO] [stdout]   22:     0x61761519531d - <core::pin::Pin<P> as core::future::future::Future>::poll::h96c26f3454d1bd62
[INFO] [stdout]                                at /rustc/90b35a6239c3d8bdabc530a6a0816f7ff89a0aaf/library/core/src/future/future.rs:123:9
[INFO] [stdout]   23:     0x61761517555f - tokio::runtime::park::CachedParkThread::block_on::{{closure}}::h43b2a734276ef707
[INFO] [stdout]                                at /opt/rustwide/cargo-home/registry/src/index.crates.io-6f17d22bba15001f/tokio-1.42.0/src/runtime/park.rs:281:63
[INFO] [stdout]   24:     0x617615173a32 - tokio::runtime::coop::with_budget::h8f40cbea5c5ad622
[INFO] [stdout]                                at /opt/rustwide/cargo-home/registry/src/index.crates.io-6f17d22bba15001f/tokio-1.42.0/src/runtime/coop.rs:107:5
[INFO] [stdout]   25:     0x617615173a32 - tokio::runtime::coop::budget::hfbd4ffd271efa620
[INFO] [stdout]                                at /opt/rustwide/cargo-home/registry/src/index.crates.io-6f17d22bba15001f/tokio-1.42.0/src/runtime/coop.rs:73:5
[INFO] [stdout]   26:     0x617615173a32 - tokio::runtime::park::CachedParkThread::block_on::hac9d2c8e14420158
[INFO] [stdout]                                at /opt/rustwide/cargo-home/registry/src/index.crates.io-6f17d22bba15001f/tokio-1.42.0/src/runtime/park.rs:281:31
[INFO] [stdout]   27:     0x6176150fad10 - tokio::runtime::context::blocking::BlockingRegionGuard::block_on::hc71173f18f4c3812
[INFO] [stdout]                                at /opt/rustwide/cargo-home/registry/src/index.crates.io-6f17d22bba15001f/tokio-1.42.0/src/runtime/context/blocking.rs:66:9
[INFO] [stdout]   28:     0x6176151567ee - tokio::runtime::scheduler::multi_thread::MultiThread::block_on::{{closure}}::h7c858d99a70fdbb0
[INFO] [stdout]                                at /opt/rustwide/cargo-home/registry/src/index.crates.io-6f17d22bba15001f/tokio-1.42.0/src/runtime/scheduler/multi_thread/mod.rs:87:13
[INFO] [stdout]   29:     0x617615135ba0 - tokio::runtime::context::runtime::enter_runtime::hff53a244f4f458e2
[INFO] [stdout]                                at /opt/rustwide/cargo-home/registry/src/index.crates.io-6f17d22bba15001f/tokio-1.42.0/src/runtime/context/runtime.rs:65:16
[INFO] [stdout]   30:     0x617615156691 - tokio::runtime::scheduler::multi_thread::MultiThread::block_on::hf592137c9d4920b5
[INFO] [stdout]                                at /opt/rustwide/cargo-home/registry/src/index.crates.io-6f17d22bba15001f/tokio-1.42.0/src/runtime/scheduler/multi_thread/mod.rs:86:9
[INFO] [stdout]   31:     0x61761510951e - tokio::runtime::runtime::Runtime::block_on_inner::h07a2b411a45712fb
[INFO] [stdout]                                at /opt/rustwide/cargo-home/registry/src/index.crates.io-6f17d22bba15001f/tokio-1.42.0/src/runtime/runtime.rs:370:45
[INFO] [stdout]   32:     0x61761510a47d - tokio::runtime::runtime::Runtime::block_on::he93c27f51844ae4a
[INFO] [stdout]                                at /opt/rustwide/cargo-home/registry/src/index.crates.io-6f17d22bba15001f/tokio-1.42.0/src/runtime/runtime.rs:340:13
[INFO] [stdout]   33:     0x617615199d02 - casbin_rxqlite_adapter::tests::adapter::test_create_with_pool::hff8c31f241a24745
[INFO] [stdout]                                at /opt/rustwide/workdir/src/tests/adapter.rs:21:11
[INFO] [stdout]   34:     0x617615199bd7 - casbin_rxqlite_adapter::tests::adapter::test_create_with_pool::{{closure}}::h3b276f70da1c2626
[INFO] [stdout]                                at /opt/rustwide/workdir/src/tests/adapter.rs:19:27
[INFO] [stdout]   35:     0x6176150dc206 - core::ops::function::FnOnce::call_once::haf8b0088ec142312
[INFO] [stdout]                                at /rustc/90b35a6239c3d8bdabc530a6a0816f7ff89a0aaf/library/core/src/ops/function.rs:250:5
[INFO] [stdout]   36:     0x6176151f554b - core::ops::function::FnOnce::call_once::h109cf8051a59b34e
[INFO] [stdout]                                at /rustc/90b35a6239c3d8bdabc530a6a0816f7ff89a0aaf/library/core/src/ops/function.rs:250:5
[INFO] [stdout]   37:     0x6176151f554b - test::__rust_begin_short_backtrace::hf4fff89d377446ba
[INFO] [stdout]                                at /rustc/90b35a6239c3d8bdabc530a6a0816f7ff89a0aaf/library/test/src/lib.rs:621:18
[INFO] [stdout]   38:     0x6176151f4d87 - test::run_test_in_process::{{closure}}::h0e39181dd7ee5a43
[INFO] [stdout]                                at /rustc/90b35a6239c3d8bdabc530a6a0816f7ff89a0aaf/library/test/src/lib.rs:644:60
[INFO] [stdout]   39:     0x6176151f4d87 - <core::panic::unwind_safe::AssertUnwindSafe<F> as core::ops::function::FnOnce<()>>::call_once::hc5a66a30f0bdfd1f
[INFO] [stdout]                                at /rustc/90b35a6239c3d8bdabc530a6a0816f7ff89a0aaf/library/core/src/panic/unwind_safe.rs:272:9
[INFO] [stdout]   40:     0x6176151f4d87 - std::panicking::try::do_call::h873b7cf639554a5e
[INFO] [stdout]                                at /rustc/90b35a6239c3d8bdabc530a6a0816f7ff89a0aaf/library/std/src/panicking.rs:557:40
[INFO] [stdout]   41:     0x6176151f4d87 - std::panicking::try::hdb19862fad9c8bd1
[INFO] [stdout]                                at /rustc/90b35a6239c3d8bdabc530a6a0816f7ff89a0aaf/library/std/src/panicking.rs:520:19
[INFO] [stdout]   42:     0x6176151f4d87 - std::panic::catch_unwind::h281fe732d236d260
[INFO] [stdout]                                at /rustc/90b35a6239c3d8bdabc530a6a0816f7ff89a0aaf/library/std/src/panic.rs:358:14
[INFO] [stdout]   43:     0x6176151f4d87 - test::run_test_in_process::h949b6df8457ed338
[INFO] [stdout]                                at /rustc/90b35a6239c3d8bdabc530a6a0816f7ff89a0aaf/library/test/src/lib.rs:644:27
[INFO] [stdout]   44:     0x6176151f4d87 - test::run_test::{{closure}}::h52c556a6d4740e10
[INFO] [stdout]                                at /rustc/90b35a6239c3d8bdabc530a6a0816f7ff89a0aaf/library/test/src/lib.rs:565:43
[INFO] [stdout]   45:     0x6176151ba064 - test::run_test::{{closure}}::h4237f6381c45ccb9
[INFO] [stdout]                                at /rustc/90b35a6239c3d8bdabc530a6a0816f7ff89a0aaf/library/test/src/lib.rs:595:41
[INFO] [stdout]   46:     0x6176151ba064 - std::sys::backtrace::__rust_begin_short_backtrace::h505c97a579eca628
[INFO] [stdout]                                at /rustc/90b35a6239c3d8bdabc530a6a0816f7ff89a0aaf/library/std/src/sys/backtrace.rs:154:18
[INFO] [stdout]   47:     0x6176151bd72e - std::thread::Builder::spawn_unchecked_::{{closure}}::{{closure}}::h9e86b2e2bc107ea3
[INFO] [stdout]                                at /rustc/90b35a6239c3d8bdabc530a6a0816f7ff89a0aaf/library/std/src/thread/mod.rs:538:17
[INFO] [stdout]   48:     0x6176151bd72e - <core::panic::unwind_safe::AssertUnwindSafe<F> as core::ops::function::FnOnce<()>>::call_once::h8b06ddb275ff4a25
[INFO] [stdout]                                at /rustc/90b35a6239c3d8bdabc530a6a0816f7ff89a0aaf/library/core/src/panic/unwind_safe.rs:272:9
[INFO] [stdout]   49:     0x6176151bd72e - std::panicking::try::do_call::hb26ecd7cd9a9355d
[INFO] [stdout]                                at /rustc/90b35a6239c3d8bdabc530a6a0816f7ff89a0aaf/library/std/src/panicking.rs:557:40
[INFO] [stdout]   50:     0x6176151bd72e - std::panicking::try::h8ddeca9d705f9069
[INFO] [stdout]                                at /rustc/90b35a6239c3d8bdabc530a6a0816f7ff89a0aaf/library/std/src/panicking.rs:520:19
[INFO] [stdout]   51:     0x6176151bd72e - std::panic::catch_unwind::h49e1c33078844c46
[INFO] [stdout]                                at /rustc/90b35a6239c3d8bdabc530a6a0816f7ff89a0aaf/library/std/src/panic.rs:358:14
[INFO] [stdout]   52:     0x6176151bd72e - std::thread::Builder::spawn_unchecked_::{{closure}}::h6073db6ff56ad35d
[INFO] [stdout]                                at /rustc/90b35a6239c3d8bdabc530a6a0816f7ff89a0aaf/library/std/src/thread/mod.rs:537:30
[INFO] [stdout]   53:     0x6176151bd72e - core::ops::function::FnOnce::call_once{{vtable.shim}}::h2c5a5f3779c774f1
[INFO] [stdout]                                at /rustc/90b35a6239c3d8bdabc530a6a0816f7ff89a0aaf/library/core/src/ops/function.rs:250:5
[INFO] [stdout]   54:     0x617615e3d49b - <alloc::boxed::Box<F,A> as core::ops::function::FnOnce<Args>>::call_once::hf75717d9f28faebf
[INFO] [stdout]                                at /rustc/90b35a6239c3d8bdabc530a6a0816f7ff89a0aaf/library/alloc/src/boxed.rs:2454:9
[INFO] [stdout]   55:     0x617615e3d49b - <alloc::boxed::Box<F,A> as core::ops::function::FnOnce<Args>>::call_once::h7bd883a5f3c5f3c1
[INFO] [stdout]                                at /rustc/90b35a6239c3d8bdabc530a6a0816f7ff89a0aaf/library/alloc/src/boxed.rs:2454:9
[INFO] [stdout]   56:     0x617615e3d49b - std::sys::pal::unix::thread::Thread::new::thread_start::hcc78f3943333fa94
[INFO] [stdout]                                at /rustc/90b35a6239c3d8bdabc530a6a0816f7ff89a0aaf/library/std/src/sys/pal/unix/thread.rs:105:17
[INFO] [stdout]   57:     0x72bcc9435ac3 - <unknown>
[INFO] [stdout]   58:     0x72bcc94c6a04 - clone
[INFO] [stdout]   59:                0x0 - <unknown>
[INFO] [stdout] 
[INFO] [stdout] ---- tests::adapter::test_create stdout ----
[INFO] [stdout] using rxqlited: /opt/rustwide/cargo-home/registry/src/index.crates.io-6f17d22bba15001f/rxqlite-client-0.1.8/target/release/rxqlited
[INFO] [stdout] thread 'tests::adapter::test_create' panicked at /opt/rustwide/cargo-home/registry/src/index.crates.io-6f17d22bba15001f/rxqlite-client-0.1.8/src/tests/mod.rs:50:5:
[INFO] [stdout] assertion failed: executable_path.is_file()
[INFO] [stdout] stack backtrace:
[INFO] [stdout]    0:     0x617615e3619a - std::backtrace_rs::backtrace::libunwind::trace::h5a5b8284f2d0c266
[INFO] [stdout]                                at /rustc/90b35a6239c3d8bdabc530a6a0816f7ff89a0aaf/library/std/src/../../backtrace/src/backtrace/libunwind.rs:116:5
[INFO] [stdout]    1:     0x617615e3619a - std::backtrace_rs::backtrace::trace_unsynchronized::h76d4f1c9b0b875e3
[INFO] [stdout]                                at /rustc/90b35a6239c3d8bdabc530a6a0816f7ff89a0aaf/library/std/src/../../backtrace/src/backtrace/mod.rs:66:5
[INFO] [stdout]    2:     0x617615e3619a - std::sys::backtrace::_print_fmt::hc4546b8364a537c6
[INFO] [stdout]                                at /rustc/90b35a6239c3d8bdabc530a6a0816f7ff89a0aaf/library/std/src/sys/backtrace.rs:66:9
[INFO] [stdout]    3:     0x617615e3619a - <std::sys::backtrace::BacktraceLock::print::DisplayBacktrace as core::fmt::Display>::fmt::h5b6bd5631a6d1f6b
[INFO] [stdout]                                at /rustc/90b35a6239c3d8bdabc530a6a0816f7ff89a0aaf/library/std/src/sys/backtrace.rs:39:26
[INFO] [stdout]    4:     0x617615e61be3 - core::fmt::rt::Argument::fmt::h270f6602a2b96f62
[INFO] [stdout]                                at /rustc/90b35a6239c3d8bdabc530a6a0816f7ff89a0aaf/library/core/src/fmt/rt.rs:177:76
[INFO] [stdout]    5:     0x617615e61be3 - core::fmt::write::h7550c97b06c86515
[INFO] [stdout]                                at /rustc/90b35a6239c3d8bdabc530a6a0816f7ff89a0aaf/library/core/src/fmt/mod.rs:1186:21
[INFO] [stdout]    6:     0x617615e32493 - std::io::Write::write_fmt::h509ff860e5956e5e
[INFO] [stdout]                                at /rustc/90b35a6239c3d8bdabc530a6a0816f7ff89a0aaf/library/std/src/io/mod.rs:1839:15
[INFO] [stdout]    7:     0x617615e35fe2 - std::sys::backtrace::BacktraceLock::print::h2395ccd2c84ba3aa
[INFO] [stdout]                                at /rustc/90b35a6239c3d8bdabc530a6a0816f7ff89a0aaf/library/std/src/sys/backtrace.rs:42:9
[INFO] [stdout]    8:     0x617615e3767a - std::panicking::default_hook::{{closure}}::he19d4c7230e07961
[INFO] [stdout]                                at /rustc/90b35a6239c3d8bdabc530a6a0816f7ff89a0aaf/library/std/src/panicking.rs:268:22
[INFO] [stdout]    9:     0x617615e37484 - std::panicking::default_hook::hf614597d3c67bbdb
[INFO] [stdout]                                at /rustc/90b35a6239c3d8bdabc530a6a0816f7ff89a0aaf/library/std/src/panicking.rs:292:9
[INFO] [stdout]   10:     0x6176151f0b89 - <alloc::boxed::Box<F,A> as core::ops::function::Fn<Args>>::call::h39b51ce4599c23d1
[INFO] [stdout]                                at /rustc/90b35a6239c3d8bdabc530a6a0816f7ff89a0aaf/library/alloc/src/boxed.rs:2468:9
[INFO] [stdout]   11:     0x6176151f0b89 - test::test_main::{{closure}}::he977ae839a582784
[INFO] [stdout]                                at /rustc/90b35a6239c3d8bdabc530a6a0816f7ff89a0aaf/library/test/src/lib.rs:133:21
[INFO] [stdout]   12:     0x617615e37d18 - <alloc::boxed::Box<F,A> as core::ops::function::Fn<Args>>::call::h9455091b6b06f9fb
[INFO] [stdout]                                at /rustc/90b35a6239c3d8bdabc530a6a0816f7ff89a0aaf/library/alloc/src/boxed.rs:2468:9
[INFO] [stdout]   13:     0x617615e37d18 - std::panicking::rust_panic_with_hook::h8942133a8b252070
[INFO] [stdout]                                at /rustc/90b35a6239c3d8bdabc530a6a0816f7ff89a0aaf/library/std/src/panicking.rs:809:13
[INFO] [stdout]   14:     0x617615e37aa6 - std::panicking::begin_panic_handler::{{closure}}::hb5f5963570096b29
[INFO] [stdout]                                at /rustc/90b35a6239c3d8bdabc530a6a0816f7ff89a0aaf/library/std/src/panicking.rs:667:13
[INFO] [stdout]   15:     0x617615e36679 - std::sys::backtrace::__rust_end_short_backtrace::h6208cedc1922feda
[INFO] [stdout]                                at /rustc/90b35a6239c3d8bdabc530a6a0816f7ff89a0aaf/library/std/src/sys/backtrace.rs:170:18
[INFO] [stdout]   16:     0x617615e3776c - rust_begin_unwind
[INFO] [stdout]                                at /rustc/90b35a6239c3d8bdabc530a6a0816f7ff89a0aaf/library/std/src/panicking.rs:665:5
[INFO] [stdout]   17:     0x6176150a7390 - core::panicking::panic_fmt::h0c3082644d1bf418
[INFO] [stdout]                                at /rustc/90b35a6239c3d8bdabc530a6a0816f7ff89a0aaf/library/core/src/panicking.rs:74:14
[INFO] [stdout]   18:     0x6176150a741c - core::panicking::panic::h957f98c65a3b3074
[INFO] [stdout]                                at /rustc/90b35a6239c3d8bdabc530a6a0816f7ff89a0aaf/library/core/src/panicking.rs:148:5
[INFO] [stdout]   19:     0x61761521f99c - rxqlite_client::tests::get_cluster_manager::hcd171c9492ed221b
[INFO] [stdout]                                at /opt/rustwide/cargo-home/registry/src/index.crates.io-6f17d22bba15001f/rxqlite-client-0.1.8/src/tests/mod.rs:50:5
[INFO] [stdout]   20:     0x61761521fbbb - rxqlite_client::tests::TestManager::new::h84e09706f567f68b
[INFO] [stdout]                                at /opt/rustwide/cargo-home/registry/src/index.crates.io-6f17d22bba15001f/rxqlite-client-0.1.8/src/tests/mod.rs:83:19
[INFO] [stdout]   21:     0x617615199706 - casbin_rxqlite_adapter::tests::adapter::test_create::{{closure}}::h9f77db3132afa53a
[INFO] [stdout]                                at /opt/rustwide/workdir/src/tests/adapter.rs:8:22
[INFO] [stdout]   22:     0x61761519539d - <core::pin::Pin<P> as core::future::future::Future>::poll::ha92caefbc78bb0d9
[INFO] [stdout]                                at /rustc/90b35a6239c3d8bdabc530a6a0816f7ff89a0aaf/library/core/src/future/future.rs:123:9
[INFO] [stdout]   23:     0x61761517565f - tokio::runtime::park::CachedParkThread::block_on::{{closure}}::hab4fdf11a3ef7bb6
[INFO] [stdout]                                at /opt/rustwide/cargo-home/registry/src/index.crates.io-6f17d22bba15001f/tokio-1.42.0/src/runtime/park.rs:281:63
[INFO] [stdout]   24:     0x6176151746a2 - tokio::runtime::coop::with_budget::hf4241944db819b3a
[INFO] [stdout]                                at /opt/rustwide/cargo-home/registry/src/index.crates.io-6f17d22bba15001f/tokio-1.42.0/src/runtime/coop.rs:107:5
[INFO] [stdout]   25:     0x6176151746a2 - tokio::runtime::coop::budget::haaeb3fe0a4dee104
[INFO] [stdout]                                at /opt/rustwide/cargo-home/registry/src/index.crates.io-6f17d22bba15001f/tokio-1.42.0/src/runtime/coop.rs:73:5
[INFO] [stdout]   26:     0x6176151746a2 - tokio::runtime::park::CachedParkThread::block_on::hbbd7bc9f96a05d3c
[INFO] [stdout]                                at /opt/rustwide/cargo-home/registry/src/index.crates.io-6f17d22bba15001f/tokio-1.42.0/src/runtime/park.rs:281:31
[INFO] [stdout]   27:     0x6176150fafb0 - tokio::runtime::context::blocking::BlockingRegionGuard::block_on::hf5bf55b4e0ae448d
[INFO] [stdout]                                at /opt/rustwide/cargo-home/registry/src/index.crates.io-6f17d22bba15001f/tokio-1.42.0/src/runtime/context/blocking.rs:66:9
[INFO] [stdout]   28:     0x6176151568fe - tokio::runtime::scheduler::multi_thread::MultiThread::block_on::{{closure}}::hf32c2cf3ea742b49
[INFO] [stdout]                                at /opt/rustwide/cargo-home/registry/src/index.crates.io-6f17d22bba15001f/tokio-1.42.0/src/runtime/scheduler/multi_thread/mod.rs:87:13
[INFO] [stdout]   29:     0x617615135620 - tokio::runtime::context::runtime::enter_runtime::hcc39f0862ec343fd
[INFO] [stdout]                                at /opt/rustwide/cargo-home/registry/src/index.crates.io-6f17d22bba15001f/tokio-1.42.0/src/runtime/context/runtime.rs:65:16
[INFO] [stdout]   30:     0x617615156501 - tokio::runtime::scheduler::multi_thread::MultiThread::block_on::h10302bf859fcf797
[INFO] [stdout]                                at /opt/rustwide/cargo-home/registry/src/index.crates.io-6f17d22bba15001f/tokio-1.42.0/src/runtime/scheduler/multi_thread/mod.rs:86:9
[INFO] [stdout]   31:     0x6176151099ae - tokio::runtime::runtime::Runtime::block_on_inner::ha1663f8706e5c94d
[INFO] [stdout]                                at /opt/rustwide/cargo-home/registry/src/index.crates.io-6f17d22bba15001f/tokio-1.42.0/src/runtime/runtime.rs:370:45
[INFO] [stdout]   32:     0x61761510a1dd - tokio::runtime::runtime::Runtime::block_on::h3a2351b6d155c4bd
[INFO] [stdout]                                at /opt/rustwide/cargo-home/registry/src/index.crates.io-6f17d22bba15001f/tokio-1.42.0/src/runtime/runtime.rs:340:13
[INFO] [stdout]   33:     0x617615199612 - casbin_rxqlite_adapter::tests::adapter::test_create::h33f175a994507bff
[INFO] [stdout]                                at /opt/rustwide/workdir/src/tests/adapter.rs:6:11
[INFO] [stdout]   34:     0x6176151994e7 - casbin_rxqlite_adapter::tests::adapter::test_create::{{closure}}::hc05fbb264c33a420
[INFO] [stdout]                                at /opt/rustwide/workdir/src/tests/adapter.rs:4:17
[INFO] [stdout]   35:     0x6176150dbf46 - core::ops::function::FnOnce::call_once::h7dfadb5ada3fe53e
[INFO] [stdout]                                at /rustc/90b35a6239c3d8bdabc530a6a0816f7ff89a0aaf/library/core/src/ops/function.rs:250:5
[INFO] [stdout]   36:     0x6176151f554b - core::ops::function::FnOnce::call_once::h109cf8051a59b34e
[INFO] [stdout]                                at /rustc/90b35a6239c3d8bdabc530a6a0816f7ff89a0aaf/library/core/src/ops/function.rs:250:5
[INFO] [stdout]   37:     0x6176151f554b - test::__rust_begin_short_backtrace::hf4fff89d377446ba
[INFO] [stdout]                                at /rustc/90b35a6239c3d8bdabc530a6a0816f7ff89a0aaf/library/test/src/lib.rs:621:18
[INFO] [stdout]   38:     0x6176151f4d87 - test::run_test_in_process::{{closure}}::h0e39181dd7ee5a43
[INFO] [stdout]                                at /rustc/90b35a6239c3d8bdabc530a6a0816f7ff89a0aaf/library/test/src/lib.rs:644:60
[INFO] [stdout]   39:     0x6176151f4d87 - <core::panic::unwind_safe::AssertUnwindSafe<F> as core::ops::function::FnOnce<()>>::call_once::hc5a66a30f0bdfd1f
[INFO] [stdout]                                at /rustc/90b35a6239c3d8bdabc530a6a0816f7ff89a0aaf/library/core/src/panic/unwind_safe.rs:272:9
[INFO] [stdout]   40:     0x6176151f4d87 - std::panicking::try::do_call::h873b7cf639554a5e
[INFO] [stdout]                                at /rustc/90b35a6239c3d8bdabc530a6a0816f7ff89a0aaf/library/std/src/panicking.rs:557:40
[INFO] [stdout]   41:     0x6176151f4d87 - std::panicking::try::hdb19862fad9c8bd1
[INFO] [stdout]                                at /rustc/90b35a6239c3d8bdabc530a6a0816f7ff89a0aaf/library/std/src/panicking.rs:520:19
[INFO] [stdout]   42:     0x6176151f4d87 - std::panic::catch_unwind::h281fe732d236d260
[INFO] [stdout]                                at /rustc/90b35a6239c3d8bdabc530a6a0816f7ff89a0aaf/library/std/src/panic.rs:358:14
[INFO] [stdout]   43:     0x6176151f4d87 - test::run_test_in_process::h949b6df8457ed338
[INFO] [stdout]                                at /rustc/90b35a6239c3d8bdabc530a6a0816f7ff89a0aaf/library/test/src/lib.rs:644:27
[INFO] [stdout]   44:     0x6176151f4d87 - test::run_test::{{closure}}::h52c556a6d4740e10
[INFO] [stdout]                                at /rustc/90b35a6239c3d8bdabc530a6a0816f7ff89a0aaf/library/test/src/lib.rs:565:43
[INFO] [stdout]   45:     0x6176151ba064 - test::run_test::{{closure}}::h4237f6381c45ccb9
[INFO] [stdout]                                at /rustc/90b35a6239c3d8bdabc530a6a0816f7ff89a0aaf/library/test/src/lib.rs:595:41
[INFO] [stdout]   46:     0x6176151ba064 - std::sys::backtrace::__rust_begin_short_backtrace::h505c97a579eca628
[INFO] [stdout]                                at /rustc/90b35a6239c3d8bdabc530a6a0816f7ff89a0aaf/library/std/src/sys/backtrace.rs:154:18
[INFO] [stdout]   47:     0x6176151bd72e - std::thread::Builder::spawn_unchecked_::{{closure}}::{{closure}}::h9e86b2e2bc107ea3
[INFO] [stdout]                                at /rustc/90b35a6239c3d8bdabc530a6a0816f7ff89a0aaf/library/std/src/thread/mod.rs:538:17
[INFO] [stdout]   48:     0x6176151bd72e - <core::panic::unwind_safe::AssertUnwindSafe<F> as core::ops::function::FnOnce<()>>::call_once::h8b06ddb275ff4a25
[INFO] [stdout]                                at /rustc/90b35a6239c3d8bdabc530a6a0816f7ff89a0aaf/library/core/src/panic/unwind_safe.rs:272:9
[INFO] [stdout]   49:     0x6176151bd72e - std::panicking::try::do_call::hb26ecd7cd9a9355d
[INFO] [stdout]                                at /rustc/90b35a6239c3d8bdabc530a6a0816f7ff89a0aaf/library/std/src/panicking.rs:557:40
[INFO] [stdout]   50:     0x6176151bd72e - std::panicking::try::h8ddeca9d705f9069
[INFO] [stdout]                                at /rustc/90b35a6239c3d8bdabc530a6a0816f7ff89a0aaf/library/std/src/panicking.rs:520:19
[INFO] [stdout]   51:     0x6176151bd72e - std::panic::catch_unwind::h49e1c33078844c46
[INFO] [stdout]                                at /rustc/90b35a6239c3d8bdabc530a6a0816f7ff89a0aaf/library/std/src/panic.rs:358:14
[INFO] [stdout]   52:     0x6176151bd72e - std::thread::Builder::spawn_unchecked_::{{closure}}::h6073db6ff56ad35d
[INFO] [stdout]                                at /rustc/90b35a6239c3d8bdabc530a6a0816f7ff89a0aaf/library/std/src/thread/mod.rs:537:30
[INFO] [stdout]   53:     0x6176151bd72e - core::ops::function::FnOnce::call_once{{vtable.shim}}::h2c5a5f3779c774f1
[INFO] [stdout]                                at /rustc/90b35a6239c3d8bdabc530a6a0816f7ff89a0aaf/library/core/src/ops/function.rs:250:5
[INFO] [stdout]   54:     0x617615e3d49b - <alloc::boxed::Box<F,A> as core::ops::function::FnOnce<Args>>::call_once::hf75717d9f28faebf
[INFO] [stdout]                                at /rustc/90b35a6239c3d8bdabc530a6a0816f7ff89a0aaf/library/alloc/src/boxed.rs:2454:9
[INFO] [stdout]   55:     0x617615e3d49b - <alloc::boxed::Box<F,A> as core::ops::function::FnOnce<Args>>::call_once::h7bd883a5f3c5f3c1
[INFO] [stdout]                                at /rustc/90b35a6239c3d8bdabc530a6a0816f7ff89a0aaf/library/alloc/src/boxed.rs:2454:9
[INFO] [stdout]   56:     0x617615e3d49b - std::sys::pal::unix::thread::Thread::new::thread_start::hcc78f3943333fa94
[INFO] [stdout]                                at /rustc/90b35a6239c3d8bdabc530a6a0816f7ff89a0aaf/library/std/src/sys/pal/unix/thread.rs:105:17
[INFO] [stdout]   57:     0x72bcc9435ac3 - <unknown>
[INFO] [stdout]   58:     0x72bcc94c6a04 - clone
[INFO] [stdout]   59:                0x0 - <unknown>
[INFO] [stdout] 
[INFO] [stdout] 
[INFO] [stdout] failures:
[INFO] [stdout]     tests::adapter::test_adapter
[INFO] [stdout]     tests::adapter::test_create
[INFO] [stdout]     tests::adapter::test_create_with_pool
[INFO] [stdout] 
[INFO] [stdout] test result: FAILED. 0 passed; 3 failed; 0 ignored; 0 measured; 0 filtered out; finished in 0.23s
[INFO] [stdout] 
[INFO] [stderr] error: test failed, to rerun pass `--lib`
[INFO] running `Command { std: "docker" "inspect" "4b680e32ad40c08d890f648b1e2bee6ea9f282a18296229eac146e56aab96d1c", kill_on_drop: false }`
[INFO] running `Command { std: "docker" "rm" "-f" "4b680e32ad40c08d890f648b1e2bee6ea9f282a18296229eac146e56aab96d1c", kill_on_drop: false }`
[INFO] [stdout] 4b680e32ad40c08d890f648b1e2bee6ea9f282a18296229eac146e56aab96d1c
