[INFO] fetching crate calyx-frontend 0.7.1...
[INFO] testing calyx-frontend-0.7.1 against 1.83.0 for beta-1.84.0-4-retry
[INFO] extracting crate calyx-frontend 0.7.1 into /workspace/builds/worker-5-tc1/source
[INFO] validating manifest of crates.io crate calyx-frontend 0.7.1 on toolchain 1.83.0
[INFO] running `Command { std: CARGO_HOME="/workspace/cargo-home" RUSTUP_HOME="/workspace/rustup-home" "/workspace/cargo-home/bin/cargo" "+1.83.0" "metadata" "--manifest-path" "Cargo.toml" "--no-deps", kill_on_drop: false }`
[INFO] started tweaking crates.io crate calyx-frontend 0.7.1
[INFO] finished tweaking crates.io crate calyx-frontend 0.7.1
[INFO] tweaked toml for crates.io crate calyx-frontend 0.7.1 written to /workspace/builds/worker-5-tc1/source/Cargo.toml
[INFO] running `Command { std: CARGO_HOME="/workspace/cargo-home" RUSTUP_HOME="/workspace/rustup-home" "/workspace/cargo-home/bin/cargo" "+1.83.0" "generate-lockfile" "--manifest-path" "Cargo.toml", kill_on_drop: false }`
[INFO] [stderr]     Updating crates.io index
[INFO] [stderr]      Locking 103 packages to latest compatible versions
[INFO] [stderr]       Adding itertools v0.11.0 (available: v0.13.0)
[INFO] [stderr]       Adding strum v0.25.0 (available: v0.26.3)
[INFO] [stderr]       Adding strum_macros v0.25.3 (available: v0.26.4)
[INFO] running `Command { std: CARGO_HOME="/workspace/cargo-home" RUSTUP_HOME="/workspace/rustup-home" "/workspace/cargo-home/bin/cargo" "+1.83.0" "fetch" "--manifest-path" "Cargo.toml", kill_on_drop: false }`
[INFO] [stderr]  Downloading crates ...
[INFO] [stderr]   Downloaded pest_consume_macros v1.1.0
[INFO] [stderr]   Downloaded calyx-utils v0.7.1
[INFO] [stderr]   Downloaded pest_consume v1.1.3
[INFO] [stderr]   Downloaded symbol_table v0.3.0
[INFO] running `Command { std: "docker" "create" "-v" "/var/lib/crater-agent-workspace/builds/worker-5-tc1/target:/opt/rustwide/target:rw,Z" "-v" "/var/lib/crater-agent-workspace/builds/worker-5-tc1/source:/opt/rustwide/workdir:ro,Z" "-v" "/var/lib/crater-agent-workspace/cargo-home:/opt/rustwide/cargo-home:ro,Z" "-v" "/var/lib/crater-agent-workspace/rustup-home:/opt/rustwide/rustup-home:ro,Z" "-e" "SOURCE_DIR=/opt/rustwide/workdir" "-e" "CARGO_TARGET_DIR=/opt/rustwide/target" "-e" "CARGO_HOME=/opt/rustwide/cargo-home" "-e" "RUSTUP_HOME=/opt/rustwide/rustup-home" "-w" "/opt/rustwide/workdir" "-m" "1610612736" "--user" "0:0" "--network" "none" "ghcr.io/rust-lang/crates-build-env/linux@sha256:f3a9d4ad9d972b27faf3965f35b62e55ba32bbce8f20bc8fe909558a86702fde" "/opt/rustwide/cargo-home/bin/cargo" "+1.83.0" "metadata" "--no-deps" "--format-version=1", kill_on_drop: false }`
[INFO] [stdout] 34add6517c0ff32d4d97cd08a0daeb827cc40895afffe94087ba9af400828093
[INFO] running `Command { std: "docker" "start" "-a" "34add6517c0ff32d4d97cd08a0daeb827cc40895afffe94087ba9af400828093", kill_on_drop: false }`
[INFO] running `Command { std: "docker" "inspect" "34add6517c0ff32d4d97cd08a0daeb827cc40895afffe94087ba9af400828093", kill_on_drop: false }`
[INFO] running `Command { std: "docker" "rm" "-f" "34add6517c0ff32d4d97cd08a0daeb827cc40895afffe94087ba9af400828093", kill_on_drop: false }`
[INFO] [stdout] 34add6517c0ff32d4d97cd08a0daeb827cc40895afffe94087ba9af400828093
[INFO] running `Command { std: "docker" "create" "-v" "/var/lib/crater-agent-workspace/builds/worker-5-tc1/target:/opt/rustwide/target:rw,Z" "-v" "/var/lib/crater-agent-workspace/builds/worker-5-tc1/source:/opt/rustwide/workdir:ro,Z" "-v" "/var/lib/crater-agent-workspace/cargo-home:/opt/rustwide/cargo-home:ro,Z" "-v" "/var/lib/crater-agent-workspace/rustup-home:/opt/rustwide/rustup-home:ro,Z" "-e" "SOURCE_DIR=/opt/rustwide/workdir" "-e" "CARGO_TARGET_DIR=/opt/rustwide/target" "-e" "CARGO_INCREMENTAL=0" "-e" "RUST_BACKTRACE=full" "-e" "RUSTFLAGS=--cap-lints=warn" "-e" "RUSTDOCFLAGS=--cap-lints=warn" "-e" "CARGO_HOME=/opt/rustwide/cargo-home" "-e" "RUSTUP_HOME=/opt/rustwide/rustup-home" "-w" "/opt/rustwide/workdir" "-m" "1610612736" "--user" "0:0" "--network" "none" "ghcr.io/rust-lang/crates-build-env/linux@sha256:f3a9d4ad9d972b27faf3965f35b62e55ba32bbce8f20bc8fe909558a86702fde" "/opt/rustwide/cargo-home/bin/cargo" "+1.83.0" "build" "--frozen" "--message-format=json", kill_on_drop: false }`
[INFO] [stdout] faa8fe35da3e1a4f7c5ce0e7970c76a3e8f7b39392b85cb227eeaebdecaba722
[INFO] running `Command { std: "docker" "start" "-a" "faa8fe35da3e1a4f7c5ce0e7970c76a3e8f7b39392b85cb227eeaebdecaba722", kill_on_drop: false }`
[INFO] [stderr]    Compiling proc-macro2 v1.0.92
[INFO] [stderr]    Compiling unicode-ident v1.0.14
[INFO] [stderr]    Compiling libc v0.2.168
[INFO] [stderr]    Compiling version_check v0.9.5
[INFO] [stderr]    Compiling thiserror v2.0.7
[INFO] [stderr]    Compiling memchr v2.7.4
[INFO] [stderr]    Compiling cfg-if v1.0.0
[INFO] [stderr]    Compiling once_cell v1.20.2
[INFO] [stderr]    Compiling serde v1.0.216
[INFO] [stderr]    Compiling ucd-trie v0.1.7
[INFO] [stderr]    Compiling syn v1.0.109
[INFO] [stderr]    Compiling ahash v0.7.8
[INFO] [stderr]    Compiling hashbrown v0.15.2
[INFO] [stderr]    Compiling serde_json v1.0.133
[INFO] [stderr]    Compiling equivalent v1.0.1
[INFO] [stderr]    Compiling rustversion v1.0.18
[INFO] [stderr]    Compiling either v1.13.0
[INFO] [stderr]    Compiling fixedbitset v0.4.2
[INFO] [stderr]    Compiling ryu v1.0.18
[INFO] [stderr]    Compiling itoa v1.0.14
[INFO] [stderr]    Compiling itertools v0.11.0
[INFO] [stderr]    Compiling heck v0.4.1
[INFO] [stderr]    Compiling log v0.4.22
[INFO] [stderr]    Compiling indexmap v2.7.0
[INFO] [stderr]    Compiling smallvec v1.13.2
[INFO] [stderr]    Compiling lazy_static v1.5.0
[INFO] [stderr]    Compiling quote v1.0.37
[INFO] [stderr]    Compiling strum v0.25.0
[INFO] [stderr]    Compiling linked-hash-map v0.5.6
[INFO] [stderr]    Compiling syn v2.0.90
[INFO] [stderr]    Compiling getrandom v0.2.15
[INFO] [stderr]    Compiling atty v0.2.14
[INFO] [stderr]    Compiling petgraph v0.6.5
[INFO] [stderr]    Compiling hashbrown v0.11.2
[INFO] [stderr]    Compiling hashbrown v0.12.3
[INFO] [stderr]    Compiling symbol_table v0.3.0
[INFO] [stderr]    Compiling thiserror-impl v2.0.7
[INFO] [stderr]    Compiling strum_macros v0.25.3
[INFO] [stderr]    Compiling string-interner v0.14.0
[INFO] [stderr]    Compiling pest v2.7.15
[INFO] [stderr]    Compiling pest_consume_macros v1.1.0
[INFO] [stderr]    Compiling calyx-utils v0.7.1
[INFO] [stderr]    Compiling pest_meta v2.7.15
[INFO] [stderr]    Compiling pest_generator v2.7.15
[INFO] [stderr]    Compiling pest_derive v2.7.15
[INFO] [stderr]    Compiling pest_consume v1.1.3
[INFO] [stderr]    Compiling calyx-frontend v0.7.1 (/opt/rustwide/workdir)
[INFO] [stderr]     Finished `dev` profile [unoptimized + debuginfo] target(s) in 36.94s
[INFO] running `Command { std: "docker" "inspect" "faa8fe35da3e1a4f7c5ce0e7970c76a3e8f7b39392b85cb227eeaebdecaba722", kill_on_drop: false }`
[INFO] running `Command { std: "docker" "rm" "-f" "faa8fe35da3e1a4f7c5ce0e7970c76a3e8f7b39392b85cb227eeaebdecaba722", kill_on_drop: false }`
[INFO] [stdout] faa8fe35da3e1a4f7c5ce0e7970c76a3e8f7b39392b85cb227eeaebdecaba722
[INFO] running `Command { std: "docker" "create" "-v" "/var/lib/crater-agent-workspace/builds/worker-5-tc1/target:/opt/rustwide/target:rw,Z" "-v" "/var/lib/crater-agent-workspace/builds/worker-5-tc1/source:/opt/rustwide/workdir:ro,Z" "-v" "/var/lib/crater-agent-workspace/cargo-home:/opt/rustwide/cargo-home:ro,Z" "-v" "/var/lib/crater-agent-workspace/rustup-home:/opt/rustwide/rustup-home:ro,Z" "-e" "SOURCE_DIR=/opt/rustwide/workdir" "-e" "CARGO_TARGET_DIR=/opt/rustwide/target" "-e" "CARGO_INCREMENTAL=0" "-e" "RUST_BACKTRACE=full" "-e" "RUSTFLAGS=--cap-lints=warn" "-e" "RUSTDOCFLAGS=--cap-lints=warn" "-e" "CARGO_HOME=/opt/rustwide/cargo-home" "-e" "RUSTUP_HOME=/opt/rustwide/rustup-home" "-w" "/opt/rustwide/workdir" "-m" "1610612736" "--user" "0:0" "--network" "none" "ghcr.io/rust-lang/crates-build-env/linux@sha256:f3a9d4ad9d972b27faf3965f35b62e55ba32bbce8f20bc8fe909558a86702fde" "/opt/rustwide/cargo-home/bin/cargo" "+1.83.0" "test" "--frozen" "--no-run" "--message-format=json", kill_on_drop: false }`
[INFO] [stdout] e9cb7aaeced4857f24d928fb09fdec7ccc254cd1b0fa6616e8b5582b209d4266
[INFO] running `Command { std: "docker" "start" "-a" "e9cb7aaeced4857f24d928fb09fdec7ccc254cd1b0fa6616e8b5582b209d4266", kill_on_drop: false }`
[INFO] [stderr]    Compiling calyx-frontend v0.7.1 (/opt/rustwide/workdir)
[INFO] [stderr]     Finished `test` profile [unoptimized + debuginfo] target(s) in 2.34s
[INFO] running `Command { std: "docker" "inspect" "e9cb7aaeced4857f24d928fb09fdec7ccc254cd1b0fa6616e8b5582b209d4266", kill_on_drop: false }`
[INFO] running `Command { std: "docker" "rm" "-f" "e9cb7aaeced4857f24d928fb09fdec7ccc254cd1b0fa6616e8b5582b209d4266", kill_on_drop: false }`
[INFO] [stdout] e9cb7aaeced4857f24d928fb09fdec7ccc254cd1b0fa6616e8b5582b209d4266
[INFO] running `Command { std: "docker" "create" "-v" "/var/lib/crater-agent-workspace/builds/worker-5-tc1/target:/opt/rustwide/target:rw,Z" "-v" "/var/lib/crater-agent-workspace/builds/worker-5-tc1/source:/opt/rustwide/workdir:ro,Z" "-v" "/var/lib/crater-agent-workspace/cargo-home:/opt/rustwide/cargo-home:ro,Z" "-v" "/var/lib/crater-agent-workspace/rustup-home:/opt/rustwide/rustup-home:ro,Z" "-e" "SOURCE_DIR=/opt/rustwide/workdir" "-e" "CARGO_TARGET_DIR=/opt/rustwide/target" "-e" "CARGO_INCREMENTAL=0" "-e" "RUST_BACKTRACE=full" "-e" "RUSTFLAGS=--cap-lints=warn" "-e" "RUSTDOCFLAGS=--cap-lints=warn" "-e" "CARGO_HOME=/opt/rustwide/cargo-home" "-e" "RUSTUP_HOME=/opt/rustwide/rustup-home" "-w" "/opt/rustwide/workdir" "-m" "1610612736" "--user" "0:0" "--network" "none" "ghcr.io/rust-lang/crates-build-env/linux@sha256:f3a9d4ad9d972b27faf3965f35b62e55ba32bbce8f20bc8fe909558a86702fde" "/opt/rustwide/cargo-home/bin/cargo" "+1.83.0" "test" "--frozen", kill_on_drop: false }`
[INFO] [stdout] e88d86fb0567dd770cf25a1159a58bbfe01c7d296283e59c68d1d3c184dee422
[INFO] running `Command { std: "docker" "start" "-a" "e88d86fb0567dd770cf25a1159a58bbfe01c7d296283e59c68d1d3c184dee422", kill_on_drop: false }`
[INFO] [stderr]     Finished `test` profile [unoptimized + debuginfo] target(s) in 0.14s
[INFO] [stderr]      Running unittests src/lib.rs (/opt/rustwide/target/debug/deps/calyx_frontend-0de59b4fcad540d3)
[INFO] [stdout] 
[INFO] [stdout] running 0 tests
[INFO] [stdout] 
[INFO] [stdout] test result: ok. 0 passed; 0 failed; 0 ignored; 0 measured; 0 filtered out; finished in 0.00s
[INFO] [stdout] 
[INFO] [stderr]    Doc-tests calyx_frontend
[INFO] [stdout] 
[INFO] [stdout] running 2 tests
[INFO] [stdout] test src/workspace.rs - workspace::Workspace (line 30) ... FAILED
[INFO] [stdout] test src/common.rs - common::Primitive (line 10) ... FAILED
[INFO] [stdout] 
[INFO] [stdout] failures:
[INFO] [stdout] 
[INFO] [stdout] ---- src/workspace.rs - workspace::Workspace (line 30) stdout ----
[INFO] [stdout] error: expected one of `!` or `::`, found `std_add`
[INFO] [stdout]  --> src/workspace.rs:32:15
[INFO] [stdout]   |
[INFO] [stdout] 3 | extern "core.sv" {
[INFO] [stdout]   |                  - while parsing this item list starting here
[INFO] [stdout] 4 |     primitive std_add[width](left: width, right: width) -> (out: width);
[INFO] [stdout]   |               ^^^^^^^ expected one of `!` or `::`
[INFO] [stdout] 5 | }
[INFO] [stdout]   | - the item list ends here
[INFO] [stdout] 
[INFO] [stdout] error[E0703]: invalid ABI: found `core.sv`
[INFO] [stdout]  --> src/workspace.rs:31:8
[INFO] [stdout]   |
[INFO] [stdout] 3 | extern "core.sv" {
[INFO] [stdout]   |        ^^^^^^^^^ invalid ABI
[INFO] [stdout]   |
[INFO] [stdout]   = note: invoke `rustc --print=calling-conventions` for a full list of supported calling conventions
[INFO] [stdout] 
[INFO] [stdout] error: aborting due to 2 previous errors
[INFO] [stdout] 
[INFO] [stdout] For more information about this error, try `rustc --explain E0703`.
[INFO] [stdout] Couldn't compile the test.
[INFO] [stdout] ---- src/common.rs - common::Primitive (line 10) stdout ----
[INFO] [stdout] error: expected one of `!`, `.`, `::`, `;`, `?`, `{`, `}`, or an operator, found `std_reg`
[INFO] [stdout]  --> src/common.rs:11:11
[INFO] [stdout]   |
[INFO] [stdout] 3 | primitive std_reg<"static"=1>[WIDTH](
[INFO] [stdout]   |           ^^^^^^^ expected one of 8 possible tokens
[INFO] [stdout] 
[INFO] [stdout] error: aborting due to 1 previous error
[INFO] [stdout] 
[INFO] [stdout] Couldn't compile the test.
[INFO] [stdout] 
[INFO] [stdout] failures:
[INFO] [stdout]     src/common.rs - common::Primitive (line 10)
[INFO] [stdout]     src/workspace.rs - workspace::Workspace (line 30)
[INFO] [stdout] 
[INFO] [stdout] test result: FAILED. 0 passed; 2 failed; 0 ignored; 0 measured; 0 filtered out; finished in 0.06s
[INFO] [stdout] 
[INFO] [stderr] error: doctest failed, to rerun pass `--doc`
[INFO] running `Command { std: "docker" "inspect" "e88d86fb0567dd770cf25a1159a58bbfe01c7d296283e59c68d1d3c184dee422", kill_on_drop: false }`
[INFO] running `Command { std: "docker" "rm" "-f" "e88d86fb0567dd770cf25a1159a58bbfe01c7d296283e59c68d1d3c184dee422", kill_on_drop: false }`
[INFO] [stdout] e88d86fb0567dd770cf25a1159a58bbfe01c7d296283e59c68d1d3c184dee422
