[INFO] fetching crate bp_rpc 0.8.0-alpha.2...
[INFO] testing bp_rpc-0.8.0-alpha.2 against beta-2024-12-08 for beta-1.84.0-4-retry
[INFO] extracting crate bp_rpc 0.8.0-alpha.2 into /workspace/builds/worker-5-tc2/source
[INFO] validating manifest of crates.io crate bp_rpc 0.8.0-alpha.2 on toolchain beta-2024-12-08
[INFO] running `Command { std: CARGO_HOME="/workspace/cargo-home" RUSTUP_HOME="/workspace/rustup-home" "/workspace/cargo-home/bin/cargo" "+beta-2024-12-08" "metadata" "--manifest-path" "Cargo.toml" "--no-deps", kill_on_drop: false }`
[INFO] started tweaking crates.io crate bp_rpc 0.8.0-alpha.2
[INFO] finished tweaking crates.io crate bp_rpc 0.8.0-alpha.2
[INFO] tweaked toml for crates.io crate bp_rpc 0.8.0-alpha.2 written to /workspace/builds/worker-5-tc2/source/Cargo.toml
[INFO] running `Command { std: CARGO_HOME="/workspace/cargo-home" RUSTUP_HOME="/workspace/rustup-home" "/workspace/cargo-home/bin/cargo" "+beta-2024-12-08" "generate-lockfile" "--manifest-path" "Cargo.toml", kill_on_drop: false }`
[INFO] [stderr]     Updating crates.io index
[INFO] [stderr]      Locking 191 packages to latest compatible versions
[INFO] [stderr]       Adding amplify v3.14.2 (available: v4.8.0)
[INFO] [stderr]       Adding bitcoin v0.28.1 (available: v0.28.2)
[INFO] [stderr]       Adding internet2 v0.8.4 (available: v0.9.0)
[INFO] [stderr]       Adding microservices v0.8.10 (available: v0.9.0)
[INFO] [stderr]       Adding serde_with v1.14.0 (available: v3.11.0)
[INFO] [stderr]       Adding serde_yaml v0.8.26 (available: v0.9.34+deprecated)
[INFO] [stderr]       Adding strict_encoding v0.8.2 (available: v2.8.1)
[INFO] [stderr]       Adding subtle v2.4.1 (available: v2.6.1)
[INFO] [stderr]       Adding zeroize v1.3.0 (available: v1.8.1)
[INFO] running `Command { std: CARGO_HOME="/workspace/cargo-home" RUSTUP_HOME="/workspace/rustup-home" "/workspace/cargo-home/bin/cargo" "+beta-2024-12-08" "fetch" "--manifest-path" "Cargo.toml", kill_on_drop: false }`
[INFO] running `Command { std: "docker" "create" "-v" "/var/lib/crater-agent-workspace/builds/worker-5-tc2/target:/opt/rustwide/target:rw,Z" "-v" "/var/lib/crater-agent-workspace/builds/worker-5-tc2/source:/opt/rustwide/workdir:ro,Z" "-v" "/var/lib/crater-agent-workspace/cargo-home:/opt/rustwide/cargo-home:ro,Z" "-v" "/var/lib/crater-agent-workspace/rustup-home:/opt/rustwide/rustup-home:ro,Z" "-e" "SOURCE_DIR=/opt/rustwide/workdir" "-e" "CARGO_TARGET_DIR=/opt/rustwide/target" "-e" "CARGO_HOME=/opt/rustwide/cargo-home" "-e" "RUSTUP_HOME=/opt/rustwide/rustup-home" "-w" "/opt/rustwide/workdir" "-m" "1610612736" "--user" "0:0" "--network" "none" "ghcr.io/rust-lang/crates-build-env/linux@sha256:f3a9d4ad9d972b27faf3965f35b62e55ba32bbce8f20bc8fe909558a86702fde" "/opt/rustwide/cargo-home/bin/cargo" "+beta-2024-12-08" "metadata" "--no-deps" "--format-version=1", kill_on_drop: false }`
[INFO] [stdout] af3d35c9e7cd5a40a91074681a63d1730ca4eea42d18ee54abc9a831e08c9914
[INFO] running `Command { std: "docker" "start" "-a" "af3d35c9e7cd5a40a91074681a63d1730ca4eea42d18ee54abc9a831e08c9914", kill_on_drop: false }`
[INFO] running `Command { std: "docker" "inspect" "af3d35c9e7cd5a40a91074681a63d1730ca4eea42d18ee54abc9a831e08c9914", kill_on_drop: false }`
[INFO] running `Command { std: "docker" "rm" "-f" "af3d35c9e7cd5a40a91074681a63d1730ca4eea42d18ee54abc9a831e08c9914", kill_on_drop: false }`
[INFO] [stdout] af3d35c9e7cd5a40a91074681a63d1730ca4eea42d18ee54abc9a831e08c9914
[INFO] running `Command { std: "docker" "create" "-v" "/var/lib/crater-agent-workspace/builds/worker-5-tc2/target:/opt/rustwide/target:rw,Z" "-v" "/var/lib/crater-agent-workspace/builds/worker-5-tc2/source:/opt/rustwide/workdir:ro,Z" "-v" "/var/lib/crater-agent-workspace/cargo-home:/opt/rustwide/cargo-home:ro,Z" "-v" "/var/lib/crater-agent-workspace/rustup-home:/opt/rustwide/rustup-home:ro,Z" "-e" "SOURCE_DIR=/opt/rustwide/workdir" "-e" "CARGO_TARGET_DIR=/opt/rustwide/target" "-e" "CARGO_INCREMENTAL=0" "-e" "RUST_BACKTRACE=full" "-e" "RUSTFLAGS=--cap-lints=warn" "-e" "RUSTDOCFLAGS=--cap-lints=warn" "-e" "CARGO_HOME=/opt/rustwide/cargo-home" "-e" "RUSTUP_HOME=/opt/rustwide/rustup-home" "-w" "/opt/rustwide/workdir" "-m" "1610612736" "--user" "0:0" "--network" "none" "ghcr.io/rust-lang/crates-build-env/linux@sha256:f3a9d4ad9d972b27faf3965f35b62e55ba32bbce8f20bc8fe909558a86702fde" "/opt/rustwide/cargo-home/bin/cargo" "+beta-2024-12-08" "build" "--frozen" "--message-format=json", kill_on_drop: false }`
[INFO] [stdout] 5ce7e3bac9d08faccd7ec712b69b586fec26f79e54057f1fa4b9d6965871cbf5
[INFO] running `Command { std: "docker" "start" "-a" "5ce7e3bac9d08faccd7ec712b69b586fec26f79e54057f1fa4b9d6965871cbf5", kill_on_drop: false }`
[INFO] [stderr]    Compiling proc-macro2 v1.0.92
[INFO] [stderr]    Compiling unicode-ident v1.0.14
[INFO] [stderr]    Compiling version_check v0.9.5
[INFO] [stderr]    Compiling typenum v1.17.0
[INFO] [stderr]    Compiling syn v1.0.109
[INFO] [stderr]    Compiling serde v1.0.216
[INFO] [stderr]    Compiling libc v0.2.168
[INFO] [stderr]    Compiling crossbeam-utils v0.8.20
[INFO] [stderr]    Compiling shlex v1.3.0
[INFO] [stderr]    Compiling hashbrown v0.15.2
[INFO] [stderr]    Compiling generic-array v0.14.7
[INFO] [stderr]    Compiling equivalent v1.0.1
[INFO] [stderr]    Compiling cfg-if v1.0.0
[INFO] [stderr]    Compiling autocfg v1.4.0
[INFO] [stderr]    Compiling quote v1.0.37
[INFO] [stderr]    Compiling syn v2.0.90
[INFO] [stderr]    Compiling indexmap v2.7.0
[INFO] [stderr]    Compiling crossbeam-epoch v0.9.18
[INFO] [stderr]    Compiling rayon-core v1.12.1
[INFO] [stderr]    Compiling crossbeam-deque v0.8.5
[INFO] [stderr]    Compiling jobserver v0.1.32
[INFO] [stderr]    Compiling memchr v2.7.4
[INFO] [stderr]    Compiling cc v1.2.4
[INFO] [stderr]    Compiling crossbeam-queue v0.3.11
[INFO] [stderr]    Compiling crossbeam-channel v0.5.13
[INFO] [stderr]    Compiling getrandom v0.1.16
[INFO] [stderr]    Compiling subtle v2.4.1
[INFO] [stderr]    Compiling target-lexicon v0.12.16
[INFO] [stderr]    Compiling amplify_num v0.4.1
[INFO] [stderr]    Compiling either v1.13.0
[INFO] [stderr]    Compiling rayon v1.10.0
[INFO] [stderr]    Compiling crossbeam v0.8.4
[INFO] [stderr]    Compiling byteorder v1.5.0
[INFO] [stderr]    Compiling ryu v1.0.18
[INFO] [stderr]    Compiling same-file v1.0.6
[INFO] [stderr]    Compiling winnow v0.6.20
[INFO] [stderr]    Compiling paste v1.0.15
[INFO] [stderr]    Compiling secp256k1-sys v0.5.2
[INFO] [stderr]    Compiling cpufeatures v0.2.16
[INFO] [stderr]    Compiling walkdir v2.5.0
[INFO] [stderr]    Compiling digest v0.9.0
[INFO] [stderr]    Compiling num-traits v0.2.19
[INFO] [stderr]    Compiling amplify_syn v1.1.6
[INFO] [stderr]    Compiling serde_json v1.0.133
[INFO] [stderr]    Compiling serde_spanned v0.6.8
[INFO] [stderr]    Compiling toml_datetime v0.6.8
[INFO] [stderr]    Compiling jwalk v0.8.1
[INFO] [stderr]    Compiling opaque-debug v0.3.1
[INFO] [stderr]    Compiling itoa v1.0.14
[INFO] [stderr]    Compiling toml_edit v0.22.22
[INFO] [stderr]    Compiling log v0.4.22
[INFO] [stderr]    Compiling smallvec v1.13.2
[INFO] [stderr]    Compiling rand_core v0.5.1
[INFO] [stderr]    Compiling dircpy v0.3.19
[INFO] [stderr]    Compiling cfg-expr v0.15.8
[INFO] [stderr]    Compiling block-padding v0.2.1
[INFO] [stderr]    Compiling unsafe-libyaml v0.2.11
[INFO] [stderr]    Compiling heck v0.5.0
[INFO] [stderr]    Compiling pkg-config v0.3.31
[INFO] [stderr]    Compiling version-compare v0.2.0
[INFO] [stderr]    Compiling block-buffer v0.9.0
[INFO] [stderr]    Compiling zeromq-src v0.2.6+4.3.4
[INFO] [stderr]    Compiling serde_derive v1.0.216
[INFO] [stderr]    Compiling zeroize_derive v1.4.2
[INFO] [stderr]    Compiling zerocopy-derive v0.7.35
[INFO] [stderr]    Compiling amplify_derive v2.11.3
[INFO] [stderr]    Compiling toml v0.8.19
[INFO] [stderr]    Compiling system-deps v6.2.2
[INFO] [stderr]    Compiling zeroize v1.3.0
[INFO] [stderr]    Compiling bech32 v0.8.1
[INFO] [stderr]    Compiling zerocopy v0.7.35
[INFO] [stderr]    Compiling strsim v0.10.0
[INFO] [stderr]    Compiling iana-time-zone v0.1.61
[INFO] [stderr]    Compiling ident_case v1.0.1
[INFO] [stderr]    Compiling fnv v1.0.7
[INFO] [stderr]    Compiling indexmap v1.9.3
[INFO] [stderr]    Compiling darling_core v0.13.4
[INFO] [stderr]    Compiling chrono v0.4.39
[INFO] [stderr]    Compiling zmq-sys2 v0.3.0
[INFO] [stderr]    Compiling signature v1.6.4
[INFO] [stderr]    Compiling ed25519 v1.5.3
[INFO] [stderr]    Compiling ppv-lite86 v0.2.20
[INFO] [stderr]    Compiling curve25519-dalek v3.2.1
[INFO] [stderr]    Compiling stability v0.1.1
[INFO] [stderr]    Compiling rand_chacha v0.2.2
[INFO] [stderr]    Compiling amplify v3.14.2
[INFO] [stderr]    Compiling encoding_derive_helpers v0.8.1
[INFO] [stderr]    Compiling rand v0.7.3
[INFO] [stderr]    Compiling sha2 v0.9.9
[INFO] [stderr]    Compiling crypto-mac v0.11.1
[INFO] [stderr]    Compiling hex v0.4.3
[INFO] [stderr]    Compiling strict_encoding_derive v0.8.0
[INFO] [stderr]    Compiling hashbrown v0.12.3
[INFO] [stderr]    Compiling linked-hash-map v0.5.6
[INFO] [stderr]    Compiling keccak v0.1.5
[INFO] [stderr]    Compiling bytes v1.9.0
[INFO] [stderr]    Compiling convert_case v0.4.0
[INFO] [stderr]    Compiling pin-project-lite v0.2.15
[INFO] [stderr]    Compiling sha3 v0.9.1
[INFO] [stderr]    Compiling yaml-rust v0.4.5
[INFO] [stderr]    Compiling lightning_encoding_derive v0.8.0
[INFO] [stderr]    Compiling derive_more v0.99.18
[INFO] [stderr]    Compiling darling_macro v0.13.4
[INFO] [stderr]    Compiling tokio v1.42.0
[INFO] [stderr]    Compiling hmac v0.11.0
[INFO] [stderr]    Compiling universal-hash v0.4.1
[INFO] [stderr]    Compiling aho-corasick v1.1.3
[INFO] [stderr]    Compiling inout v0.1.3
[INFO] [stderr]    Compiling cipher v0.3.0
[INFO] [stderr]    Compiling darling v0.13.4
[INFO] [stderr]    Compiling crypto-common v0.1.6
[INFO] [stderr]    Compiling base64 v0.13.1
[INFO] [stderr]    Compiling regex-syntax v0.8.5
[INFO] [stderr]    Compiling base32 v0.4.0
[INFO] [stderr]    Compiling cfg_aliases v0.2.1
[INFO] [stderr]    Compiling zmq2 v0.5.0
[INFO] [stderr]    Compiling nix v0.29.0
[INFO] [stderr]    Compiling cipher v0.4.4
[INFO] [stderr]    Compiling serde_with_macros v1.5.2
[INFO] [stderr]    Compiling chacha20 v0.8.2
[INFO] [stderr]    Compiling poly1305 v0.7.2
[INFO] [stderr]    Compiling aead v0.4.3
[INFO] [stderr]    Compiling quick-error v1.2.3
[INFO] [stderr]    Compiling parse_arg v0.1.4
[INFO] [stderr]    Compiling bitflags v1.3.2
[INFO] [stderr]    Compiling serde_str_helpers v0.1.2
[INFO] [stderr]    Compiling bitcoin_hashes v0.10.0
[INFO] [stderr]    Compiling stringly_conversions v0.1.1
[INFO] [stderr]    Compiling toml v0.5.11
[INFO] [stderr]    Compiling serde_yaml v0.9.34+deprecated
[INFO] [stderr]    Compiling secp256k1 v0.22.2
[INFO] [stderr]    Compiling ed25519-dalek v1.0.1
[INFO] [stderr]    Compiling torut v0.2.1
[INFO] [stderr]    Compiling regex-automata v0.4.9
[INFO] [stderr]    Compiling serde_yaml v0.8.26
[INFO] [stderr]    Compiling serde_with v1.14.0
[INFO] [stderr]    Compiling humantime v1.3.0
[INFO] [stderr]    Compiling chacha20poly1305 v0.9.1
[INFO] [stderr]    Compiling chacha20 v0.9.1
[INFO] [stderr]    Compiling inet2_derive v0.8.1
[INFO] [stderr]    Compiling atty v0.2.14
[INFO] [stderr]    Compiling termcolor v1.4.1
[INFO] [stderr]    Compiling bitflags v2.6.0
[INFO] [stderr]    Compiling once_cell v1.20.2
[INFO] [stderr]    Compiling bitcoin v0.28.1
[INFO] [stderr]    Compiling regex v1.11.1
[INFO] [stderr]    Compiling env_logger v0.7.1
[INFO] [stderr]    Compiling strict_encoding v0.8.2
[INFO] [stderr]    Compiling bitcoin_scripts v0.8.2
[INFO] [stderr]    Compiling lightning_encoding v0.8.0
[INFO] [stderr]    Compiling inet2_addr v0.8.3
[INFO] [stderr] warning: zmq-sys2@0.3.0: /opt/rustwide/cargo-home/registry/src/index.crates.io-6f17d22bba15001f/zeromq-src-0.2.6+4.3.4/vendor/src/ip.cpp: In function 'void zmq::set_socket_priority(zmq::fd_t, int)':
[INFO] [stderr] warning: zmq-sys2@0.3.0: /opt/rustwide/cargo-home/registry/src/index.crates.io-6f17d22bba15001f/zeromq-src-0.2.6+4.3.4/vendor/src/ip.cpp:233:37: warning: unused parameter 's_' [-Wunused-parameter]
[INFO] [stderr] warning: zmq-sys2@0.3.0:   233 | void zmq::set_socket_priority (fd_t s_, int priority_)
[INFO] [stderr] warning: zmq-sys2@0.3.0:       |                                ~~~~~^~
[INFO] [stderr] warning: zmq-sys2@0.3.0: /opt/rustwide/cargo-home/registry/src/index.crates.io-6f17d22bba15001f/zeromq-src-0.2.6+4.3.4/vendor/src/ip.cpp:233:45: warning: unused parameter 'priority_' [-Wunused-parameter]
[INFO] [stderr] warning: zmq-sys2@0.3.0:   233 | void zmq::set_socket_priority (fd_t s_, int priority_)
[INFO] [stderr] warning: zmq-sys2@0.3.0:       |                                         ~~~~^~~~~~~~~
[INFO] [stderr] warning: zmq-sys2@0.3.0: /opt/rustwide/cargo-home/registry/src/index.crates.io-6f17d22bba15001f/zeromq-src-0.2.6+4.3.4/vendor/src/dish.cpp:350:1: fatal error: error writing to /tmp/ccBQlhMV.s: No space left on device
[INFO] [stderr] warning: zmq-sys2@0.3.0:   350 | }
[INFO] [stderr] warning: zmq-sys2@0.3.0:       | ^
[INFO] [stderr] warning: zmq-sys2@0.3.0: compilation terminated.
[INFO] [stderr] warning: zmq-sys2@0.3.0: ToolExecError: Command LC_ALL="C" "c++" "-O0" "-ffunction-sections" "-fdata-sections" "-fPIC" "-gdwarf-4" "-fno-omit-frame-pointer" "-m64" "-I" "/opt/rustwide/cargo-home/registry/src/index.crates.io-6f17d22bba15001f/zeromq-src-0.2.6+4.3.4/vendor/include" "-I" "/opt/rustwide/cargo-home/registry/src/index.crates.io-6f17d22bba15001f/zeromq-src-0.2.6+4.3.4/vendor/src" "-I" "/opt/rustwide/cargo-home/registry/src/index.crates.io-6f17d22bba15001f/zeromq-src-0.2.6+4.3.4/vendor/src" "-I" "/opt/rustwide/cargo-home/registry/src/index.crates.io-6f17d22bba15001f/zeromq-src-0.2.6+4.3.4/vendor/external/sha1" "-I" "/opt/rustwide/target/debug/build/zmq-sys2-c61453519b7090d2/out" "-Wall" "-Wextra" "-DZMQ_BUILD_TESTS=OFF" "-DZMQ_USE_CV_IMPL_STL11=1" "-DZMQ_STATIC=1" "-DZMQ_USE_BUILTIN_SHA1=1" "-DZMQ_HAVE_WS=1" "-DZMQ_IOTHREAD_POLLER_USE_EPOLL=1" "-DZMQ_POLL_BASED_ON_POLL=1" "-DZMQ_HAVE_IPC=1" "-DHAVE_STRNLEN=1" "-DZMQ_HAVE_UIO=1" "-o" "/opt/rustwide/target/debug/build/zmq-sys2-c61453519b7090d2/out/lib/8f69d5d22fcb8559-dish.o" "-c" "/opt/rustwide/cargo-home/registry/src/index.crates.io-6f17d22bba15001f/zeromq-src-0.2.6+4.3.4/vendor/src/dish.cpp" with args c++ did not execute successfully (status code exit status: 1).cargo:warning=/opt/rustwide/cargo-home/registry/src/index.crates.io-6f17d22bba15001f/zeromq-src-0.2.6+4.3.4/vendor/src/ip_resolver.cpp:743:1: fatal error: error writing to /tmp/ccBbEnU5.s: No space left on device
[INFO] [stderr] warning: zmq-sys2@0.3.0:   743 | }
[INFO] [stderr] warning: zmq-sys2@0.3.0:       | ^
[INFO] [stderr] warning: zmq-sys2@0.3.0: compilation terminated.
[INFO] [stderr] warning: zmq-sys2@0.3.0: ToolExecError: Command LC_ALL="C" "c++" "-O0" "-ffunction-sections" "-fdata-sections" "-fPIC" "-gdwarf-4" "-fno-omit-frame-pointer" "-m64" "-I" "/opt/rustwide/cargo-home/registry/src/index.crates.io-6f17d22bba15001f/zeromq-src-0.2.6+4.3.4/vendor/include" "-I" "/opt/rustwide/cargo-home/registry/src/index.crates.io-6f17d22bba15001f/zeromq-src-0.2.6+4.3.4/vendor/src" "-I" "/opt/rustwide/cargo-home/registry/src/index.crates.io-6f17d22bba15001f/zeromq-src-0.2.6+4.3.4/vendor/src" "-I" "/opt/rustwide/cargo-home/registry/src/index.crates.io-6f17d22bba15001f/zeromq-src-0.2.6+4.3.4/vendor/external/sha1" "-I" "/opt/rustwide/target/debug/build/zmq-sys2-c61453519b7090d2/out" "-Wall" "-Wextra" "-DZMQ_BUILD_TESTS=OFF" "-DZMQ_USE_CV_IMPL_STL11=1" "-DZMQ_STATIC=1" "-DZMQ_USE_BUILTIN_SHA1=1" "-DZMQ_HAVE_WS=1" "-DZMQ_IOTHREAD_POLLER_USE_EPOLL=1" "-DZMQ_POLL_BASED_ON_POLL=1" "-DZMQ_HAVE_IPC=1" "-DHAVE_STRNLEN=1" "-DZMQ_HAVE_UIO=1" "-o" "/opt/rustwide/target/debug/build/zmq-sys2-c61453519b7090d2/out/lib/8f69d5d22fcb8559-ip_resolver.o" "-c" "/opt/rustwide/cargo-home/registry/src/index.crates.io-6f17d22bba15001f/zeromq-src-0.2.6+4.3.4/vendor/src/ip_resolver.cpp" with args c++ did not execute successfully (status code exit status: 1).cargo:warning=/opt/rustwide/cargo-home/registry/src/index.crates.io-6f17d22bba15001f/zeromq-src-0.2.6+4.3.4/vendor/src/ip.cpp: At global scope:
[INFO] [stderr] warning: zmq-sys2@0.3.0: /opt/rustwide/cargo-home/registry/src/index.crates.io-6f17d22bba15001f/zeromq-src-0.2.6+4.3.4/vendor/src/ip.cpp:944:1: fatal error: error writing to /tmp/ccLAJTvS.s: No space left on device
[INFO] [stderr] warning: zmq-sys2@0.3.0:   944 | }
[INFO] [stderr] warning: zmq-sys2@0.3.0:       | ^
[INFO] [stderr] warning: zmq-sys2@0.3.0: compilation terminated.
[INFO] [stderr] warning: zmq-sys2@0.3.0: ToolExecError: Command LC_ALL="C" "c++" "-O0" "-ffunction-sections" "-fdata-sections" "-fPIC" "-gdwarf-4" "-fno-omit-frame-pointer" "-m64" "-I" "/opt/rustwide/cargo-home/registry/src/index.crates.io-6f17d22bba15001f/zeromq-src-0.2.6+4.3.4/vendor/include" "-I" "/opt/rustwide/cargo-home/registry/src/index.crates.io-6f17d22bba15001f/zeromq-src-0.2.6+4.3.4/vendor/src" "-I" "/opt/rustwide/cargo-home/registry/src/index.crates.io-6f17d22bba15001f/zeromq-src-0.2.6+4.3.4/vendor/src" "-I" "/opt/rustwide/cargo-home/registry/src/index.crates.io-6f17d22bba15001f/zeromq-src-0.2.6+4.3.4/vendor/external/sha1" "-I" "/opt/rustwide/target/debug/build/zmq-sys2-c61453519b7090d2/out" "-Wall" "-Wextra" "-DZMQ_BUILD_TESTS=OFF" "-DZMQ_USE_CV_IMPL_STL11=1" "-DZMQ_STATIC=1" "-DZMQ_USE_BUILTIN_SHA1=1" "-DZMQ_HAVE_WS=1" "-DZMQ_IOTHREAD_POLLER_USE_EPOLL=1" "-DZMQ_POLL_BASED_ON_POLL=1" "-DZMQ_HAVE_IPC=1" "-DHAVE_STRNLEN=1" "-DZMQ_HAVE_UIO=1" "-o" "/opt/rustwide/target/debug/build/zmq-sys2-c61453519b7090d2/out/lib/8f69d5d22fcb8559-ip.o" "-c" "/opt/rustwide/cargo-home/registry/src/index.crates.io-6f17d22bba15001f/zeromq-src-0.2.6+4.3.4/vendor/src/ip.cpp" with args c++ did not execute successfully (status code exit status: 1).cargo:warning=/opt/rustwide/cargo-home/registry/src/index.crates.io-6f17d22bba15001f/zeromq-src-0.2.6+4.3.4/vendor/src/gather.cpp:91:1: fatal error: error writing to /tmp/ccOnkrjg.s: No space left on device
[INFO] [stderr] warning: zmq-sys2@0.3.0:    91 | }
[INFO] [stderr] warning: zmq-sys2@0.3.0:       | ^
[INFO] [stderr] warning: zmq-sys2@0.3.0: compilation terminated.
[INFO] [stderr] warning: zmq-sys2@0.3.0: ToolExecError: Command LC_ALL="C" "c++" "-O0" "-ffunction-sections" "-fdata-sections" "-fPIC" "-gdwarf-4" "-fno-omit-frame-pointer" "-m64" "-I" "/opt/rustwide/cargo-home/registry/src/index.crates.io-6f17d22bba15001f/zeromq-src-0.2.6+4.3.4/vendor/include" "-I" "/opt/rustwide/cargo-home/registry/src/index.crates.io-6f17d22bba15001f/zeromq-src-0.2.6+4.3.4/vendor/src" "-I" "/opt/rustwide/cargo-home/registry/src/index.crates.io-6f17d22bba15001f/zeromq-src-0.2.6+4.3.4/vendor/src" "-I" "/opt/rustwide/cargo-home/registry/src/index.crates.io-6f17d22bba15001f/zeromq-src-0.2.6+4.3.4/vendor/external/sha1" "-I" "/opt/rustwide/target/debug/build/zmq-sys2-c61453519b7090d2/out" "-Wall" "-Wextra" "-DZMQ_BUILD_TESTS=OFF" "-DZMQ_USE_CV_IMPL_STL11=1" "-DZMQ_STATIC=1" "-DZMQ_USE_BUILTIN_SHA1=1" "-DZMQ_HAVE_WS=1" "-DZMQ_IOTHREAD_POLLER_USE_EPOLL=1" "-DZMQ_POLL_BASED_ON_POLL=1" "-DZMQ_HAVE_IPC=1" "-DHAVE_STRNLEN=1" "-DZMQ_HAVE_UIO=1" "-o" "/opt/rustwide/target/debug/build/zmq-sys2-c61453519b7090d2/out/lib/8f69d5d22fcb8559-gather.o" "-c" "/opt/rustwide/cargo-home/registry/src/index.crates.io-6f17d22bba15001f/zeromq-src-0.2.6+4.3.4/vendor/src/gather.cpp" with args c++ did not execute successfully (status code exit status: 1).cargo:warning=/opt/rustwide/cargo-home/registry/src/index.crates.io-6f17d22bba15001f/zeromq-src-0.2.6+4.3.4/vendor/src/ipc_address.cpp:118:1: fatal error: error writing to /tmp/ccZE7crS.s: No space left on device
[INFO] [stderr] warning: zmq-sys2@0.3.0:   118 | }
[INFO] [stderr] warning: zmq-sys2@0.3.0:       | ^
[INFO] [stderr] warning: zmq-sys2@0.3.0: compilation terminated.
[INFO] [stderr] warning: zmq-sys2@0.3.0: ToolExecError: Command LC_ALL="C" "c++" "-O0" "-ffunction-sections" "-fdata-sections" "-fPIC" "-gdwarf-4" "-fno-omit-frame-pointer" "-m64" "-I" "/opt/rustwide/cargo-home/registry/src/index.crates.io-6f17d22bba15001f/zeromq-src-0.2.6+4.3.4/vendor/include" "-I" "/opt/rustwide/cargo-home/registry/src/index.crates.io-6f17d22bba15001f/zeromq-src-0.2.6+4.3.4/vendor/src" "-I" "/opt/rustwide/cargo-home/registry/src/index.crates.io-6f17d22bba15001f/zeromq-src-0.2.6+4.3.4/vendor/src" "-I" "/opt/rustwide/cargo-home/registry/src/index.crates.io-6f17d22bba15001f/zeromq-src-0.2.6+4.3.4/vendor/external/sha1" "-I" "/opt/rustwide/target/debug/build/zmq-sys2-c61453519b7090d2/out" "-Wall" "-Wextra" "-DZMQ_BUILD_TESTS=OFF" "-DZMQ_USE_CV_IMPL_STL11=1" "-DZMQ_STATIC=1" "-DZMQ_USE_BUILTIN_SHA1=1" "-DZMQ_HAVE_WS=1" "-DZMQ_IOTHREAD_POLLER_USE_EPOLL=1" "-DZMQ_POLL_BASED_ON_POLL=1" "-DZMQ_HAVE_IPC=1" "-DHAVE_STRNLEN=1" "-DZMQ_HAVE_UIO=1" "-o" "/opt/rustwide/target/debug/build/zmq-sys2-c61453519b7090d2/out/lib/8f69d5d22fcb8559-ipc_address.o" "-c" "/opt/rustwide/cargo-home/registry/src/index.crates.io-6f17d22bba15001f/zeromq-src-0.2.6+4.3.4/vendor/src/ipc_address.cpp" with args c++ did not execute successfully (status code exit status: 1).
[INFO] [stderr] warning: zmq-sys2@0.3.0: /opt/rustwide/cargo-home/registry/src/index.crates.io-6f17d22bba15001f/zeromq-src-0.2.6+4.3.4/vendor/src/session_base.cpp: In member function 'void zmq::session_base_t::engine_error(bool, zmq::i_engine::error_reason_t)':
[INFO] [stderr] warning: zmq-sys2@0.3.0: /opt/rustwide/cargo-home/registry/src/index.crates.io-6f17d22bba15001f/zeromq-src-0.2.6+4.3.4/vendor/src/session_base.cpp:453:46: warning: unused parameter 'handshaked_' [-Wunused-parameter]
[INFO] [stderr] warning: zmq-sys2@0.3.0:   453 | void zmq::session_base_t::engine_error (bool handshaked_,
[INFO] [stderr] warning: zmq-sys2@0.3.0:       |                                         ~~~~~^~~~~~~~~~~
[INFO] [stderr] warning: zmq-sys2@0.3.0: /opt/rustwide/cargo-home/registry/src/index.crates.io-6f17d22bba15001f/zeromq-src-0.2.6+4.3.4/vendor/src/session_base.cpp:481:13: warning: this statement may fall through [-Wimplicit-fallthrough=]
[INFO] [stderr] warning: zmq-sys2@0.3.0:   481 |             if (_active) {
[INFO] [stderr] warning: zmq-sys2@0.3.0:       |             ^~
[INFO] [stderr] warning: zmq-sys2@0.3.0: /opt/rustwide/cargo-home/registry/src/index.crates.io-6f17d22bba15001f/zeromq-src-0.2.6+4.3.4/vendor/src/session_base.cpp:486:9: note: here
[INFO] [stderr] warning: zmq-sys2@0.3.0:   486 |         case i_engine::protocol_error:
[INFO] [stderr] warning: zmq-sys2@0.3.0:       |         ^~~~
[INFO] [stderr] warning: zmq-sys2@0.3.0: /opt/rustwide/cargo-home/registry/src/index.crates.io-6f17d22bba15001f/zeromq-src-0.2.6+4.3.4/vendor/src/zmtp_engine.cpp: In member function 'bool zmq::zmtp_engine_t::handshake_v3_x(bool)':
[INFO] [stderr] warning: zmq-sys2@0.3.0: /opt/rustwide/cargo-home/registry/src/index.crates.io-6f17d22bba15001f/zeromq-src-0.2.6+4.3.4/vendor/src/zmtp_engine.cpp:345:53: warning: unused parameter 'downgrade_sub_' [-Wunused-parameter]
[INFO] [stderr] warning: zmq-sys2@0.3.0:   345 | bool zmq::zmtp_engine_t::handshake_v3_x (const bool downgrade_sub_)
[INFO] [stderr] warning: zmq-sys2@0.3.0:       |                                          ~~~~~~~~~~~^~~~~~~~~~~~~~
[INFO] [stderr] error: failed to run custom build command for `zmq-sys2 v0.3.0`
[INFO] [stderr] note: To improve backtraces for build dependencies, set the CARGO_PROFILE_DEV_BUILD_OVERRIDE_DEBUG=true environment variable to enable debug information generation.
[INFO] [stderr] 
[INFO] [stderr] Caused by:
[INFO] [stderr]   process didn't exit successfully: `/opt/rustwide/target/debug/build/zmq-sys2-fbccdef307b66b0c/build-script-main` (exit status: 1)
[INFO] [stderr]   --- stdout
[INFO] [stderr]   cargo:rerun-if-changed=build/main.rs
[INFO] [stderr]   cargo:rerun-if-env-changed=PROFILE
[INFO] [stderr]   cargo:rerun-if-changed=/opt/rustwide/cargo-home/registry/src/index.crates.io-6f17d22bba15001f/zeromq-src-0.2.6+4.3.4/src/strlcpy.c
[INFO] [stderr]   OPT_LEVEL = Some(0)
[INFO] [stderr]   OUT_DIR = Some(/opt/rustwide/target/debug/build/zmq-sys2-c61453519b7090d2/out)
[INFO] [stderr]   TARGET = Some(x86_64-unknown-linux-gnu)
[INFO] [stderr]   HOST = Some(x86_64-unknown-linux-gnu)
[INFO] [stderr]   cargo:rerun-if-env-changed=CC_x86_64-unknown-linux-gnu
[INFO] [stderr]   CC_x86_64-unknown-linux-gnu = None
[INFO] [stderr]   cargo:rerun-if-env-changed=CC_x86_64_unknown_linux_gnu
[INFO] [stderr]   CC_x86_64_unknown_linux_gnu = None
[INFO] [stderr]   cargo:rerun-if-env-changed=HOST_CC
[INFO] [stderr]   HOST_CC = None
[INFO] [stderr]   cargo:rerun-if-env-changed=CC
[INFO] [stderr]   CC = None
[INFO] [stderr]   cargo:rerun-if-env-changed=CC_ENABLE_DEBUG_OUTPUT
[INFO] [stderr]   RUSTC_WRAPPER = None
[INFO] [stderr]   cargo:rerun-if-env-changed=CRATE_CC_NO_DEFAULTS
[INFO] [stderr]   CRATE_CC_NO_DEFAULTS = None
[INFO] [stderr]   DEBUG = Some(true)
[INFO] [stderr]   CARGO_CFG_TARGET_FEATURE = Some(fxsr,sse,sse2)
[INFO] [stderr]   cargo:rerun-if-env-changed=CFLAGS_x86_64-unknown-linux-gnu
[INFO] [stderr]   CFLAGS_x86_64-unknown-linux-gnu = None
[INFO] [stderr]   cargo:rerun-if-env-changed=CFLAGS_x86_64_unknown_linux_gnu
[INFO] [stderr]   CFLAGS_x86_64_unknown_linux_gnu = None
[INFO] [stderr]   cargo:rerun-if-env-changed=HOST_CFLAGS
[INFO] [stderr]   HOST_CFLAGS = None
[INFO] [stderr]   cargo:rerun-if-env-changed=CFLAGS
[INFO] [stderr]   CFLAGS = None
[INFO] [stderr]   CARGO_ENCODED_RUSTFLAGS = Some(--cap-lints=warn)
[INFO] [stderr]   OPT_LEVEL = Some(0)
[INFO] [stderr]   TARGET = Some(x86_64-unknown-linux-gnu)
[INFO] [stderr]   HOST = Some(x86_64-unknown-linux-gnu)
[INFO] [stderr]   cargo:rerun-if-env-changed=CXX_x86_64-unknown-linux-gnu
[INFO] [stderr]   CXX_x86_64-unknown-linux-gnu = None
[INFO] [stderr]   cargo:rerun-if-env-changed=CXX_x86_64_unknown_linux_gnu
[INFO] [stderr]   CXX_x86_64_unknown_linux_gnu = None
[INFO] [stderr]   cargo:rerun-if-env-changed=HOST_CXX
[INFO] [stderr]   HOST_CXX = None
[INFO] [stderr]   cargo:rerun-if-env-changed=CXX
[INFO] [stderr]   CXX = None
[INFO] [stderr]   cargo:rerun-if-env-changed=CC_ENABLE_DEBUG_OUTPUT
[INFO] [stderr]   RUSTC_WRAPPER = None
[INFO] [stderr]   cargo:rerun-if-env-changed=CRATE_CC_NO_DEFAULTS
[INFO] [stderr]   CRATE_CC_NO_DEFAULTS = None
[INFO] [stderr]   DEBUG = Some(true)
[INFO] [stderr]   CARGO_CFG_TARGET_FEATURE = Some(fxsr,sse,sse2)
[INFO] [stderr]   cargo:rerun-if-env-changed=CXXFLAGS_x86_64-unknown-linux-gnu
[INFO] [stderr]   CXXFLAGS_x86_64-unknown-linux-gnu = None
[INFO] [stderr]   cargo:rerun-if-env-changed=CXXFLAGS_x86_64_unknown_linux_gnu
[INFO] [stderr]   CXXFLAGS_x86_64_unknown_linux_gnu = None
[INFO] [stderr]   cargo:rerun-if-env-changed=HOST_CXXFLAGS
[INFO] [stderr]   HOST_CXXFLAGS = None
[INFO] [stderr]   cargo:rerun-if-env-changed=CXXFLAGS
[INFO] [stderr]   CXXFLAGS = None
[INFO] [stderr]   CARGO_ENCODED_RUSTFLAGS = Some(--cap-lints=warn)
[INFO] [stderr]   exit status: 0
[INFO] [stderr]   exit status: 0
[INFO] [stderr]   exit status: 0
[INFO] [stderr]   exit status: 0
[INFO] [stderr]   exit status: 0
[INFO] [stderr]   exit status: 0
[INFO] [stderr]   exit status: 0
[INFO] [stderr]   exit status: 0
[INFO] [stderr]   exit status: 0
[INFO] [stderr]   exit status: 0
[INFO] [stderr]   exit status: 0
[INFO] [stderr]   exit status: 0
[INFO] [stderr]   exit status: 0
[INFO] [stderr]   exit status: 0
[INFO] [stderr]   exit status: 0
[INFO] [stderr]   exit status: 0
[INFO] [stderr]   cargo:warning=/opt/rustwide/cargo-home/registry/src/index.crates.io-6f17d22bba15001f/zeromq-src-0.2.6+4.3.4/vendor/src/ip.cpp: In function 'void zmq::set_socket_priority(zmq::fd_t, int)':
[INFO] [stderr]   cargo:warning=/opt/rustwide/cargo-home/registry/src/index.crates.io-6f17d22bba15001f/zeromq-src-0.2.6+4.3.4/vendor/src/ip.cpp:233:37: warning: unused parameter 's_' [-Wunused-parameter]
[INFO] [stderr]   cargo:warning=  233 | void zmq::set_socket_priority (fd_t s_, int priority_)
[INFO] [stderr]   cargo:warning=      |                                ~~~~~^~
[INFO] [stderr]   cargo:warning=/opt/rustwide/cargo-home/registry/src/index.crates.io-6f17d22bba15001f/zeromq-src-0.2.6+4.3.4/vendor/src/ip.cpp:233:45: warning: unused parameter 'priority_' [-Wunused-parameter]
[INFO] [stderr]   cargo:warning=  233 | void zmq::set_socket_priority (fd_t s_, int priority_)
[INFO] [stderr]   cargo:warning=      |                                         ~~~~^~~~~~~~~
[INFO] [stderr]   cargo:warning=/opt/rustwide/cargo-home/registry/src/index.crates.io-6f17d22bba15001f/zeromq-src-0.2.6+4.3.4/vendor/src/dish.cpp:350:1: fatal error: error writing to /tmp/ccBQlhMV.s: No space left on device
[INFO] [stderr]   cargo:warning=  350 | }
[INFO] [stderr]   cargo:warning=      | ^
[INFO] [stderr]   cargo:warning=compilation terminated.
[INFO] [stderr]   exit status: 0
[INFO] [stderr]   exit status: 0
[INFO] [stderr]   exit status: 0
[INFO] [stderr]   exit status: 0
[INFO] [stderr]   exit status: 0
[INFO] [stderr]   exit status: 1
[INFO] [stderr]   cargo:warning=ToolExecError: Command LC_ALL="C" "c++" "-O0" "-ffunction-sections" "-fdata-sections" "-fPIC" "-gdwarf-4" "-fno-omit-frame-pointer" "-m64" "-I" "/opt/rustwide/cargo-home/registry/src/index.crates.io-6f17d22bba15001f/zeromq-src-0.2.6+4.3.4/vendor/include" "-I" "/opt/rustwide/cargo-home/registry/src/index.crates.io-6f17d22bba15001f/zeromq-src-0.2.6+4.3.4/vendor/src" "-I" "/opt/rustwide/cargo-home/registry/src/index.crates.io-6f17d22bba15001f/zeromq-src-0.2.6+4.3.4/vendor/src" "-I" "/opt/rustwide/cargo-home/registry/src/index.crates.io-6f17d22bba15001f/zeromq-src-0.2.6+4.3.4/vendor/external/sha1" "-I" "/opt/rustwide/target/debug/build/zmq-sys2-c61453519b7090d2/out" "-Wall" "-Wextra" "-DZMQ_BUILD_TESTS=OFF" "-DZMQ_USE_CV_IMPL_STL11=1" "-DZMQ_STATIC=1" "-DZMQ_USE_BUILTIN_SHA1=1" "-DZMQ_HAVE_WS=1" "-DZMQ_IOTHREAD_POLLER_USE_EPOLL=1" "-DZMQ_POLL_BASED_ON_POLL=1" "-DZMQ_HAVE_IPC=1" "-DHAVE_STRNLEN=1" "-DZMQ_HAVE_UIO=1" "-o" "/opt/rustwide/target/debug/build/zmq-sys2-c61453519b7090d2/out/lib/8f69d5d22fcb8559-dish.o" "-c" "/opt/rustwide/cargo-home/registry/src/index.crates.io-6f17d22bba15001f/zeromq-src-0.2.6+4.3.4/vendor/src/dish.cpp" with args c++ did not execute successfully (status code exit status: 1).cargo:warning=/opt/rustwide/cargo-home/registry/src/index.crates.io-6f17d22bba15001f/zeromq-src-0.2.6+4.3.4/vendor/src/ip_resolver.cpp:743:1: fatal error: error writing to /tmp/ccBbEnU5.s: No space left on device
[INFO] [stderr]   cargo:warning=  743 | }
[INFO] [stderr]   cargo:warning=      | ^
[INFO] [stderr]   cargo:warning=compilation terminated.
[INFO] [stderr] 
[INFO] [stderr]   exit status: 1
[INFO] [stderr]   cargo:warning=ToolExecError: Command LC_ALL="C" "c++" "-O0" "-ffunction-sections" "-fdata-sections" "-fPIC" "-gdwarf-4" "-fno-omit-frame-pointer" "-m64" "-I" "/opt/rustwide/cargo-home/registry/src/index.crates.io-6f17d22bba15001f/zeromq-src-0.2.6+4.3.4/vendor/include" "-I" "/opt/rustwide/cargo-home/registry/src/index.crates.io-6f17d22bba15001f/zeromq-src-0.2.6+4.3.4/vendor/src" "-I" "/opt/rustwide/cargo-home/registry/src/index.crates.io-6f17d22bba15001f/zeromq-src-0.2.6+4.3.4/vendor/src" "-I" "/opt/rustwide/cargo-home/registry/src/index.crates.io-6f17d22bba15001f/zeromq-src-0.2.6+4.3.4/vendor/external/sha1" "-I" "/opt/rustwide/target/debug/build/zmq-sys2-c61453519b7090d2/out" "-Wall" "-Wextra" "-DZMQ_BUILD_TESTS=OFF" "-DZMQ_USE_CV_IMPL_STL11=1" "-DZMQ_STATIC=1" "-DZMQ_USE_BUILTIN_SHA1=1" "-DZMQ_HAVE_WS=1" "-DZMQ_IOTHREAD_POLLER_USE_EPOLL=1" "-DZMQ_POLL_BASED_ON_POLL=1" "-DZMQ_HAVE_IPC=1" "-DHAVE_STRNLEN=1" "-DZMQ_HAVE_UIO=1" "-o" "/opt/rustwide/target/debug/build/zmq-sys2-c61453519b7090d2/out/lib/8f69d5d22fcb8559-ip_resolver.o" "-c" "/opt/rustwide/cargo-home/registry/src/index.crates.io-6f17d22bba15001f/zeromq-src-0.2.6+4.3.4/vendor/src/ip_resolver.cpp" with args c++ did not execute successfully (status code exit status: 1).cargo:warning=/opt/rustwide/cargo-home/registry/src/index.crates.io-6f17d22bba15001f/zeromq-src-0.2.6+4.3.4/vendor/src/ip.cpp: At global scope:
[INFO] [stderr]   cargo:warning=/opt/rustwide/cargo-home/registry/src/index.crates.io-6f17d22bba15001f/zeromq-src-0.2.6+4.3.4/vendor/src/ip.cpp:944:1: fatal error: error writing to /tmp/ccLAJTvS.s: No space left on device
[INFO] [stderr]   cargo:warning=  944 | }
[INFO] [stderr]   cargo:warning=      | ^
[INFO] [stderr]   cargo:warning=compilation terminated.
[INFO] [stderr] 
[INFO] [stderr]   exit status: 1
[INFO] [stderr]   cargo:warning=ToolExecError: Command LC_ALL="C" "c++" "-O0" "-ffunction-sections" "-fdata-sections" "-fPIC" "-gdwarf-4" "-fno-omit-frame-pointer" "-m64" "-I" "/opt/rustwide/cargo-home/registry/src/index.crates.io-6f17d22bba15001f/zeromq-src-0.2.6+4.3.4/vendor/include" "-I" "/opt/rustwide/cargo-home/registry/src/index.crates.io-6f17d22bba15001f/zeromq-src-0.2.6+4.3.4/vendor/src" "-I" "/opt/rustwide/cargo-home/registry/src/index.crates.io-6f17d22bba15001f/zeromq-src-0.2.6+4.3.4/vendor/src" "-I" "/opt/rustwide/cargo-home/registry/src/index.crates.io-6f17d22bba15001f/zeromq-src-0.2.6+4.3.4/vendor/external/sha1" "-I" "/opt/rustwide/target/debug/build/zmq-sys2-c61453519b7090d2/out" "-Wall" "-Wextra" "-DZMQ_BUILD_TESTS=OFF" "-DZMQ_USE_CV_IMPL_STL11=1" "-DZMQ_STATIC=1" "-DZMQ_USE_BUILTIN_SHA1=1" "-DZMQ_HAVE_WS=1" "-DZMQ_IOTHREAD_POLLER_USE_EPOLL=1" "-DZMQ_POLL_BASED_ON_POLL=1" "-DZMQ_HAVE_IPC=1" "-DHAVE_STRNLEN=1" "-DZMQ_HAVE_UIO=1" "-o" "/opt/rustwide/target/debug/build/zmq-sys2-c61453519b7090d2/out/lib/8f69d5d22fcb8559-ip.o" "-c" "/opt/rustwide/cargo-home/registry/src/index.crates.io-6f17d22bba15001f/zeromq-src-0.2.6+4.3.4/vendor/src/ip.cpp" with args c++ did not execute successfully (status code exit status: 1).cargo:warning=/opt/rustwide/cargo-home/registry/src/index.crates.io-6f17d22bba15001f/zeromq-src-0.2.6+4.3.4/vendor/src/gather.cpp:91:1: fatal error: error writing to /tmp/ccOnkrjg.s: No space left on device
[INFO] [stderr]   cargo:warning=   91 | }
[INFO] [stderr]   cargo:warning=      | ^
[INFO] [stderr]   cargo:warning=compilation terminated.
[INFO] [stderr] 
[INFO] [stderr]   exit status: 1
[INFO] [stderr]   cargo:warning=ToolExecError: Command LC_ALL="C" "c++" "-O0" "-ffunction-sections" "-fdata-sections" "-fPIC" "-gdwarf-4" "-fno-omit-frame-pointer" "-m64" "-I" "/opt/rustwide/cargo-home/registry/src/index.crates.io-6f17d22bba15001f/zeromq-src-0.2.6+4.3.4/vendor/include" "-I" "/opt/rustwide/cargo-home/registry/src/index.crates.io-6f17d22bba15001f/zeromq-src-0.2.6+4.3.4/vendor/src" "-I" "/opt/rustwide/cargo-home/registry/src/index.crates.io-6f17d22bba15001f/zeromq-src-0.2.6+4.3.4/vendor/src" "-I" "/opt/rustwide/cargo-home/registry/src/index.crates.io-6f17d22bba15001f/zeromq-src-0.2.6+4.3.4/vendor/external/sha1" "-I" "/opt/rustwide/target/debug/build/zmq-sys2-c61453519b7090d2/out" "-Wall" "-Wextra" "-DZMQ_BUILD_TESTS=OFF" "-DZMQ_USE_CV_IMPL_STL11=1" "-DZMQ_STATIC=1" "-DZMQ_USE_BUILTIN_SHA1=1" "-DZMQ_HAVE_WS=1" "-DZMQ_IOTHREAD_POLLER_USE_EPOLL=1" "-DZMQ_POLL_BASED_ON_POLL=1" "-DZMQ_HAVE_IPC=1" "-DHAVE_STRNLEN=1" "-DZMQ_HAVE_UIO=1" "-o" "/opt/rustwide/target/debug/build/zmq-sys2-c61453519b7090d2/out/lib/8f69d5d22fcb8559-gather.o" "-c" "/opt/rustwide/cargo-home/registry/src/index.crates.io-6f17d22bba15001f/zeromq-src-0.2.6+4.3.4/vendor/src/gather.cpp" with args c++ did not execute successfully (status code exit status: 1).cargo:warning=/opt/rustwide/cargo-home/registry/src/index.crates.io-6f17d22bba15001f/zeromq-src-0.2.6+4.3.4/vendor/src/ipc_address.cpp:118:1: fatal error: error writing to /tmp/ccZE7crS.s: No space left on device
[INFO] [stderr]   cargo:warning=  118 | }
[INFO] [stderr]   cargo:warning=      | ^
[INFO] [stderr]   cargo:warning=compilation terminated.
[INFO] [stderr] 
[INFO] [stderr]   exit status: 1
[INFO] [stderr]   cargo:warning=ToolExecError: Command LC_ALL="C" "c++" "-O0" "-ffunction-sections" "-fdata-sections" "-fPIC" "-gdwarf-4" "-fno-omit-frame-pointer" "-m64" "-I" "/opt/rustwide/cargo-home/registry/src/index.crates.io-6f17d22bba15001f/zeromq-src-0.2.6+4.3.4/vendor/include" "-I" "/opt/rustwide/cargo-home/registry/src/index.crates.io-6f17d22bba15001f/zeromq-src-0.2.6+4.3.4/vendor/src" "-I" "/opt/rustwide/cargo-home/registry/src/index.crates.io-6f17d22bba15001f/zeromq-src-0.2.6+4.3.4/vendor/src" "-I" "/opt/rustwide/cargo-home/registry/src/index.crates.io-6f17d22bba15001f/zeromq-src-0.2.6+4.3.4/vendor/external/sha1" "-I" "/opt/rustwide/target/debug/build/zmq-sys2-c61453519b7090d2/out" "-Wall" "-Wextra" "-DZMQ_BUILD_TESTS=OFF" "-DZMQ_USE_CV_IMPL_STL11=1" "-DZMQ_STATIC=1" "-DZMQ_USE_BUILTIN_SHA1=1" "-DZMQ_HAVE_WS=1" "-DZMQ_IOTHREAD_POLLER_USE_EPOLL=1" "-DZMQ_POLL_BASED_ON_POLL=1" "-DZMQ_HAVE_IPC=1" "-DHAVE_STRNLEN=1" "-DZMQ_HAVE_UIO=1" "-o" "/opt/rustwide/target/debug/build/zmq-sys2-c61453519b7090d2/out/lib/8f69d5d22fcb8559-ipc_address.o" "-c" "/opt/rustwide/cargo-home/registry/src/index.crates.io-6f17d22bba15001f/zeromq-src-0.2.6+4.3.4/vendor/src/ipc_address.cpp" with args c++ did not execute successfully (status code exit status: 1).
[INFO] [stderr]   exit status: 0
[INFO] [stderr]   exit status: 0
[INFO] [stderr]   exit status: 0
[INFO] [stderr]   exit status: 0
[INFO] [stderr]   exit status: 0
[INFO] [stderr]   exit status: 0
[INFO] [stderr]   exit status: 0
[INFO] [stderr]   exit status: 0
[INFO] [stderr]   exit status: 0
[INFO] [stderr]   exit status: 0
[INFO] [stderr]   exit status: 0
[INFO] [stderr]   exit status: 0
[INFO] [stderr]   exit status: 0
[INFO] [stderr]   exit status: 0
[INFO] [stderr]   exit status: 0
[INFO] [stderr]   exit status: 0
[INFO] [stderr]   exit status: 0
[INFO] [stderr]   exit status: 0
[INFO] [stderr]   exit status: 0
[INFO] [stderr]   exit status: 0
[INFO] [stderr]   exit status: 0
[INFO] [stderr]   exit status: 0
[INFO] [stderr]   exit status: 0
[INFO] [stderr]   exit status: 0
[INFO] [stderr]   exit status: 0
[INFO] [stderr]   exit status: 0
[INFO] [stderr]   exit status: 0
[INFO] [stderr]   exit status: 0
[INFO] [stderr]   exit status: 0
[INFO] [stderr]   exit status: 0
[INFO] [stderr]   exit status: 0
[INFO] [stderr]   exit status: 0
[INFO] [stderr]   exit status: 0
[INFO] [stderr]   exit status: 0
[INFO] [stderr]   exit status: 0
[INFO] [stderr]   exit status: 0
[INFO] [stderr]   exit status: 0
[INFO] [stderr]   exit status: 0
[INFO] [stderr]   exit status: 0
[INFO] [stderr]   exit status: 0
[INFO] [stderr]   cargo:warning=/opt/rustwide/cargo-home/registry/src/index.crates.io-6f17d22bba15001f/zeromq-src-0.2.6+4.3.4/vendor/src/session_base.cpp: In member function 'void zmq::session_base_t::engine_error(bool, zmq::i_engine::error_reason_t)':
[INFO] [stderr]   cargo:warning=/opt/rustwide/cargo-home/registry/src/index.crates.io-6f17d22bba15001f/zeromq-src-0.2.6+4.3.4/vendor/src/session_base.cpp:453:46: warning: unused parameter 'handshaked_' [-Wunused-parameter]
[INFO] [stderr]   cargo:warning=  453 | void zmq::session_base_t::engine_error (bool handshaked_,
[INFO] [stderr]   cargo:warning=      |                                         ~~~~~^~~~~~~~~~~
[INFO] [stderr]   cargo:warning=/opt/rustwide/cargo-home/registry/src/index.crates.io-6f17d22bba15001f/zeromq-src-0.2.6+4.3.4/vendor/src/session_base.cpp:481:13: warning: this statement may fall through [-Wimplicit-fallthrough=]
[INFO] [stderr]   cargo:warning=  481 |             if (_active) {
[INFO] [stderr]   cargo:warning=      |             ^~
[INFO] [stderr]   cargo:warning=/opt/rustwide/cargo-home/registry/src/index.crates.io-6f17d22bba15001f/zeromq-src-0.2.6+4.3.4/vendor/src/session_base.cpp:486:9: note: here
[INFO] [stderr]   cargo:warning=  486 |         case i_engine::protocol_error:
[INFO] [stderr]   cargo:warning=      |         ^~~~
[INFO] [stderr]   exit status: 0
[INFO] [stderr]   exit status: 0
[INFO] [stderr]   exit status: 0
[INFO] [stderr]   exit status: 0
[INFO] [stderr]   exit status: 0
[INFO] [stderr]   exit status: 0
[INFO] [stderr]   exit status: 0
[INFO] [stderr]   exit status: 0
[INFO] [stderr]   exit status: 0
[INFO] [stderr]   exit status: 0
[INFO] [stderr]   exit status: 0
[INFO] [stderr]   exit status: 0
[INFO] [stderr]   exit status: 0
[INFO] [stderr]   exit status: 0
[INFO] [stderr]   exit status: 0
[INFO] [stderr]   exit status: 0
[INFO] [stderr]   exit status: 0
[INFO] [stderr]   exit status: 0
[INFO] [stderr]   exit status: 0
[INFO] [stderr]   exit status: 0
[INFO] [stderr]   exit status: 0
[INFO] [stderr]   exit status: 0
[INFO] [stderr]   exit status: 0
[INFO] [stderr]   exit status: 0
[INFO] [stderr]   exit status: 0
[INFO] [stderr]   exit status: 0
[INFO] [stderr]   exit status: 0
[INFO] [stderr]   exit status: 0
[INFO] [stderr]   exit status: 0
[INFO] [stderr]   exit status: 0
[INFO] [stderr]   exit status: 0
[INFO] [stderr]   exit status: 0
[INFO] [stderr]   exit status: 0
[INFO] [stderr]   exit status: 0
[INFO] [stderr]   exit status: 0
[INFO] [stderr]   exit status: 0
[INFO] [stderr]   exit status: 0
[INFO] [stderr]   exit status: 0
[INFO] [stderr]   exit status: 0
[INFO] [stderr]   exit status: 0
[INFO] [stderr]   exit status: 0
[INFO] [stderr]   exit status: 0
[INFO] [stderr]   exit status: 0
[INFO] [stderr]   exit status: 0
[INFO] [stderr]   exit status: 0
[INFO] [stderr]   exit status: 0
[INFO] [stderr]   exit status: 0
[INFO] [stderr]   exit status: 0
[INFO] [stderr]   cargo:warning=/opt/rustwide/cargo-home/registry/src/index.crates.io-6f17d22bba15001f/zeromq-src-0.2.6+4.3.4/vendor/src/zmtp_engine.cpp: In member function 'bool zmq::zmtp_engine_t::handshake_v3_x(bool)':
[INFO] [stderr]   cargo:warning=/opt/rustwide/cargo-home/registry/src/index.crates.io-6f17d22bba15001f/zeromq-src-0.2.6+4.3.4/vendor/src/zmtp_engine.cpp:345:53: warning: unused parameter 'downgrade_sub_' [-Wunused-parameter]
[INFO] [stderr]   cargo:warning=  345 | bool zmq::zmtp_engine_t::handshake_v3_x (const bool downgrade_sub_)
[INFO] [stderr]   cargo:warning=      |                                          ~~~~~~~~~~~^~~~~~~~~~~~~~
[INFO] [stderr]   exit status: 0
[INFO] [stderr]   exit status: 0
[INFO] [stderr]   exit status: 0
[INFO] [stderr]   exit status: 0
[INFO] [stderr] 
[INFO] [stderr]   --- stderr
[INFO] [stderr]   /opt/rustwide/cargo-home/registry/src/index.crates.io-6f17d22bba15001f/zeromq-src-0.2.6+4.3.4/src/strlcpy.c: In function 'main':
[INFO] [stderr]   /opt/rustwide/cargo-home/registry/src/index.crates.io-6f17d22bba15001f/zeromq-src-0.2.6+4.3.4/src/strlcpy.c:5:11: warning: implicit declaration of function 'strlcpy'; did you mean 'strncpy'? [-Wimplicit-function-declaration]
[INFO] [stderr]       5 |     (void)strlcpy(buf, "a", 1);
[INFO] [stderr]         |           ^~~~~~~
[INFO] [stderr]         |           strncpy
[INFO] [stderr]   /usr/bin/ld: /tmp/ccKq3Tza.o: in function `main':
[INFO] [stderr]   /opt/rustwide/cargo-home/registry/src/index.crates.io-6f17d22bba15001f/zeromq-src-0.2.6+4.3.4/src/strlcpy.c:5: undefined reference to `strlcpy'
[INFO] [stderr]   collect2: error: ld returned 1 exit status
[INFO] [stderr] 
[INFO] [stderr] 
[INFO] [stderr]   error occurred in cc-rs: Command LC_ALL="C" "c++" "-O0" "-ffunction-sections" "-fdata-sections" "-fPIC" "-gdwarf-4" "-fno-omit-frame-pointer" "-m64" "-I" "/opt/rustwide/cargo-home/registry/src/index.crates.io-6f17d22bba15001f/zeromq-src-0.2.6+4.3.4/vendor/include" "-I" "/opt/rustwide/cargo-home/registry/src/index.crates.io-6f17d22bba15001f/zeromq-src-0.2.6+4.3.4/vendor/src" "-I" "/opt/rustwide/cargo-home/registry/src/index.crates.io-6f17d22bba15001f/zeromq-src-0.2.6+4.3.4/vendor/src" "-I" "/opt/rustwide/cargo-home/registry/src/index.crates.io-6f17d22bba15001f/zeromq-src-0.2.6+4.3.4/vendor/external/sha1" "-I" "/opt/rustwide/target/debug/build/zmq-sys2-c61453519b7090d2/out" "-Wall" "-Wextra" "-DZMQ_BUILD_TESTS=OFF" "-DZMQ_USE_CV_IMPL_STL11=1" "-DZMQ_STATIC=1" "-DZMQ_USE_BUILTIN_SHA1=1" "-DZMQ_HAVE_WS=1" "-DZMQ_IOTHREAD_POLLER_USE_EPOLL=1" "-DZMQ_POLL_BASED_ON_POLL=1" "-DZMQ_HAVE_IPC=1" "-DHAVE_STRNLEN=1" "-DZMQ_HAVE_UIO=1" "-o" "/opt/rustwide/target/debug/build/zmq-sys2-c61453519b7090d2/out/lib/8f69d5d22fcb8559-ipc_address.o" "-c" "/opt/rustwide/cargo-home/registry/src/index.crates.io-6f17d22bba15001f/zeromq-src-0.2.6+4.3.4/vendor/src/ipc_address.cpp" with args c++ did not execute successfully (status code exit status: 1).
[INFO] [stderr] 
[INFO] [stderr] 
[INFO] running `Command { std: "docker" "inspect" "5ce7e3bac9d08faccd7ec712b69b586fec26f79e54057f1fa4b9d6965871cbf5", kill_on_drop: false }`
[INFO] running `Command { std: "docker" "rm" "-f" "5ce7e3bac9d08faccd7ec712b69b586fec26f79e54057f1fa4b9d6965871cbf5", kill_on_drop: false }`
[INFO] [stdout] 5ce7e3bac9d08faccd7ec712b69b586fec26f79e54057f1fa4b9d6965871cbf5
