[INFO] fetching crate boring2 4.13.2...
[INFO] testing boring2-4.13.2 against 1.83.0 for beta-1.84.0-4-retry
[INFO] extracting crate boring2 4.13.2 into /workspace/builds/worker-4-tc1/source
[INFO] validating manifest of crates.io crate boring2 4.13.2 on toolchain 1.83.0
[INFO] running `Command { std: CARGO_HOME="/workspace/cargo-home" RUSTUP_HOME="/workspace/rustup-home" "/workspace/cargo-home/bin/cargo" "+1.83.0" "metadata" "--manifest-path" "Cargo.toml" "--no-deps", kill_on_drop: false }`
[INFO] started tweaking crates.io crate boring2 4.13.2
[INFO] removed 0 missing examples
[INFO] finished tweaking crates.io crate boring2 4.13.2
[INFO] tweaked toml for crates.io crate boring2 4.13.2 written to /workspace/builds/worker-4-tc1/source/Cargo.toml
[INFO] crate crates.io crate boring2 4.13.2 already has a lockfile, it will not be regenerated
[INFO] running `Command { std: CARGO_HOME="/workspace/cargo-home" RUSTUP_HOME="/workspace/rustup-home" "/workspace/cargo-home/bin/cargo" "+1.83.0" "fetch" "--manifest-path" "Cargo.toml", kill_on_drop: false }`
[INFO] [stderr]     Blocking waiting for file lock on package cache
[INFO] [stderr]     Updating crates.io index
[INFO] [stderr]  Downloading crates ...
[INFO] [stderr]   Downloaded boring-sys2 v4.13.2
[INFO] running `Command { std: "docker" "create" "-v" "/var/lib/crater-agent-workspace/builds/worker-4-tc1/target:/opt/rustwide/target:rw,Z" "-v" "/var/lib/crater-agent-workspace/builds/worker-4-tc1/source:/opt/rustwide/workdir:ro,Z" "-v" "/var/lib/crater-agent-workspace/cargo-home:/opt/rustwide/cargo-home:ro,Z" "-v" "/var/lib/crater-agent-workspace/rustup-home:/opt/rustwide/rustup-home:ro,Z" "-e" "SOURCE_DIR=/opt/rustwide/workdir" "-e" "CARGO_TARGET_DIR=/opt/rustwide/target" "-e" "CARGO_HOME=/opt/rustwide/cargo-home" "-e" "RUSTUP_HOME=/opt/rustwide/rustup-home" "-w" "/opt/rustwide/workdir" "-m" "1610612736" "--user" "0:0" "--network" "none" "ghcr.io/rust-lang/crates-build-env/linux@sha256:f3a9d4ad9d972b27faf3965f35b62e55ba32bbce8f20bc8fe909558a86702fde" "/opt/rustwide/cargo-home/bin/cargo" "+1.83.0" "metadata" "--no-deps" "--format-version=1", kill_on_drop: false }`
[INFO] [stdout] ab4d3102ca798cc0423e3ce896ecee6d51434181dd99cc680234f7092f221449
[INFO] running `Command { std: "docker" "start" "-a" "ab4d3102ca798cc0423e3ce896ecee6d51434181dd99cc680234f7092f221449", kill_on_drop: false }`
[INFO] running `Command { std: "docker" "inspect" "ab4d3102ca798cc0423e3ce896ecee6d51434181dd99cc680234f7092f221449", kill_on_drop: false }`
[INFO] running `Command { std: "docker" "rm" "-f" "ab4d3102ca798cc0423e3ce896ecee6d51434181dd99cc680234f7092f221449", kill_on_drop: false }`
[INFO] [stdout] ab4d3102ca798cc0423e3ce896ecee6d51434181dd99cc680234f7092f221449
[INFO] running `Command { std: "docker" "create" "-v" "/var/lib/crater-agent-workspace/builds/worker-4-tc1/target:/opt/rustwide/target:rw,Z" "-v" "/var/lib/crater-agent-workspace/builds/worker-4-tc1/source:/opt/rustwide/workdir:ro,Z" "-v" "/var/lib/crater-agent-workspace/cargo-home:/opt/rustwide/cargo-home:ro,Z" "-v" "/var/lib/crater-agent-workspace/rustup-home:/opt/rustwide/rustup-home:ro,Z" "-e" "SOURCE_DIR=/opt/rustwide/workdir" "-e" "CARGO_TARGET_DIR=/opt/rustwide/target" "-e" "CARGO_INCREMENTAL=0" "-e" "RUST_BACKTRACE=full" "-e" "RUSTFLAGS=--cap-lints=warn" "-e" "RUSTDOCFLAGS=--cap-lints=warn" "-e" "CARGO_HOME=/opt/rustwide/cargo-home" "-e" "RUSTUP_HOME=/opt/rustwide/rustup-home" "-w" "/opt/rustwide/workdir" "-m" "1610612736" "--user" "0:0" "--network" "none" "ghcr.io/rust-lang/crates-build-env/linux@sha256:f3a9d4ad9d972b27faf3965f35b62e55ba32bbce8f20bc8fe909558a86702fde" "/opt/rustwide/cargo-home/bin/cargo" "+1.83.0" "build" "--frozen" "--message-format=json", kill_on_drop: false }`
[INFO] [stdout] 995e7c01852a4f1decba60cf7c6ee027340418bb14e3feaeb0f43cce965036fc
[INFO] running `Command { std: "docker" "start" "-a" "995e7c01852a4f1decba60cf7c6ee027340418bb14e3feaeb0f43cce965036fc", kill_on_drop: false }`
[INFO] [stderr]    Compiling proc-macro2 v1.0.86
[INFO] [stderr]    Compiling unicode-ident v1.0.13
[INFO] [stderr]    Compiling glob v0.3.1
[INFO] [stderr]    Compiling libc v0.2.158
[INFO] [stderr]    Compiling regex-syntax v0.8.4
[INFO] [stderr]    Compiling shlex v1.3.0
[INFO] [stderr]    Compiling memchr v2.7.4
[INFO] [stderr]    Compiling minimal-lexical v0.2.1
[INFO] [stderr]    Compiling cfg-if v1.0.0
[INFO] [stderr]    Compiling bindgen v0.70.1
[INFO] [stderr]    Compiling either v1.13.0
[INFO] [stderr]    Compiling rustc-hash v1.1.0
[INFO] [stderr]    Compiling bitflags v2.6.0
[INFO] [stderr]    Compiling fs_extra v1.3.0
[INFO] [stderr]    Compiling autocfg v1.3.0
[INFO] [stderr]    Compiling libloading v0.8.5
[INFO] [stderr]    Compiling foreign-types-shared v0.3.1
[INFO] [stderr]    Compiling once_cell v1.19.0
[INFO] [stderr]    Compiling itertools v0.12.1
[INFO] [stderr]    Compiling cc v1.1.21
[INFO] [stderr]    Compiling nom v7.1.3
[INFO] [stderr]    Compiling clang-sys v1.8.1
[INFO] [stderr]    Compiling cmake v0.1.51
[INFO] [stderr]    Compiling quote v1.0.37
[INFO] [stderr]    Compiling fslock v0.2.1
[INFO] [stderr]    Compiling regex-automata v0.4.7
[INFO] [stderr]    Compiling syn v2.0.77
[INFO] [stderr]    Compiling regex v1.10.6
[INFO] [stderr]    Compiling cexpr v0.6.0
[INFO] [stderr]    Compiling foreign-types-macros v0.2.3
[INFO] [stderr]    Compiling openssl-macros v0.1.1
[INFO] [stderr]    Compiling foreign-types v0.5.0
[INFO] [stderr]    Compiling boring-sys2 v4.13.2
[INFO] [stderr]    Compiling boring2 v4.13.2 (/opt/rustwide/workdir)
[INFO] [stderr]     Finished `dev` profile [unoptimized + debuginfo] target(s) in 1m 02s
[INFO] running `Command { std: "docker" "inspect" "995e7c01852a4f1decba60cf7c6ee027340418bb14e3feaeb0f43cce965036fc", kill_on_drop: false }`
[INFO] running `Command { std: "docker" "rm" "-f" "995e7c01852a4f1decba60cf7c6ee027340418bb14e3feaeb0f43cce965036fc", kill_on_drop: false }`
[INFO] [stdout] 995e7c01852a4f1decba60cf7c6ee027340418bb14e3feaeb0f43cce965036fc
[INFO] running `Command { std: "docker" "create" "-v" "/var/lib/crater-agent-workspace/builds/worker-4-tc1/target:/opt/rustwide/target:rw,Z" "-v" "/var/lib/crater-agent-workspace/builds/worker-4-tc1/source:/opt/rustwide/workdir:ro,Z" "-v" "/var/lib/crater-agent-workspace/cargo-home:/opt/rustwide/cargo-home:ro,Z" "-v" "/var/lib/crater-agent-workspace/rustup-home:/opt/rustwide/rustup-home:ro,Z" "-e" "SOURCE_DIR=/opt/rustwide/workdir" "-e" "CARGO_TARGET_DIR=/opt/rustwide/target" "-e" "CARGO_INCREMENTAL=0" "-e" "RUST_BACKTRACE=full" "-e" "RUSTFLAGS=--cap-lints=warn" "-e" "RUSTDOCFLAGS=--cap-lints=warn" "-e" "CARGO_HOME=/opt/rustwide/cargo-home" "-e" "RUSTUP_HOME=/opt/rustwide/rustup-home" "-w" "/opt/rustwide/workdir" "-m" "1610612736" "--user" "0:0" "--network" "none" "ghcr.io/rust-lang/crates-build-env/linux@sha256:f3a9d4ad9d972b27faf3965f35b62e55ba32bbce8f20bc8fe909558a86702fde" "/opt/rustwide/cargo-home/bin/cargo" "+1.83.0" "test" "--frozen" "--no-run" "--message-format=json", kill_on_drop: false }`
[INFO] [stdout] 3fdbb51efb13ba68de5a550b3635041fcdaa2908e598a0799cda8c9379492c68
[INFO] running `Command { std: "docker" "start" "-a" "3fdbb51efb13ba68de5a550b3635041fcdaa2908e598a0799cda8c9379492c68", kill_on_drop: false }`
[INFO] [stderr]    Compiling hashbrown v0.12.3
[INFO] [stderr]    Compiling serde v1.0.210
[INFO] [stderr]    Compiling indexmap v1.9.3
[INFO] [stderr]    Compiling fsio v0.1.3
[INFO] [stderr]    Compiling nias v0.5.0
[INFO] [stderr]    Compiling unicode-width v0.1.14
[INFO] [stderr]    Compiling hex v0.4.3
[INFO] [stderr]    Compiling getopts v0.2.21
[INFO] [stderr]    Compiling envmnt v0.8.4
[INFO] [stderr]    Compiling ci_info v0.10.2
[INFO] [stderr]    Compiling toml v0.5.11
[INFO] [stderr]    Compiling rusty-hook v0.11.2
[INFO] [stderr]    Compiling boring2 v4.13.2 (/opt/rustwide/workdir)
[INFO] [stderr]     Finished `test` profile [unoptimized + debuginfo] target(s) in 13.75s
[INFO] running `Command { std: "docker" "inspect" "3fdbb51efb13ba68de5a550b3635041fcdaa2908e598a0799cda8c9379492c68", kill_on_drop: false }`
[INFO] running `Command { std: "docker" "rm" "-f" "3fdbb51efb13ba68de5a550b3635041fcdaa2908e598a0799cda8c9379492c68", kill_on_drop: false }`
[INFO] [stdout] 3fdbb51efb13ba68de5a550b3635041fcdaa2908e598a0799cda8c9379492c68
[INFO] running `Command { std: "docker" "create" "-v" "/var/lib/crater-agent-workspace/builds/worker-4-tc1/target:/opt/rustwide/target:rw,Z" "-v" "/var/lib/crater-agent-workspace/builds/worker-4-tc1/source:/opt/rustwide/workdir:ro,Z" "-v" "/var/lib/crater-agent-workspace/cargo-home:/opt/rustwide/cargo-home:ro,Z" "-v" "/var/lib/crater-agent-workspace/rustup-home:/opt/rustwide/rustup-home:ro,Z" "-e" "SOURCE_DIR=/opt/rustwide/workdir" "-e" "CARGO_TARGET_DIR=/opt/rustwide/target" "-e" "CARGO_INCREMENTAL=0" "-e" "RUST_BACKTRACE=full" "-e" "RUSTFLAGS=--cap-lints=warn" "-e" "RUSTDOCFLAGS=--cap-lints=warn" "-e" "CARGO_HOME=/opt/rustwide/cargo-home" "-e" "RUSTUP_HOME=/opt/rustwide/rustup-home" "-w" "/opt/rustwide/workdir" "-m" "1610612736" "--user" "0:0" "--network" "none" "ghcr.io/rust-lang/crates-build-env/linux@sha256:f3a9d4ad9d972b27faf3965f35b62e55ba32bbce8f20bc8fe909558a86702fde" "/opt/rustwide/cargo-home/bin/cargo" "+1.83.0" "test" "--frozen", kill_on_drop: false }`
[INFO] [stdout] 2f1618450c2240c6344beaa8b48f42d9542985fb7a2982a0395d685922274fe8
[INFO] running `Command { std: "docker" "start" "-a" "2f1618450c2240c6344beaa8b48f42d9542985fb7a2982a0395d685922274fe8", kill_on_drop: false }`
[INFO] [stderr]     Finished `test` profile [unoptimized + debuginfo] target(s) in 0.06s
[INFO] [stderr]      Running unittests src/lib.rs (/opt/rustwide/target/debug/deps/boring2-5628d74ed2ee14ac)
[INFO] [stdout] 
[INFO] [stdout] running 236 tests
[INFO] [stdout] test asn1::tests::object_from_str ... ok
[INFO] [stdout] test asn1::tests::time_eq ... ok
[INFO] [stdout] test asn1::tests::time_from_str ... ok
[INFO] [stdout] test asn1::tests::time_from_unix ... ok
[INFO] [stdout] test asn1::tests::time_ord ... ok
[INFO] [stdout] test base64::tests::test_decode_block ... ok
[INFO] [stdout] test base64::tests::test_strip_whitespace ... ok
[INFO] [stdout] test base64::tests::test_encode_block ... ok
[INFO] [stdout] test bn::tests::test_negation ... ok
[INFO] [stdout] test bn::tests::test_shift ... ok
[INFO] [stdout] test bn::tests::test_pseudo_rand_range ... ok
[INFO] [stdout] test bn::tests::test_rand_range ... ok
[INFO] [stdout] test derive::test::derive_without_peer ... ok
[INFO] [stdout] test derive::test::test_ec_key_derive ... ok
[INFO] [stdout] test dh::tests::test_dh_from_pem ... ok
[INFO] [stdout] test dh::tests::test_dh ... ok
[INFO] [stdout] test ec::test::generator ... ok
[INFO] [stdout] test dh::tests::test_dh_from_der ... ok
[INFO] [stdout] test ec::test::dup ... ok
[INFO] [stdout] test asn1::tests::bn_cvt ... ok
[INFO] [stdout] test asn1::tests::object_from_str_with_invalid_input ... ok
[INFO] [stdout] test dsa::test::test_priv_key_from_parts ... ok
[INFO] [stdout] test dsa::test::test_pub_key_from_parts ... ok
[INFO] [stdout] test aes::test::test_wrap_unwrap ... ok
[INFO] [stdout] test ec::test::key_from_public_key ... ok
[INFO] [stdout] test ec::test::mul_generator ... ok
[INFO] [stdout] test ec::test::key_new_by_curve_name ... ok
[INFO] [stdout] test fips::is_enabled ... ok
[INFO] [stdout] test ec::test::point_new ... ok
[INFO] [stdout] test ec::test::cofactor ... ok
[INFO] [stdout] test hash::tests::from_nid ... ok
[INFO] [stdout] test ec::test::key_from_affine_coordinates ... ok
[INFO] [stdout] test ec::test::get_affine_coordinates ... ok
[INFO] [stdout] test ec::test::point_bytes ... ok
[INFO] [stdout] test hash::tests::test_hmac_sha1 ... ok
[INFO] [stdout] test hash::tests::test_md5_recycle ... ok
[INFO] [stdout] test ec::test::key_from_private_components ... ok
[INFO] [stdout] test ec::test::point_owned ... ok
[INFO] [stdout] test bn::tests::test_to_from_slice ... ok
[INFO] [stdout] test hash::tests::test_clone ... ok
[INFO] [stdout] test hash::tests::test_finish_twice ... ok
[INFO] [stdout] test hash::tests::test_hmac_sha512 ... ok
[INFO] [stdout] test hash::tests::test_md5 ... ok
[INFO] [stdout] test hash::tests::test_sha1 ... ok
[INFO] [stdout] test ec::test::generate ... ok
[INFO] [stdout] test hash::tests::test_sha224 ... ok
[INFO] [stdout] test hash::tests::test_sha256 ... ok
[INFO] [stdout] test memcmp::tests::test_eq ... ok
[INFO] [stdout] test nid::test::signature_digest ... ok
[INFO] [stdout] test nid::test::test_long_name_conversion ... ok
[INFO] [stdout] test nid::test::test_short_name_conversion ... ok
[INFO] [stdout] test hash::tests::test_sha512_256 ... ok
[INFO] [stdout] test pkey::tests::test_der_pkcs8 ... ok
[INFO] [stdout] test hash::tests::test_sha512 ... ok
[INFO] [stdout] test hash::tests::test_hmac_sha256 ... ok
[INFO] [stdout] test pkcs5::tests::bytes_to_key ... ok
[INFO] [stdout] test pkey::tests::test_private_key_from_der ... ok
[INFO] [stdout] test pkcs12::test::parse_empty_chain ... ok
[INFO] [stdout] test pkcs5::tests::pbkdf2_hmac_sha512 ... ok
[INFO] [stdout] test pkey::tests::test_ec_key_accessor ... ok
[INFO] [stdout] test pkey::tests::test_private_key_from_pem ... ok
[INFO] [stdout] test pkcs12::test::parse ... ok
[INFO] [stdout] test pkey::tests::test_encrypted_pkcs8_callback ... ok
[INFO] [stdout] test pkey::tests::test_encrypted_pkcs8_passphrase ... ok
[INFO] [stdout] test pkey::tests::test_public_key_from_der ... ok
[INFO] [stdout] test pkey::tests::test_pem ... ok
[INFO] [stdout] test pkey::tests::test_public_key_from_pem ... ok
[INFO] [stdout] test pkey::tests::test_unencrypted_pkcs8 ... ok
[INFO] [stdout] test rsa::test::test_from_password_callback ... ok
[INFO] [stdout] test rsa::test::test_from_password ... ok
[INFO] [stdout] test rand::tests::test_rand_bytes ... ok
[INFO] [stdout] test rsa::test::test_private_encrypt ... ok
[INFO] [stdout] test rsa::test::test_public_encrypt ... ok
[INFO] [stdout] test rsa::test::test_public_key_from_pem_pkcs1 ... ok
[INFO] [stdout] test rsa::test::test_public_encrypt_private_decrypt_with_padding ... ok
[INFO] [stdout] test rsa::test::test_public_key_from_pem_pkcs1_file_panic - should panic ... ok
[INFO] [stdout] test memcmp::tests::test_diff_lens - should panic ... ok
[INFO] [stdout] test rsa::test::test_public_key_from_pem_pkcs1_generate_panic - should panic ... ok
[INFO] [stdout] test sha::test::cloning_allows_incremental_hashing ... ok
[INFO] [stdout] test sha::test::standalone_1 ... ok
[INFO] [stdout] test sha::test::standalone_224 ... ok
[INFO] [stdout] test sha::test::standalone_256 ... ok
[INFO] [stdout] test sha::test::standalone_384 ... ok
[INFO] [stdout] test sha::test::standalone_512 ... ok
[INFO] [stdout] test sha::test::standalone_512_256 ... ok
[INFO] [stdout] test sha::test::struct_1 ... ok
[INFO] [stdout] test rsa::test::test_public_key_to_pem_pkcs1 ... ok
[INFO] [stdout] test sha::test::struct_256 ... ok
[INFO] [stdout] test sha::test::struct_224 ... ok
[INFO] [stdout] test sha::test::struct_384 ... ok
[INFO] [stdout] test sha::test::struct_512 ... ok
[INFO] [stdout] test sha::test::struct_512_256 ... ok
[INFO] [stdout] test sign::test::ec ... ok
[INFO] [stdout] test sign::test::rsa_sign_verify ... ok
[INFO] [stdout] test sign::test::rsa_sign ... ok
[INFO] [stdout] test sign::test::rsa_verify_ok ... ok
[INFO] [stdout] test ssl::test::add_extra_chain_cert ... ok
[INFO] [stdout] test sign::test::rsa_verify_invalid ... ok
[INFO] [stdout] test pkcs5::tests::pbkdf2_hmac_sha256 ... ok
[INFO] [stdout] test ssl::test::cert_verify::callback_receives_correct_chain ... ok
[INFO] [stdout] test ssl::test::cert_verify::callback_receives_correct_certificate ... ok
[INFO] [stdout] test ssl::test::cert_verify::no_error_when_trusted_and_callback_returns_true ... ok
[INFO] [stdout] test ssl::test::clear_ctx_options ... ok
[INFO] [stdout] test ssl::test::client_ca_list ... ok
[INFO] [stdout] test ssl::test::cert_verify::error_when_trusted_but_callback_returns_false ... ok
[INFO] [stdout] test ssl::test::cert_verify::no_error_when_untrusted_but_callback_returns_true ... ok
[INFO] [stdout] test rsa::test::test_pem_pkcs1_padding ... ok
[INFO] [stdout] test ssl::test::connector_client_server_mozilla_intermediate ... ok
[INFO] [stdout] test ssl::test::connector_invalid_no_hostname_verification ... ok
[INFO] [stdout] test ssl::test::connector_invalid_hostname ... ok
[INFO] [stdout] test ssl::test::connector_client_server_mozilla_intermediate_v5 ... ok
[INFO] [stdout] test ssl::test::connector_no_hostname_can_disable_verify ... ok
[INFO] [stdout] test ssl::test::connector_client_server_mozilla_modern ... ok
[INFO] [stdout] test ssl::test::connector_no_hostname_still_verifies ... ok
[INFO] [stdout] test ssl::test::custom_verify::callback ... ok
[INFO] [stdout] test ssl::test::custom_verify::both_callback ... ok
[INFO] [stdout] test ssl::test::custom_verify::ssl_callback ... ok
[INFO] [stdout] test ssl::test::custom_verify::retry ... ok
[INFO] [stdout] test ssl::test::custom_verify::trusted_callback_override_bad ... ok
[INFO] [stdout] test ssl::test::custom_verify::trusted_callback_override_ok ... ok
[INFO] [stdout] test ssl::test::custom_verify::trusted_with_set_cert ... ok
[INFO] [stdout] test ssl::test::custom_verify::untrusted_callback_override_bad ... ok
[INFO] [stdout] test ssl::test::custom_verify::untrusted_callback_override_ok ... ok
[INFO] [stdout] test ssl::test::drop_ex_data_in_context ... ok
[INFO] [stdout] test ssl::test::drop_ex_data_in_ssl ... ok
[INFO] [stdout] test ssl::test::custom_verify::untrusted_with_set_cert ... ok
[INFO] [stdout] test ssl::test::get_ctx_options ... ok
[INFO] [stdout] test ssl::test::flush_panic - should panic ... ok
[INFO] [stdout] test ssl::test::get_curve ... ok
[INFO] [stdout] test ssl::test::get_curve_name ... ok
[INFO] [stdout] test ssl::test::no_version_overlap ... ok
[INFO] [stdout] test ssl::test::keying_export ... ok
[INFO] [stdout] test ssl::test::peer_certificate ... ok
[INFO] [stdout] test dsa::test::test_pubkey_generation ... ok
[INFO] [stdout] test ssl::test::private_key_method::test_sign_failure ... ok
[INFO] [stdout] test ssl::test::pending ... ok
[INFO] [stdout] test ssl::test::connector_valid_hostname ... ok
[INFO] [stdout] test ssl::test::private_key_method::test_sign_retry_complete_failure ... ok
[INFO] [stdout] test ssl::test::psk_ciphers ... ok
[INFO] [stdout] test ssl::test::refcount_ssl_context ... ok
[INFO] [stdout] test ssl::test::read_panic - should panic ... ok
[INFO] [stdout] test ssl::test::private_key_method::test_sign_ok ... ok
[INFO] [stdout] test ssl::test::session::idle_session ... ok
[INFO] [stdout] test ssl::test::session::new_get_session_callback ... ok
[INFO] [stdout] test ssl::test::default_verify_paths ... ok
[INFO] [stdout] test ssl::test::session::session_cache_size ... ok
[INFO] [stdout] test ssl::test::private_key_method::test_sign_retry_complete_ok ... ok
[INFO] [stdout] test ssl::test::set_curves ... ok
[INFO] [stdout] test ssl::test::session::active_session ... ok
[INFO] [stdout] test rsa::test::test_pem_pkcs1_encrypt ... ok
[INFO] [stdout] test ssl::test::set_ctx_options ... ok
[INFO] [stdout] test ssl::test::sni_callback_swapped_ctx ... ok
[INFO] [stdout] test ssl::test::session::new_session_callback_swapped_ctx ... ok
[INFO] [stdout] test ssl::test::state ... ok
[INFO] [stdout] test ssl::test::test_alpn_server_select_none_fatal ... ok
[INFO] [stdout] test ssl::test::test_alpn_server_select_none ... ok
[INFO] [stdout] test ssl::test::session::new_get_session_callback_pending ... ok
[INFO] [stdout] test ssl::test::test_empty_alpn ... ok
[INFO] [stdout] test ssl::test::shutdown ... ok
[INFO] [stdout] test ssl::test::test_alpn_server_advertise_multiple ... ok
[INFO] [stdout] test ssl::test::test_connect_with_srtp_ctx ... ok
[INFO] [stdout] test ssl::test::test_connect_with_srtp_ssl ... ok
[INFO] [stdout] test ssl::test::test_get_ciphers ... ok
[INFO] [stdout] test ssl::test::test_info_callback ... ok
[INFO] [stdout] test ssl::test::test_set_compliance ... ok
[INFO] [stdout] test ssl::test::test_select_cert_unknown_extension ... ok
[INFO] [stdout] test ssl::test::test_select_cert_error ... ok
[INFO] [stdout] test pkey::tests::test_rsa_accessor ... ok
[INFO] [stdout] test dsa::test::test_generate ... ok
[INFO] [stdout] test ssl::test::test_select_cert_alpn_extension ... ok
[INFO] [stdout] test ssl::test::verify::ssl_callback ... ok
[INFO] [stdout] test ssl::test::verify::callback ... ok
[INFO] [stdout] test ssl::test::test_alpn_server_unilateral ... ok
[INFO] [stdout] test ssl::test::verify::untrusted ... ok
[INFO] [stdout] test ssl::test::verify::trusted_with_set_cert ... ok
[INFO] [stdout] test ssl::test::test_select_cert_ok ... ok
[INFO] [stdout] test ssl::test::verify::trusted_callback_override_bad ... ok
[INFO] [stdout] test ssl::test::verify::untrusted_callback_override_ok ... ok
[INFO] [stdout] test ssl::test::verify::trusted ... ok
[INFO] [stdout] test ssl::test::verify_invalid_hostname ... ok
[INFO] [stdout] test symm::tests::test_aes128_ctr ... ok
[INFO] [stdout] test ssl::test::verify::untrusted_callback_override_bad ... ok
[INFO] [stdout] test ssl::test::write_panic - should panic ... ok
[INFO] [stdout] test ssl::test::verify::trusted_callback_override_ok ... ok
[INFO] [stdout] test symm::tests::test_aes192_ctr ... ok
[INFO] [stdout] test symm::tests::test_aes256_ofb ... ok
[INFO] [stdout] test symm::tests::test_aes192_ofb ... ok
[INFO] [stdout] test symm::tests::test_aes_256_cbc_decrypt ... ok
[INFO] [stdout] test symm::tests::test_aes_256_ecb ... ok
[INFO] [stdout] test symm::tests::test_des_ecb ... ok
[INFO] [stdout] test symm::tests::test_des_ede3 ... ok
[INFO] [stdout] test symm::tests::test_des_ede3_cbc ... ok
[INFO] [stdout] test symm::tests::test_aes128_ofb ... ok
[INFO] [stdout] test symm::tests::test_aes128_gcm ... ok
[INFO] [stdout] test ssl::test::verify_valid_hostname_with_wildcard ... ok
[INFO] [stdout] test symm::tests::test_des_cbc ... ok
[INFO] [stdout] test ssl::test::zero_length_buffers ... ok
[INFO] [stdout] test ssl::test::verify_valid_hostname ... ok
[INFO] [stdout] test symm::tests::test_stream_cipher_output ... ok
[INFO] [stdout] test x509::tests::eku_invalid_other ... ok
[INFO] [stdout] test version::test_versions ... ok
[INFO] [stdout] test x509::tests::issued ... ok
[INFO] [stdout] test x509::tests::signature ... ok
[INFO] [stdout] test x509::tests::test_cert_issue_validity ... ok
[INFO] [stdout] test x509::tests::test_cert_loading ... ok
[INFO] [stdout] test x509::tests::test_debug ... ok
[INFO] [stdout] test x509::tests::test_load_subject_der ... ok
[INFO] [stdout] test symm::tests::test_rc4 ... ok
[INFO] [stdout] test x509::tests::test_nid_uid_value ... ok
[INFO] [stdout] test x509::tests::test_nid_values ... ok
[INFO] [stdout] test x509::tests::test_save_der ... ok
[INFO] [stdout] test x509::tests::test_nameref_iterator ... ok
[INFO] [stdout] test x509::tests::test_save_subject_der ... ok
[INFO] [stdout] test x509::tests::test_stack_from_pem ... ok
[INFO] [stdout] test x509::tests::test_subject_alt_name_iter ... ok
[INFO] [stdout] test x509::tests::test_subject_key_id ... ok
[INFO] [stdout] test x509::tests::test_verify_cert ... ok
[INFO] [stdout] test x509::tests::test_verify_fails ... ok
[INFO] [stdout] test x509::tests::x509_extension_new ... ok
[INFO] [stdout] test x509::tests::test_subject_alt_name ... ok
[INFO] [stdout] test x509::tests::trusted_first::test_verify_cert ... ok
[INFO] [stdout] test x509::tests::clone_x509 ... ok
[INFO] [stdout] test x509::tests::test_subject_read_cn ... ok
[INFO] [stdout] test ssl::test::verify_reject_underscore_hostname_with_wildcard ... ok
[INFO] [stdout] test x509::tests::test_x509_name_print_ex ... ok
[INFO] [stdout] test x509::tests::x509_extension_to_der ... ok
[INFO] [stdout] test rsa::test::generate_with_e ... ok
[INFO] [stdout] test pkcs12::test::create ... ok
[INFO] [stdout] test rsa::test::clone ... ok
[INFO] [stdout] test x509::tests::x509_builder ... ok
[INFO] [stdout] test pkey::tests::test_to_password ... ok
[INFO] [stdout] test pkcs5::tests::scrypt ... ok
[INFO] [stdout] test rsa::test::test_to_password ... ok
[INFO] [stdout] test x509::tests::x509_req_builder ... ok
[INFO] [stdout] test bn::tests::test_prime_numbers ... ok
[INFO] [stdout] test dsa::test::clone ... ok
[INFO] [stdout] 
[INFO] [stdout] test result: ok. 236 passed; 0 failed; 0 ignored; 0 measured; 0 filtered out; finished in 2.62s
[INFO] [stdout] 
[INFO] [stderr]    Doc-tests boring2
[INFO] [stdout] 
[INFO] [stdout] running 37 tests
[INFO] [stdout] test src/error.rs - error (line 8) ... FAILED
[INFO] [stdout] test src/asn1.rs - asn1 (line 23) ... FAILED
[INFO] [stdout] test src/dsa.rs - dsa::Dsa (line 42) ... FAILED
[INFO] [stdout] test src/bn.rs - bn::BigNumRef::to_vec (line 738) ... FAILED
[INFO] [stdout] test src/bn.rs - bn::BigNumRef::generate_prime (line 390) ... FAILED
[INFO] [stdout] test src/bn.rs - bn::BigNumRef::to_hex_str (line 801) ... FAILED
[INFO] [stdout] test src/bn.rs - bn::BigNumRef::rand (line 337) ... FAILED
[INFO] [stdout] test src/bn.rs - bn::BigNumRef::to_vec_padded (line 752) ... FAILED
[INFO] [stdout] test src/bn.rs - bn (line 11) ... FAILED
[INFO] [stdout] test src/bn.rs - bn::BigNum::from_slice (line 878) ... FAILED
[INFO] [stdout] test src/bn.rs - bn::BigNumRef::to_dec_str (line 785) ... FAILED
[INFO] [stdout] test src/aes.rs - aes (line 24) ... FAILED
[INFO] [stdout] test src/hash.rs - hash::Hasher (line 108) ... FAILED
[INFO] [stdout] test src/bn.rs - bn::BigNumRef::ucmp (line 285) ... FAILED
[INFO] [stdout] test src/bn.rs - bn::BigNum (line 99) ... FAILED
[INFO] [stdout] test src/memcmp.rs - memcmp::eq (line 50) ... FAILED
[INFO] [stdout] test src/nid.rs - nid::Nid (line 35) ... FAILED
[INFO] [stdout] test src/rand.rs - rand::rand_bytes (line 27) ... FAILED
[INFO] [stdout] test src/sha.rs - sha (line 36) ... FAILED
[INFO] [stdout] test src/memcmp.rs - memcmp (line 18) ... FAILED
[INFO] [stdout] test src/pkey.rs - pkey (line 31) ... FAILED
[INFO] [stdout] test src/rsa.rs - rsa (line 18) ... FAILED
[INFO] [stdout] test src/rand.rs - rand (line 7) ... FAILED
[INFO] [stdout] test src/hash.rs - hash::Hasher (line 119) ... FAILED
[INFO] [stdout] test src/sign.rs - sign (line 12) ... FAILED
[INFO] [stdout] test src/ssl/mod.rs - ssl (line 28) - compile ... FAILED
[INFO] [stdout] test src/symm.rs - symm (line 7) ... FAILED
[INFO] [stdout] test src/ec.rs - ec::EcKey<Public>::from_public_key (line 684) - compile ... FAILED
[INFO] [stdout] test src/symm.rs - symm::decrypt (line 593) ... FAILED
[INFO] [stdout] test src/symm.rs - symm (line 28) ... FAILED
[INFO] [stdout] test src/ssl/mod.rs - ssl (line 10) - compile ... FAILED
[INFO] [stdout] test src/symm.rs - symm::encrypt (line 554) ... FAILED
[INFO] [stdout] test src/x509/store.rs - x509::store (line 8) ... FAILED
[INFO] [stdout] test src/sha.rs - sha (line 16) ... FAILED
[INFO] [stdout] test src/symm.rs - symm::Crypter (line 230) ... FAILED
[INFO] [stdout] test src/x509/extension.rs - x509::extension (line 10) ... FAILED
[INFO] [stdout] test src/x509/mod.rs - x509::X509Builder::set_subject_name (line 295) ... FAILED
[INFO] [stdout] 
[INFO] [stdout] failures:
[INFO] [stdout] 
[INFO] [stdout] ---- src/error.rs - error (line 8) stdout ----
[INFO] [stdout] error[E0433]: failed to resolve: use of undeclared crate or module `boring`
[INFO] [stdout]  --> src/error.rs:9:5
[INFO] [stdout]   |
[INFO] [stdout] 3 | use boring::error::ErrorStack;
[INFO] [stdout]   |     ^^^^^^ use of undeclared crate or module `boring`
[INFO] [stdout]   |
[INFO] [stdout] help: there is a crate or module with a similar name
[INFO] [stdout]   |
[INFO] [stdout] 3 | use boring2::error::ErrorStack;
[INFO] [stdout]   |     ~~~~~~~
[INFO] [stdout] 
[INFO] [stdout] error[E0433]: failed to resolve: use of undeclared crate or module `boring`
[INFO] [stdout]  --> src/error.rs:10:5
[INFO] [stdout]   |
[INFO] [stdout] 4 | use boring::bn::BigNum;
[INFO] [stdout]   |     ^^^^^^ use of undeclared crate or module `boring`
[INFO] [stdout]   |
[INFO] [stdout] help: there is a crate or module with a similar name
[INFO] [stdout]   |
[INFO] [stdout] 4 | use boring2::bn::BigNum;
[INFO] [stdout]   |     ~~~~~~~
[INFO] [stdout] 
[INFO] [stdout] error: aborting due to 2 previous errors
[INFO] [stdout] 
[INFO] [stdout] For more information about this error, try `rustc --explain E0433`.
[INFO] [stdout] Couldn't compile the test.
[INFO] [stdout] ---- src/asn1.rs - asn1 (line 23) stdout ----
[INFO] [stdout] error[E0433]: failed to resolve: use of undeclared crate or module `boring`
[INFO] [stdout]  --> src/asn1.rs:24:5
[INFO] [stdout]   |
[INFO] [stdout] 3 | use boring::asn1::Asn1Time;
[INFO] [stdout]   |     ^^^^^^ use of undeclared crate or module `boring`
[INFO] [stdout]   |
[INFO] [stdout] help: there is a crate or module with a similar name
[INFO] [stdout]   |
[INFO] [stdout] 3 | use boring2::asn1::Asn1Time;
[INFO] [stdout]   |     ~~~~~~~
[INFO] [stdout] 
[INFO] [stdout] error: aborting due to 1 previous error
[INFO] [stdout] 
[INFO] [stdout] For more information about this error, try `rustc --explain E0433`.
[INFO] [stdout] Couldn't compile the test.
[INFO] [stdout] ---- src/dsa.rs - dsa::Dsa (line 42) stdout ----
[INFO] [stdout] error[E0433]: failed to resolve: use of undeclared crate or module `boring`
[INFO] [stdout]  --> src/dsa.rs:43:5
[INFO] [stdout]   |
[INFO] [stdout] 2 | use boring::dsa::Dsa;
[INFO] [stdout]   |     ^^^^^^ use of undeclared crate or module `boring`
[INFO] [stdout]   |
[INFO] [stdout] help: there is a crate or module with a similar name
[INFO] [stdout]   |
[INFO] [stdout] 2 | use boring2::dsa::Dsa;
[INFO] [stdout]   |     ~~~~~~~
[INFO] [stdout] 
[INFO] [stdout] error[E0433]: failed to resolve: use of undeclared crate or module `boring`
[INFO] [stdout]  --> src/dsa.rs:44:5
[INFO] [stdout]   |
[INFO] [stdout] 3 | use boring::error::ErrorStack;
[INFO] [stdout]   |     ^^^^^^ use of undeclared crate or module `boring`
[INFO] [stdout]   |
[INFO] [stdout] help: there is a crate or module with a similar name
[INFO] [stdout]   |
[INFO] [stdout] 3 | use boring2::error::ErrorStack;
[INFO] [stdout]   |     ~~~~~~~
[INFO] [stdout] 
[INFO] [stdout] error[E0433]: failed to resolve: use of undeclared crate or module `boring`
[INFO] [stdout]  --> src/dsa.rs:45:5
[INFO] [stdout]   |
[INFO] [stdout] 4 | use boring::pkey::Private;
[INFO] [stdout]   |     ^^^^^^ use of undeclared crate or module `boring`
[INFO] [stdout]   |
[INFO] [stdout] help: there is a crate or module with a similar name
[INFO] [stdout]   |
[INFO] [stdout] 4 | use boring2::pkey::Private;
[INFO] [stdout]   |     ~~~~~~~
[INFO] [stdout] 
[INFO] [stdout] error: aborting due to 3 previous errors
[INFO] [stdout] 
[INFO] [stdout] For more information about this error, try `rustc --explain E0433`.
[INFO] [stdout] Couldn't compile the test.
[INFO] [stdout] ---- src/bn.rs - bn::BigNumRef::to_vec (line 738) stdout ----
[INFO] [stdout] error[E0433]: failed to resolve: use of undeclared crate or module `boring`
[INFO] [stdout]  --> src/bn.rs:739:5
[INFO] [stdout]   |
[INFO] [stdout] 3 | use boring::bn::BigNum;
[INFO] [stdout]   |     ^^^^^^ use of undeclared crate or module `boring`
[INFO] [stdout]   |
[INFO] [stdout] help: there is a crate or module with a similar name
[INFO] [stdout]   |
[INFO] [stdout] 3 | use boring2::bn::BigNum;
[INFO] [stdout]   |     ~~~~~~~
[INFO] [stdout] 
[INFO] [stdout] error: aborting due to 1 previous error
[INFO] [stdout] 
[INFO] [stdout] For more information about this error, try `rustc --explain E0433`.
[INFO] [stdout] Couldn't compile the test.
[INFO] [stdout] ---- src/bn.rs - bn::BigNumRef::generate_prime (line 390) stdout ----
[INFO] [stdout] error[E0433]: failed to resolve: use of undeclared crate or module `boring`
[INFO] [stdout]  --> src/bn.rs:391:5
[INFO] [stdout]   |
[INFO] [stdout] 3 | use boring::bn::BigNum;
[INFO] [stdout]   |     ^^^^^^ use of undeclared crate or module `boring`
[INFO] [stdout]   |
[INFO] [stdout] help: there is a crate or module with a similar name
[INFO] [stdout]   |
[INFO] [stdout] 3 | use boring2::bn::BigNum;
[INFO] [stdout]   |     ~~~~~~~
[INFO] [stdout] 
[INFO] [stdout] error[E0433]: failed to resolve: use of undeclared crate or module `boring`
[INFO] [stdout]  --> src/bn.rs:392:5
[INFO] [stdout]   |
[INFO] [stdout] 4 | use boring::error::ErrorStack;
[INFO] [stdout]   |     ^^^^^^ use of undeclared crate or module `boring`
[INFO] [stdout]   |
[INFO] [stdout] help: there is a crate or module with a similar name
[INFO] [stdout]   |
[INFO] [stdout] 4 | use boring2::error::ErrorStack;
[INFO] [stdout]   |     ~~~~~~~
[INFO] [stdout] 
[INFO] [stdout] error: aborting due to 2 previous errors
[INFO] [stdout] 
[INFO] [stdout] For more information about this error, try `rustc --explain E0433`.
[INFO] [stdout] Couldn't compile the test.
[INFO] [stdout] ---- src/bn.rs - bn::BigNumRef::to_hex_str (line 801) stdout ----
[INFO] [stdout] error[E0433]: failed to resolve: use of undeclared crate or module `boring`
[INFO] [stdout]  --> src/bn.rs:802:5
[INFO] [stdout]   |
[INFO] [stdout] 3 | use boring::bn::BigNum;
[INFO] [stdout]   |     ^^^^^^ use of undeclared crate or module `boring`
[INFO] [stdout]   |
[INFO] [stdout] help: there is a crate or module with a similar name
[INFO] [stdout]   |
[INFO] [stdout] 3 | use boring2::bn::BigNum;
[INFO] [stdout]   |     ~~~~~~~
[INFO] [stdout] 
[INFO] [stdout] error: aborting due to 1 previous error
[INFO] [stdout] 
[INFO] [stdout] For more information about this error, try `rustc --explain E0433`.
[INFO] [stdout] Couldn't compile the test.
[INFO] [stdout] ---- src/bn.rs - bn::BigNumRef::rand (line 337) stdout ----
[INFO] [stdout] error[E0433]: failed to resolve: use of undeclared crate or module `boring`
[INFO] [stdout]  --> src/bn.rs:338:5
[INFO] [stdout]   |
[INFO] [stdout] 3 | use boring::bn::{BigNum, MsbOption};
[INFO] [stdout]   |     ^^^^^^ use of undeclared crate or module `boring`
[INFO] [stdout]   |
[INFO] [stdout] help: there is a crate or module with a similar name
[INFO] [stdout]   |
[INFO] [stdout] 3 | use boring2::bn::{BigNum, MsbOption};
[INFO] [stdout]   |     ~~~~~~~
[INFO] [stdout] 
[INFO] [stdout] error[E0433]: failed to resolve: use of undeclared crate or module `boring`
[INFO] [stdout]  --> src/bn.rs:339:5
[INFO] [stdout]   |
[INFO] [stdout] 4 | use boring::error::ErrorStack;
[INFO] [stdout]   |     ^^^^^^ use of undeclared crate or module `boring`
[INFO] [stdout]   |
[INFO] [stdout] help: there is a crate or module with a similar name
[INFO] [stdout]   |
[INFO] [stdout] 4 | use boring2::error::ErrorStack;
[INFO] [stdout]   |     ~~~~~~~
[INFO] [stdout] 
[INFO] [stdout] error: aborting due to 2 previous errors
[INFO] [stdout] 
[INFO] [stdout] For more information about this error, try `rustc --explain E0433`.
[INFO] [stdout] Couldn't compile the test.
[INFO] [stdout] ---- src/bn.rs - bn::BigNumRef::to_vec_padded (line 752) stdout ----
[INFO] [stdout] error[E0433]: failed to resolve: use of undeclared crate or module `boring`
[INFO] [stdout]  --> src/bn.rs:753:5
[INFO] [stdout]   |
[INFO] [stdout] 3 | use boring::bn::BigNum;
[INFO] [stdout]   |     ^^^^^^ use of undeclared crate or module `boring`
[INFO] [stdout]   |
[INFO] [stdout] help: there is a crate or module with a similar name
[INFO] [stdout]   |
[INFO] [stdout] 3 | use boring2::bn::BigNum;
[INFO] [stdout]   |     ~~~~~~~
[INFO] [stdout] 
[INFO] [stdout] error: aborting due to 1 previous error
[INFO] [stdout] 
[INFO] [stdout] For more information about this error, try `rustc --explain E0433`.
[INFO] [stdout] Couldn't compile the test.
[INFO] [stdout] ---- src/bn.rs - bn (line 11) stdout ----
[INFO] [stdout] error[E0433]: failed to resolve: use of undeclared crate or module `boring`
[INFO] [stdout]  --> src/bn.rs:12:5
[INFO] [stdout]   |
[INFO] [stdout] 2 | use boring::bn::BigNum;
[INFO] [stdout]   |     ^^^^^^ use of undeclared crate or module `boring`
[INFO] [stdout]   |
[INFO] [stdout] help: there is a crate or module with a similar name
[INFO] [stdout]   |
[INFO] [stdout] 2 | use boring2::bn::BigNum;
[INFO] [stdout]   |     ~~~~~~~
[INFO] [stdout] 
[INFO] [stdout] error[E0433]: failed to resolve: use of undeclared crate or module `boring`
[INFO] [stdout]  --> src/bn.rs:13:5
[INFO] [stdout]   |
[INFO] [stdout] 3 | use boring::error::ErrorStack;
[INFO] [stdout]   |     ^^^^^^ use of undeclared crate or module `boring`
[INFO] [stdout]   |
[INFO] [stdout] help: there is a crate or module with a similar name
[INFO] [stdout]   |
[INFO] [stdout] 3 | use boring2::error::ErrorStack;
[INFO] [stdout]   |     ~~~~~~~
[INFO] [stdout] 
[INFO] [stdout] error: aborting due to 2 previous errors
[INFO] [stdout] 
[INFO] [stdout] For more information about this error, try `rustc --explain E0433`.
[INFO] [stdout] Couldn't compile the test.
[INFO] [stdout] ---- src/bn.rs - bn::BigNum::from_slice (line 878) stdout ----
[INFO] [stdout] error[E0433]: failed to resolve: use of undeclared crate or module `boring`
[INFO] [stdout]  --> src/bn.rs:879:5
[INFO] [stdout]   |
[INFO] [stdout] 3 | use boring::bn::BigNum;
[INFO] [stdout]   |     ^^^^^^ use of undeclared crate or module `boring`
[INFO] [stdout]   |
[INFO] [stdout] help: there is a crate or module with a similar name
[INFO] [stdout]   |
[INFO] [stdout] 3 | use boring2::bn::BigNum;
[INFO] [stdout]   |     ~~~~~~~
[INFO] [stdout] 
[INFO] [stdout] error: aborting due to 1 previous error
[INFO] [stdout] 
[INFO] [stdout] For more information about this error, try `rustc --explain E0433`.
[INFO] [stdout] Couldn't compile the test.
[INFO] [stdout] ---- src/bn.rs - bn::BigNumRef::to_dec_str (line 785) stdout ----
[INFO] [stdout] error[E0433]: failed to resolve: use of undeclared crate or module `boring`
[INFO] [stdout]  --> src/bn.rs:786:5
[INFO] [stdout]   |
[INFO] [stdout] 3 | use boring::bn::BigNum;
[INFO] [stdout]   |     ^^^^^^ use of undeclared crate or module `boring`
[INFO] [stdout]   |
[INFO] [stdout] help: there is a crate or module with a similar name
[INFO] [stdout]   |
[INFO] [stdout] 3 | use boring2::bn::BigNum;
[INFO] [stdout]   |     ~~~~~~~
[INFO] [stdout] 
[INFO] [stdout] error: aborting due to 1 previous error
[INFO] [stdout] 
[INFO] [stdout] For more information about this error, try `rustc --explain E0433`.
[INFO] [stdout] Couldn't compile the test.
[INFO] [stdout] ---- src/aes.rs - aes (line 24) stdout ----
[INFO] [stdout] error[E0433]: failed to resolve: use of undeclared crate or module `boring`
[INFO] [stdout]  --> src/aes.rs:25:5
[INFO] [stdout]   |
[INFO] [stdout] 3 | use boring::aes::{AesKey, unwrap_key, wrap_key};
[INFO] [stdout]   |     ^^^^^^ use of undeclared crate or module `boring`
[INFO] [stdout]   |
[INFO] [stdout] help: there is a crate or module with a similar name
[INFO] [stdout]   |
[INFO] [stdout] 3 | use boring2::aes::{AesKey, unwrap_key, wrap_key};
[INFO] [stdout]   |     ~~~~~~~
[INFO] [stdout] 
[INFO] [stdout] error: aborting due to 1 previous error
[INFO] [stdout] 
[INFO] [stdout] For more information about this error, try `rustc --explain E0433`.
[INFO] [stdout] Couldn't compile the test.
[INFO] [stdout] ---- src/hash.rs - hash::Hasher (line 108) stdout ----
[INFO] [stdout] error[E0433]: failed to resolve: use of undeclared crate or module `boring`
[INFO] [stdout]  --> src/hash.rs:109:5
[INFO] [stdout]   |
[INFO] [stdout] 3 | use boring::hash::{hash, MessageDigest};
[INFO] [stdout]   |     ^^^^^^ use of undeclared crate or module `boring`
[INFO] [stdout]   |
[INFO] [stdout] help: there is a crate or module with a similar name
[INFO] [stdout]   |
[INFO] [stdout] 3 | use boring2::hash::{hash, MessageDigest};
[INFO] [stdout]   |     ~~~~~~~
[INFO] [stdout] 
[INFO] [stdout] error: aborting due to 1 previous error
[INFO] [stdout] 
[INFO] [stdout] For more information about this error, try `rustc --explain E0433`.
[INFO] [stdout] Couldn't compile the test.
[INFO] [stdout] ---- src/bn.rs - bn::BigNumRef::ucmp (line 285) stdout ----
[INFO] [stdout] error[E0433]: failed to resolve: use of undeclared crate or module `boring`
[INFO] [stdout]  --> src/bn.rs:286:5
[INFO] [stdout]   |
[INFO] [stdout] 3 | use boring::bn::BigNum;
[INFO] [stdout]   |     ^^^^^^ use of undeclared crate or module `boring`
[INFO] [stdout]   |
[INFO] [stdout] help: there is a crate or module with a similar name
[INFO] [stdout]   |
[INFO] [stdout] 3 | use boring2::bn::BigNum;
[INFO] [stdout]   |     ~~~~~~~
[INFO] [stdout] 
[INFO] [stdout] error: aborting due to 1 previous error
[INFO] [stdout] 
[INFO] [stdout] For more information about this error, try `rustc --explain E0433`.
[INFO] [stdout] Couldn't compile the test.
[INFO] [stdout] ---- src/bn.rs - bn::BigNum (line 99) stdout ----
[INFO] [stdout] error[E0433]: failed to resolve: use of undeclared crate or module `boring`
[INFO] [stdout]  --> src/bn.rs:100:5
[INFO] [stdout]   |
[INFO] [stdout] 2 | use boring::bn::BigNum;
[INFO] [stdout]   |     ^^^^^^ use of undeclared crate or module `boring`
[INFO] [stdout]   |
[INFO] [stdout] help: there is a crate or module with a similar name
[INFO] [stdout]   |
[INFO] [stdout] 2 | use boring2::bn::BigNum;
[INFO] [stdout]   |     ~~~~~~~
[INFO] [stdout] 
[INFO] [stdout] error[E0433]: failed to resolve: use of undeclared crate or module `boring`
[INFO] [stdout]  --> src/bn.rs:101:5
[INFO] [stdout]   |
[INFO] [stdout] 3 | use boring::error::ErrorStack;
[INFO] [stdout]   |     ^^^^^^ use of undeclared crate or module `boring`
[INFO] [stdout]   |
[INFO] [stdout] help: there is a crate or module with a similar name
[INFO] [stdout]   |
[INFO] [stdout] 3 | use boring2::error::ErrorStack;
[INFO] [stdout]   |     ~~~~~~~
[INFO] [stdout] 
[INFO] [stdout] error: aborting due to 2 previous errors
[INFO] [stdout] 
[INFO] [stdout] For more information about this error, try `rustc --explain E0433`.
[INFO] [stdout] Couldn't compile the test.
[INFO] [stdout] ---- src/memcmp.rs - memcmp::eq (line 50) stdout ----
[INFO] [stdout] error[E0433]: failed to resolve: use of undeclared crate or module `boring`
[INFO] [stdout]  --> src/memcmp.rs:51:5
[INFO] [stdout]   |
[INFO] [stdout] 3 | use boring::memcmp::eq;
[INFO] [stdout]   |     ^^^^^^ use of undeclared crate or module `boring`
[INFO] [stdout]   |
[INFO] [stdout] help: there is a crate or module with a similar name
[INFO] [stdout]   |
[INFO] [stdout] 3 | use boring2::memcmp::eq;
[INFO] [stdout]   |     ~~~~~~~
[INFO] [stdout] 
[INFO] [stdout] error: aborting due to 1 previous error
[INFO] [stdout] 
[INFO] [stdout] For more information about this error, try `rustc --explain E0433`.
[INFO] [stdout] Couldn't compile the test.
[INFO] [stdout] ---- src/nid.rs - nid::Nid (line 35) stdout ----
[INFO] [stdout] error[E0433]: failed to resolve: use of undeclared crate or module `boring`
[INFO] [stdout]  --> src/nid.rs:36:5
[INFO] [stdout]   |
[INFO] [stdout] 3 | use boring::nid::Nid;
[INFO] [stdout]   |     ^^^^^^ use of undeclared crate or module `boring`
[INFO] [stdout]   |
[INFO] [stdout] help: there is a crate or module with a similar name
[INFO] [stdout]   |
[INFO] [stdout] 3 | use boring2::nid::Nid;
[INFO] [stdout]   |     ~~~~~~~
[INFO] [stdout] 
[INFO] [stdout] error: aborting due to 1 previous error
[INFO] [stdout] 
[INFO] [stdout] For more information about this error, try `rustc --explain E0433`.
[INFO] [stdout] Couldn't compile the test.
[INFO] [stdout] ---- src/rand.rs - rand::rand_bytes (line 27) stdout ----
[INFO] [stdout] error[E0433]: failed to resolve: use of undeclared crate or module `boring`
[INFO] [stdout]  --> src/rand.rs:28:5
[INFO] [stdout]   |
[INFO] [stdout] 3 | use boring::rand::rand_bytes;
[INFO] [stdout]   |     ^^^^^^ use of undeclared crate or module `boring`
[INFO] [stdout]   |
[INFO] [stdout] help: there is a crate or module with a similar name
[INFO] [stdout]   |
[INFO] [stdout] 3 | use boring2::rand::rand_bytes;
[INFO] [stdout]   |     ~~~~~~~
[INFO] [stdout] 
[INFO] [stdout] error: aborting due to 1 previous error
[INFO] [stdout] 
[INFO] [stdout] For more information about this error, try `rustc --explain E0433`.
[INFO] [stdout] Couldn't compile the test.
[INFO] [stdout] ---- src/sha.rs - sha (line 36) stdout ----
[INFO] [stdout] error[E0433]: failed to resolve: use of undeclared crate or module `boring`
[INFO] [stdout]  --> src/sha.rs:39:5
[INFO] [stdout]   |
[INFO] [stdout] 4 | use boring::sha::sha256;
[INFO] [stdout]   |     ^^^^^^ use of undeclared crate or module `boring`
[INFO] [stdout]   |
[INFO] [stdout] help: there is a crate or module with a similar name
[INFO] [stdout]   |
[INFO] [stdout] 4 | use boring2::sha::sha256;
[INFO] [stdout]   |     ~~~~~~~
[INFO] [stdout] 
[INFO] [stdout] error: aborting due to 1 previous error
[INFO] [stdout] 
[INFO] [stdout] For more information about this error, try `rustc --explain E0433`.
[INFO] [stdout] Couldn't compile the test.
[INFO] [stdout] ---- src/memcmp.rs - memcmp (line 18) stdout ----
[INFO] [stdout] error[E0433]: failed to resolve: use of undeclared crate or module `boring`
[INFO] [stdout]  --> src/memcmp.rs:19:5
[INFO] [stdout]   |
[INFO] [stdout] 3 | use boring::memcmp::eq;
[INFO] [stdout]   |     ^^^^^^ use of undeclared crate or module `boring`
[INFO] [stdout]   |
[INFO] [stdout] help: there is a crate or module with a similar name
[INFO] [stdout]   |
[INFO] [stdout] 3 | use boring2::memcmp::eq;
[INFO] [stdout]   |     ~~~~~~~
[INFO] [stdout] 
[INFO] [stdout] error: aborting due to 1 previous error
[INFO] [stdout] 
[INFO] [stdout] For more information about this error, try `rustc --explain E0433`.
[INFO] [stdout] Couldn't compile the test.
[INFO] [stdout] ---- src/pkey.rs - pkey (line 31) stdout ----
[INFO] [stdout] error[E0433]: failed to resolve: use of undeclared crate or module `boring`
[INFO] [stdout]  --> src/pkey.rs:32:5
[INFO] [stdout]   |
[INFO] [stdout] 3 | use boring::rsa::Rsa;
[INFO] [stdout]   |     ^^^^^^ use of undeclared crate or module `boring`
[INFO] [stdout]   |
[INFO] [stdout] help: there is a crate or module with a similar name
[INFO] [stdout]   |
[INFO] [stdout] 3 | use boring2::rsa::Rsa;
[INFO] [stdout]   |     ~~~~~~~
[INFO] [stdout] 
[INFO] [stdout] error[E0433]: failed to resolve: use of undeclared crate or module `boring`
[INFO] [stdout]  --> src/pkey.rs:33:5
[INFO] [stdout]   |
[INFO] [stdout] 4 | use boring::pkey::PKey;
[INFO] [stdout]   |     ^^^^^^ use of undeclared crate or module `boring`
[INFO] [stdout]   |
[INFO] [stdout] help: there is a crate or module with a similar name
[INFO] [stdout]   |
[INFO] [stdout] 4 | use boring2::pkey::PKey;
[INFO] [stdout]   |     ~~~~~~~
[INFO] [stdout] 
[INFO] [stdout] error: aborting due to 2 previous errors
[INFO] [stdout] 
[INFO] [stdout] For more information about this error, try `rustc --explain E0433`.
[INFO] [stdout] Couldn't compile the test.
[INFO] [stdout] ---- src/rsa.rs - rsa (line 18) stdout ----
[INFO] [stdout] error[E0433]: failed to resolve: use of undeclared crate or module `boring`
[INFO] [stdout]  --> src/rsa.rs:19:5
[INFO] [stdout]   |
[INFO] [stdout] 3 | use boring::rsa::{Rsa, Padding};
[INFO] [stdout]   |     ^^^^^^ use of undeclared crate or module `boring`
[INFO] [stdout]   |
[INFO] [stdout] help: there is a crate or module with a similar name
[INFO] [stdout]   |
[INFO] [stdout] 3 | use boring2::rsa::{Rsa, Padding};
[INFO] [stdout]   |     ~~~~~~~
[INFO] [stdout] 
[INFO] [stdout] error: aborting due to 1 previous error
[INFO] [stdout] 
[INFO] [stdout] For more information about this error, try `rustc --explain E0433`.
[INFO] [stdout] Couldn't compile the test.
[INFO] [stdout] ---- src/rand.rs - rand (line 7) stdout ----
[INFO] [stdout] error[E0433]: failed to resolve: use of undeclared crate or module `boring`
[INFO] [stdout]  --> src/rand.rs:8:5
[INFO] [stdout]   |
[INFO] [stdout] 3 | use boring::rand::rand_bytes;
[INFO] [stdout]   |     ^^^^^^ use of undeclared crate or module `boring`
[INFO] [stdout]   |
[INFO] [stdout] help: there is a crate or module with a similar name
[INFO] [stdout]   |
[INFO] [stdout] 3 | use boring2::rand::rand_bytes;
[INFO] [stdout]   |     ~~~~~~~
[INFO] [stdout] 
[INFO] [stdout] error: aborting due to 1 previous error
[INFO] [stdout] 
[INFO] [stdout] For more information about this error, try `rustc --explain E0433`.
[INFO] [stdout] Couldn't compile the test.
[INFO] [stdout] ---- src/hash.rs - hash::Hasher (line 119) stdout ----
[INFO] [stdout] error[E0433]: failed to resolve: use of undeclared crate or module `boring`
[INFO] [stdout]  --> src/hash.rs:120:5
[INFO] [stdout]   |
[INFO] [stdout] 3 | use boring::hash::{Hasher, MessageDigest};
[INFO] [stdout]   |     ^^^^^^ use of undeclared crate or module `boring`
[INFO] [stdout]   |
[INFO] [stdout] help: there is a crate or module with a similar name
[INFO] [stdout]   |
[INFO] [stdout] 3 | use boring2::hash::{Hasher, MessageDigest};
[INFO] [stdout]   |     ~~~~~~~
[INFO] [stdout] 
[INFO] [stdout] error: aborting due to 1 previous error
[INFO] [stdout] 
[INFO] [stdout] For more information about this error, try `rustc --explain E0433`.
[INFO] [stdout] Couldn't compile the test.
[INFO] [stdout] ---- src/sign.rs - sign (line 12) stdout ----
[INFO] [stdout] error[E0433]: failed to resolve: use of undeclared crate or module `boring`
[INFO] [stdout]  --> src/sign.rs:13:5
[INFO] [stdout]   |
[INFO] [stdout] 3 | use boring::sign::{Signer, Verifier};
[INFO] [stdout]   |     ^^^^^^ use of undeclared crate or module `boring`
[INFO] [stdout]   |
[INFO] [stdout] help: there is a crate or module with a similar name
[INFO] [stdout]   |
[INFO] [stdout] 3 | use boring2::sign::{Signer, Verifier};
[INFO] [stdout]   |     ~~~~~~~
[INFO] [stdout] 
[INFO] [stdout] error[E0433]: failed to resolve: use of undeclared crate or module `boring`
[INFO] [stdout]  --> src/sign.rs:14:5
[INFO] [stdout]   |
[INFO] [stdout] 4 | use boring::rsa::Rsa;
[INFO] [stdout]   |     ^^^^^^ use of undeclared crate or module `boring`
[INFO] [stdout]   |
[INFO] [stdout] help: there is a crate or module with a similar name
[INFO] [stdout]   |
[INFO] [stdout] 4 | use boring2::rsa::Rsa;
[INFO] [stdout]   |     ~~~~~~~
[INFO] [stdout] 
[INFO] [stdout] error[E0433]: failed to resolve: use of undeclared crate or module `boring`
[INFO] [stdout]  --> src/sign.rs:15:5
[INFO] [stdout]   |
[INFO] [stdout] 5 | use boring::pkey::PKey;
[INFO] [stdout]   |     ^^^^^^ use of undeclared crate or module `boring`
[INFO] [stdout]   |
[INFO] [stdout] help: there is a crate or module with a similar name
[INFO] [stdout]   |
[INFO] [stdout] 5 | use boring2::pkey::PKey;
[INFO] [stdout]   |     ~~~~~~~
[INFO] [stdout] 
[INFO] [stdout] error[E0433]: failed to resolve: use of undeclared crate or module `boring`
[INFO] [stdout]  --> src/sign.rs:16:5
[INFO] [stdout]   |
[INFO] [stdout] 6 | use boring::hash::MessageDigest;
[INFO] [stdout]   |     ^^^^^^ use of undeclared crate or module `boring`
[INFO] [stdout]   |
[INFO] [stdout] help: there is a crate or module with a similar name
[INFO] [stdout]   |
[INFO] [stdout] 6 | use boring2::hash::MessageDigest;
[INFO] [stdout]   |     ~~~~~~~
[INFO] [stdout] 
[INFO] [stdout] error: aborting due to 4 previous errors
[INFO] [stdout] 
[INFO] [stdout] For more information about this error, try `rustc --explain E0433`.
[INFO] [stdout] Couldn't compile the test.
[INFO] [stdout] ---- src/ssl/mod.rs - ssl (line 28) stdout ----
[INFO] [stdout] error[E0433]: failed to resolve: use of undeclared crate or module `boring`
[INFO] [stdout]  --> src/ssl/mod.rs:29:5
[INFO] [stdout]   |
[INFO] [stdout] 3 | use boring::ssl::{SslMethod, SslAcceptor, SslStream, SslFiletype};
[INFO] [stdout]   |     ^^^^^^ use of undeclared crate or module `boring`
[INFO] [stdout]   |
[INFO] [stdout] help: there is a crate or module with a similar name
[INFO] [stdout]   |
[INFO] [stdout] 3 | use boring2::ssl::{SslMethod, SslAcceptor, SslStream, SslFiletype};
[INFO] [stdout]   |     ~~~~~~~
[INFO] [stdout] 
[INFO] [stdout] error: aborting due to 1 previous error
[INFO] [stdout] 
[INFO] [stdout] For more information about this error, try `rustc --explain E0433`.
[INFO] [stdout] Couldn't compile the test.
[INFO] [stdout] ---- src/symm.rs - symm (line 7) stdout ----
[INFO] [stdout] error[E0433]: failed to resolve: use of undeclared crate or module `boring`
[INFO] [stdout]  --> src/symm.rs:8:5
[INFO] [stdout]   |
[INFO] [stdout] 3 | use boring::symm::{encrypt, Cipher};
[INFO] [stdout]   |     ^^^^^^ use of undeclared crate or module `boring`
[INFO] [stdout]   |
[INFO] [stdout] help: there is a crate or module with a similar name
[INFO] [stdout]   |
[INFO] [stdout] 3 | use boring2::symm::{encrypt, Cipher};
[INFO] [stdout]   |     ~~~~~~~
[INFO] [stdout] 
[INFO] [stdout] error: aborting due to 1 previous error
[INFO] [stdout] 
[INFO] [stdout] For more information about this error, try `rustc --explain E0433`.
[INFO] [stdout] Couldn't compile the test.
[INFO] [stdout] ---- src/ec.rs - ec::EcKey<Public>::from_public_key (line 684) stdout ----
[INFO] [stdout] error[E0433]: failed to resolve: use of undeclared crate or module `boring`
[INFO] [stdout]  --> src/ec.rs:686:5
[INFO] [stdout]   |
[INFO] [stdout] 4 | use boring::ec::*;
[INFO] [stdout]   |     ^^^^^^ use of undeclared crate or module `boring`
[INFO] [stdout]   |
[INFO] [stdout] help: there is a crate or module with a similar name
[INFO] [stdout]   |
[INFO] [stdout] 4 | use boring2::ec::*;
[INFO] [stdout]   |     ~~~~~~~
[INFO] [stdout] 
[INFO] [stdout] error[E0433]: failed to resolve: use of undeclared crate or module `boring`
[INFO] [stdout]  --> src/ec.rs:685:5
[INFO] [stdout]   |
[INFO] [stdout] 3 | use boring::bn::BigNumContext;
[INFO] [stdout]   |     ^^^^^^ use of undeclared crate or module `boring`
[INFO] [stdout]   |
[INFO] [stdout] help: there is a crate or module with a similar name
[INFO] [stdout]   |
[INFO] [stdout] 3 | use boring2::bn::BigNumContext;
[INFO] [stdout]   |     ~~~~~~~
[INFO] [stdout] 
[INFO] [stdout] error[E0433]: failed to resolve: use of undeclared crate or module `boring`
[INFO] [stdout]  --> src/ec.rs:687:5
[INFO] [stdout]   |
[INFO] [stdout] 5 | use boring::nid::Nid;
[INFO] [stdout]   |     ^^^^^^ use of undeclared crate or module `boring`
[INFO] [stdout]   |
[INFO] [stdout] help: there is a crate or module with a similar name
[INFO] [stdout]   |
[INFO] [stdout] 5 | use boring2::nid::Nid;
[INFO] [stdout]   |     ~~~~~~~
[INFO] [stdout] 
[INFO] [stdout] error[E0433]: failed to resolve: use of undeclared crate or module `boring`
[INFO] [stdout]  --> src/ec.rs:688:5
[INFO] [stdout]   |
[INFO] [stdout] 6 | use boring::pkey::PKey;
[INFO] [stdout]   |     ^^^^^^ use of undeclared crate or module `boring`
[INFO] [stdout]   |
[INFO] [stdout] help: there is a crate or module with a similar name
[INFO] [stdout]   |
[INFO] [stdout] 6 | use boring2::pkey::PKey;
[INFO] [stdout]   |     ~~~~~~~
[INFO] [stdout] 
[INFO] [stdout] error[E0432]: unresolved imports `boring::bn::BigNumContext`, `boring::nid::Nid`, `boring::pkey::PKey`
[INFO] [stdout]  --> src/ec.rs:685:5
[INFO] [stdout]   |
[INFO] [stdout] 3 | use boring::bn::BigNumContext;
[INFO] [stdout]   |     ^^^^^^^^^^^^^^^^^^^^^^^^^
[INFO] [stdout] 4 | use boring::ec::*;
[INFO] [stdout] 5 | use boring::nid::Nid;
[INFO] [stdout]   |     ^^^^^^^^^^^^^^^^
[INFO] [stdout] 6 | use boring::pkey::PKey;
[INFO] [stdout]   |     ^^^^^^^^^^^^^^^^^^
[INFO] [stdout] 
[INFO] [stdout] error[E0433]: failed to resolve: use of undeclared type `EcGroup`
[INFO] [stdout]   --> src/ec.rs:694:13
[INFO] [stdout]    |
[INFO] [stdout] 12 | let group = EcGroup::from_curve_name(Nid::SECP256K1).unwrap();
[INFO] [stdout]    |             ^^^^^^^ use of undeclared type `EcGroup`
[INFO] [stdout]    |
[INFO] [stdout] help: consider importing this struct
[INFO] [stdout]    |
[INFO] [stdout] 2  + use boring2::ec::EcGroup;
[INFO] [stdout]    |
[INFO] [stdout] 
[INFO] [stdout] error[E0433]: failed to resolve: use of undeclared type `EcPoint`
[INFO] [stdout]   --> src/ec.rs:696:13
[INFO] [stdout]    |
[INFO] [stdout] 14 | let point = EcPoint::from_bytes(&group, &public_key, &mut ctx).unwrap();
[INFO] [stdout]    |             ^^^^^^^ use of undeclared type `EcPoint`
[INFO] [stdout]    |
[INFO] [stdout] help: consider importing this struct
[INFO] [stdout]    |
[INFO] [stdout] 2  + use boring2::ec::EcPoint;
[INFO] [stdout]    |
[INFO] [stdout] 
[INFO] [stdout] error[E0433]: failed to resolve: use of undeclared type `EcKey`
[INFO] [stdout]   --> src/ec.rs:697:11
[INFO] [stdout]    |
[INFO] [stdout] 15 | let key = EcKey::from_public_key(&group, &point);
[INFO] [stdout]    |           ^^^^^ use of undeclared type `EcKey`
[INFO] [stdout]    |
[INFO] [stdout] help: consider importing this struct
[INFO] [stdout]    |
[INFO] [stdout] 2  + use boring2::ec::EcKey;
[INFO] [stdout]    |
[INFO] [stdout] 
[INFO] [stdout] error: aborting due to 8 previous errors
[INFO] [stdout] 
[INFO] [stdout] Some errors have detailed explanations: E0432, E0433.
[INFO] [stdout] For more information about an error, try `rustc --explain E0432`.
[INFO] [stdout] Couldn't compile the test.
[INFO] [stdout] ---- src/symm.rs - symm::decrypt (line 593) stdout ----
[INFO] [stdout] error[E0433]: failed to resolve: use of undeclared crate or module `boring`
[INFO] [stdout]  --> src/symm.rs:594:5
[INFO] [stdout]   |
[INFO] [stdout] 3 | use boring::symm::{decrypt, Cipher};
[INFO] [stdout]   |     ^^^^^^ use of undeclared crate or module `boring`
[INFO] [stdout]   |
[INFO] [stdout] help: there is a crate or module with a similar name
[INFO] [stdout]   |
[INFO] [stdout] 3 | use boring2::symm::{decrypt, Cipher};
[INFO] [stdout]   |     ~~~~~~~
[INFO] [stdout] 
[INFO] [stdout] error: aborting due to 1 previous error
[INFO] [stdout] 
[INFO] [stdout] For more information about this error, try `rustc --explain E0433`.
[INFO] [stdout] Couldn't compile the test.
[INFO] [stdout] ---- src/symm.rs - symm (line 28) stdout ----
[INFO] [stdout] error[E0433]: failed to resolve: use of undeclared crate or module `boring`
[INFO] [stdout]  --> src/symm.rs:29:5
[INFO] [stdout]   |
[INFO] [stdout] 3 | use boring::rsa::{Padding, Rsa};
[INFO] [stdout]   |     ^^^^^^ use of undeclared crate or module `boring`
[INFO] [stdout]   |
[INFO] [stdout] help: there is a crate or module with a similar name
[INFO] [stdout]   |
[INFO] [stdout] 3 | use boring2::rsa::{Padding, Rsa};
[INFO] [stdout]   |     ~~~~~~~
[INFO] [stdout] 
[INFO] [stdout] error[E0433]: failed to resolve: use of undeclared crate or module `boring`
[INFO] [stdout]  --> src/symm.rs:30:5
[INFO] [stdout]   |
[INFO] [stdout] 4 | use boring::symm::Cipher;
[INFO] [stdout]   |     ^^^^^^ use of undeclared crate or module `boring`
[INFO] [stdout]   |
[INFO] [stdout] help: there is a crate or module with a similar name
[INFO] [stdout]   |
[INFO] [stdout] 4 | use boring2::symm::Cipher;
[INFO] [stdout]   |     ~~~~~~~
[INFO] [stdout] 
[INFO] [stdout] error: aborting due to 2 previous errors
[INFO] [stdout] 
[INFO] [stdout] For more information about this error, try `rustc --explain E0433`.
[INFO] [stdout] Couldn't compile the test.
[INFO] [stdout] ---- src/ssl/mod.rs - ssl (line 10) stdout ----
[INFO] [stdout] error[E0433]: failed to resolve: use of undeclared crate or module `boring`
[INFO] [stdout]  --> src/ssl/mod.rs:11:5
[INFO] [stdout]   |
[INFO] [stdout] 3 | use boring::ssl::{SslMethod, SslConnector};
[INFO] [stdout]   |     ^^^^^^ use of undeclared crate or module `boring`
[INFO] [stdout]   |
[INFO] [stdout] help: there is a crate or module with a similar name
[INFO] [stdout]   |
[INFO] [stdout] 3 | use boring2::ssl::{SslMethod, SslConnector};
[INFO] [stdout]   |     ~~~~~~~
[INFO] [stdout] 
[INFO] [stdout] error: aborting due to 1 previous error
[INFO] [stdout] 
[INFO] [stdout] For more information about this error, try `rustc --explain E0433`.
[INFO] [stdout] Couldn't compile the test.
[INFO] [stdout] ---- src/symm.rs - symm::encrypt (line 554) stdout ----
[INFO] [stdout] error[E0433]: failed to resolve: use of undeclared crate or module `boring`
[INFO] [stdout]  --> src/symm.rs:555:5
[INFO] [stdout]   |
[INFO] [stdout] 3 | use boring::symm::{encrypt, Cipher};
[INFO] [stdout]   |     ^^^^^^ use of undeclared crate or module `boring`
[INFO] [stdout]   |
[INFO] [stdout] help: there is a crate or module with a similar name
[INFO] [stdout]   |
[INFO] [stdout] 3 | use boring2::symm::{encrypt, Cipher};
[INFO] [stdout]   |     ~~~~~~~
[INFO] [stdout] 
[INFO] [stdout] error: aborting due to 1 previous error
[INFO] [stdout] 
[INFO] [stdout] For more information about this error, try `rustc --explain E0433`.
[INFO] [stdout] Couldn't compile the test.
[INFO] [stdout] ---- src/x509/store.rs - x509::store (line 8) stdout ----
[INFO] [stdout] error[E0433]: failed to resolve: use of undeclared crate or module `boring`
[INFO] [stdout]  --> src/x509/store.rs:9:5
[INFO] [stdout]   |
[INFO] [stdout] 3 | use boring::x509::store::{X509StoreBuilder, X509Store};
[INFO] [stdout]   |     ^^^^^^ use of undeclared crate or module `boring`
[INFO] [stdout]   |
[INFO] [stdout] help: there is a crate or module with a similar name
[INFO] [stdout]   |
[INFO] [stdout] 3 | use boring2::x509::store::{X509StoreBuilder, X509Store};
[INFO] [stdout]   |     ~~~~~~~
[INFO] [stdout] 
[INFO] [stdout] error[E0433]: failed to resolve: use of undeclared crate or module `boring`
[INFO] [stdout]  --> src/x509/store.rs:10:5
[INFO] [stdout]   |
[INFO] [stdout] 4 | use boring::x509::{X509, X509Name};
[INFO] [stdout]   |     ^^^^^^ use of undeclared crate or module `boring`
[INFO] [stdout]   |
[INFO] [stdout] help: there is a crate or module with a similar name
[INFO] [stdout]   |
[INFO] [stdout] 4 | use boring2::x509::{X509, X509Name};
[INFO] [stdout]   |     ~~~~~~~
[INFO] [stdout] 
[INFO] [stdout] error[E0433]: failed to resolve: use of undeclared crate or module `boring`
[INFO] [stdout]  --> src/x509/store.rs:11:5
[INFO] [stdout]   |
[INFO] [stdout] 5 | use boring::asn1::Asn1Time;
[INFO] [stdout]   |     ^^^^^^ use of undeclared crate or module `boring`
[INFO] [stdout]   |
[INFO] [stdout] help: there is a crate or module with a similar name
[INFO] [stdout]   |
[INFO] [stdout] 5 | use boring2::asn1::Asn1Time;
[INFO] [stdout]   |     ~~~~~~~
[INFO] [stdout] 
[INFO] [stdout] error[E0433]: failed to resolve: use of undeclared crate or module `boring`
[INFO] [stdout]  --> src/x509/store.rs:12:5
[INFO] [stdout]   |
[INFO] [stdout] 6 | use boring::pkey::PKey;
[INFO] [stdout]   |     ^^^^^^ use of undeclared crate or module `boring`
[INFO] [stdout]   |
[INFO] [stdout] help: there is a crate or module with a similar name
[INFO] [stdout]   |
[INFO] [stdout] 6 | use boring2::pkey::PKey;
[INFO] [stdout]   |     ~~~~~~~
[INFO] [stdout] 
[INFO] [stdout] error[E0433]: failed to resolve: use of undeclared crate or module `boring`
[INFO] [stdout]  --> src/x509/store.rs:13:5
[INFO] [stdout]   |
[INFO] [stdout] 7 | use boring::hash::MessageDigest;
[INFO] [stdout]   |     ^^^^^^ use of undeclared crate or module `boring`
[INFO] [stdout]   |
[INFO] [stdout] help: there is a crate or module with a similar name
[INFO] [stdout]   |
[INFO] [stdout] 7 | use boring2::hash::MessageDigest;
[INFO] [stdout]   |     ~~~~~~~
[INFO] [stdout] 
[INFO] [stdout] error[E0433]: failed to resolve: use of undeclared crate or module `boring`
[INFO] [stdout]  --> src/x509/store.rs:14:5
[INFO] [stdout]   |
[INFO] [stdout] 8 | use boring::rsa::Rsa;
[INFO] [stdout]   |     ^^^^^^ use of undeclared crate or module `boring`
[INFO] [stdout]   |
[INFO] [stdout] help: there is a crate or module with a similar name
[INFO] [stdout]   |
[INFO] [stdout] 8 | use boring2::rsa::Rsa;
[INFO] [stdout]   |     ~~~~~~~
[INFO] [stdout] 
[INFO] [stdout] error[E0433]: failed to resolve: use of undeclared crate or module `boring`
[INFO] [stdout]  --> src/x509/store.rs:15:5
[INFO] [stdout]   |
[INFO] [stdout] 9 | use boring::nid::Nid;
[INFO] [stdout]   |     ^^^^^^ use of undeclared crate or module `boring`
[INFO] [stdout]   |
[INFO] [stdout] help: there is a crate or module with a similar name
[INFO] [stdout]   |
[INFO] [stdout] 9 | use boring2::nid::Nid;
[INFO] [stdout]   |     ~~~~~~~
[INFO] [stdout] 
[INFO] [stdout] error: aborting due to 7 previous errors
[INFO] [stdout] 
[INFO] [stdout] For more information about this error, try `rustc --explain E0433`.
[INFO] [stdout] Couldn't compile the test.
[INFO] [stdout] ---- src/sha.rs - sha (line 16) stdout ----
[INFO] [stdout] error[E0432]: unresolved import `boring`
[INFO] [stdout]  --> src/sha.rs:19:5
[INFO] [stdout]   |
[INFO] [stdout] 4 | use boring::sha;
[INFO] [stdout]   |     ^^^^^^ use of undeclared crate or module `boring`
[INFO] [stdout]   |
[INFO] [stdout] help: there is a crate or module with a similar name
[INFO] [stdout]   |
[INFO] [stdout] 4 | use boring2::sha;
[INFO] [stdout]   |     ~~~~~~~
[INFO] [stdout] 
[INFO] [stdout] error: aborting due to 1 previous error
[INFO] [stdout] 
[INFO] [stdout] For more information about this error, try `rustc --explain E0432`.
[INFO] [stdout] Couldn't compile the test.
[INFO] [stdout] ---- src/symm.rs - symm::Crypter (line 230) stdout ----
[INFO] [stdout] error[E0433]: failed to resolve: use of undeclared crate or module `boring`
[INFO] [stdout]  --> src/symm.rs:231:5
[INFO] [stdout]   |
[INFO] [stdout] 3 | use boring::symm::{Cipher, Mode, Crypter};
[INFO] [stdout]   |     ^^^^^^ use of undeclared crate or module `boring`
[INFO] [stdout]   |
[INFO] [stdout] help: there is a crate or module with a similar name
[INFO] [stdout]   |
[INFO] [stdout] 3 | use boring2::symm::{Cipher, Mode, Crypter};
[INFO] [stdout]   |     ~~~~~~~
[INFO] [stdout] 
[INFO] [stdout] error: aborting due to 1 previous error
[INFO] [stdout] 
[INFO] [stdout] For more information about this error, try `rustc --explain E0433`.
[INFO] [stdout] Couldn't compile the test.
[INFO] [stdout] ---- src/x509/extension.rs - x509::extension (line 10) stdout ----
[INFO] [stdout] error[E0433]: failed to resolve: use of undeclared crate or module `boring`
[INFO] [stdout]  --> src/x509/extension.rs:11:5
[INFO] [stdout]   |
[INFO] [stdout] 3 | use boring::x509::extension::BasicConstraints;
[INFO] [stdout]   |     ^^^^^^ use of undeclared crate or module `boring`
[INFO] [stdout]   |
[INFO] [stdout] help: there is a crate or module with a similar name
[INFO] [stdout]   |
[INFO] [stdout] 3 | use boring2::x509::extension::BasicConstraints;
[INFO] [stdout]   |     ~~~~~~~
[INFO] [stdout] 
[INFO] [stdout] error[E0433]: failed to resolve: use of undeclared crate or module `boring`
[INFO] [stdout]  --> src/x509/extension.rs:12:5
[INFO] [stdout]   |
[INFO] [stdout] 4 | use boring::x509::X509Extension;
[INFO] [stdout]   |     ^^^^^^ use of undeclared crate or module `boring`
[INFO] [stdout]   |
[INFO] [stdout] help: there is a crate or module with a similar name
[INFO] [stdout]   |
[INFO] [stdout] 4 | use boring2::x509::X509Extension;
[INFO] [stdout]   |     ~~~~~~~
[INFO] [stdout] 
[INFO] [stdout] error: aborting due to 2 previous errors
[INFO] [stdout] 
[INFO] [stdout] For more information about this error, try `rustc --explain E0433`.
[INFO] [stdout] Couldn't compile the test.
[INFO] [stdout] ---- src/x509/mod.rs - x509::X509Builder::set_subject_name (line 295) stdout ----
[INFO] [stdout] error[E0433]: failed to resolve: use of undeclared crate or module `boring`
[INFO] [stdout]  --> src/x509/mod.rs:296:5
[INFO] [stdout]   |
[INFO] [stdout] 3 | use boring::x509::{X509, X509NameBuilder};
[INFO] [stdout]   |     ^^^^^^ use of undeclared crate or module `boring`
[INFO] [stdout]   |
[INFO] [stdout] help: there is a crate or module with a similar name
[INFO] [stdout]   |
[INFO] [stdout] 3 | use boring2::x509::{X509, X509NameBuilder};
[INFO] [stdout]   |     ~~~~~~~
[INFO] [stdout] 
[INFO] [stdout] error[E0433]: failed to resolve: use of undeclared crate or module `boring`
[INFO] [stdout]  --> src/x509/mod.rs:298:21
[INFO] [stdout]   |
[INFO] [stdout] 5 | let mut x509_name = boring::x509::X509NameBuilder::new().unwrap();
[INFO] [stdout]   |                     ^^^^^^ use of undeclared crate or module `boring`
[INFO] [stdout]   |
[INFO] [stdout] help: there is a crate or module with a similar name
[INFO] [stdout]   |
[INFO] [stdout] 5 | let mut x509_name = boring2::x509::X509NameBuilder::new().unwrap();
[INFO] [stdout]   |                     ~~~~~~~
[INFO] [stdout] help: consider importing this struct
[INFO] [stdout]   |
[INFO] [stdout] 2 + use boring2::x509::X509NameBuilder;
[INFO] [stdout]   |
[INFO] [stdout] help: if you import `X509NameBuilder`, refer to it directly
[INFO] [stdout]   |
[INFO] [stdout] 5 - let mut x509_name = boring::x509::X509NameBuilder::new().unwrap();
[INFO] [stdout] 5 + let mut x509_name = X509NameBuilder::new().unwrap();
[INFO] [stdout]   |
[INFO] [stdout] 
[INFO] [stdout] error[E0433]: failed to resolve: use of undeclared crate or module `boring`
[INFO] [stdout]   --> src/x509/mod.rs:305:16
[INFO] [stdout]    |
[INFO] [stdout] 12 | let mut x509 = boring::x509::X509::builder().unwrap();
[INFO] [stdout]    |                ^^^^^^ use of undeclared crate or module `boring`
[INFO] [stdout]    |
[INFO] [stdout] help: there is a crate or module with a similar name
[INFO] [stdout]    |
[INFO] [stdout] 12 | let mut x509 = boring2::x509::X509::builder().unwrap();
[INFO] [stdout]    |                ~~~~~~~
[INFO] [stdout] help: consider importing one of these items
[INFO] [stdout]    |
[INFO] [stdout] 2  + use boring2::x509::X509;
[INFO] [stdout]    |
[INFO] [stdout] 2  + use boring_sys::X509;
[INFO] [stdout]    |
[INFO] [stdout] help: if you import `X509`, refer to it directly
[INFO] [stdout]    |
[INFO] [stdout] 12 - let mut x509 = boring::x509::X509::builder().unwrap();
[INFO] [stdout] 12 + let mut x509 = X509::builder().unwrap();
[INFO] [stdout]    |
[INFO] [stdout] 
[INFO] [stdout] error: aborting due to 3 previous errors
[INFO] [stdout] 
[INFO] [stdout] For more information about this error, try `rustc --explain E0433`.
[INFO] [stdout] Couldn't compile the test.
[INFO] [stdout] 
[INFO] [stdout] failures:
[INFO] [stdout]     src/aes.rs - aes (line 24)
[INFO] [stdout]     src/asn1.rs - asn1 (line 23)
[INFO] [stdout]     src/bn.rs - bn (line 11)
[INFO] [stdout]     src/bn.rs - bn::BigNum (line 99)
[INFO] [stdout]     src/bn.rs - bn::BigNum::from_slice (line 878)
[INFO] [stdout]     src/bn.rs - bn::BigNumRef::generate_prime (line 390)
[INFO] [stdout]     src/bn.rs - bn::BigNumRef::rand (line 337)
[INFO] [stdout]     src/bn.rs - bn::BigNumRef::to_dec_str (line 785)
[INFO] [stdout]     src/bn.rs - bn::BigNumRef::to_hex_str (line 801)
[INFO] [stdout]     src/bn.rs - bn::BigNumRef::to_vec (line 738)
[INFO] [stdout]     src/bn.rs - bn::BigNumRef::to_vec_padded (line 752)
[INFO] [stdout]     src/bn.rs - bn::BigNumRef::ucmp (line 285)
[INFO] [stdout]     src/dsa.rs - dsa::Dsa (line 42)
[INFO] [stdout]     src/ec.rs - ec::EcKey<Public>::from_public_key (line 684)
[INFO] [stdout]     src/error.rs - error (line 8)
[INFO] [stdout]     src/hash.rs - hash::Hasher (line 108)
[INFO] [stdout]     src/hash.rs - hash::Hasher (line 119)
[INFO] [stdout]     src/memcmp.rs - memcmp (line 18)
[INFO] [stdout]     src/memcmp.rs - memcmp::eq (line 50)
[INFO] [stdout]     src/nid.rs - nid::Nid (line 35)
[INFO] [stdout]     src/pkey.rs - pkey (line 31)
[INFO] [stdout]     src/rand.rs - rand (line 7)
[INFO] [stdout]     src/rand.rs - rand::rand_bytes (line 27)
[INFO] [stdout]     src/rsa.rs - rsa (line 18)
[INFO] [stdout]     src/sha.rs - sha (line 16)
[INFO] [stdout]     src/sha.rs - sha (line 36)
[INFO] [stdout]     src/sign.rs - sign (line 12)
[INFO] [stdout]     src/ssl/mod.rs - ssl (line 10)
[INFO] [stdout]     src/ssl/mod.rs - ssl (line 28)
[INFO] [stdout]     src/symm.rs - symm (line 28)
[INFO] [stdout]     src/symm.rs - symm (line 7)
[INFO] [stdout]     src/symm.rs - symm::Crypter (line 230)
[INFO] [stdout]     src/symm.rs - symm::decrypt (line 593)
[INFO] [stdout]     src/symm.rs - symm::encrypt (line 554)
[INFO] [stdout]     src/x509/extension.rs - x509::extension (line 10)
[INFO] [stdout]     src/x509/mod.rs - x509::X509Builder::set_subject_name (line 295)
[INFO] [stdout]     src/x509/store.rs - x509::store (line 8)
[INFO] [stdout] 
[INFO] [stdout] test result: FAILED. 0 passed; 37 failed; 0 ignored; 0 measured; 0 filtered out; finished in 0.78s
[INFO] [stdout] 
[INFO] [stderr] error: doctest failed, to rerun pass `--doc`
[INFO] running `Command { std: "docker" "inspect" "2f1618450c2240c6344beaa8b48f42d9542985fb7a2982a0395d685922274fe8", kill_on_drop: false }`
[INFO] running `Command { std: "docker" "rm" "-f" "2f1618450c2240c6344beaa8b48f42d9542985fb7a2982a0395d685922274fe8", kill_on_drop: false }`
[INFO] [stdout] 2f1618450c2240c6344beaa8b48f42d9542985fb7a2982a0395d685922274fe8
