[INFO] fetching crate bongonet-boringssl 0.4.0...
[INFO] testing bongonet-boringssl-0.4.0 against beta-2024-12-08 for beta-1.84.0-4-retry
[INFO] extracting crate bongonet-boringssl 0.4.0 into /workspace/builds/worker-1-tc2/source
[INFO] validating manifest of crates.io crate bongonet-boringssl 0.4.0 on toolchain beta-2024-12-08
[INFO] running `Command { std: CARGO_HOME="/workspace/cargo-home" RUSTUP_HOME="/workspace/rustup-home" "/workspace/cargo-home/bin/cargo" "+beta-2024-12-08" "metadata" "--manifest-path" "Cargo.toml" "--no-deps", kill_on_drop: false }`
[INFO] started tweaking crates.io crate bongonet-boringssl 0.4.0
[INFO] finished tweaking crates.io crate bongonet-boringssl 0.4.0
[INFO] tweaked toml for crates.io crate bongonet-boringssl 0.4.0 written to /workspace/builds/worker-1-tc2/source/Cargo.toml
[INFO] running `Command { std: CARGO_HOME="/workspace/cargo-home" RUSTUP_HOME="/workspace/rustup-home" "/workspace/cargo-home/bin/cargo" "+beta-2024-12-08" "generate-lockfile" "--manifest-path" "Cargo.toml", kill_on_drop: false }`
[INFO] [stderr]     Updating crates.io index
[INFO] [stderr]      Locking 77 packages to latest compatible versions
[INFO] running `Command { std: CARGO_HOME="/workspace/cargo-home" RUSTUP_HOME="/workspace/rustup-home" "/workspace/cargo-home/bin/cargo" "+beta-2024-12-08" "fetch" "--manifest-path" "Cargo.toml", kill_on_drop: false }`
[INFO] running `Command { std: "docker" "create" "-v" "/var/lib/crater-agent-workspace/builds/worker-1-tc2/target:/opt/rustwide/target:rw,Z" "-v" "/var/lib/crater-agent-workspace/builds/worker-1-tc2/source:/opt/rustwide/workdir:ro,Z" "-v" "/var/lib/crater-agent-workspace/cargo-home:/opt/rustwide/cargo-home:ro,Z" "-v" "/var/lib/crater-agent-workspace/rustup-home:/opt/rustwide/rustup-home:ro,Z" "-e" "SOURCE_DIR=/opt/rustwide/workdir" "-e" "CARGO_TARGET_DIR=/opt/rustwide/target" "-e" "CARGO_HOME=/opt/rustwide/cargo-home" "-e" "RUSTUP_HOME=/opt/rustwide/rustup-home" "-w" "/opt/rustwide/workdir" "-m" "1610612736" "--user" "0:0" "--network" "none" "ghcr.io/rust-lang/crates-build-env/linux@sha256:f3a9d4ad9d972b27faf3965f35b62e55ba32bbce8f20bc8fe909558a86702fde" "/opt/rustwide/cargo-home/bin/cargo" "+beta-2024-12-08" "metadata" "--no-deps" "--format-version=1", kill_on_drop: false }`
[INFO] [stdout] 518730b93188b20b23d2f60038f9bf9f0820878ce4b6c299e692c00a5c13068a
[INFO] running `Command { std: "docker" "start" "-a" "518730b93188b20b23d2f60038f9bf9f0820878ce4b6c299e692c00a5c13068a", kill_on_drop: false }`
[INFO] running `Command { std: "docker" "inspect" "518730b93188b20b23d2f60038f9bf9f0820878ce4b6c299e692c00a5c13068a", kill_on_drop: false }`
[INFO] running `Command { std: "docker" "rm" "-f" "518730b93188b20b23d2f60038f9bf9f0820878ce4b6c299e692c00a5c13068a", kill_on_drop: false }`
[INFO] [stdout] 518730b93188b20b23d2f60038f9bf9f0820878ce4b6c299e692c00a5c13068a
[INFO] running `Command { std: "docker" "create" "-v" "/var/lib/crater-agent-workspace/builds/worker-1-tc2/target:/opt/rustwide/target:rw,Z" "-v" "/var/lib/crater-agent-workspace/builds/worker-1-tc2/source:/opt/rustwide/workdir:ro,Z" "-v" "/var/lib/crater-agent-workspace/cargo-home:/opt/rustwide/cargo-home:ro,Z" "-v" "/var/lib/crater-agent-workspace/rustup-home:/opt/rustwide/rustup-home:ro,Z" "-e" "SOURCE_DIR=/opt/rustwide/workdir" "-e" "CARGO_TARGET_DIR=/opt/rustwide/target" "-e" "CARGO_INCREMENTAL=0" "-e" "RUST_BACKTRACE=full" "-e" "RUSTFLAGS=--cap-lints=warn" "-e" "RUSTDOCFLAGS=--cap-lints=warn" "-e" "CARGO_HOME=/opt/rustwide/cargo-home" "-e" "RUSTUP_HOME=/opt/rustwide/rustup-home" "-w" "/opt/rustwide/workdir" "-m" "1610612736" "--user" "0:0" "--network" "none" "ghcr.io/rust-lang/crates-build-env/linux@sha256:f3a9d4ad9d972b27faf3965f35b62e55ba32bbce8f20bc8fe909558a86702fde" "/opt/rustwide/cargo-home/bin/cargo" "+beta-2024-12-08" "build" "--frozen" "--message-format=json", kill_on_drop: false }`
[INFO] [stdout] 04010e5278771c25366344281d061b2e3972c7f631a5c07cc3ccd6be4a105859
[INFO] running `Command { std: "docker" "start" "-a" "04010e5278771c25366344281d061b2e3972c7f631a5c07cc3ccd6be4a105859", kill_on_drop: false }`
[INFO] [stderr]    Compiling proc-macro2 v1.0.92
[INFO] [stderr]    Compiling unicode-ident v1.0.14
[INFO] [stderr]    Compiling libc v0.2.168
[INFO] [stderr]    Compiling glob v0.3.1
[INFO] [stderr]    Compiling minimal-lexical v0.2.1
[INFO] [stderr]    Compiling shlex v1.3.0
[INFO] [stderr]    Compiling memchr v2.7.4
[INFO] [stderr]    Compiling regex-syntax v0.8.5
[INFO] [stderr]    Compiling cfg-if v1.0.0
[INFO] [stderr]    Compiling bindgen v0.70.1
[INFO] [stderr]    Compiling either v1.13.0
[INFO] [stderr]    Compiling rustc-hash v1.1.0
[INFO] [stderr]    Compiling bitflags v2.6.0
[INFO] [stderr]    Compiling autocfg v1.4.0
[INFO] [stderr]    Compiling fs_extra v1.3.0
[INFO] [stderr]    Compiling libloading v0.8.6
[INFO] [stderr]    Compiling pin-project-lite v0.2.15
[INFO] [stderr]    Compiling cc v1.2.4
[INFO] [stderr]    Compiling itertools v0.13.0
[INFO] [stderr]    Compiling foreign-types-shared v0.3.1
[INFO] [stderr]    Compiling futures-task v0.3.31
[INFO] [stderr]    Compiling bytes v1.9.0
[INFO] [stderr]    Compiling once_cell v1.20.2
[INFO] [stderr]    Compiling futures-core v0.3.31
[INFO] [stderr]    Compiling pin-utils v0.1.0
[INFO] [stderr]    Compiling futures-util v0.3.31
[INFO] [stderr]    Compiling clang-sys v1.8.1
[INFO] [stderr]    Compiling nom v7.1.3
[INFO] [stderr]    Compiling quote v1.0.37
[INFO] [stderr]    Compiling syn v2.0.90
[INFO] [stderr]    Compiling cmake v0.1.52
[INFO] [stderr]    Compiling regex-automata v0.4.9
[INFO] [stderr]    Compiling fslock v0.2.1
[INFO] [stderr]    Compiling socket2 v0.5.8
[INFO] [stderr]    Compiling mio v1.0.3
[INFO] [stderr]    Compiling regex v1.11.1
[INFO] [stderr]    Compiling cexpr v0.6.0
[INFO] [stderr]    Compiling foreign-types-macros v0.2.3
[INFO] [stderr]    Compiling openssl-macros v0.1.1
[INFO] [stderr]    Compiling tokio-macros v2.4.0
[INFO] [stderr]    Compiling foreign-types v0.5.0
[INFO] [stderr]    Compiling tokio v1.42.0
[INFO] [stderr]    Compiling boring-sys v4.13.0
[INFO] [stderr] warning: boring-sys@4.13.0: applying experimental post quantum crypto patch to boringssl
[INFO] [stderr] error: failed to run custom build command for `boring-sys v4.13.0`
[INFO] [stderr] note: To improve backtraces for build dependencies, set the CARGO_PROFILE_DEV_BUILD_OVERRIDE_DEBUG=true environment variable to enable debug information generation.
[INFO] [stderr] 
[INFO] [stderr] Caused by:
[INFO] [stderr]   process didn't exit successfully: `/opt/rustwide/target/debug/build/boring-sys-0c2be75cb79b23a5/build-script-main` (exit status: 101)
[INFO] [stderr]   --- stdout
[INFO] [stderr]   cargo:rerun-if-env-changed=BORING_BSSL_PATH_x86_64-unknown-linux-gnu
[INFO] [stderr]   cargo:rerun-if-env-changed=BORING_BSSL_PATH_x86_64_unknown_linux_gnu
[INFO] [stderr]   cargo:rerun-if-env-changed=HOST_BORING_BSSL_PATH
[INFO] [stderr]   cargo:rerun-if-env-changed=BORING_BSSL_PATH
[INFO] [stderr]   cargo:rerun-if-env-changed=BORING_BSSL_INCLUDE_PATH_x86_64-unknown-linux-gnu
[INFO] [stderr]   cargo:rerun-if-env-changed=BORING_BSSL_INCLUDE_PATH_x86_64_unknown_linux_gnu
[INFO] [stderr]   cargo:rerun-if-env-changed=HOST_BORING_BSSL_INCLUDE_PATH
[INFO] [stderr]   cargo:rerun-if-env-changed=BORING_BSSL_INCLUDE_PATH
[INFO] [stderr]   cargo:rerun-if-env-changed=BORING_BSSL_SOURCE_PATH_x86_64-unknown-linux-gnu
[INFO] [stderr]   cargo:rerun-if-env-changed=BORING_BSSL_SOURCE_PATH_x86_64_unknown_linux_gnu
[INFO] [stderr]   cargo:rerun-if-env-changed=HOST_BORING_BSSL_SOURCE_PATH
[INFO] [stderr]   cargo:rerun-if-env-changed=BORING_BSSL_SOURCE_PATH
[INFO] [stderr]   cargo:rerun-if-env-changed=BORING_BSSL_PRECOMPILED_BCM_O_x86_64-unknown-linux-gnu
[INFO] [stderr]   cargo:rerun-if-env-changed=BORING_BSSL_PRECOMPILED_BCM_O_x86_64_unknown_linux_gnu
[INFO] [stderr]   cargo:rerun-if-env-changed=HOST_BORING_BSSL_PRECOMPILED_BCM_O
[INFO] [stderr]   cargo:rerun-if-env-changed=BORING_BSSL_PRECOMPILED_BCM_O
[INFO] [stderr]   cargo:rerun-if-env-changed=BORING_BSSL_ASSUME_PATCHED_x86_64-unknown-linux-gnu
[INFO] [stderr]   cargo:rerun-if-env-changed=BORING_BSSL_ASSUME_PATCHED_x86_64_unknown_linux_gnu
[INFO] [stderr]   cargo:rerun-if-env-changed=HOST_BORING_BSSL_ASSUME_PATCHED
[INFO] [stderr]   cargo:rerun-if-env-changed=BORING_BSSL_ASSUME_PATCHED
[INFO] [stderr]   cargo:rerun-if-env-changed=BORING_BSSL_SYSROOT_x86_64-unknown-linux-gnu
[INFO] [stderr]   cargo:rerun-if-env-changed=BORING_BSSL_SYSROOT_x86_64_unknown_linux_gnu
[INFO] [stderr]   cargo:rerun-if-env-changed=HOST_BORING_BSSL_SYSROOT
[INFO] [stderr]   cargo:rerun-if-env-changed=BORING_BSSL_SYSROOT
[INFO] [stderr]   cargo:rerun-if-env-changed=BORING_BSSL_COMPILER_EXTERNAL_TOOLCHAIN_x86_64-unknown-linux-gnu
[INFO] [stderr]   cargo:rerun-if-env-changed=BORING_BSSL_COMPILER_EXTERNAL_TOOLCHAIN_x86_64_unknown_linux_gnu
[INFO] [stderr]   cargo:rerun-if-env-changed=HOST_BORING_BSSL_COMPILER_EXTERNAL_TOOLCHAIN
[INFO] [stderr]   cargo:rerun-if-env-changed=BORING_BSSL_COMPILER_EXTERNAL_TOOLCHAIN
[INFO] [stderr]   cargo:rerun-if-env-changed=DEBUG_x86_64-unknown-linux-gnu
[INFO] [stderr]   cargo:rerun-if-env-changed=DEBUG_x86_64_unknown_linux_gnu
[INFO] [stderr]   cargo:rerun-if-env-changed=HOST_DEBUG
[INFO] [stderr]   cargo:rerun-if-env-changed=DEBUG
[INFO] [stderr]   cargo:rerun-if-env-changed=OPT_LEVEL_x86_64-unknown-linux-gnu
[INFO] [stderr]   cargo:rerun-if-env-changed=OPT_LEVEL_x86_64_unknown_linux_gnu
[INFO] [stderr]   cargo:rerun-if-env-changed=HOST_OPT_LEVEL
[INFO] [stderr]   cargo:rerun-if-env-changed=OPT_LEVEL
[INFO] [stderr]   cargo:rerun-if-env-changed=ANDROID_NDK_HOME_x86_64-unknown-linux-gnu
[INFO] [stderr]   cargo:rerun-if-env-changed=ANDROID_NDK_HOME_x86_64_unknown_linux_gnu
[INFO] [stderr]   cargo:rerun-if-env-changed=HOST_ANDROID_NDK_HOME
[INFO] [stderr]   cargo:rerun-if-env-changed=ANDROID_NDK_HOME
[INFO] [stderr]   cargo:rerun-if-env-changed=CMAKE_TOOLCHAIN_FILE_x86_64-unknown-linux-gnu
[INFO] [stderr]   cargo:rerun-if-env-changed=CMAKE_TOOLCHAIN_FILE_x86_64_unknown_linux_gnu
[INFO] [stderr]   cargo:rerun-if-env-changed=HOST_CMAKE_TOOLCHAIN_FILE
[INFO] [stderr]   cargo:rerun-if-env-changed=CMAKE_TOOLCHAIN_FILE
[INFO] [stderr]   Initialized empty Git repository in /opt/rustwide/target/debug/build/boring-sys-b259c3161537a571/out/boringssl/.git/
[INFO] [stderr] 
[INFO] [stderr]   cargo:warning=applying experimental post quantum crypto patch to boringssl
[INFO] [stderr] 
[INFO] [stderr]   CMAKE_TOOLCHAIN_FILE_x86_64-unknown-linux-gnu = None
[INFO] [stderr]   CMAKE_TOOLCHAIN_FILE_x86_64_unknown_linux_gnu = None
[INFO] [stderr]   HOST_CMAKE_TOOLCHAIN_FILE = None
[INFO] [stderr]   CMAKE_TOOLCHAIN_FILE = None
[INFO] [stderr]   CMAKE_GENERATOR_x86_64-unknown-linux-gnu = None
[INFO] [stderr]   CMAKE_GENERATOR_x86_64_unknown_linux_gnu = None
[INFO] [stderr]   HOST_CMAKE_GENERATOR = None
[INFO] [stderr]   CMAKE_GENERATOR = None
[INFO] [stderr]   CMAKE_PREFIX_PATH_x86_64-unknown-linux-gnu = None
[INFO] [stderr]   CMAKE_PREFIX_PATH_x86_64_unknown_linux_gnu = None
[INFO] [stderr]   HOST_CMAKE_PREFIX_PATH = None
[INFO] [stderr]   CMAKE_PREFIX_PATH = None
[INFO] [stderr]   CMAKE_x86_64-unknown-linux-gnu = None
[INFO] [stderr]   CMAKE_x86_64_unknown_linux_gnu = None
[INFO] [stderr]   HOST_CMAKE = None
[INFO] [stderr]   CMAKE = None
[INFO] [stderr]   running: cd "/opt/rustwide/target/debug/build/boring-sys-b259c3161537a571/out/build" && CMAKE_PREFIX_PATH="" LC_ALL="C" "cmake" "/opt/rustwide/target/debug/build/boring-sys-b259c3161537a571/out/boringssl" "-DCMAKE_INSTALL_PREFIX=/opt/rustwide/target/debug/build/boring-sys-b259c3161537a571/out" "-DCMAKE_C_FLAGS= -ffunction-sections -fdata-sections -fPIC -m64" "-DCMAKE_C_COMPILER=/usr/bin/cc" "-DCMAKE_CXX_FLAGS= -ffunction-sections -fdata-sections -fPIC -m64" "-DCMAKE_CXX_COMPILER=/usr/bin/c++" "-DCMAKE_ASM_FLAGS= -ffunction-sections -fdata-sections -fPIC -m64" "-DCMAKE_ASM_COMPILER=/usr/bin/cc" "-DCMAKE_BUILD_TYPE=Debug"
[INFO] [stderr]   -- The C compiler identification is GNU 11.4.0
[INFO] [stderr]   -- The CXX compiler identification is GNU 11.4.0
[INFO] [stderr]   -- Detecting C compiler ABI info
[INFO] [stderr]   -- Detecting C compiler ABI info - done
[INFO] [stderr]   -- Check for working C compiler: /usr/bin/cc - skipped
[INFO] [stderr]   -- Detecting C compile features
[INFO] [stderr]   -- Detecting C compile features - done
[INFO] [stderr]   -- Detecting CXX compiler ABI info
[INFO] [stderr]   -- Detecting CXX compiler ABI info - done
[INFO] [stderr]   -- Check for working CXX compiler: /usr/bin/c++ - skipped
[INFO] [stderr]   -- Detecting CXX compile features
[INFO] [stderr]   -- Detecting CXX compile features - done
[INFO] [stderr]   -- The ASM compiler identification is GNU
[INFO] [stderr]   -- Found assembler: /usr/bin/cc
[INFO] [stderr]   -- Looking for pthread.h
[INFO] [stderr]   -- Looking for pthread.h - found
[INFO] [stderr]   -- Performing Test CMAKE_HAVE_LIBC_PTHREAD
[INFO] [stderr]   -- Performing Test CMAKE_HAVE_LIBC_PTHREAD - Success
[INFO] [stderr]   -- Found Threads: TRUE  
[INFO] [stderr]   -- Configuring done
[INFO] [stderr]   -- Generating done
[INFO] [stderr]   -- Build files have been written to: /opt/rustwide/target/debug/build/boring-sys-b259c3161537a571/out/build
[INFO] [stderr]   running: cd "/opt/rustwide/target/debug/build/boring-sys-b259c3161537a571/out/build" && LC_ALL="C" MAKEFLAGS="-j --jobserver-fds=8,9 --jobserver-auth=8,9" "cmake" "--build" "/opt/rustwide/target/debug/build/boring-sys-b259c3161537a571/out/build" "--target" "ssl" "--config" "Debug"
[INFO] [stderr]   Scanning dependencies of target crypto
[INFO] [stderr]   [  0%] Building ASM object CMakeFiles/crypto.dir/apple-aarch64/crypto/fipsmodule/p256_beeu-armv8-asm-apple.S.o
[INFO] [stderr]   [  1%] Building ASM object CMakeFiles/crypto.dir/apple-aarch64/crypto/fipsmodule/ghash-neon-armv8-apple.S.o
[INFO] [stderr]   [  1%] Building ASM object CMakeFiles/crypto.dir/apple-aarch64/crypto/fipsmodule/sha1-armv8-apple.S.o
[INFO] [stderr]   [  1%] Building ASM object CMakeFiles/crypto.dir/apple-aarch64/crypto/chacha/chacha-armv8-apple.S.o
[INFO] [stderr]   [  1%] Building ASM object CMakeFiles/crypto.dir/apple-aarch64/crypto/fipsmodule/p256-armv8-asm-apple.S.o
[INFO] [stderr]   [  1%] Building ASM object CMakeFiles/crypto.dir/apple-aarch64/crypto/fipsmodule/armv8-mont-apple.S.o
[INFO] [stderr]   [  1%] Building ASM object CMakeFiles/crypto.dir/apple-aarch64/crypto/fipsmodule/sha512-armv8-apple.S.o
[INFO] [stderr]   [  1%] Building ASM object CMakeFiles/crypto.dir/apple-aarch64/crypto/fipsmodule/aesv8-gcm-armv8-apple.S.o
[INFO] [stderr]   [  2%] Building ASM object CMakeFiles/crypto.dir/apple-aarch64/crypto/fipsmodule/aesv8-armv8-apple.S.o
[INFO] [stderr]   [  1%] Building ASM object CMakeFiles/crypto.dir/apple-aarch64/crypto/fipsmodule/ghashv8-armv8-apple.S.o
[INFO] [stderr]   [  2%] Building ASM object CMakeFiles/crypto.dir/apple-aarch64/crypto/cipher_extra/chacha20_poly1305_armv8-apple.S.o
[INFO] [stderr]   [  3%] Building ASM object CMakeFiles/crypto.dir/apple-aarch64/crypto/fipsmodule/sha256-armv8-apple.S.o
[INFO] [stderr]   [  3%] Building ASM object CMakeFiles/crypto.dir/apple-aarch64/crypto/fipsmodule/bn-armv8-apple.S.o
[INFO] [stderr]   [  3%] Building ASM object CMakeFiles/crypto.dir/apple-aarch64/crypto/fipsmodule/vpaes-armv8-apple.S.o
[INFO] [stderr]   [  3%] Building ASM object CMakeFiles/crypto.dir/apple-aarch64/crypto/test/trampoline-armv8-apple.S.o
[INFO] [stderr]   [  3%] Building ASM object CMakeFiles/crypto.dir/apple-arm/crypto/fipsmodule/aesv8-armv7-apple.S.o
[INFO] [stderr]   [  3%] Building ASM object CMakeFiles/crypto.dir/apple-arm/crypto/fipsmodule/bsaes-armv7-apple.S.o
[INFO] [stderr]   [  3%] Building ASM object CMakeFiles/crypto.dir/apple-arm/crypto/fipsmodule/sha256-armv4-apple.S.o
[INFO] [stderr]   [  3%] Building ASM object CMakeFiles/crypto.dir/apple-arm/crypto/fipsmodule/ghashv8-armv7-apple.S.o
[INFO] [stderr]   [  4%] Building ASM object CMakeFiles/crypto.dir/apple-arm/crypto/fipsmodule/ghash-armv4-apple.S.o
[INFO] [stderr]   [  4%] Building ASM object CMakeFiles/crypto.dir/apple-arm/crypto/fipsmodule/sha1-armv4-large-apple.S.o
[INFO] [stderr]   [  4%] Building ASM object CMakeFiles/crypto.dir/apple-arm/crypto/fipsmodule/vpaes-armv7-apple.S.o
[INFO] [stderr]   [  5%] Building ASM object CMakeFiles/crypto.dir/apple-arm/crypto/chacha/chacha-armv4-apple.S.o
[INFO] [stderr]   [  6%] Building ASM object CMakeFiles/crypto.dir/apple-arm/crypto/fipsmodule/sha512-armv4-apple.S.o
[INFO] [stderr]   [  5%] Building ASM object CMakeFiles/crypto.dir/apple-x86/crypto/chacha/chacha-x86-apple.S.o
[INFO] [stderr]   [  6%] Building ASM object CMakeFiles/crypto.dir/apple-arm/crypto/fipsmodule/armv4-mont-apple.S.o
[INFO] [stderr]   [  6%] Building ASM object CMakeFiles/crypto.dir/apple-arm/crypto/test/trampoline-armv4-apple.S.o
[INFO] [stderr]   [  6%] Building ASM object CMakeFiles/crypto.dir/apple-x86/crypto/fipsmodule/bn-586-apple.S.o
[INFO] [stderr]   [  6%] Building ASM object CMakeFiles/crypto.dir/apple-x86/crypto/fipsmodule/co-586-apple.S.o
[INFO] [stderr]   [  7%] Building ASM object CMakeFiles/crypto.dir/apple-x86/crypto/fipsmodule/aesni-x86-apple.S.o
[INFO] [stderr]   [  7%] Building ASM object CMakeFiles/crypto.dir/apple-x86/crypto/fipsmodule/md5-586-apple.S.o
[INFO] [stderr]   [  8%] Building ASM object CMakeFiles/crypto.dir/apple-x86/crypto/fipsmodule/ghash-x86-apple.S.o
[INFO] [stderr]   [  8%] Building ASM object CMakeFiles/crypto.dir/apple-x86/crypto/fipsmodule/vpaes-x86-apple.S.o
[INFO] [stderr]   [  8%] Building ASM object CMakeFiles/crypto.dir/apple-x86/crypto/test/trampoline-x86-apple.S.o
[INFO] [stderr]   [  8%] Building ASM object CMakeFiles/crypto.dir/apple-x86/crypto/fipsmodule/ghash-ssse3-x86-apple.S.o
[INFO] [stderr]   [  8%] Building ASM object CMakeFiles/crypto.dir/apple-x86/crypto/fipsmodule/sha1-586-apple.S.o
[INFO] [stderr]   [  8%] Building ASM object CMakeFiles/crypto.dir/apple-x86/crypto/fipsmodule/x86-mont-apple.S.o
[INFO] [stderr]   [  8%] Building ASM object CMakeFiles/crypto.dir/apple-x86/crypto/fipsmodule/sha256-586-apple.S.o
[INFO] [stderr]   [  9%] Building ASM object CMakeFiles/crypto.dir/apple-x86/crypto/fipsmodule/sha512-586-apple.S.o
[INFO] [stderr]   [  9%] Building ASM object CMakeFiles/crypto.dir/apple-x86_64/crypto/chacha/chacha-x86_64-apple.S.o
[INFO] [stderr]   [ 10%] Building ASM object CMakeFiles/crypto.dir/apple-x86_64/crypto/cipher_extra/aes128gcmsiv-x86_64-apple.S.o
[INFO] [stderr]   [ 11%] Building ASM object CMakeFiles/crypto.dir/apple-x86_64/crypto/fipsmodule/ghash-ssse3-x86_64-apple.S.o
[INFO] [stderr]   [ 11%] Building ASM object CMakeFiles/crypto.dir/apple-x86_64/crypto/fipsmodule/ghash-x86_64-apple.S.o
[INFO] [stderr]   [ 11%] Building ASM object CMakeFiles/crypto.dir/apple-x86_64/crypto/cipher_extra/chacha20_poly1305_x86_64-apple.S.o
[INFO] [stderr]   [ 11%] Building ASM object CMakeFiles/crypto.dir/apple-x86_64/crypto/fipsmodule/md5-x86_64-apple.S.o
[INFO] [stderr]   [ 11%] Building ASM object CMakeFiles/crypto.dir/apple-x86_64/crypto/fipsmodule/aesni-x86_64-apple.S.o
[INFO] [stderr]   [ 11%] Building ASM object CMakeFiles/crypto.dir/apple-x86_64/crypto/fipsmodule/aesni-gcm-x86_64-apple.S.o
[INFO] [stderr]   [ 11%] Building ASM object CMakeFiles/crypto.dir/apple-x86_64/crypto/fipsmodule/rdrand-x86_64-apple.S.o
[INFO] [stderr]   [ 11%] Building ASM object CMakeFiles/crypto.dir/apple-x86_64/crypto/fipsmodule/sha1-x86_64-apple.S.o
[INFO] [stderr]   [ 11%] Building ASM object CMakeFiles/crypto.dir/apple-x86_64/crypto/fipsmodule/p256-x86_64-asm-apple.S.o
[INFO] [stderr]   [ 12%] Building ASM object CMakeFiles/crypto.dir/apple-x86_64/crypto/fipsmodule/p256_beeu-x86_64-asm-apple.S.o
[INFO] [stderr]   [ 12%] Building ASM object CMakeFiles/crypto.dir/apple-x86_64/crypto/fipsmodule/rsaz-avx2-apple.S.o
[INFO] [stderr]   [ 13%] Building ASM object CMakeFiles/crypto.dir/apple-x86_64/crypto/fipsmodule/sha256-x86_64-apple.S.o
[INFO] [stderr]   [ 13%] Building ASM object CMakeFiles/crypto.dir/apple-x86_64/crypto/fipsmodule/vpaes-x86_64-apple.S.o
[INFO] [stderr]   [ 13%] Building ASM object CMakeFiles/crypto.dir/apple-x86_64/crypto/fipsmodule/sha512-x86_64-apple.S.o
[INFO] [stderr]   [ 13%] Building ASM object CMakeFiles/crypto.dir/apple-x86_64/crypto/fipsmodule/x86_64-mont-apple.S.o
[INFO] [stderr]   [ 14%] Building ASM object CMakeFiles/crypto.dir/apple-x86_64/crypto/fipsmodule/x86_64-mont5-apple.S.o
[INFO] [stderr]   [ 14%] Building ASM object CMakeFiles/crypto.dir/apple-x86_64/crypto/test/trampoline-x86_64-apple.S.o
[INFO] [stderr]   [ 14%] Building ASM object CMakeFiles/crypto.dir/linux-aarch64/crypto/fipsmodule/armv8-mont-linux.S.o
[INFO] [stderr]   [ 14%] Building ASM object CMakeFiles/crypto.dir/linux-aarch64/crypto/chacha/chacha-armv8-linux.S.o
[INFO] [stderr]   [ 14%] Building ASM object CMakeFiles/crypto.dir/linux-aarch64/crypto/cipher_extra/chacha20_poly1305_armv8-linux.S.o
[INFO] [stderr]   [ 14%] Building ASM object CMakeFiles/crypto.dir/linux-aarch64/crypto/fipsmodule/aesv8-gcm-armv8-linux.S.o
[INFO] [stderr]   [ 14%] Building ASM object CMakeFiles/crypto.dir/linux-aarch64/crypto/fipsmodule/ghashv8-armv8-linux.S.o
[INFO] [stderr]   [ 15%] Building ASM object CMakeFiles/crypto.dir/linux-aarch64/crypto/fipsmodule/aesv8-armv8-linux.S.o
[INFO] [stderr]   [ 15%] Building ASM object CMakeFiles/crypto.dir/linux-aarch64/crypto/fipsmodule/p256_beeu-armv8-asm-linux.S.o
[INFO] [stderr]   [ 15%] Building ASM object CMakeFiles/crypto.dir/linux-aarch64/crypto/fipsmodule/bn-armv8-linux.S.o
[INFO] [stderr]   [ 16%] Building ASM object CMakeFiles/crypto.dir/linux-aarch64/crypto/fipsmodule/vpaes-armv8-linux.S.o
[INFO] [stderr]   [ 17%] Building ASM object CMakeFiles/crypto.dir/linux-aarch64/crypto/fipsmodule/sha256-armv8-linux.S.o
[INFO] [stderr]   [ 17%] Building ASM object CMakeFiles/crypto.dir/linux-aarch64/crypto/fipsmodule/ghash-neon-armv8-linux.S.o
[INFO] [stderr]   [ 17%] Building ASM object CMakeFiles/crypto.dir/linux-aarch64/crypto/fipsmodule/p256-armv8-asm-linux.S.o
[INFO] [stderr]   [ 17%] Building ASM object CMakeFiles/crypto.dir/linux-aarch64/crypto/test/trampoline-armv8-linux.S.o
[INFO] [stderr]   [ 17%] Building ASM object CMakeFiles/crypto.dir/linux-aarch64/crypto/fipsmodule/sha512-armv8-linux.S.o
[INFO] [stderr]   [ 17%] Building ASM object CMakeFiles/crypto.dir/linux-aarch64/crypto/fipsmodule/sha1-armv8-linux.S.o
[INFO] [stderr]   [ 17%] Building ASM object CMakeFiles/crypto.dir/linux-arm/crypto/fipsmodule/bsaes-armv7-linux.S.o
[INFO] [stderr]   [ 18%] Building ASM object CMakeFiles/crypto.dir/linux-arm/crypto/chacha/chacha-armv4-linux.S.o
[INFO] [stderr]   [ 18%] Building ASM object CMakeFiles/crypto.dir/linux-arm/crypto/fipsmodule/aesv8-armv7-linux.S.o
[INFO] [stderr]   [ 18%] Building ASM object CMakeFiles/crypto.dir/linux-arm/crypto/fipsmodule/ghashv8-armv7-linux.S.o
[INFO] [stderr]   [ 18%] Building ASM object CMakeFiles/crypto.dir/linux-arm/crypto/fipsmodule/armv4-mont-linux.S.o
[INFO] [stderr]   [ 18%] Building ASM object CMakeFiles/crypto.dir/linux-arm/crypto/fipsmodule/sha1-armv4-large-linux.S.o
[INFO] [stderr]   [ 19%] Building ASM object CMakeFiles/crypto.dir/linux-arm/crypto/fipsmodule/ghash-armv4-linux.S.o
[INFO] [stderr]   [ 19%] Building ASM object CMakeFiles/crypto.dir/linux-arm/crypto/fipsmodule/sha256-armv4-linux.S.o
[INFO] [stderr]   [ 20%] Building ASM object CMakeFiles/crypto.dir/linux-arm/crypto/fipsmodule/sha512-armv4-linux.S.o
[INFO] [stderr]   [ 20%] Building ASM object CMakeFiles/crypto.dir/linux-arm/crypto/fipsmodule/vpaes-armv7-linux.S.o
[INFO] [stderr]   [ 20%] Building ASM object CMakeFiles/crypto.dir/linux-arm/crypto/test/trampoline-armv4-linux.S.o
[INFO] [stderr]   [ 21%] Building ASM object CMakeFiles/crypto.dir/linux-x86/crypto/fipsmodule/aesni-x86-linux.S.o
[INFO] [stderr]   [ 21%] Building ASM object CMakeFiles/crypto.dir/linux-x86/crypto/chacha/chacha-x86-linux.S.o
[INFO] [stderr]   [ 21%] Building ASM object CMakeFiles/crypto.dir/linux-x86/crypto/fipsmodule/co-586-linux.S.o
[INFO] [stderr]   [ 21%] Building ASM object CMakeFiles/crypto.dir/linux-x86/crypto/fipsmodule/ghash-ssse3-x86-linux.S.o
[INFO] [stderr]   [ 22%] Building ASM object CMakeFiles/crypto.dir/linux-x86/crypto/fipsmodule/ghash-x86-linux.S.o
[INFO] [stderr]   [ 22%] Building ASM object CMakeFiles/crypto.dir/linux-x86/crypto/fipsmodule/sha256-586-linux.S.o
[INFO] [stderr]   [ 22%] Building ASM object CMakeFiles/crypto.dir/linux-x86/crypto/fipsmodule/bn-586-linux.S.o
[INFO] [stderr]   [ 22%] Building ASM object CMakeFiles/crypto.dir/linux-x86/crypto/fipsmodule/md5-586-linux.S.o
[INFO] [stderr]   [ 22%] Building ASM object CMakeFiles/crypto.dir/linux-x86/crypto/fipsmodule/sha512-586-linux.S.o
[INFO] [stderr]   [ 22%] Building ASM object CMakeFiles/crypto.dir/linux-x86/crypto/test/trampoline-x86-linux.S.o
[INFO] [stderr]   [ 23%] Building ASM object CMakeFiles/crypto.dir/linux-x86/crypto/fipsmodule/vpaes-x86-linux.S.o
[INFO] [stderr]   [ 23%] Building ASM object CMakeFiles/crypto.dir/linux-x86/crypto/fipsmodule/x86-mont-linux.S.o
[INFO] [stderr]   [ 23%] Building ASM object CMakeFiles/crypto.dir/linux-x86_64/crypto/chacha/chacha-x86_64-linux.S.o
[INFO] [stderr]   [ 23%] Building ASM object CMakeFiles/crypto.dir/linux-x86/crypto/fipsmodule/sha1-586-linux.S.o
[INFO] [stderr]   [ 25%] Building ASM object CMakeFiles/crypto.dir/linux-x86_64/crypto/cipher_extra/aes128gcmsiv-x86_64-linux.S.o
[INFO] [stderr]   [ 25%] Building ASM object CMakeFiles/crypto.dir/linux-x86_64/crypto/fipsmodule/aesni-gcm-x86_64-linux.S.o
[INFO] [stderr]   [ 25%] Building ASM object CMakeFiles/crypto.dir/linux-x86_64/crypto/fipsmodule/aesni-x86_64-linux.S.o
[INFO] [stderr]   [ 25%] Building ASM object CMakeFiles/crypto.dir/linux-x86_64/crypto/fipsmodule/ghash-x86_64-linux.S.o
[INFO] [stderr]   [ 25%] Building ASM object CMakeFiles/crypto.dir/linux-x86_64/crypto/fipsmodule/md5-x86_64-linux.S.o
[INFO] [stderr]   [ 25%] Building ASM object CMakeFiles/crypto.dir/linux-x86_64/crypto/cipher_extra/chacha20_poly1305_x86_64-linux.S.o
[INFO] [stderr]   [ 26%] Building ASM object CMakeFiles/crypto.dir/linux-x86_64/crypto/fipsmodule/ghash-ssse3-x86_64-linux.S.o
[INFO] [stderr]   [ 26%] Building ASM object CMakeFiles/crypto.dir/linux-x86_64/crypto/fipsmodule/rdrand-x86_64-linux.S.o
[INFO] [stderr]   [ 26%] Building ASM object CMakeFiles/crypto.dir/linux-x86_64/crypto/fipsmodule/p256-x86_64-asm-linux.S.o
[INFO] [stderr]   [ 26%] Building ASM object CMakeFiles/crypto.dir/linux-x86_64/crypto/fipsmodule/sha1-x86_64-linux.S.o
[INFO] [stderr]   [ 27%] Building ASM object CMakeFiles/crypto.dir/linux-x86_64/crypto/fipsmodule/sha256-x86_64-linux.S.o
[INFO] [stderr]   [ 28%] Building ASM object CMakeFiles/crypto.dir/linux-x86_64/crypto/fipsmodule/p256_beeu-x86_64-asm-linux.S.o
[INFO] [stderr]   [ 28%] Building ASM object CMakeFiles/crypto.dir/linux-x86_64/crypto/fipsmodule/sha512-x86_64-linux.S.o
[INFO] [stderr]   [ 28%] Building ASM object CMakeFiles/crypto.dir/linux-x86_64/crypto/fipsmodule/rsaz-avx2-linux.S.o
[INFO] [stderr]   [ 28%] Building ASM object CMakeFiles/crypto.dir/linux-x86_64/crypto/fipsmodule/x86_64-mont-linux.S.o
[INFO] [stderr]   [ 28%] Building ASM object CMakeFiles/crypto.dir/linux-x86_64/crypto/fipsmodule/vpaes-x86_64-linux.S.o
[INFO] [stderr]   [ 28%] Building ASM object CMakeFiles/crypto.dir/src/crypto/curve25519/asm/x25519-asm-arm.S.o
[INFO] [stderr]   [ 29%] Building ASM object CMakeFiles/crypto.dir/linux-x86_64/crypto/fipsmodule/x86_64-mont5-linux.S.o
[INFO] [stderr]   [ 29%] Building ASM object CMakeFiles/crypto.dir/linux-x86_64/crypto/test/trampoline-x86_64-linux.S.o
[INFO] [stderr]   [ 29%] Building ASM object CMakeFiles/crypto.dir/src/crypto/hrss/asm/poly_rq_mul.S.o
[INFO] [stderr]   [ 30%] Building ASM object CMakeFiles/crypto.dir/win-aarch64/crypto/cipher_extra/chacha20_poly1305_armv8-win.S.o
[INFO] [stderr]   [ 30%] Building ASM object CMakeFiles/crypto.dir/src/crypto/poly1305/poly1305_arm_asm.S.o
[INFO] [stderr]   [ 30%] Building ASM object CMakeFiles/crypto.dir/win-aarch64/crypto/chacha/chacha-armv8-win.S.o
[INFO] [stderr]   [ 30%] Building ASM object CMakeFiles/crypto.dir/win-aarch64/crypto/fipsmodule/aesv8-gcm-armv8-win.S.o
[INFO] [stderr]   [ 30%] Building ASM object CMakeFiles/crypto.dir/win-aarch64/crypto/fipsmodule/bn-armv8-win.S.o
[INFO] [stderr]   [ 30%] Building ASM object CMakeFiles/crypto.dir/win-aarch64/crypto/fipsmodule/p256_beeu-armv8-asm-win.S.o
[INFO] [stderr]   [ 30%] Building ASM object CMakeFiles/crypto.dir/win-aarch64/crypto/fipsmodule/aesv8-armv8-win.S.o
[INFO] [stderr]   [ 31%] Building ASM object CMakeFiles/crypto.dir/win-aarch64/crypto/fipsmodule/armv8-mont-win.S.o
[INFO] [stderr]   [ 31%] Building ASM object CMakeFiles/crypto.dir/win-aarch64/crypto/fipsmodule/ghash-neon-armv8-win.S.o
[INFO] [stderr]   [ 31%] Building ASM object CMakeFiles/crypto.dir/win-aarch64/crypto/fipsmodule/sha256-armv8-win.S.o
[INFO] [stderr]   [ 31%] Building ASM object CMakeFiles/crypto.dir/win-aarch64/crypto/fipsmodule/vpaes-armv8-win.S.o
[INFO] [stderr]   [ 32%] Building ASM object CMakeFiles/crypto.dir/win-aarch64/crypto/fipsmodule/sha512-armv8-win.S.o
[INFO] [stderr]   [ 33%] Building ASM object CMakeFiles/crypto.dir/win-aarch64/crypto/fipsmodule/p256-armv8-asm-win.S.o
[INFO] [stderr]   [ 33%] Building ASM object CMakeFiles/crypto.dir/win-aarch64/crypto/fipsmodule/sha1-armv8-win.S.o
[INFO] [stderr]   [ 33%] Building ASM object CMakeFiles/crypto.dir/win-aarch64/crypto/fipsmodule/ghashv8-armv8-win.S.o
[INFO] [stderr]   [ 34%] Building C object CMakeFiles/crypto.dir/src/crypto/asn1/a_bitstr.c.o
[INFO] [stderr]   [ 34%] Building C object CMakeFiles/crypto.dir/err_data.c.o
[INFO] [stderr]   [ 34%] Building ASM object CMakeFiles/crypto.dir/win-aarch64/crypto/test/trampoline-armv8-win.S.o
[INFO] [stderr]   [ 34%] Building C object CMakeFiles/crypto.dir/src/crypto/asn1/a_dup.c.o
[INFO] [stderr]   [ 34%] Building C object CMakeFiles/crypto.dir/src/crypto/asn1/a_mbstr.c.o
[INFO] [stderr]   [ 34%] Building C object CMakeFiles/crypto.dir/src/crypto/asn1/a_int.c.o
[INFO] [stderr]   [ 34%] Building C object CMakeFiles/crypto.dir/src/crypto/asn1/a_bool.c.o
[INFO] [stderr]   [ 34%] Building C object CMakeFiles/crypto.dir/src/crypto/asn1/a_d2i_fp.c.o
[INFO] [stderr]   [ 35%] Building C object CMakeFiles/crypto.dir/src/crypto/asn1/a_object.c.o
[INFO] [stderr]   [ 35%] Building C object CMakeFiles/crypto.dir/src/crypto/asn1/a_type.c.o
[INFO] [stderr]   [ 36%] Building C object CMakeFiles/crypto.dir/src/crypto/asn1/a_time.c.o
[INFO] [stderr]   [ 35%] Building C object CMakeFiles/crypto.dir/src/crypto/asn1/a_octet.c.o
[INFO] [stderr]   [ 36%] Building C object CMakeFiles/crypto.dir/src/crypto/asn1/a_strex.c.o
[INFO] [stderr]   [ 36%] Building C object CMakeFiles/crypto.dir/src/crypto/asn1/a_strnid.c.o
[INFO] [stderr]   [ 36%] Building C object CMakeFiles/crypto.dir/src/crypto/asn1/a_i2d_fp.c.o
[INFO] [stderr]   [ 37%] Building C object CMakeFiles/crypto.dir/src/crypto/asn1/a_gentm.c.o
[INFO] [stderr]   [ 37%] Building C object CMakeFiles/crypto.dir/src/crypto/asn1/a_utctm.c.o
[INFO] [stderr]   [ 37%] Building C object CMakeFiles/crypto.dir/src/crypto/asn1/asn1_par.c.o
[INFO] [stderr]   [ 38%] Building C object CMakeFiles/crypto.dir/src/crypto/asn1/asn_pack.c.o
[INFO] [stderr]   [ 38%] Building C object CMakeFiles/crypto.dir/src/crypto/asn1/f_int.c.o
[INFO] [stderr]   [ 38%] Building C object CMakeFiles/crypto.dir/src/crypto/asn1/f_string.c.o
[INFO] [stderr]   [ 38%] Building C object CMakeFiles/crypto.dir/src/crypto/asn1/asn1_lib.c.o
[INFO] [stderr]   [ 38%] Building C object CMakeFiles/crypto.dir/src/crypto/asn1/posix_time.c.o
[INFO] [stderr]   [ 39%] Building C object CMakeFiles/crypto.dir/src/crypto/asn1/tasn_dec.c.o
[INFO] [stderr]   [ 39%] Building C object CMakeFiles/crypto.dir/src/crypto/asn1/tasn_enc.c.o
[INFO] [stderr]   [ 39%] Building C object CMakeFiles/crypto.dir/src/crypto/asn1/tasn_new.c.o
[INFO] [stderr]   [ 39%] Building C object CMakeFiles/crypto.dir/src/crypto/asn1/tasn_fre.c.o
[INFO] [stderr]   [ 40%] Building C object CMakeFiles/crypto.dir/src/crypto/asn1/tasn_typ.c.o
[INFO] [stderr]   [ 40%] Building C object CMakeFiles/crypto.dir/src/crypto/asn1/tasn_utl.c.o
[INFO] [stderr]   [ 40%] Building C object CMakeFiles/crypto.dir/src/crypto/bio/bio.c.o
[INFO] [stderr]   [ 40%] Building C object CMakeFiles/crypto.dir/src/crypto/base64/base64.c.o
[INFO] [stderr]   [ 41%] Building C object CMakeFiles/crypto.dir/src/crypto/bio/bio_mem.c.o
[INFO] [stderr]   [ 41%] Building C object CMakeFiles/crypto.dir/src/crypto/bio/connect.c.o
[INFO] [stderr]   [ 41%] Building C object CMakeFiles/crypto.dir/src/crypto/bio/fd.c.o
[INFO] [stderr]   [ 41%] Building C object CMakeFiles/crypto.dir/src/crypto/bio/file.c.o
[INFO] [stderr]   [ 42%] Building C object CMakeFiles/crypto.dir/src/crypto/bio/socket_helper.c.o
[INFO] [stderr]   [ 42%] Building C object CMakeFiles/crypto.dir/src/crypto/bio/socket.c.o
[INFO] [stderr]   [ 43%] Building C object CMakeFiles/crypto.dir/src/crypto/bio/hexdump.c.o
[INFO] [stderr]   [ 43%] Building C object CMakeFiles/crypto.dir/src/crypto/bio/printf.c.o
[INFO] [stderr]   [ 43%] Building C object CMakeFiles/crypto.dir/src/crypto/bio/pair.c.o
[INFO] [stderr]   [ 43%] Building C object CMakeFiles/crypto.dir/src/crypto/blake2/blake2.c.o
[INFO] [stderr]   [ 43%] Building C object CMakeFiles/crypto.dir/src/crypto/bn_extra/bn_asn1.c.o
[INFO] [stderr]   [ 44%] Building C object CMakeFiles/crypto.dir/src/crypto/bytestring/asn1_compat.c.o
[INFO] [stderr]   [ 44%] Building C object CMakeFiles/crypto.dir/src/crypto/buf/buf.c.o
[INFO] [stderr]   [ 44%] Building C object CMakeFiles/crypto.dir/src/crypto/bytestring/ber.c.o
[INFO] [stderr]   [ 44%] Building C object CMakeFiles/crypto.dir/src/crypto/bn_extra/convert.c.o
[INFO] [stderr]   [ 44%] Building C object CMakeFiles/crypto.dir/src/crypto/bytestring/cbb.c.o
[INFO] [stderr]   [ 45%] Building C object CMakeFiles/crypto.dir/src/crypto/bytestring/unicode.c.o
[INFO] [stderr]   [ 45%] Building C object CMakeFiles/crypto.dir/src/crypto/bytestring/cbs.c.o
[INFO] [stderr]   [ 45%] Building C object CMakeFiles/crypto.dir/src/crypto/cipher_extra/cipher_extra.c.o
[INFO] [stderr]   [ 45%] Building C object CMakeFiles/crypto.dir/src/crypto/cipher_extra/e_aesgcmsiv.c.o
[INFO] [stderr]   [ 45%] Building C object CMakeFiles/crypto.dir/src/crypto/chacha/chacha.c.o
[INFO] [stderr]   [ 45%] Building C object CMakeFiles/crypto.dir/src/crypto/cipher_extra/derive_key.c.o
[INFO] [stderr]   [ 46%] Building C object CMakeFiles/crypto.dir/src/crypto/cipher_extra/e_aesctrhmac.c.o
[INFO] [stderr]   [ 46%] Building C object CMakeFiles/crypto.dir/src/crypto/cipher_extra/e_des.c.o
[INFO] [stderr]   [ 46%] Building C object CMakeFiles/crypto.dir/src/crypto/cipher_extra/e_chacha20poly1305.c.o
[INFO] [stderr]   [ 47%] Building C object CMakeFiles/crypto.dir/src/crypto/cipher_extra/e_null.c.o
[INFO] [stderr]   [ 47%] Building C object CMakeFiles/crypto.dir/src/crypto/cipher_extra/e_tls.c.o
[INFO] [stderr]   [ 47%] Building C object CMakeFiles/crypto.dir/src/crypto/cipher_extra/e_rc4.c.o
[INFO] [stderr]   [ 48%] Building C object CMakeFiles/crypto.dir/src/crypto/cipher_extra/tls_cbc.c.o
[INFO] [stderr]   [ 48%] Building C object CMakeFiles/crypto.dir/src/crypto/cipher_extra/e_rc2.c.o
[INFO] [stderr]   [ 48%] Building C object CMakeFiles/crypto.dir/src/crypto/cpu_aarch64_freebsd.c.o
[INFO] [stderr]   [ 48%] Building C object CMakeFiles/crypto.dir/src/crypto/cpu_aarch64_win.c.o
[INFO] [stderr]   [ 48%] Building C object CMakeFiles/crypto.dir/src/crypto/cpu_aarch64_linux.c.o
[INFO] [stderr]   [ 50%] Building C object CMakeFiles/crypto.dir/src/crypto/cpu_aarch64_fuchsia.c.o
[INFO] [stderr]   [ 50%] Building C object CMakeFiles/crypto.dir/src/crypto/conf/conf.c.o
[INFO] [stderr]   [ 50%] Building C object CMakeFiles/crypto.dir/src/crypto/cpu_aarch64_apple.c.o
[INFO] [stderr]   [ 50%] Building C object CMakeFiles/crypto.dir/src/crypto/cpu_intel.c.o
[INFO] [stderr]   [ 50%] Building C object CMakeFiles/crypto.dir/src/crypto/cpu_arm.c.o
[INFO] [stderr]   [ 50%] Building C object CMakeFiles/crypto.dir/src/crypto/cpu_arm_linux.c.o
[INFO] [stderr]   [ 51%] Building C object CMakeFiles/crypto.dir/src/crypto/cpu_arm_freebsd.c.o
[INFO] [stderr]   [ 51%] Building C object CMakeFiles/crypto.dir/src/crypto/curve25519/curve25519.c.o
[INFO] [stderr]   [ 51%] Building C object CMakeFiles/crypto.dir/src/crypto/crypto.c.o
[INFO] [stderr]   [ 51%] Building C object CMakeFiles/crypto.dir/src/crypto/des/des.c.o
[INFO] [stderr]   [ 51%] Building C object CMakeFiles/crypto.dir/src/crypto/dh_extra/dh_asn1.c.o
[INFO] [stderr]   [ 52%] Building C object CMakeFiles/crypto.dir/src/crypto/curve25519/spake25519.c.o
[INFO] [stderr]   [ 52%] Building C object CMakeFiles/crypto.dir/src/crypto/dsa/dsa.c.o
[INFO] [stderr]   [ 52%] Building C object CMakeFiles/crypto.dir/src/crypto/dh_extra/params.c.o
[INFO] [stderr]   [ 52%] Building C object CMakeFiles/crypto.dir/src/crypto/dsa/dsa_asn1.c.o
[INFO] [stderr]   [ 52%] Building C object CMakeFiles/crypto.dir/src/crypto/ec_extra/ec_asn1.c.o
[INFO] [stderr]   [ 53%] Building C object CMakeFiles/crypto.dir/src/crypto/digest_extra/digest_extra.c.o
[INFO] [stderr]   [ 54%] Building C object CMakeFiles/crypto.dir/src/crypto/ec_extra/ec_derive.c.o
[INFO] [stderr]   [ 54%] Building C object CMakeFiles/crypto.dir/src/crypto/ecdsa_extra/ecdsa_asn1.c.o
[INFO] [stderr]   [ 54%] Building C object CMakeFiles/crypto.dir/src/crypto/ec_extra/hash_to_curve.c.o
[INFO] [stderr]   [ 54%] Building C object CMakeFiles/crypto.dir/src/crypto/ecdh_extra/ecdh_extra.c.o
[INFO] [stderr]   [ 55%] Building C object CMakeFiles/crypto.dir/src/crypto/engine/engine.c.o
[INFO] [stderr]   [ 55%] Building C object CMakeFiles/crypto.dir/src/crypto/err/err.c.o
[INFO] [stderr]   [ 55%] Building C object CMakeFiles/crypto.dir/src/crypto/evp/evp.c.o
[INFO] [stderr]   [ 55%] Building C object CMakeFiles/crypto.dir/src/crypto/evp/evp_asn1.c.o
[INFO] [stderr]   [ 56%] Building C object CMakeFiles/crypto.dir/src/crypto/evp/evp_ctx.c.o
[INFO] [stderr]   [ 56%] Building C object CMakeFiles/crypto.dir/src/crypto/evp/p_dsa_asn1.c.o
[INFO] [stderr]   [ 56%] Building C object CMakeFiles/crypto.dir/src/crypto/evp/p_ec_asn1.c.o
[INFO] [stderr]   [ 56%] Building C object CMakeFiles/crypto.dir/src/crypto/evp/p_ec.c.o
[INFO] [stderr]   [ 57%] Building C object CMakeFiles/crypto.dir/src/crypto/evp/p_ed25519.c.o
[INFO] [stderr]   [ 57%] Building C object CMakeFiles/crypto.dir/src/crypto/evp/p_ed25519_asn1.c.o
[INFO] [stderr]   [ 57%] Building C object CMakeFiles/crypto.dir/src/crypto/evp/p_rsa.c.o
[INFO] [stderr]   [ 58%] Building C object CMakeFiles/crypto.dir/src/crypto/evp/p_rsa_asn1.c.o
[INFO] [stderr]   [ 58%] Building C object CMakeFiles/crypto.dir/src/crypto/evp/p_hkdf.c.o
[INFO] [stderr]   [ 58%] Building C object CMakeFiles/crypto.dir/src/crypto/evp/p_x25519.c.o
[INFO] [stderr]   [ 58%] Building C object CMakeFiles/crypto.dir/src/crypto/evp/p_x25519_asn1.c.o
[INFO] [stderr]   [ 58%] Building C object CMakeFiles/crypto.dir/src/crypto/evp/pbkdf.c.o
[INFO] [stderr]   [ 59%] Building C object CMakeFiles/crypto.dir/src/crypto/evp/scrypt.c.o
[INFO] [stderr]   [ 59%] Building C object CMakeFiles/crypto.dir/src/crypto/evp/print.c.o
[INFO] [stderr]   [ 59%] Building C object CMakeFiles/crypto.dir/src/crypto/fipsmodule/bcm.c.o
[INFO] [stderr]   [ 59%] Building C object CMakeFiles/crypto.dir/src/crypto/ex_data.c.o
[INFO] [stderr]   [ 59%] Building C object CMakeFiles/crypto.dir/src/crypto/evp/sign.c.o
[INFO] [stderr]   [ 60%] Building C object CMakeFiles/crypto.dir/src/crypto/fipsmodule/fips_shared_support.c.o
[INFO] [stderr]   [ 60%] Building C object CMakeFiles/crypto.dir/src/crypto/hpke/hpke.c.o
[INFO] [stderr]   [ 60%] Building C object CMakeFiles/crypto.dir/src/crypto/hrss/hrss.c.o
[INFO] [stderr]   [ 60%] Building C object CMakeFiles/crypto.dir/src/crypto/kyber/kyber512.c.o
[INFO] [stderr]   [ 60%] Building C object CMakeFiles/crypto.dir/src/crypto/lhash/lhash.c.o
[INFO] [stderr]   [ 61%] Building C object CMakeFiles/crypto.dir/src/crypto/kyber/kyber768.c.o
[INFO] [stderr]   [ 61%] Building C object CMakeFiles/crypto.dir/src/crypto/mem.c.o
[INFO] [stderr]   [ 61%] Building C object CMakeFiles/crypto.dir/src/crypto/obj/obj.c.o
[INFO] [stderr]   [ 62%] Building C object CMakeFiles/crypto.dir/src/crypto/obj/obj_xref.c.o
[INFO] [stderr]   [ 62%] Building C object CMakeFiles/crypto.dir/src/crypto/pem/pem_lib.c.o
[INFO] [stderr]   [ 62%] Building C object CMakeFiles/crypto.dir/src/crypto/pem/pem_all.c.o
[INFO] [stderr]   [ 62%] Building C object CMakeFiles/crypto.dir/src/crypto/pem/pem_info.c.o
[INFO] [stderr]   [ 63%] Building C object CMakeFiles/crypto.dir/src/crypto/pem/pem_oth.c.o
[INFO] [stderr]   [ 63%] Building C object CMakeFiles/crypto.dir/src/crypto/pem/pem_pk8.c.o
[INFO] [stderr]   [ 63%] Building C object CMakeFiles/crypto.dir/src/crypto/pem/pem_pkey.c.o
[INFO] [stderr]   [ 63%] Building C object CMakeFiles/crypto.dir/src/crypto/pem/pem_x509.c.o
[INFO] [stderr]   [ 64%] Building C object CMakeFiles/crypto.dir/src/crypto/pem/pem_xaux.c.o
[INFO] [stderr]   [ 64%] Building C object CMakeFiles/crypto.dir/src/crypto/pkcs8/pkcs8.c.o
[INFO] [stderr]   [ 64%] Building C object CMakeFiles/crypto.dir/src/crypto/pkcs8/p5_pbev2.c.o
[INFO] [stderr]   [ 64%] Building C object CMakeFiles/crypto.dir/src/crypto/pkcs7/pkcs7.c.o
[INFO] [stderr]   [ 64%] Building C object CMakeFiles/crypto.dir/src/crypto/pkcs7/pkcs7_x509.c.o
[INFO] [stderr]   [ 65%] Building C object CMakeFiles/crypto.dir/src/crypto/pkcs8/pkcs8_x509.c.o
[INFO] [stderr]   [ 65%] Building C object CMakeFiles/crypto.dir/src/crypto/poly1305/poly1305.c.o
[INFO] [stderr]   [ 65%] Building C object CMakeFiles/crypto.dir/src/crypto/poly1305/poly1305_arm.c.o
[INFO] [stderr]   [ 65%] Building C object CMakeFiles/crypto.dir/src/crypto/poly1305/poly1305_vec.c.o
[INFO] [stderr]   [ 66%] Building C object CMakeFiles/crypto.dir/src/crypto/pool/pool.c.o
[INFO] [stderr]   [ 66%] Building C object CMakeFiles/crypto.dir/src/crypto/rand_extra/deterministic.c.o
[INFO] [stderr]   [ 66%] Building C object CMakeFiles/crypto.dir/src/crypto/rand_extra/fuchsia.c.o
[INFO] [stderr]   [ 66%] Building C object CMakeFiles/crypto.dir/src/crypto/rand_extra/forkunsafe.c.o
[INFO] [stderr]   [ 66%] Building C object CMakeFiles/crypto.dir/src/crypto/rand_extra/rand_extra.c.o
[INFO] [stderr]   [ 67%] Building C object CMakeFiles/crypto.dir/src/crypto/rand_extra/passive.c.o
[INFO] [stderr]   [ 67%] Building C object CMakeFiles/crypto.dir/src/crypto/rand_extra/windows.c.o
[INFO] [stderr]   [ 67%] Building C object CMakeFiles/crypto.dir/src/crypto/rc4/rc4.c.o
[INFO] [stderr]   [ 68%] Building C object CMakeFiles/crypto.dir/src/crypto/refcount_c11.c.o
[INFO] [stderr]   [ 68%] Building C object CMakeFiles/crypto.dir/src/crypto/refcount_lock.c.o
[INFO] [stderr]   [ 68%] Building C object CMakeFiles/crypto.dir/src/crypto/rsa_extra/rsa_asn1.c.o
[INFO] [stderr]   [ 69%] Building C object CMakeFiles/crypto.dir/src/crypto/rsa_extra/rsa_print.c.o
[INFO] [stderr]   [ 69%] Building C object CMakeFiles/crypto.dir/src/crypto/rsa_extra/rsa_crypt.c.o
[INFO] [stderr]   [ 69%] Building C object CMakeFiles/crypto.dir/src/crypto/thread.c.o
[INFO] [stderr]   [ 69%] Building C object CMakeFiles/crypto.dir/src/crypto/stack/stack.c.o
[INFO] [stderr]   [ 70%] Building C object CMakeFiles/crypto.dir/src/crypto/thread_none.c.o
[INFO] [stderr]   [ 70%] Building C object CMakeFiles/crypto.dir/src/crypto/thread_pthread.c.o
[INFO] [stderr]   [ 70%] Building C object CMakeFiles/crypto.dir/src/crypto/siphash/siphash.c.o
[INFO] [stderr]   [ 70%] Building C object CMakeFiles/crypto.dir/src/crypto/thread_win.c.o
[INFO] [stderr]   [ 70%] Building C object CMakeFiles/crypto.dir/src/crypto/x509/a_digest.c.o
[INFO] [stderr]   [ 70%] Building C object CMakeFiles/crypto.dir/src/crypto/trust_token/pmbtoken.c.o
[INFO] [stderr]   [ 70%] Building C object CMakeFiles/crypto.dir/src/crypto/x509/a_sign.c.o
[INFO] [stderr]   [ 70%] Building C object CMakeFiles/crypto.dir/src/crypto/x509/a_verify.c.o
[INFO] [stderr]   [ 71%] Building C object CMakeFiles/crypto.dir/src/crypto/trust_token/trust_token.c.o
[INFO] [stderr]   [ 71%] Building C object CMakeFiles/crypto.dir/src/crypto/trust_token/voprf.c.o
[INFO] [stderr]   [ 71%] Building C object CMakeFiles/crypto.dir/src/crypto/x509/asn1_gen.c.o
[INFO] [stderr]   [ 72%] Building C object CMakeFiles/crypto.dir/src/crypto/x509/algorithm.c.o
[INFO] [stderr]   [ 72%] Building C object CMakeFiles/crypto.dir/src/crypto/x509/by_dir.c.o
[INFO] [stderr]   [ 73%] Building C object CMakeFiles/crypto.dir/src/crypto/x509/i2d_pr.c.o
[INFO] [stderr]   [ 73%] Building C object CMakeFiles/crypto.dir/src/crypto/x509/by_file.c.o
[INFO] [stderr]   [ 73%] Building C object CMakeFiles/crypto.dir/src/crypto/x509/name_print.c.o
[INFO] [stderr]   [ 73%] Building C object CMakeFiles/crypto.dir/src/crypto/x509/rsa_pss.c.o
[INFO] [stderr]   [ 73%] Building C object CMakeFiles/crypto.dir/src/crypto/x509/policy.c.o
[INFO] [stderr]   [ 75%] Building C object CMakeFiles/crypto.dir/src/crypto/x509/t_crl.c.o
[INFO] [stderr]   [ 75%] Building C object CMakeFiles/crypto.dir/src/crypto/x509/t_x509.c.o
[INFO] [stderr]   [ 75%] Building C object CMakeFiles/crypto.dir/src/crypto/x509/x509_att.c.o
[INFO] [stderr]   [ 75%] Building C object CMakeFiles/crypto.dir/src/crypto/x509/t_req.c.o
[INFO] [stderr]   [ 76%] Building C object CMakeFiles/crypto.dir/src/crypto/x509/x509.c.o
[INFO] [stderr]   [ 76%] Building C object CMakeFiles/crypto.dir/src/crypto/x509/t_x509a.c.o
[INFO] [stderr]   [ 76%] Building C object CMakeFiles/crypto.dir/src/crypto/x509/x509_d2.c.o
[INFO] [stderr]   [ 76%] Building C object CMakeFiles/crypto.dir/src/crypto/x509/x509_cmp.c.o
[INFO] [stderr]   [ 77%] Building C object CMakeFiles/crypto.dir/src/crypto/x509/x509_def.c.o
[INFO] [stderr]   [ 77%] Building C object CMakeFiles/crypto.dir/src/crypto/x509/x509_ext.c.o
[INFO] [stderr]   [ 78%] Building C object CMakeFiles/crypto.dir/src/crypto/x509/x509_req.c.o
[INFO] [stderr]   [ 78%] Building C object CMakeFiles/crypto.dir/src/crypto/x509/x509_obj.c.o
[INFO] [stderr]   [ 78%] Building C object CMakeFiles/crypto.dir/src/crypto/x509/x509_lu.c.o
[INFO] [stderr]   [ 78%] Building C object CMakeFiles/crypto.dir/src/crypto/x509/x509_trs.c.o
[INFO] [stderr]   [ 78%] Building C object CMakeFiles/crypto.dir/src/crypto/x509/x509_set.c.o
[INFO] [stderr]   [ 78%] Building C object CMakeFiles/crypto.dir/src/crypto/x509/x509_txt.c.o
[INFO] [stderr]   [ 79%] Building C object CMakeFiles/crypto.dir/src/crypto/x509/x509_v3.c.o
[INFO] [stderr]   [ 79%] Building C object CMakeFiles/crypto.dir/src/crypto/x509/x509_vfy.c.o
[INFO] [stderr]   [ 79%] Building C object CMakeFiles/crypto.dir/src/crypto/x509/x509_vpm.c.o
[INFO] [stderr]   [ 79%] Building C object CMakeFiles/crypto.dir/src/crypto/x509/x509cset.c.o
[INFO] [stderr]   [ 80%] Building C object CMakeFiles/crypto.dir/src/crypto/x509/x509rset.c.o
[INFO] [stderr]   [ 80%] Building C object CMakeFiles/crypto.dir/src/crypto/x509/x509name.c.o
[INFO] [stderr]   [ 80%] Building C object CMakeFiles/crypto.dir/src/crypto/x509/x509spki.c.o
[INFO] [stderr]   [ 80%] Building C object CMakeFiles/crypto.dir/src/crypto/x509/x_algor.c.o
[INFO] [stderr]   [ 81%] Building C object CMakeFiles/crypto.dir/src/crypto/x509/x_attrib.c.o
[INFO] [stderr]   [ 81%] Building C object CMakeFiles/crypto.dir/src/crypto/x509/x_crl.c.o
[INFO] [stderr]   [ 81%] Building C object CMakeFiles/crypto.dir/src/crypto/x509/x_all.c.o
[INFO] [stderr]   [ 81%] Building C object CMakeFiles/crypto.dir/src/crypto/x509/x_exten.c.o
[INFO] [stderr]   [ 81%] Building C object CMakeFiles/crypto.dir/src/crypto/x509/x_info.c.o
[INFO] [stderr]   [ 82%] Building C object CMakeFiles/crypto.dir/src/crypto/x509/x_name.c.o
[INFO] [stderr]   [ 82%] Building C object CMakeFiles/crypto.dir/src/crypto/x509/x_pkey.c.o
[INFO] [stderr]   [ 82%] Building C object CMakeFiles/crypto.dir/src/crypto/x509/x_pubkey.c.o
[INFO] [stderr]   [ 82%] Building C object CMakeFiles/crypto.dir/src/crypto/x509/x_req.c.o
[INFO] [stderr]   [ 82%] Building C object CMakeFiles/crypto.dir/src/crypto/x509/x_spki.c.o
[INFO] [stderr]   [ 82%] Building C object CMakeFiles/crypto.dir/src/crypto/x509/x_val.c.o
[INFO] [stderr]   [ 83%] Building C object CMakeFiles/crypto.dir/src/crypto/x509/x_sig.c.o
[INFO] [stderr]   [ 83%] Building C object CMakeFiles/crypto.dir/src/crypto/x509/x_x509.c.o
[INFO] [stderr]   [ 83%] Building C object CMakeFiles/crypto.dir/src/crypto/x509v3/v3_alt.c.o
[INFO] [stderr]   [ 84%] Building C object CMakeFiles/crypto.dir/src/crypto/x509/x_x509a.c.o
[INFO] [stderr]   [ 84%] Building C object CMakeFiles/crypto.dir/src/crypto/x509v3/v3_akey.c.o
[INFO] [stderr]   [ 84%] Building C object CMakeFiles/crypto.dir/src/crypto/x509v3/v3_conf.c.o
[INFO] [stderr]   [ 84%] Building C object CMakeFiles/crypto.dir/src/crypto/x509v3/v3_akeya.c.o
[INFO] [stderr]   [ 85%] Building C object CMakeFiles/crypto.dir/src/crypto/x509v3/v3_bcons.c.o
[INFO] [stderr]   [ 85%] Building C object CMakeFiles/crypto.dir/src/crypto/x509v3/v3_bitst.c.o
[INFO] [stderr]   [ 85%] Building C object CMakeFiles/crypto.dir/src/crypto/x509v3/v3_cpols.c.o
[INFO] [stderr]   [ 85%] Building C object CMakeFiles/crypto.dir/src/crypto/x509v3/v3_crld.c.o
[INFO] [stderr]   [ 85%] Building C object CMakeFiles/crypto.dir/src/crypto/x509v3/v3_extku.c.o
[INFO] [stderr]   [ 86%] Building C object CMakeFiles/crypto.dir/src/crypto/x509v3/v3_enum.c.o
[INFO] [stderr]   [ 86%] Building C object CMakeFiles/crypto.dir/src/crypto/x509v3/v3_genn.c.o
[INFO] [stderr]   [ 86%] Building C object CMakeFiles/crypto.dir/src/crypto/x509v3/v3_ia5.c.o
[INFO] [stderr]   [ 87%] Building C object CMakeFiles/crypto.dir/src/crypto/x509v3/v3_info.c.o
[INFO] [stderr]   [ 87%] Building C object CMakeFiles/crypto.dir/src/crypto/x509v3/v3_int.c.o
[INFO] [stderr]   [ 87%] Building C object CMakeFiles/crypto.dir/src/crypto/x509v3/v3_lib.c.o
[INFO] [stderr]   [ 87%] Building C object CMakeFiles/crypto.dir/src/crypto/x509v3/v3_pcons.c.o
[INFO] [stderr]   [ 87%] Building C object CMakeFiles/crypto.dir/src/crypto/x509v3/v3_ncons.c.o
[INFO] [stderr]   [ 88%] Building C object CMakeFiles/crypto.dir/src/crypto/x509v3/v3_ocsp.c.o
[INFO] [stderr]   [ 88%] Building C object CMakeFiles/crypto.dir/src/crypto/x509v3/v3_pmaps.c.o
[INFO] [stderr]   [ 88%] Building C object CMakeFiles/crypto.dir/src/crypto/x509v3/v3_prn.c.o
[INFO] [stderr]   [ 88%] Building C object CMakeFiles/crypto.dir/src/crypto/x509v3/v3_skey.c.o
[INFO] [stderr]   [ 89%] Building C object CMakeFiles/crypto.dir/src/crypto/x509v3/v3_purp.c.o
[INFO] [stderr]   [ 89%] Building C object CMakeFiles/crypto.dir/src/crypto/x509v3/v3_utl.c.o
[INFO] [stderr]   [ 89%] Linking C static library libcrypto.a
[INFO] [stderr]   [ 89%] Built target crypto
[INFO] [stderr]   [ 89%] Building CXX object CMakeFiles/ssl.dir/src/ssl/d1_lib.cc.o
[INFO] [stderr]   [ 89%] Building CXX object CMakeFiles/ssl.dir/src/ssl/d1_both.cc.o
[INFO] [stderr]   [ 90%] Building CXX object CMakeFiles/ssl.dir/src/ssl/extensions.cc.o
[INFO] [stderr]   [ 91%] Building CXX object CMakeFiles/ssl.dir/src/ssl/bio_ssl.cc.o
[INFO] [stderr]   [ 92%] Building CXX object CMakeFiles/ssl.dir/src/ssl/d1_srtp.cc.o
[INFO] [stderr]   [ 92%] Building CXX object CMakeFiles/ssl.dir/src/ssl/encrypted_client_hello.cc.o
[INFO] [stderr]   [ 92%] Building CXX object CMakeFiles/ssl.dir/src/ssl/handoff.cc.o
[INFO] [stderr]   [ 92%] Building CXX object CMakeFiles/ssl.dir/src/ssl/dtls_method.cc.o
[INFO] [stderr]   [ 92%] Building CXX object CMakeFiles/ssl.dir/src/ssl/dtls_record.cc.o
[INFO] [stderr]   [ 92%] Building CXX object CMakeFiles/ssl.dir/src/ssl/d1_pkt.cc.o
[INFO] [stderr]   [ 92%] Building CXX object CMakeFiles/ssl.dir/src/ssl/handshake_server.cc.o
[INFO] [stderr]   [ 93%] Building CXX object CMakeFiles/ssl.dir/src/ssl/s3_both.cc.o
[INFO] [stderr]   [ 93%] Building CXX object CMakeFiles/ssl.dir/src/ssl/s3_lib.cc.o
[INFO] [stderr]   [ 93%] Building CXX object CMakeFiles/ssl.dir/src/ssl/handshake.cc.o
[INFO] [stderr]   [ 93%] Building CXX object CMakeFiles/ssl.dir/src/ssl/handshake_client.cc.o
[INFO] [stderr]   [ 93%] Building CXX object CMakeFiles/ssl.dir/src/ssl/s3_pkt.cc.o
[INFO] [stderr]   [ 93%] Building CXX object CMakeFiles/ssl.dir/src/ssl/ssl_aead_ctx.cc.o
[INFO] [stderr]   [ 94%] Building CXX object CMakeFiles/ssl.dir/src/ssl/ssl_asn1.cc.o
[INFO] [stderr]   [ 94%] Building CXX object CMakeFiles/ssl.dir/src/ssl/ssl_buffer.cc.o
[INFO] [stderr]   [ 94%] Building CXX object CMakeFiles/ssl.dir/src/ssl/ssl_cert.cc.o
[INFO] [stderr]   [ 94%] Building CXX object CMakeFiles/ssl.dir/src/ssl/ssl_cipher.cc.o
[INFO] [stderr]   [ 95%] Building CXX object CMakeFiles/ssl.dir/src/ssl/ssl_file.cc.o
[INFO] [stderr]   [ 95%] Building CXX object CMakeFiles/ssl.dir/src/ssl/ssl_lib.cc.o
[INFO] [stderr]   [ 95%] Building CXX object CMakeFiles/ssl.dir/src/ssl/ssl_key_share.cc.o
[INFO] [stderr]   [ 95%] Building CXX object CMakeFiles/ssl.dir/src/ssl/ssl_privkey.cc.o
[INFO] [stderr]   [ 96%] Building CXX object CMakeFiles/ssl.dir/src/ssl/ssl_session.cc.o
[INFO] [stderr]   [ 96%] Building CXX object CMakeFiles/ssl.dir/src/ssl/ssl_stat.cc.o
[INFO] [stderr]   [ 96%] Building CXX object CMakeFiles/ssl.dir/src/ssl/ssl_transcript.cc.o
[INFO] [stderr]   [ 96%] Building CXX object CMakeFiles/ssl.dir/src/ssl/ssl_versions.cc.o
[INFO] [stderr]   [ 97%] Building CXX object CMakeFiles/ssl.dir/src/ssl/ssl_x509.cc.o
[INFO] [stderr]   [ 97%] Building CXX object CMakeFiles/ssl.dir/src/ssl/t1_enc.cc.o
[INFO] [stderr] 
[INFO] [stderr]   --- stderr
[INFO] [stderr]   hint: Using 'master' as the name for the initial branch. This default branch name
[INFO] [stderr]   hint: is subject to change. To configure the initial branch name to use in all
[INFO] [stderr]   hint: of your new repositories, which will suppress this warning, call:
[INFO] [stderr]   hint: 
[INFO] [stderr]   hint: 	git config --global init.defaultBranch <name>
[INFO] [stderr]   hint: 
[INFO] [stderr]   hint: Names commonly chosen instead of 'master' are 'main', 'trunk' and
[INFO] [stderr]   hint: 'development'. The just-created branch can be renamed via this command:
[INFO] [stderr]   hint: 
[INFO] [stderr]   hint: 	git branch -m <name>
[INFO] [stderr] 
[INFO] [stderr]   /opt/rustwide/cargo-home/registry/src/index.crates.io-6f17d22bba15001f/boring-sys-4.13.0/patches/boring-pq.patch:141: trailing whitespace.
[INFO] [stderr]       "src/crypto/fipsmodule/fips_shared_support.c", 
[INFO] [stderr]   /opt/rustwide/cargo-home/registry/src/index.crates.io-6f17d22bba15001f/boring-sys-4.13.0/patches/boring-pq.patch:142: trailing whitespace.
[INFO] [stderr]       "src/crypto/hpke/hpke.c", 
[INFO] [stderr]   /opt/rustwide/cargo-home/registry/src/index.crates.io-6f17d22bba15001f/boring-sys-4.13.0/patches/boring-pq.patch:143: trailing whitespace.
[INFO] [stderr]       "src/crypto/hrss/hrss.c", 
[INFO] [stderr]   /opt/rustwide/cargo-home/registry/src/index.crates.io-6f17d22bba15001f/boring-sys-4.13.0/patches/boring-pq.patch:146: trailing whitespace.
[INFO] [stderr]       "src/crypto/kyber/kyber512.c", 
[INFO] [stderr]   /opt/rustwide/cargo-home/registry/src/index.crates.io-6f17d22bba15001f/boring-sys-4.13.0/patches/boring-pq.patch:147: trailing whitespace.
[INFO] [stderr]       "src/crypto/kyber/kyber768.c", 
[INFO] [stderr]   Checking patch BUILD.generated.bzl...
[INFO] [stderr]   Checking patch BUILD.generated_tests.bzl...
[INFO] [stderr]   Checking patch CMakeLists.txt...
[INFO] [stderr]   Checking patch sources.json...
[INFO] [stderr]   Checking patch src/crypto/CMakeLists.txt...
[INFO] [stderr]   Checking patch src/crypto/kyber/internal.h...
[INFO] [stderr]   Checking patch src/crypto/kyber/keccak.c...
[INFO] [stderr]   Checking patch src/crypto/kyber/kyber.c...
[INFO] [stderr]   Checking patch src/crypto/kyber/kyber512.c...
[INFO] [stderr]   Checking patch src/crypto/kyber/kyber768.c...
[INFO] [stderr]   Checking patch src/crypto/kyber/kyber_test.cc...
[INFO] [stderr]   Checking patch src/crypto/obj/obj_dat.h...
[INFO] [stderr]   Checking patch src/crypto/obj/obj_mac.num...
[INFO] [stderr]   Checking patch src/crypto/obj/objects.txt...
[INFO] [stderr]   Checking patch src/include/openssl/kyber.h...
[INFO] [stderr]   Checking patch src/include/openssl/nid.h...
[INFO] [stderr]   Checking patch src/include/openssl/ssl.h...
[INFO] [stderr]   Checking patch src/sources.cmake...
[INFO] [stderr]   Checking patch src/ssl/extensions.cc...
[INFO] [stderr]   Checking patch src/ssl/ssl_key_share.cc...
[INFO] [stderr]   Checking patch src/ssl/ssl_lib.cc...
[INFO] [stderr]   Checking patch src/ssl/ssl_test.cc...
[INFO] [stderr]   Checking patch src/tool/speed.cc...
[INFO] [stderr]   Applied patch BUILD.generated.bzl cleanly.
[INFO] [stderr]   Applied patch BUILD.generated_tests.bzl cleanly.
[INFO] [stderr]   Applied patch CMakeLists.txt cleanly.
[INFO] [stderr]   Applied patch sources.json cleanly.
[INFO] [stderr]   Applied patch src/crypto/CMakeLists.txt cleanly.
[INFO] [stderr]   Applied patch src/crypto/kyber/internal.h cleanly.
[INFO] [stderr]   Applied patch src/crypto/kyber/keccak.c cleanly.
[INFO] [stderr]   Applied patch src/crypto/kyber/kyber.c cleanly.
[INFO] [stderr]   Applied patch src/crypto/kyber/kyber512.c cleanly.
[INFO] [stderr]   Applied patch src/crypto/kyber/kyber768.c cleanly.
[INFO] [stderr]   Applied patch src/crypto/kyber/kyber_test.cc cleanly.
[INFO] [stderr]   Applied patch src/crypto/obj/obj_dat.h cleanly.
[INFO] [stderr]   Applied patch src/crypto/obj/obj_mac.num cleanly.
[INFO] [stderr]   Applied patch src/crypto/obj/objects.txt cleanly.
[INFO] [stderr]   Applied patch src/include/openssl/kyber.h cleanly.
[INFO] [stderr]   Applied patch src/include/openssl/nid.h cleanly.
[INFO] [stderr]   Applied patch src/include/openssl/ssl.h cleanly.
[INFO] [stderr]   Applied patch src/sources.cmake cleanly.
[INFO] [stderr]   Applied patch src/ssl/extensions.cc cleanly.
[INFO] [stderr]   Applied patch src/ssl/ssl_key_share.cc cleanly.
[INFO] [stderr]   Applied patch src/ssl/ssl_lib.cc cleanly.
[INFO] [stderr]   Applied patch src/ssl/ssl_test.cc cleanly.
[INFO] [stderr]   Applied patch src/tool/speed.cc cleanly.
[INFO] [stderr]   warning: squelched 20 whitespace errors
[INFO] [stderr]   warning: 5 lines applied after fixing whitespace errors.
[INFO] [stderr] 
[INFO] [stderr]   /tmp/ccOgvWtp.s: Assembler messages:
[INFO] [stderr]   /tmp/ccOgvWtp.s: Fatal error: can't write 42 bytes to section .text._ZNSt15__uniq_ptr_dataIN4bssl13SSL_HANDSHAKEENS0_8internal7DeleterELb1ELb1EEC2EOS4_ of CMakeFiles/ssl.dir/src/ssl/handshake.cc.o: 'No space left on device'
[INFO] [stderr]   /tmp/ccOgvWtp.s: /opt/rustwide/target/debug/build/boring-sys-b259c3161537a571/out/boringssl/src/ssl/encrypted_client_hello.cc:1103:1: fatal error: error writing to /tmp/ccjOmDHz.s: No space left on device
[INFO] [stderr]    1103 | }
[INFO] [stderr]         | ^
[INFO] [stderr]   Fatal error: CMakeFiles/ssl.dir/src/ssl/handshake.cc.o: No space left on device
[INFO] [stderr]   compilation terminated.
[INFO] [stderr]   gmake[3]: *** [CMakeFiles/ssl.dir/build.make:216: CMakeFiles/ssl.dir/src/ssl/handshake.cc.o] Error 1
[INFO] [stderr]   gmake[3]: *** Waiting for unfinished jobs....
[INFO] [stderr]   gmake[3]: *** [CMakeFiles/ssl.dir/build.make:174: CMakeFiles/ssl.dir/src/ssl/encrypted_client_hello.cc.o] Error 1
[INFO] [stderr]   In file included from /opt/rustwide/target/debug/build/boring-sys-b259c3161537a571/out/boringssl/src/include/openssl/ssl.h:145,
[INFO] [stderr]                    from /opt/rustwide/target/debug/build/boring-sys-b259c3161537a571/out/boringssl/src/ssl/ssl_buffer.cc:15:
[INFO] [stderr]   /opt/rustwide/target/debug/build/boring-sys-b259c3161537a571/out/boringssl/src/include/openssl/base.h:512:28: fatal error: error writing to /tmp/ccmChGrj.s: No space left on device
[INFO] [stderr]     512 | #define BSSL_NAMESPACE_END }
[INFO] [stderr]         |                            ^
[INFO] [stderr]   /opt/rustwide/target/debug/build/boring-sys-b259c3161537a571/out/boringssl/src/ssl/ssl_buffer.cc:307:1: note: in expansion of macro 'BSSL_NAMESPACE_END'
[INFO] [stderr]     307 | BSSL_NAMESPACE_END
[INFO] [stderr]         | ^~~~~~~~~~~~~~~~~~
[INFO] [stderr]   compilation terminated.
[INFO] [stderr]   /opt/rustwide/target/debug/build/boring-sys-b259c3161537a571/out/boringssl/src/ssl/ssl_cert.cc:1010:1: fatal error: closing dependency file CMakeFiles/ssl.dir/src/ssl/ssl_cert.cc.o.d: No space left on device
[INFO] [stderr]    1010 | }
[INFO] [stderr]         | ^
[INFO] [stderr]   compilation terminated.
[INFO] [stderr]   gmake[3]: *** [CMakeFiles/ssl.dir/build.make:342: CMakeFiles/ssl.dir/src/ssl/ssl_cert.cc.o] Error 1
[INFO] [stderr]   In file included from /opt/rustwide/target/debug/build/boring-sys-b259c3161537a571/out/boringssl/src/include/openssl/ssl.h:145,
[INFO] [stderr]                    from /opt/rustwide/target/debug/build/boring-sys-b259c3161537a571/out/boringssl/src/ssl/handshake_server.cc:149:
[INFO] [stderr]   /opt/rustwide/target/debug/build/boring-sys-b259c3161537a571/out/boringssl/src/include/openssl/base.h:512:28: fatal error: error writing to /tmp/ccPPyBFc.s: No space left on device
[INFO] [stderr]     512 | #define BSSL_NAMESPACE_END }
[INFO] [stderr]         |                            ^
[INFO] [stderr]   /opt/rustwide/target/debug/build/boring-sys-b259c3161537a571/out/boringssl/src/ssl/handshake_server.cc:1988:1: note: in expansion of macro 'BSSL_NAMESPACE_END'
[INFO] [stderr]    1988 | BSSL_NAMESPACE_END
[INFO] [stderr]         | ^~~~~~~~~~~~~~~~~~
[INFO] [stderr]   compilation terminated.
[INFO] [stderr]   gmake[3]: *** [CMakeFiles/ssl.dir/build.make:328: CMakeFiles/ssl.dir/src/ssl/ssl_buffer.cc.o] Error 1
[INFO] [stderr]   gmake[3]: *** [CMakeFiles/ssl.dir/build.make:244: CMakeFiles/ssl.dir/src/ssl/handshake_server.cc.o] Error 1
[INFO] [stderr]   /opt/rustwide/target/debug/build/boring-sys-b259c3161537a571/out/boringssl/src/ssl/handoff.cc:1130:1: fatal error: error writing to /tmp/cc7YnkMR.s: No space left on device
[INFO] [stderr]    1130 | }
[INFO] [stderr]         | ^
[INFO] [stderr]   compilation terminated.
[INFO] [stderr]   gmake[3]: *** [CMakeFiles/ssl.dir/build.make:202: CMakeFiles/ssl.dir/src/ssl/handoff.cc.o] Error 1
[INFO] [stderr]   /opt/rustwide/target/debug/build/boring-sys-b259c3161537a571/out/boringssl/src/ssl/ssl_lib.cc:3281:1: fatal error: error writing to /tmp/ccE0JvRS.s: No space left on device
[INFO] [stderr]    3281 | }
[INFO] [stderr]         | ^
[INFO] [stderr]   compilation terminated.
[INFO] [stderr]   gmake[3]: *** [CMakeFiles/ssl.dir/build.make:398: CMakeFiles/ssl.dir/src/ssl/ssl_lib.cc.o] Error 1
[INFO] [stderr]   gmake[2]: *** [CMakeFiles/Makefile2:113: CMakeFiles/ssl.dir/all] Error 2
[INFO] [stderr]   gmake[1]: *** [CMakeFiles/Makefile2:120: CMakeFiles/ssl.dir/rule] Error 2
[INFO] [stderr]   gmake: *** [Makefile:137: ssl] Error 2
[INFO] [stderr]   thread 'main' panicked at /opt/rustwide/cargo-home/registry/src/index.crates.io-6f17d22bba15001f/cmake-0.1.52/src/lib.rs:1115:5:
[INFO] [stderr] 
[INFO] [stderr]   command did not execute successfully, got: exit status: 2
[INFO] [stderr] 
[INFO] [stderr]   build script failed, must exit now
[INFO] [stderr]   stack backtrace:
[INFO] [stderr]      0:     0x64d5129ab37a - std::backtrace_rs::backtrace::libunwind::trace::h8810477743020387
[INFO] [stderr]                                  at /rustc/202008a1b8de96d2e5b6bc02d379db03a877d34d/library/std/src/../../backtrace/src/backtrace/libunwind.rs:116:5
[INFO] [stderr]      1:     0x64d5129ab37a - std::backtrace_rs::backtrace::trace_unsynchronized::h3aa55355dd6c54a6
[INFO] [stderr]                                  at /rustc/202008a1b8de96d2e5b6bc02d379db03a877d34d/library/std/src/../../backtrace/src/backtrace/mod.rs:66:5
[INFO] [stderr]      2:     0x64d5129ab37a - std::sys::backtrace::_print_fmt::h8588b0f62410823f
[INFO] [stderr]                                  at /rustc/202008a1b8de96d2e5b6bc02d379db03a877d34d/library/std/src/sys/backtrace.rs:66:9
[INFO] [stderr]      3:     0x64d5129ab37a - <std::sys::backtrace::BacktraceLock::print::DisplayBacktrace as core::fmt::Display>::fmt::h98c26ac25ffe89bb
[INFO] [stderr]                                  at /rustc/202008a1b8de96d2e5b6bc02d379db03a877d34d/library/std/src/sys/backtrace.rs:39:26
[INFO] [stderr]      4:     0x64d5129d4523 - core::fmt::rt::Argument::fmt::hf95377f4aebd453b
[INFO] [stderr]                                  at /rustc/202008a1b8de96d2e5b6bc02d379db03a877d34d/library/core/src/fmt/rt.rs:177:76
[INFO] [stderr]      5:     0x64d5129d4523 - core::fmt::write::h0dd5f6e2238c7982
[INFO] [stderr]                                  at /rustc/202008a1b8de96d2e5b6bc02d379db03a877d34d/library/core/src/fmt/mod.rs:1189:21
[INFO] [stderr]      6:     0x64d5129a7f03 - std::io::Write::write_fmt::hc00bff0a88e08857
[INFO] [stderr]                                  at /rustc/202008a1b8de96d2e5b6bc02d379db03a877d34d/library/std/src/io/mod.rs:1884:15
[INFO] [stderr]      7:     0x64d5129ab1c2 - std::sys::backtrace::BacktraceLock::print::h5c19c1c038ee186d
[INFO] [stderr]                                  at /rustc/202008a1b8de96d2e5b6bc02d379db03a877d34d/library/std/src/sys/backtrace.rs:42:9
[INFO] [stderr]      8:     0x64d5129ac3bc - std::panicking::default_hook::{{closure}}::h77172f079a1fcb13
[INFO] [stderr]                                  at /rustc/202008a1b8de96d2e5b6bc02d379db03a877d34d/library/std/src/panicking.rs:268:22
[INFO] [stderr]      9:     0x64d5129ac202 - std::panicking::default_hook::he5f8e3b203ccddba
[INFO] [stderr]                                  at /rustc/202008a1b8de96d2e5b6bc02d379db03a877d34d/library/std/src/panicking.rs:295:9
[INFO] [stderr]     10:     0x64d5129ac997 - std::panicking::rust_panic_with_hook::h53863d4e9018df39
[INFO] [stderr]                                  at /rustc/202008a1b8de96d2e5b6bc02d379db03a877d34d/library/std/src/panicking.rs:801:13
[INFO] [stderr]     11:     0x64d5129ac82a - std::panicking::begin_panic_handler::{{closure}}::h67280e6fa0757873
[INFO] [stderr]                                  at /rustc/202008a1b8de96d2e5b6bc02d379db03a877d34d/library/std/src/panicking.rs:674:13
[INFO] [stderr]     12:     0x64d5129ab859 - std::sys::backtrace::__rust_end_short_backtrace::h1dac3f54d6fbbeb2
[INFO] [stderr]                                  at /rustc/202008a1b8de96d2e5b6bc02d379db03a877d34d/library/std/src/sys/backtrace.rs:170:18
[INFO] [stderr]     13:     0x64d5129ac4bc - rust_begin_unwind
[INFO] [stderr]                                  at /rustc/202008a1b8de96d2e5b6bc02d379db03a877d34d/library/std/src/panicking.rs:665:5
[INFO] [stderr]     14:     0x64d51240fa40 - core::panicking::panic_fmt::h6792bd1b2bf01041
[INFO] [stderr]                                  at /rustc/202008a1b8de96d2e5b6bc02d379db03a877d34d/library/core/src/panicking.rs:76:14
[INFO] [stderr]     15:     0x64d512919172 - cmake::fail::h9bc902a4fff2c207
[INFO] [stderr]     16:     0x64d51291890d - cmake::run::hbb152cc0abf63adc
[INFO] [stderr]     17:     0x64d5129151e3 - cmake::Config::build::h0660c8ee33c36c41
[INFO] [stderr]     18:     0x64d512427294 - build_script_main::built_boring_source_path::{{closure}}::h3332af4d17df4b29
[INFO] [stderr]     19:     0x64d512416d67 - std::sync::once_lock::OnceLock<T>::get_or_init::{{closure}}::hd7800de3f7375e91
[INFO] [stderr]     20:     0x64d512416bc9 - std::sync::once_lock::OnceLock<T>::initialize::{{closure}}::h3f7a5a56399783e7
[INFO] [stderr]     21:     0x64d51241e100 - std::sync::once::Once::call_once_force::{{closure}}::he63b53c2d0067140
[INFO] [stderr]     22:     0x64d51240ead4 - std::sys::sync::once::futex::Once::call::h13efbc5649cf3388
[INFO] [stderr]                                  at /rustc/202008a1b8de96d2e5b6bc02d379db03a877d34d/library/std/src/sys/sync/once/futex.rs:176:21
[INFO] [stderr]     23:     0x64d51241df4f - std::sync::once::Once::call_once_force::h2d28cf6be5863b18
[INFO] [stderr]     24:     0x64d512416b3b - std::sync::once_lock::OnceLock<T>::initialize::h0c610b1c1ccc3de7
[INFO] [stderr]     25:     0x64d512416e0c - std::sync::once_lock::OnceLock<T>::get_or_try_init::h399e2ea58adbe51a
[INFO] [stderr]     26:     0x64d512416d06 - std::sync::once_lock::OnceLock<T>::get_or_init::h9c8a343e56e3de4d
[INFO] [stderr]     27:     0x64d512426f54 - build_script_main::built_boring_source_path::h6f252c4dee2a71d0
[INFO] [stderr]     28:     0x64d512427e7f - build_script_main::main::h214b88240968ba00
[INFO] [stderr]     29:     0x64d5124170e3 - core::ops::function::FnOnce::call_once::h247bb1fbacbc0f0b
[INFO] [stderr]     30:     0x64d51241adc6 - std::sys::backtrace::__rust_begin_short_backtrace::h91f00e8cd9747311
[INFO] [stderr]     31:     0x64d512416879 - std::rt::lang_start::{{closure}}::h86f9390300ccd513
[INFO] [stderr]     32:     0x64d5129a34b7 - core::ops::function::impls::<impl core::ops::function::FnOnce<A> for &F>::call_once::hba2470d01d3f5e41
[INFO] [stderr]                                  at /rustc/202008a1b8de96d2e5b6bc02d379db03a877d34d/library/core/src/ops/function.rs:284:13
[INFO] [stderr]     33:     0x64d5129a34b7 - std::panicking::try::do_call::hc063fb73159aab72
[INFO] [stderr]                                  at /rustc/202008a1b8de96d2e5b6bc02d379db03a877d34d/library/std/src/panicking.rs:557:40
[INFO] [stderr]     34:     0x64d5129a34b7 - std::panicking::try::h2767c6d245d3a3bb
[INFO] [stderr]                                  at /rustc/202008a1b8de96d2e5b6bc02d379db03a877d34d/library/std/src/panicking.rs:520:19
[INFO] [stderr]     35:     0x64d5129a34b7 - std::panic::catch_unwind::h061c6ef75790da63
[INFO] [stderr]                                  at /rustc/202008a1b8de96d2e5b6bc02d379db03a877d34d/library/std/src/panic.rs:358:14
[INFO] [stderr]     36:     0x64d5129a34b7 - std::rt::lang_start_internal::{{closure}}::h5c5e35b11a4b8c4e
[INFO] [stderr]                                  at /rustc/202008a1b8de96d2e5b6bc02d379db03a877d34d/library/std/src/rt.rs:174:48
[INFO] [stderr]     37:     0x64d5129a34b7 - std::panicking::try::do_call::h705e99690a8109cc
[INFO] [stderr]                                  at /rustc/202008a1b8de96d2e5b6bc02d379db03a877d34d/library/std/src/panicking.rs:557:40
[INFO] [stderr]     38:     0x64d5129a34b7 - std::panicking::try::he5f4452754ed9a34
[INFO] [stderr]                                  at /rustc/202008a1b8de96d2e5b6bc02d379db03a877d34d/library/std/src/panicking.rs:520:19
[INFO] [stderr]     39:     0x64d5129a34b7 - std::panic::catch_unwind::h5db61b3bcbe883e5
[INFO] [stderr]                                  at /rustc/202008a1b8de96d2e5b6bc02d379db03a877d34d/library/std/src/panic.rs:358:14
[INFO] [stderr]     40:     0x64d5129a34b7 - std::rt::lang_start_internal::h81da9b59bab665c6
[INFO] [stderr]                                  at /rustc/202008a1b8de96d2e5b6bc02d379db03a877d34d/library/std/src/rt.rs:174:20
[INFO] [stderr]     41:     0x64d512416857 - std::rt::lang_start::hf57c1586f85ae976
[INFO] [stderr]     42:     0x64d512429665 - main
[INFO] [stderr]     43:     0x703f166fcd90 - <unknown>
[INFO] [stderr]     44:     0x703f166fce40 - __libc_start_main
[INFO] [stderr]     45:     0x64d5124102e5 - _start
[INFO] [stderr]     46:                0x0 - <unknown>
[INFO] running `Command { std: "docker" "inspect" "04010e5278771c25366344281d061b2e3972c7f631a5c07cc3ccd6be4a105859", kill_on_drop: false }`
[INFO] running `Command { std: "docker" "rm" "-f" "04010e5278771c25366344281d061b2e3972c7f631a5c07cc3ccd6be4a105859", kill_on_drop: false }`
[INFO] [stdout] 04010e5278771c25366344281d061b2e3972c7f631a5c07cc3ccd6be4a105859
