[INFO] fetching crate bonfida-test-utils 0.6.4...
[INFO] testing bonfida-test-utils-0.6.4 against beta-2024-12-08 for beta-1.84.0-4-retry
[INFO] extracting crate bonfida-test-utils 0.6.4 into /workspace/builds/worker-3-tc2/source
[INFO] validating manifest of crates.io crate bonfida-test-utils 0.6.4 on toolchain beta-2024-12-08
[INFO] running `Command { std: CARGO_HOME="/workspace/cargo-home" RUSTUP_HOME="/workspace/rustup-home" "/workspace/cargo-home/bin/cargo" "+beta-2024-12-08" "metadata" "--manifest-path" "Cargo.toml" "--no-deps", kill_on_drop: false }`
[INFO] started tweaking crates.io crate bonfida-test-utils 0.6.4
[INFO] finished tweaking crates.io crate bonfida-test-utils 0.6.4
[INFO] tweaked toml for crates.io crate bonfida-test-utils 0.6.4 written to /workspace/builds/worker-3-tc2/source/Cargo.toml
[INFO] running `Command { std: CARGO_HOME="/workspace/cargo-home" RUSTUP_HOME="/workspace/rustup-home" "/workspace/cargo-home/bin/cargo" "+beta-2024-12-08" "generate-lockfile" "--manifest-path" "Cargo.toml", kill_on_drop: false }`
[INFO] [stderr]     Updating crates.io index
[INFO] [stderr]     Blocking waiting for file lock on package cache
[INFO] [stderr]      Locking 582 packages to latest compatible versions
[INFO] [stderr]       Adding solana-program v1.18.26 (available: v2.1.5)
[INFO] [stderr]       Adding solana-program-test v1.18.26 (available: v2.1.5)
[INFO] [stderr]       Adding solana-sdk v1.18.26 (available: v2.1.5)
[INFO] [stderr]       Adding solana_rbpf v0.8.3 (available: v0.8.5)
[INFO] [stderr]       Adding spl-associated-token-account v3.0.4 (available: v6.0.0)
[INFO] [stderr]       Adding spl-memo v4.0.0 (available: v4.0.4)
[INFO] [stderr]       Adding spl-token v4.0.0 (available: v4.0.3)
[INFO] [stderr]       Adding subtle v2.4.1 (available: v2.6.1)
[INFO] [stderr]       Adding zeroize v1.3.0 (available: v1.8.1)
[INFO] running `Command { std: CARGO_HOME="/workspace/cargo-home" RUSTUP_HOME="/workspace/rustup-home" "/workspace/cargo-home/bin/cargo" "+beta-2024-12-08" "fetch" "--manifest-path" "Cargo.toml", kill_on_drop: false }`
[INFO] running `Command { std: "docker" "create" "-v" "/var/lib/crater-agent-workspace/builds/worker-3-tc2/target:/opt/rustwide/target:rw,Z" "-v" "/var/lib/crater-agent-workspace/builds/worker-3-tc2/source:/opt/rustwide/workdir:ro,Z" "-v" "/var/lib/crater-agent-workspace/cargo-home:/opt/rustwide/cargo-home:ro,Z" "-v" "/var/lib/crater-agent-workspace/rustup-home:/opt/rustwide/rustup-home:ro,Z" "-e" "SOURCE_DIR=/opt/rustwide/workdir" "-e" "CARGO_TARGET_DIR=/opt/rustwide/target" "-e" "CARGO_HOME=/opt/rustwide/cargo-home" "-e" "RUSTUP_HOME=/opt/rustwide/rustup-home" "-w" "/opt/rustwide/workdir" "-m" "1610612736" "--user" "0:0" "--network" "none" "ghcr.io/rust-lang/crates-build-env/linux@sha256:f3a9d4ad9d972b27faf3965f35b62e55ba32bbce8f20bc8fe909558a86702fde" "/opt/rustwide/cargo-home/bin/cargo" "+beta-2024-12-08" "metadata" "--no-deps" "--format-version=1", kill_on_drop: false }`
[INFO] [stdout] 901f83b517f82e1c5084ed4ad13c68b41e55e17e292ad9b092e37204eee63911
[INFO] running `Command { std: "docker" "start" "-a" "901f83b517f82e1c5084ed4ad13c68b41e55e17e292ad9b092e37204eee63911", kill_on_drop: false }`
[INFO] running `Command { std: "docker" "inspect" "901f83b517f82e1c5084ed4ad13c68b41e55e17e292ad9b092e37204eee63911", kill_on_drop: false }`
[INFO] running `Command { std: "docker" "rm" "-f" "901f83b517f82e1c5084ed4ad13c68b41e55e17e292ad9b092e37204eee63911", kill_on_drop: false }`
[INFO] [stdout] 901f83b517f82e1c5084ed4ad13c68b41e55e17e292ad9b092e37204eee63911
[INFO] running `Command { std: "docker" "create" "-v" "/var/lib/crater-agent-workspace/builds/worker-3-tc2/target:/opt/rustwide/target:rw,Z" "-v" "/var/lib/crater-agent-workspace/builds/worker-3-tc2/source:/opt/rustwide/workdir:ro,Z" "-v" "/var/lib/crater-agent-workspace/cargo-home:/opt/rustwide/cargo-home:ro,Z" "-v" "/var/lib/crater-agent-workspace/rustup-home:/opt/rustwide/rustup-home:ro,Z" "-e" "SOURCE_DIR=/opt/rustwide/workdir" "-e" "CARGO_TARGET_DIR=/opt/rustwide/target" "-e" "CARGO_INCREMENTAL=0" "-e" "RUST_BACKTRACE=full" "-e" "RUSTFLAGS=--cap-lints=warn" "-e" "RUSTDOCFLAGS=--cap-lints=warn" "-e" "CARGO_HOME=/opt/rustwide/cargo-home" "-e" "RUSTUP_HOME=/opt/rustwide/rustup-home" "-w" "/opt/rustwide/workdir" "-m" "1610612736" "--user" "0:0" "--network" "none" "ghcr.io/rust-lang/crates-build-env/linux@sha256:f3a9d4ad9d972b27faf3965f35b62e55ba32bbce8f20bc8fe909558a86702fde" "/opt/rustwide/cargo-home/bin/cargo" "+beta-2024-12-08" "build" "--frozen" "--message-format=json", kill_on_drop: false }`
[INFO] [stdout] 827e8a17bc5f957523ed4b4a49289da20a478d43e65c8db5f7550eb73f40b7d1
[INFO] running `Command { std: "docker" "start" "-a" "827e8a17bc5f957523ed4b4a49289da20a478d43e65c8db5f7550eb73f40b7d1", kill_on_drop: false }`
[INFO] [stderr]    Compiling proc-macro2 v1.0.92
[INFO] [stderr]    Compiling unicode-ident v1.0.14
[INFO] [stderr]    Compiling libc v0.2.168
[INFO] [stderr]    Compiling cfg-if v1.0.0
[INFO] [stderr]    Compiling version_check v0.9.5
[INFO] [stderr]    Compiling autocfg v1.4.0
[INFO] [stderr]    Compiling typenum v1.17.0
[INFO] [stderr]    Compiling serde v1.0.216
[INFO] [stderr]    Compiling syn v1.0.109
[INFO] [stderr]    Compiling once_cell v1.20.2
[INFO] [stderr]    Compiling generic-array v0.14.7
[INFO] [stderr]    Compiling shlex v1.3.0
[INFO] [stderr]    Compiling semver v1.0.24
[INFO] [stderr]    Compiling byteorder v1.5.0
[INFO] [stderr]    Compiling num-traits v0.2.19
[INFO] [stderr]    Compiling memchr v2.7.4
[INFO] [stderr]    Compiling subtle v2.4.1
[INFO] [stderr]    Compiling rustc_version v0.4.1
[INFO] [stderr]    Compiling quote v1.0.37
[INFO] [stderr]    Compiling thiserror v1.0.69
[INFO] [stderr]    Compiling syn v2.0.90
[INFO] [stderr]    Compiling log v0.4.22
[INFO] [stderr]    Compiling jobserver v0.1.32
[INFO] [stderr]    Compiling cpufeatures v0.2.16
[INFO] [stderr]    Compiling itoa v1.0.14
[INFO] [stderr]    Compiling cc v1.2.4
[INFO] [stderr]    Compiling equivalent v1.0.1
[INFO] [stderr]    Compiling hashbrown v0.15.2
[INFO] [stderr]    Compiling crossbeam-utils v0.8.20
[INFO] [stderr]    Compiling num-integer v0.1.46
[INFO] [stderr]    Compiling lazy_static v1.5.0
[INFO] [stderr]    Compiling either v1.13.0
[INFO] [stderr]    Compiling getrandom v0.2.15
[INFO] [stderr]    Compiling num-bigint v0.4.6
[INFO] [stderr]    Compiling rand_core v0.6.4
[INFO] [stderr]    Compiling indexmap v2.7.0
[INFO] [stderr]    Compiling getrandom v0.1.16
[INFO] [stderr]    Compiling toml_datetime v0.6.8
[INFO] [stderr]    Compiling opaque-debug v0.3.1
[INFO] [stderr]    Compiling crunchy v0.2.2
[INFO] [stderr]    Compiling ahash v0.7.8
[INFO] [stderr]    Compiling ahash v0.8.11
[INFO] [stderr]    Compiling fnv v1.0.7
[INFO] [stderr]    Compiling rand_core v0.5.1
[INFO] [stderr]    Compiling itertools v0.10.5
[INFO] [stderr]    Compiling block-padding v0.2.1
[INFO] [stderr]    Compiling paste v1.0.15
[INFO] [stderr]    Compiling crossbeam-epoch v0.9.18
[INFO] [stderr]    Compiling digest v0.9.0
[INFO] [stderr]    Compiling rayon-core v1.12.1
[INFO] [stderr]    Compiling winnow v0.6.20
[INFO] [stderr]    Compiling serde_json v1.0.133
[INFO] [stderr]    Compiling wasm-bindgen-shared v0.2.99
[INFO] [stderr]    Compiling ryu v1.0.18
[INFO] [stderr]    Compiling libsecp256k1-core v0.2.2
[INFO] [stderr]    Compiling crossbeam-deque v0.8.5
[INFO] [stderr]    Compiling base64 v0.21.7
[INFO] [stderr]    Compiling rustversion v1.0.18
[INFO] [stderr]    Compiling tinyvec_macros v0.1.1
[INFO] [stderr]    Compiling tinyvec v1.8.0
[INFO] [stderr]    Compiling feature-probe v0.1.1
[INFO] [stderr]    Compiling anyhow v1.0.94
[INFO] [stderr]    Compiling bumpalo v3.16.0
[INFO] [stderr]    Compiling wasm-bindgen-backend v0.2.99
[INFO] [stderr]    Compiling bv v0.11.1
[INFO] [stderr]    Compiling rayon v1.10.0
[INFO] [stderr]    Compiling toml_edit v0.22.22
[INFO] [stderr]    Compiling libsecp256k1-gen-ecmult v0.2.1
[INFO] [stderr]    Compiling libsecp256k1-gen-genmult v0.2.1
[INFO] [stderr]    Compiling bitmaps v2.1.0
[INFO] [stderr]    Compiling toml v0.5.11
[INFO] [stderr]    Compiling solana-frozen-abi-macro v1.18.26
[INFO] [stderr]    Compiling im v15.1.0
[INFO] [stderr]    Compiling cfg_aliases v0.2.1
[INFO] [stderr]    Compiling keccak v0.1.5
[INFO] [stderr]    Compiling rustc-hash v1.1.0
[INFO] [stderr]    Compiling percent-encoding v2.3.1
[INFO] [stderr]    Compiling proc-macro-crate v0.1.5
[INFO] [stderr]    Compiling borsh v1.5.3
[INFO] [stderr]    Compiling sized-chunks v0.6.5
[INFO] [stderr]    Compiling wasm-bindgen-macro-support v0.2.99
[INFO] [stderr]    Compiling proc-macro-crate v3.2.0
[INFO] [stderr]    Compiling libsecp256k1 v0.6.0
[INFO] [stderr]    Compiling borsh-derive-internal v0.9.3
[INFO] [stderr]    Compiling borsh-schema-derive-internal v0.10.4
[INFO] [stderr]    Compiling borsh-derive-internal v0.10.4
[INFO] [stderr]    Compiling borsh-schema-derive-internal v0.9.3
[INFO] [stderr]    Compiling blake3 v1.5.5
[INFO] [stderr]    Compiling rand_xoshiro v0.6.0
[INFO] [stderr]    Compiling ark-serialize-derive v0.4.2
[INFO] [stderr]    Compiling derivative v2.2.0
[INFO] [stderr]    Compiling ark-ff-macros v0.4.2
[INFO] [stderr]    Compiling ark-ff-asm v0.4.2
[INFO] [stderr]    Compiling serde_derive v1.0.216
[INFO] [stderr]    Compiling zerocopy-derive v0.7.35
[INFO] [stderr]    Compiling thiserror-impl v1.0.69
[INFO] [stderr]    Compiling zeroize_derive v1.4.2
[INFO] [stderr]    Compiling solana-frozen-abi v1.18.26
[INFO] [stderr]    Compiling memoffset v0.9.1
[INFO] [stderr]    Compiling arrayref v0.3.9
[INFO] [stderr]    Compiling bs58 v0.4.0
[INFO] [stderr]    Compiling wasm-bindgen v0.2.99
[INFO] [stderr]    Compiling borsh-derive v1.5.3
[INFO] [stderr]    Compiling wasm-bindgen-macro v0.2.99
[INFO] [stderr]    Compiling zeroize v1.3.0
[INFO] [stderr]    Compiling zerocopy v0.7.35
[INFO] [stderr]    Compiling bytemuck_derive v1.8.0
[INFO] [stderr]    Compiling borsh-derive v0.9.3
[INFO] [stderr]    Compiling borsh-derive v0.10.4
[INFO] [stderr]    Compiling unicode-normalization v0.1.24
[INFO] [stderr]    Compiling ppv-lite86 v0.2.20
[INFO] [stderr]    Compiling hashbrown v0.11.2
[INFO] [stderr]    Compiling solana-program v1.18.26
[INFO] [stderr]    Compiling hashbrown v0.13.2
[INFO] [stderr]    Compiling rand_chacha v0.3.1
[INFO] [stderr]    Compiling rand_chacha v0.2.2
[INFO] [stderr]    Compiling memmap2 v0.5.10
[INFO] [stderr]    Compiling base64 v0.12.3
[INFO] [stderr]    Compiling rand v0.8.5
[INFO] [stderr]    Compiling rand v0.7.3
[INFO] [stderr]    Compiling constant_time_eq v0.3.1
[INFO] [stderr]    Compiling arrayvec v0.7.6
[INFO] [stderr]    Compiling borsh v0.10.4
[INFO] [stderr]    Compiling borsh v0.9.3
[INFO] [stderr]    Compiling bytemuck v1.20.0
[INFO] [stderr]    Compiling ark-std v0.4.0
[INFO] [stderr]    Compiling solana-sdk-macro v1.18.26
[INFO] [stderr]    Compiling num-derive v0.4.2
[INFO] [stderr]    Compiling aho-corasick v1.1.3
[INFO] [stderr]    Compiling regex-syntax v0.8.5
[INFO] [stderr]    Compiling strsim v0.11.1
[INFO] [stderr]    Compiling ident_case v1.0.1
[INFO] [stderr]    Compiling darling_core v0.20.10
[INFO] [stderr]    Compiling atty v0.2.14
[INFO] [stderr]    Compiling termcolor v1.4.1
[INFO] [stderr]    Compiling humantime v2.1.0
[INFO] [stderr]    Compiling signature v1.6.4
[INFO] [stderr]    Compiling ed25519 v1.5.3
[INFO] [stderr]    Compiling iana-time-zone v0.1.61
[INFO] [stderr]    Compiling num_enum_derive v0.7.3
[INFO] [stderr]    Compiling solana-sdk v1.18.26
[INFO] [stderr]    Compiling derivation-path v0.2.0
[INFO] [stderr]    Compiling smallvec v1.13.2
[INFO] [stderr]    Compiling qualifier_attr v0.2.2
[INFO] [stderr]    Compiling qstring v0.7.2
[INFO] [stderr]    Compiling uriparse v0.6.4
[INFO] [stderr]    Compiling siphasher v0.3.11
[INFO] [stderr]    Compiling pin-project-lite v0.2.15
[INFO] [stderr]    Compiling assert_matches v1.5.0
[INFO] [stderr]    Compiling lock_api v0.4.12
[INFO] [stderr]    Compiling parking_lot_core v0.9.10
[INFO] [stderr]    Compiling bitflags v2.6.0
[INFO] [stderr]    Compiling bincode v1.3.3
[INFO] [stderr]    Compiling block-buffer v0.10.4
[INFO] [stderr]    Compiling crypto-common v0.1.6
[INFO] [stderr]    Compiling digest v0.10.7
[INFO] [stderr]    Compiling block-buffer v0.9.0
[INFO] [stderr]    Compiling ark-serialize v0.4.2
[INFO] [stderr]    Compiling crypto-mac v0.8.0
[INFO] [stderr]    Compiling sha2 v0.9.9
[INFO] [stderr]    Compiling hmac v0.8.1
[INFO] [stderr]    Compiling sha2 v0.10.8
[INFO] [stderr]    Compiling curve25519-dalek v3.2.1
[INFO] [stderr]    Compiling ark-ff v0.4.2
[INFO] [stderr]    Compiling hmac-drbg v0.3.0
[INFO] [stderr]    Compiling pbkdf2 v0.4.0
[INFO] [stderr]    Compiling serde_bytes v0.11.15
[INFO] [stderr]    Compiling tiny-bip39 v0.8.2
[INFO] [stderr]    Compiling sha3 v0.10.8
[INFO] [stderr]    Compiling regex-automata v0.4.9
[INFO] [stderr]    Compiling darling_macro v0.20.10
[INFO] [stderr]    Compiling hmac v0.12.1
[INFO] [stderr]    Compiling ed25519-dalek v1.0.1
[INFO] [stderr]    Compiling chrono v0.4.39
[INFO] [stderr]    Compiling ed25519-dalek-bip32 v0.2.0
[INFO] [stderr]    Compiling pbkdf2 v0.11.0
[INFO] [stderr]    Compiling num_enum v0.7.3
[INFO] [stderr]    Compiling bytes v1.9.0
[INFO] [stderr]    Compiling scopeguard v1.2.0
[INFO] [stderr]    Compiling darling v0.20.10
[INFO] [stderr]    Compiling serde_with_macros v2.3.3
[INFO] [stderr]    Compiling futures-core v0.3.31
[INFO] [stderr]    Compiling synstructure v0.13.1
[INFO] [stderr]    Compiling parking_lot v0.12.3
[INFO] [stderr]    Compiling displaydoc v0.2.5
[INFO] [stderr]    Compiling slab v0.4.9
[INFO] [stderr]    Compiling zerofrom-derive v0.1.5
[INFO] [stderr]    Compiling futures-sink v0.3.31
[INFO] [stderr]    Compiling regex v1.11.1
[INFO] [stderr]    Compiling yoke-derive v0.7.5
[INFO] [stderr]    Compiling serde_with v2.3.3
[INFO] [stderr]    Compiling env_logger v0.9.3
[INFO] [stderr]    Compiling solana-logger v1.18.26
[INFO] [stderr]    Compiling socket2 v0.5.8
[INFO] [stderr]    Compiling stable_deref_trait v1.2.0
[INFO] [stderr]    Compiling zerovec-derive v0.10.3
[INFO] [stderr]    Compiling tokio-macros v2.4.0
[INFO] [stderr]    Compiling mio v1.0.3
[INFO] [stderr]    Compiling signal-hook-registry v1.4.2
[INFO] [stderr]    Compiling zerofrom v0.1.5
[INFO] [stderr]    Compiling pin-utils v0.1.0
[INFO] [stderr]    Compiling futures-channel v0.3.31
[INFO] [stderr]    Compiling yoke v0.7.5
[INFO] [stderr]    Compiling futures-macro v0.3.31
[INFO] [stderr]    Compiling ring v0.17.8
[INFO] [stderr]    Compiling futures-io v0.3.31
[INFO] [stderr]    Compiling futures-task v0.3.31
[INFO] [stderr]    Compiling tracing-core v0.1.33
[INFO] [stderr]    Compiling tokio v1.42.0
[INFO] [stderr]    Compiling writeable v0.5.5
[INFO] [stderr]    Compiling litemap v0.7.4
[INFO] [stderr]    Compiling zerovec v0.10.4
[INFO] [stderr]    Compiling icu_provider_macros v1.5.0
[INFO] [stderr]    Compiling tracing-attributes v0.1.28
[INFO] [stderr]    Compiling spin v0.9.8
[INFO] [stderr]    Compiling untrusted v0.9.0
[INFO] [stderr]    Compiling futures-util v0.3.31
[INFO] [stderr]    Compiling tinystr v0.7.6
[INFO] [stderr]    Compiling icu_locid_transform_data v1.5.0
[INFO] [stderr]    Compiling icu_collections v1.5.0
[INFO] [stderr]    Compiling icu_properties_data v1.5.0
[INFO] [stderr]    Compiling icu_locid v1.5.0
[INFO] [stderr]    Compiling utf8_iter v1.0.4
[INFO] [stderr]    Compiling utf16_iter v1.0.5
[INFO] [stderr]    Compiling rustls v0.21.12
[INFO] [stderr]    Compiling write16 v1.0.0
[INFO] [stderr]    Compiling icu_provider v1.5.0
[INFO] [stderr]    Compiling icu_normalizer_data v1.5.0
[INFO] [stderr]    Compiling tracing v0.1.41
[INFO] [stderr]    Compiling http v0.2.12
[INFO] [stderr]    Compiling icu_locid_transform v1.5.0
[INFO] [stderr]    Compiling form_urlencoded v1.2.1
[INFO] [stderr]    Compiling httparse v1.9.5
[INFO] [stderr]    Compiling crossbeam-channel v0.5.13
[INFO] [stderr]    Compiling ark-poly v0.4.2
[INFO] [stderr]    Compiling icu_properties v1.5.1
[INFO] [stderr]    Compiling cipher v0.3.0
[INFO] [stderr]    Compiling alloc-no-stdlib v2.0.4
[INFO] [stderr]    Compiling alloc-stdlib v0.2.2
[INFO] [stderr]    Compiling universal-hash v0.4.1
[INFO] [stderr]    Compiling rustls-pemfile v1.0.4
[INFO] [stderr]    Compiling try-lock v0.2.5
[INFO] [stderr]    Compiling adler2 v2.0.0
[INFO] [stderr]    Compiling want v0.3.1
[INFO] [stderr]    Compiling miniz_oxide v0.8.0
[INFO] [stderr]    Compiling polyval v0.5.3
[INFO] [stderr]    Compiling brotli-decompressor v4.0.1
[INFO] [stderr]    Compiling ark-ec v0.4.2
[INFO] [stderr]    Compiling ctr v0.8.0
[INFO] [stderr]    Compiling aes v0.7.5
[INFO] [stderr]    Compiling rustls-webpki v0.101.7
[INFO] [stderr]    Compiling sct v0.7.1
[INFO] [stderr]    Compiling tokio-util v0.7.13
[INFO] [stderr]    Compiling http-body v0.4.6
[INFO] [stderr]    Compiling aead v0.4.3
[INFO] [stderr]    Compiling ark-bn254 v0.4.0
[INFO] [stderr]    Compiling num-bigint v0.2.6
[INFO] [stderr]    Compiling crc32fast v1.4.2
[INFO] [stderr]    Compiling light-poseidon v0.2.0
[INFO] [stderr]    Compiling h2 v0.3.26
[INFO] [stderr]    Compiling tower-service v0.3.3
[INFO] [stderr]    Compiling httpdate v1.0.3
[INFO] [stderr]    Compiling flate2 v1.0.35
[INFO] [stderr]    Compiling icu_normalizer v1.5.0
[INFO] [stderr]    Compiling aes-gcm-siv v0.10.3
[INFO] [stderr]    Compiling brotli v7.0.0
[INFO] [stderr]    Compiling sha3 v0.9.1
[INFO] [stderr]    Compiling idna_adapter v1.2.0
[INFO] [stderr]    Compiling idna v1.0.3
[INFO] [stderr]    Compiling merlin v3.0.0
[INFO] [stderr]    Compiling url v2.5.4
[INFO] [stderr]    Compiling tokio-rustls v0.24.1
[INFO] [stderr]    Compiling num-complex v0.2.4
[INFO] [stderr]    Compiling num-rational v0.2.4
[INFO] [stderr]    Compiling webpki-roots v0.25.4
[INFO] [stderr]    Compiling serde_urlencoded v0.7.1
[INFO] [stderr]    Compiling scroll_derive v0.11.1
[INFO] [stderr]    Compiling encoding_rs v0.8.35
[INFO] [stderr]    Compiling mime v0.3.17
[INFO] [stderr]    Compiling sync_wrapper v0.1.2
[INFO] [stderr]    Compiling ipnet v2.10.1
[INFO] [stderr]    Compiling async-compression v0.4.18
[INFO] [stderr]    Compiling void v1.0.2
[INFO] [stderr]    Compiling unreachable v1.0.0
[INFO] [stderr]    Compiling scroll v0.11.0
[INFO] [stderr]    Compiling hyper v0.14.31
[INFO] [stderr]    Compiling gethostname v0.2.3
[INFO] [stderr]    Compiling num-iter v0.1.45
[INFO] [stderr]    Compiling plain v0.2.3
[INFO] [stderr]    Compiling ascii v0.9.3
[INFO] [stderr]    Compiling goblin v0.5.4
[INFO] [stderr]    Compiling combine v3.8.1
[INFO] [stderr]    Compiling num v0.2.1
[INFO] [stderr]    Compiling enum-iterator-derive v1.4.0
[INFO] [stderr]    Compiling solana-program-runtime v1.18.26
[INFO] [stderr]    Compiling hash32 v0.2.1
[INFO] [stderr]    Compiling rustc-demangle v0.1.24
[INFO] [stderr]    Compiling percentage v0.1.0
[INFO] [stderr]    Compiling eager v0.1.0
[INFO] [stderr]    Compiling pkg-config v0.3.31
[INFO] [stderr]    Compiling spl-program-error-derive v0.3.2
[INFO] [stderr]    Compiling enum-iterator v1.5.0
[INFO] [stderr]    Compiling spl-discriminator-syn v0.1.2
[INFO] [stderr]    Compiling winnow v0.5.40
[INFO] [stderr]    Compiling spl-discriminator-derive v0.1.2
[INFO] [stderr]    Compiling zstd-sys v2.0.13+zstd.1.5.6
[INFO] [stderr]    Compiling solana-vote-program v1.18.26
[INFO] [stderr]    Compiling futures-executor v0.3.31
[INFO] [stderr]    Compiling hyper-rustls v0.24.2
[INFO] [stderr]    Compiling num-derive v0.3.3
[INFO] [stderr]    Compiling reqwest v0.11.27
[INFO] [stderr]    Compiling toml_edit v0.19.15
[INFO] [stderr]    Compiling solana_rbpf v0.8.3
[INFO] [stderr]    Compiling powerfmt v0.2.0
[INFO] [stderr]    Compiling time-core v0.1.2
[INFO] [stderr]    Compiling num-conv v0.1.0
[INFO] [stderr]    Compiling deranged v0.3.11
[INFO] [stderr]    Compiling time-macros v0.2.19
[INFO] [stderr]    Compiling solana-security-txt v1.1.1
[INFO] [stderr]    Compiling zstd-safe v5.0.2+zstd.1.5.2
[INFO] [stderr]    Compiling proc-macro-crate v1.3.1
[INFO] [stderr]    Compiling async-trait v0.1.83
[INFO] [stderr]    Compiling solana-version v1.18.26
[INFO] [stderr]    Compiling time v0.3.37
[INFO] [stderr]    Compiling rustix v0.38.42
[INFO] [stderr]    Compiling futures v0.3.31
[INFO] [stderr]    Compiling ring v0.16.20
[INFO] [stderr]    Compiling num_enum_derive v0.6.1
[INFO] [stderr]    Compiling bitflags v1.3.2
[INFO] [stderr]    Compiling unicode-width v0.1.14
[INFO] [stderr]    Compiling linux-raw-sys v0.4.14
[INFO] [stderr]    Compiling num_enum v0.6.1
[INFO] [stderr]    Compiling untrusted v0.7.1
[INFO] [stderr]    Compiling spin v0.5.2
[INFO] [stderr]    Compiling Inflector v0.11.4
[INFO] [stderr]    Compiling memoffset v0.7.1
[INFO] [stderr]    Compiling minimal-lexical v0.2.1
[INFO] [stderr]    Compiling unicode-xid v0.2.6
[INFO] [stderr]    Compiling base64 v0.13.1
[INFO] [stderr]    Compiling synstructure v0.12.6
[INFO] [stderr]    Compiling nom v7.1.3
[INFO] [stderr]    Compiling console v0.15.8
[INFO] [stderr]    Compiling data-encoding v2.6.0
[INFO] [stderr]    Compiling fastrand v2.3.0
[INFO] [stderr]    Compiling asn1-rs-derive v0.4.0
[INFO] [stderr]    Compiling tempfile v3.14.0
[INFO] [stderr]    Compiling pem v1.1.1
[INFO] [stderr]    Compiling rusticata-macros v4.1.0
[INFO] [stderr]    Compiling yasna v0.5.2
[INFO] [stderr]    Compiling jsonrpc-core v18.0.0
[INFO] [stderr]    Compiling asn1-rs-impl v0.1.0
[INFO] [stderr]    Compiling hashbrown v0.12.3
[INFO] [stderr]    Compiling num_cpus v1.16.0
[INFO] [stderr]    Compiling spl-program-error v0.3.0
[INFO] [stderr]    Compiling spl-discriminator v0.1.0
[INFO] [stderr]    Compiling spl-token v4.0.0
[INFO] [stderr]    Compiling spl-memo v4.0.0
[INFO] [stderr]    Compiling proc-macro-error-attr v1.0.4
[INFO] [stderr]    Compiling portable-atomic v1.10.0
[INFO] [stderr]    Compiling asn1-rs v0.5.2
[INFO] [stderr]    Compiling solana-rayon-threadlimit v1.18.26
[INFO] [stderr]    Compiling rcgen v0.10.0
[INFO] [stderr]    Compiling nix v0.26.4
[INFO] [stderr]    Compiling dlopen2_derive v0.3.0
[INFO] [stderr]    Compiling solana-perf v1.18.26
[INFO] [stderr]    Compiling indexmap v1.9.3
[INFO] [stderr]    Compiling proc-macro-error v1.0.4
[INFO] [stderr]    Compiling const-oid v0.7.1
[INFO] [stderr]    Compiling oid-registry v0.6.1
[INFO] [stderr]    Compiling openssl-probe v0.1.5
[INFO] [stderr]    Compiling static_assertions v1.1.0
[INFO] [stderr]    Compiling rustls-native-certs v0.6.3
[INFO] [stderr]    Compiling dlopen2 v0.5.0
[INFO] [stderr]    Compiling der v0.5.1
[INFO] [stderr]    Compiling spl-program-error-derive v0.4.1
[INFO] [stderr]    Compiling zstd v0.11.2+zstd.1.5.2
[INFO] [stderr]    Compiling spl-discriminator-syn v0.2.0
[INFO] [stderr]    Compiling caps v0.5.5
[INFO] [stderr]    Compiling pin-project-internal v1.1.7
[INFO] [stderr]    Compiling os_str_bytes v6.6.1
[INFO] [stderr]    Compiling number_prefix v0.4.0
[INFO] [stderr]    Compiling unicode-width v0.2.0
[INFO] [stderr]    Compiling base64ct v1.6.0
[INFO] [stderr]    Compiling event-listener v2.5.3
[INFO] [stderr]    Compiling indicatif v0.17.9
[INFO] [stderr]    Compiling clap_lex v0.2.4
[INFO] [stderr]    Compiling spl-program-error v0.4.4
[INFO] [stderr]    Compiling spki v0.5.4
[INFO] [stderr]    Compiling spl-discriminator-derive v0.2.0
[INFO] [stderr]    Compiling quinn-proto v0.10.6
[INFO] [stderr]    Compiling der-parser v8.2.0
[INFO] [stderr]    Compiling bzip2-sys v0.1.11+1.0.8
[INFO] [stderr]    Compiling webpki-roots v0.24.0
[INFO] [stderr]    Compiling quinn-udp v0.4.1
[INFO] [stderr]    Compiling pin-project v1.1.7
[INFO] [stderr]    Compiling sha1 v0.10.6
[INFO] [stderr]    Compiling concurrent-queue v2.5.0
[INFO] [stderr]    Compiling lz4-sys v1.11.1+lz4-1.10.0
[INFO] [stderr]    Compiling solana-stake-program v1.18.26
[INFO] [stderr]    Compiling strsim v0.10.0
[INFO] [stderr]    Compiling shell-words v1.1.0
[INFO] [stderr]    Compiling textwrap v0.16.1
[INFO] [stderr]    Compiling utf-8 v0.7.6
[INFO] [stderr]    Compiling tungstenite v0.20.1
[INFO] [stderr]    Compiling dialoguer v0.10.4
[INFO] [stderr]    Compiling async-channel v1.9.0
[INFO] [stderr]    Compiling clap v3.2.25
[INFO] [stderr]    Compiling x509-parser v0.14.0
[INFO] [stderr]    Compiling spl-discriminator v0.2.5
[INFO] [stderr]    Compiling pkcs8 v0.8.0
[INFO] [stderr]    Compiling textwrap v0.11.0
[INFO] [stderr]    Compiling enum-ordinalize v3.1.15
[INFO] [stderr]    Compiling solana-zk-token-sdk v1.18.26
[INFO] [stderr]    Compiling solana-measure v1.18.26
[INFO] [stderr]    Compiling solana-metrics v1.18.26
[INFO] [stderr]    Compiling solana-connection-cache v1.18.26
[INFO] [stderr]    Compiling quinn v0.10.2
[INFO] [stderr]    Compiling modular-bitfield-impl v0.11.2
[INFO] [stderr]    Compiling solana-config-program v1.18.26
[INFO] [stderr]    Compiling rtoolbox v0.0.2
[INFO] [stderr]    Compiling sharded-slab v0.1.7
[INFO] [stderr]    Compiling solana-address-lookup-table-program v1.18.26
[INFO] [stderr]    Compiling thread_local v1.1.8
[INFO] [stderr]    Compiling hashbrown v0.14.5
[INFO] [stderr]    Compiling predicates-core v1.0.8
[INFO] [stderr]    Compiling ansi_term v0.12.1
[INFO] [stderr]    Compiling heck v0.4.1
[INFO] [stderr]    Compiling histogram v0.6.9
[INFO] [stderr]    Compiling strsim v0.8.0
[INFO] [stderr]    Compiling vec_map v0.8.2
[INFO] [stderr]    Compiling dashmap v5.5.3
[INFO] [stderr]    Compiling clap v2.34.0
[INFO] [stderr]    Compiling strum_macros v0.24.3
[INFO] [stderr]    Compiling solana-streamer v1.18.26
[INFO] [stderr]    Compiling ouroboros_macro v0.15.6
[INFO] [stderr]    Compiling tracing-subscriber v0.3.19
[INFO] [stderr]    Compiling modular-bitfield v0.11.2
[INFO] [stderr]    Compiling spl-pod v0.1.0
[INFO] [stderr]    Compiling spl-pod v0.2.5
[INFO] [stderr]    Compiling rpassword v7.3.1
[INFO] [stderr]    Compiling solana-system-program v1.18.26
[INFO] [stderr]    Compiling solana-net-utils v1.18.26
[INFO] [stderr]    Compiling educe v0.4.23
[INFO] [stderr]    Compiling solana-remote-wallet v1.18.26
[INFO] [stderr]    Compiling tokio-tungstenite v0.20.1
[INFO] [stderr]    Compiling spl-type-length-value v0.3.0
[INFO] [stderr]    Compiling spl-token-group-interface v0.1.0
[INFO] [stderr]    Compiling opentelemetry v0.17.0
[INFO] [stderr]    Compiling xattr v1.3.1
[INFO] [stderr]    Compiling tokio-stream v0.1.17
[INFO] [stderr]    Compiling filetime v0.2.25
[INFO] [stderr]    Compiling spl-tlv-account-resolution v0.5.1
[INFO] [stderr]    Compiling spl-token-metadata-interface v0.2.0
[INFO] [stderr]    Compiling float-cmp v0.9.0
[INFO] [stderr]    Compiling include_dir_macros v0.7.4
[INFO] [stderr]    Compiling solana-accounts-db v1.18.26
[INFO] [stderr]    Compiling solana-cost-model v1.18.26
[INFO] [stderr]    Compiling solana-vote v1.18.26
[INFO] [stderr]    Compiling same-file v1.0.6
[INFO] [stderr]    Compiling normalize-line-endings v0.3.0
[INFO] [stderr]    Compiling termtree v0.4.1
[INFO] [stderr]    Compiling difflib v0.4.0
[INFO] [stderr]    Compiling aliasable v0.1.3
[INFO] [stderr]    Compiling ouroboros v0.15.6
[INFO] [stderr]    Compiling predicates-tree v1.0.11
[INFO] [stderr]    Compiling include_dir v0.7.4
[INFO] [stderr]    Compiling predicates v2.1.5
[INFO] [stderr]    Compiling walkdir v2.5.0
[INFO] [stderr]    Compiling spl-transfer-hook-interface v0.4.1
[INFO] [stderr]    Compiling tracing-opentelemetry v0.17.4
[INFO] [stderr]    Compiling tar v0.4.43
[INFO] [stderr]    Compiling tokio-serde v0.8.0
[INFO] [stderr]    Compiling solana-clap-utils v1.18.26
[INFO] [stderr]    Compiling spl-type-length-value v0.4.6
[INFO] [stdout] error: failed to build archive at `/opt/rustwide/target/debug/deps/libopentelemetry-fbd79050d83fe486.rlib`: No space left on device (os error 28)
[INFO] [stdout] 
[INFO] [stdout] 
[INFO] [stderr] error: could not compile `opentelemetry` (lib) due to 1 previous error
[INFO] [stderr] warning: build failed, waiting for other jobs to finish...
[INFO] [stdout] error: failed to build archive at `/opt/rustwide/target/debug/deps/libpredicates-2b235aeeade25697.rlib`: No space left on device (os error 28)
[INFO] [stdout] 
[INFO] [stdout] 
[INFO] [stderr] error: could not compile `predicates` (lib) due to 1 previous error
[INFO] [stdout] error: failed to write to `/opt/rustwide/target/debug/deps/rmetaPQVhLV/lib.rmeta`: No space left on device (os error 28)
[INFO] [stdout] 
[INFO] [stdout] 
[INFO] [stderr] error: could not compile `itertools` (lib) due to 1 previous error
[INFO] [stderr] rustc-LLVM ERROR: IO failure on output stream: No space left on device
[INFO] [stderr] error: could not compile `solana-clap-utils` (lib)
[INFO] [stderr] 
[INFO] [stderr] Caused by:
[INFO] [stderr]   No space left on device (os error 28)
[INFO] [stderr] 
[INFO] [stderr] Caused by:
[INFO] [stderr]   failed to parse process output: `/opt/rustwide/rustup-home/toolchains/beta-2024-12-08-x86_64-unknown-linux-gnu/bin/rustc --crate-name solana_clap_utils --edition=2021 /opt/rustwide/cargo-home/registry/src/index.crates.io-6f17d22bba15001f/solana-clap-utils-1.18.26/src/lib.rs --error-format=json --json=diagnostic-rendered-ansi,artifacts,future-incompat --crate-type lib --emit=dep-info,metadata,link -C embed-bitcode=no -C debuginfo=2 --check-cfg 'cfg(docsrs)' --check-cfg 'cfg(feature, values())' -C metadata=3f3b778bc4f0d733 -C extra-filename=-3f3b778bc4f0d733 --out-dir /opt/rustwide/target/debug/deps -L dependency=/opt/rustwide/target/debug/deps --extern chrono=/opt/rustwide/target/debug/deps/libchrono-d2c3cd9218a79444.rmeta --extern clap=/opt/rustwide/target/debug/deps/libclap-2e01bcaf0b127215.rmeta --extern rpassword=/opt/rustwide/target/debug/deps/librpassword-8fe9421085fbc319.rmeta --extern solana_remote_wallet=/opt/rustwide/target/debug/deps/libsolana_remote_wallet-dfe3f6923da48e82.rmeta --extern solana_sdk=/opt/rustwide/target/debug/deps/libsolana_sdk-dbbfc0046335b492.rlib --extern thiserror=/opt/rustwide/target/debug/deps/libthiserror-adabc6dbccefd567.rmeta --extern bip39=/opt/rustwide/target/debug/deps/libbip39-08ee32c0f00df5e8.rmeta --extern uriparse=/opt/rustwide/target/debug/deps/liburiparse-6c13c7226fce53d7.rmeta --extern url=/opt/rustwide/target/debug/deps/liburl-62718b7a9c14fa28.rmeta --cap-lints allow --cap-lints=warn -L native=/opt/rustwide/target/debug/build/blake3-cf1c1083e503951a/out -L native=/opt/rustwide/target/debug/build/blake3-cf1c1083e503951a/out` (exit status: 101)
[INFO] [stderr] rustc-LLVM ERROR: IO failure on output stream: No space left on device
[INFO] [stdout] error: linking with `cc` failed: exit status: 1
[INFO] [stdout]   |
[INFO] [stdout]   = note: LC_ALL="C" PATH="/opt/rustwide/rustup-home/toolchains/beta-2024-12-08-x86_64-unknown-linux-gnu/lib/rustlib/x86_64-unknown-linux-gnu/bin:/opt/rustwide/cargo-home/bin:/usr/local/sbin:/usr/local/bin:/usr/sbin:/usr/bin:/sbin:/bin" VSLANG="1033" "cc" "-Wl,--version-script=/tmp/rustcrMFrWo/list" "-Wl,--no-undefined-version" "-m64" "/tmp/rustcrMFrWo/symbols.o" "/opt/rustwide/target/debug/deps/spl_transfer_hook_interface-62304bc898093dc4.spl_transfer_hook_interface.faf39c573b4d78b-cgu.0.rcgu.o" "/opt/rustwide/target/debug/deps/spl_transfer_hook_interface-62304bc898093dc4.1y8zrna0urbs82mai0flov5qo.rcgu.o" "-Wl,--as-needed" "-Wl,-Bstatic" "/opt/rustwide/target/debug/deps/libspl_tlv_account_resolution-f54161c6f85d16db.rlib" "/opt/rustwide/target/debug/deps/libspl_type_length_value-59693fe67b33d5f9.rlib" "/opt/rustwide/target/debug/deps/libspl_pod-56b8365629096892.rlib" "/opt/rustwide/target/debug/deps/libsolana_zk_token_sdk-e2b1684ec9a7329b.rlib" "/opt/rustwide/target/debug/deps/libmerlin-f4b79d8e9a33bfe5.rlib" "/opt/rustwide/target/debug/deps/libsolana_sdk-dbbfc0046335b492.rlib" "/opt/rustwide/target/debug/deps/libpbkdf2-6cf75d8987cb9e54.rlib" "/opt/rustwide/target/debug/deps/libserde_json-7505d74cfabdeb9e.rlib" "/opt/rustwide/target/debug/deps/libmemchr-9a8939bf952a23d7.rlib" "/opt/rustwide/target/debug/deps/libitoa-87633a66effadcdd.rlib" "/opt/rustwide/target/debug/deps/libryu-6e02dac7c3b6be75.rlib" "/opt/rustwide/target/debug/deps/libqstring-f446397c6e328bf3.rlib" "/opt/rustwide/target/debug/deps/libpercent_encoding-fc63a8437ca6afa3.rlib" "/opt/rustwide/target/debug/deps/libed25519_dalek_bip32-400622924c8b50ca.rlib" "/opt/rustwide/target/debug/deps/libhmac-442cd5c06d34486a.rlib" "/opt/rustwide/target/debug/deps/libserde_with-be50c336040b6427.rlib" "/opt/rustwide/target/debug/deps/libnum_enum-d28ee6cf430e8515.rlib" "/opt/rustwide/target/debug/deps/libmemmap2-c5b6f5d9c8ed5707.rlib" "/opt/rustwide/target/debug/deps/libchrono-d2c3cd9218a79444.rlib" "/opt/rustwide/target/debug/deps/libiana_time_zone-aa61143ae82ec891.rlib" "/opt/rustwide/target/debug/deps/libsiphasher-8c98df6e4615cbd6.rlib" "/opt/rustwide/target/debug/deps/libed25519_dalek-6820defc7df5d3f4.rlib" "/opt/rustwide/target/debug/deps/libed25519-de3993dd48b5ba06.rlib" "/opt/rustwide/target/debug/deps/libsignature-778b0d9ddd5ebb7c.rlib" "/opt/rustwide/target/debug/deps/liburiparse-6c13c7226fce53d7.rlib" "/opt/rustwide/target/debug/deps/libfnv-953831fe314029b4.rlib" "/opt/rustwide/target/debug/deps/libderivation_path-29d843252b2f5166.rlib" "/opt/rustwide/target/debug/deps/libsha3-c7f8daf8d4df0817.rlib" "/opt/rustwide/target/debug/deps/libaes_gcm_siv-8e4996bb1dc21240.rlib" "/opt/rustwide/target/debug/deps/libaes-2ee061f30b5e3bf4.rlib" "/opt/rustwide/target/debug/deps/libpolyval-fe41ab672bb0d8a8.rlib" "/opt/rustwide/target/debug/deps/libuniversal_hash-94cc4a239d16bee0.rlib" "/opt/rustwide/target/debug/deps/libctr-5e0fc8e9f32ea977.rlib" "/opt/rustwide/target/debug/deps/libcipher-40a17560cf2b40d7.rlib" "/opt/rustwide/target/debug/deps/libaead-bb0cb3dfdcf19af3.rlib" "/opt/rustwide/target/debug/deps/libspl_discriminator-0d806ed1644eaec4.rlib" "/opt/rustwide/target/debug/deps/libspl_program_error-75b8e69142e14122.rlib" "/opt/rustwide/target/debug/deps/libsolana_program-b52155905af7760b.rlib" "/opt/rustwide/target/debug/deps/liblibsecp256k1-104084c8ff283ec4.rlib" "/opt/rustwide/target/debug/deps/libbase64-00978a2741532e14.rlib" "/opt/rustwide/target/debug/deps/libsha2-0869abfedae27952.rlib" "/opt/rustwide/target/debug/deps/libopaque_debug-c90d164c19f6e835.rlib" "/opt/rustwide/target/debug/deps/libblock_buffer-264b35f34c711f8a.rlib" "/opt/rustwide/target/debug/deps/libblock_padding-e22d717cff8196e0.rlib" "/opt/rustwide/target/debug/deps/libhmac_drbg-e23a8447af160e40.rlib" "/opt/rustwide/target/debug/deps/libhmac-89407ccea0df7352.rlib" "/opt/rustwide/target/debug/deps/libcrypto_mac-1c662e3fd1901fdb.rlib" "/opt/rustwide/target/debug/deps/librand-8e56fba4993b1244.rlib" "/opt/rustwide/target/debug/deps/librand_chacha-fa5a13d06e01510d.rlib" "/opt/rustwide/target/debug/deps/liblibsecp256k1_core-c27d38dff8f0dae8.rlib" "/opt/rustwide/target/debug/deps/libcrunchy-82760e4d6a68d059.rlib" "/opt/rustwide/target/debug/deps/libcurve25519_dalek-961e83092326af15.rlib" "/opt/rustwide/target/debug/deps/librand_core-e00e90afb7d9aa6d.rlib" "/opt/rustwide/target/debug/deps/libgetrandom-c03117b6aae2f7ca.rlib" "/opt/rustwide/target/debug/deps/libdigest-e4d21592f830743a.rlib" "/opt/rustwide/target/debug/deps/libserde_bytes-cddeeb6b859dd5c0.rlib" "/opt/rustwide/target/debug/deps/libbs58-5df4082cdc088375.rlib" "/opt/rustwide/target/debug/deps/libwasm_bindgen-64943a2bdfc4a8f7.rlib" "/opt/rustwide/target/debug/deps/libbitflags-5d14d45f5f8e2b4a.rlib" "/opt/rustwide/target/debug/deps/libbv-e8e167c38184d816.rlib" "/opt/rustwide/target/debug/deps/libbase64-83d75e850891a998.rlib" "/opt/rustwide/target/debug/deps/liblight_poseidon-bb208172f0977d85.rlib" "/opt/rustwide/target/debug/deps/libblake3-b6e69650fb65e0cf.rlib" "/opt/rustwide/target/debug/deps/libconstant_time_eq-777662c3cd9e39cb.rlib" "/opt/rustwide/target/debug/deps/libarrayvec-00aabb31ff9cd96d.rlib" "/opt/rustwide/target/debug/deps/libarrayref-12272975890ee977.rlib" "/opt/rustwide/target/debug/deps/liblazy_static-34736fcc74b41a53.rlib" "/opt/rustwide/target/debug/deps/libsha3-85dd41492fd77495.rlib" "/opt/rustwide/target/debug/deps/libkeccak-1656f5245722dc78.rlib" "/opt/rustwide/target/debug/deps/libbincode-32c9dbcd0d3276b7.rlib" "/opt/rustwide/target/debug/deps/libsha2-915c3040c7450354.rlib" "/opt/rustwide/target/debug/deps/libcpufeatures-13f0d802b744a919.rlib" "/opt/rustwide/target/debug/deps/liblog-e73d77c4679bb236.rlib" "/opt/rustwide/target/debug/deps/libborsh-71f77749dce72cfd.rlib" "/opt/rustwide/target/debug/deps/libborsh-6ab05fa4d4839975.rlib" "/opt/rustwide/target/debug/deps/libborsh-b91b8cda39dbece5.rlib" "/opt/rustwide/target/debug/deps/libark_bn254-1224cc772e365b94.rlib" "/opt/rustwide/target/debug/deps/libark_ec-8b4e19ef4f232fb0.rlib" "/opt/rustwide/target/debug/deps/libark_poly-dd5350a40b90c706.rlib" "/opt/rustwide/target/debug/deps/libhashbrown-6346f06e16bf5d9f.rlib" "/opt/rustwide/target/debug/deps/libahash-de4d718800fbd286.rlib" "/opt/rustwide/target/debug/deps/libonce_cell-0a05695a483fa658.rlib" "/opt/rustwide/target/debug/deps/libitertools-2d1199708a150c4a.rlib" "/opt/rustwide/target/debug/deps/libeither-5adc936c7a206324.rlib" "/opt/rustwide/target/debug/deps/libark_ff-6464244560a7da00.rlib" "/opt/rustwide/target/debug/deps/libzeroize-166430652b7d73ec.rlib" "/opt/rustwide/target/debug/deps/libbytemuck-4aedbd75e51f3bd6.rlib" "/opt/rustwide/target/debug/deps/libark_serialize-f8096fd622d2eba4.rlib" "/opt/rustwide/target/debug/deps/libdigest-f951a9acb9460094.rlib" "/opt/rustwide/target/debug/deps/libsubtle-0edaccf6c176ff22.rlib" "/opt/rustwide/target/debug/deps/libblock_buffer-5eb032b6ca897468.rlib" "/opt/rustwide/target/debug/deps/libcrypto_common-e89e1873abb5e561.rlib" "/opt/rustwide/target/debug/deps/libgeneric_array-4d880ff738e60ed8.rlib" "/opt/rustwide/target/debug/deps/libtypenum-b40ba058056b0bf8.rlib" "/opt/rustwide/target/debug/deps/libnum_bigint-216fa0769a412b7c.rlib" "/opt/rustwide/target/debug/deps/libnum_integer-710f05265104a6b1.rlib" "/opt/rustwide/target/debug/deps/libark_std-726b1e544d44ebeb.rlib" "/opt/rustwide/target/debug/deps/librand-517dbbd772671ec8.rlib" "/opt/rustwide/target/debug/deps/librand_chacha-5b477c60bffa1279.rlib" "/opt/rustwide/target/debug/deps/libppv_lite86-b0cf15ecb1355105.rlib" "/opt/rustwide/target/debug/deps/libzerocopy-52dd75932bb7a43a.rlib" "/opt/rustwide/target/debug/deps/libbyteorder-bfb9f36af75d0832.rlib" "/opt/rustwide/target/debug/deps/librand_core-a3baf49d196d5c8c.rlib" "/opt/rustwide/target/debug/deps/libgetrandom-0a6cb97dd26f99dc.rlib" "/opt/rustwide/target/debug/deps/liblibc-e0480a2464fed25f.rlib" "/opt/rustwide/target/debug/deps/libcfg_if-a3e7e701fcd1f47b.rlib" "/opt/rustwide/target/debug/deps/libserde-e65a9cb7cb8cf2e5.rlib" "/opt/rustwide/target/debug/deps/libthiserror-adabc6dbccefd567.rlib" "/opt/rustwide/target/debug/deps/libmemoffset-5eade6f62c27d531.rlib" "/opt/rustwide/target/debug/deps/libnum_traits-e864dc383707e437.rlib" "/opt/rustwide/rustup-home/toolchains/beta-2024-12-08-x86_64-unknown-linux-gnu/lib/rustlib/x86_64-unknown-linux-gnu/lib/libstd-02dc84f49135b6b8.rlib" "/opt/rustwide/rustup-home/toolchains/beta-2024-12-08-x86_64-unknown-linux-gnu/lib/rustlib/x86_64-unknown-linux-gnu/lib/libpanic_unwind-a8f45b397fae3f81.rlib" "/opt/rustwide/rustup-home/toolchains/beta-2024-12-08-x86_64-unknown-linux-gnu/lib/rustlib/x86_64-unknown-linux-gnu/lib/libobject-089607133c180609.rlib" "/opt/rustwide/rustup-home/toolchains/beta-2024-12-08-x86_64-unknown-linux-gnu/lib/rustlib/x86_64-unknown-linux-gnu/lib/libmemchr-fc89f091bcd86cbb.rlib" "/opt/rustwide/rustup-home/toolchains/beta-2024-12-08-x86_64-unknown-linux-gnu/lib/rustlib/x86_64-unknown-linux-gnu/lib/libaddr2line-5a60949f01c7340c.rlib" "/opt/rustwide/rustup-home/toolchains/beta-2024-12-08-x86_64-unknown-linux-gnu/lib/rustlib/x86_64-unknown-linux-gnu/lib/libgimli-d29e6a55ca253c8c.rlib" "/opt/rustwide/rustup-home/toolchains/beta-2024-12-08-x86_64-unknown-linux-gnu/lib/rustlib/x86_64-unknown-linux-gnu/lib/librustc_demangle-273c078d5f65de7a.rlib" "/opt/rustwide/rustup-home/toolchains/beta-2024-12-08-x86_64-unknown-linux-gnu/lib/rustlib/x86_64-unknown-linux-gnu/lib/libstd_detect-413c950ffbdd4454.rlib" "/opt/rustwide/rustup-home/toolchains/beta-2024-12-08-x86_64-unknown-linux-gnu/lib/rustlib/x86_64-unknown-linux-gnu/lib/libhashbrown-1853c0976a1d88a6.rlib" "/opt/rustwide/rustup-home/toolchains/beta-2024-12-08-x86_64-unknown-linux-gnu/lib/rustlib/x86_64-unknown-linux-gnu/lib/librustc_std_workspace_alloc-ccb3384ddacb0f9e.rlib" "/opt/rustwide/rustup-home/toolchains/beta-2024-12-08-x86_64-unknown-linux-gnu/lib/rustlib/x86_64-unknown-linux-gnu/lib/libminiz_oxide-0b901dfb0ca849e0.rlib" "/opt/rustwide/rustup-home/toolchains/beta-2024-12-08-x86_64-unknown-linux-gnu/lib/rustlib/x86_64-unknown-linux-gnu/lib/libadler-eebeb8d7c64543ad.rlib" "/opt/rustwide/rustup-home/toolchains/beta-2024-12-08-x86_64-unknown-linux-gnu/lib/rustlib/x86_64-unknown-linux-gnu/lib/libunwind-4723ef81d6079867.rlib" "/opt/rustwide/rustup-home/toolchains/beta-2024-12-08-x86_64-unknown-linux-gnu/lib/rustlib/x86_64-unknown-linux-gnu/lib/libcfg_if-54442f8b422f5a54.rlib" "/opt/rustwide/rustup-home/toolchains/beta-2024-12-08-x86_64-unknown-linux-gnu/lib/rustlib/x86_64-unknown-linux-gnu/lib/liblibc-e0bbe034b5282553.rlib" "/opt/rustwide/rustup-home/toolchains/beta-2024-12-08-x86_64-unknown-linux-gnu/lib/rustlib/x86_64-unknown-linux-gnu/lib/liballoc-d0febb68c1c37b90.rlib" "/opt/rustwide/rustup-home/toolchains/beta-2024-12-08-x86_64-unknown-linux-gnu/lib/rustlib/x86_64-unknown-linux-gnu/lib/librustc_std_workspace_core-4cf833632aafa84c.rlib" "/opt/rustwide/rustup-home/toolchains/beta-2024-12-08-x86_64-unknown-linux-gnu/lib/rustlib/x86_64-unknown-linux-gnu/lib/libcore-65c2c6d2d6ae570b.rlib" "/opt/rustwide/rustup-home/toolchains/beta-2024-12-08-x86_64-unknown-linux-gnu/lib/rustlib/x86_64-unknown-linux-gnu/lib/libcompiler_builtins-97929cee0dcfe424.rlib" "-Wl,-Bdynamic" "-lgcc_s" "-lutil" "-lrt" "-lpthread" "-lm" "-ldl" "-lc" "-Wl,--eh-frame-hdr" "-Wl,-z,noexecstack" "-L" "/opt/rustwide/target/debug/build/blake3-cf1c1083e503951a/out" "-L" "/opt/rustwide/target/debug/build/blake3-cf1c1083e503951a/out" "-L" "/opt/rustwide/rustup-home/toolchains/beta-2024-12-08-x86_64-unknown-linux-gnu/lib/rustlib/x86_64-unknown-linux-gnu/lib" "-o" "/opt/rustwide/target/debug/deps/libspl_transfer_hook_interface-62304bc898093dc4.so" "-Wl,--gc-sections" "-shared" "-Wl,-z,relro,-z,now" "-nodefaultlibs"
[INFO] [stdout]   = note: /usr/bin/ld: final link failed: No space left on device
[INFO] [stdout]           collect2: error: ld returned 1 exit status
[INFO] [stdout]           
[INFO] [stdout] 
[INFO] [stdout] 
[INFO] [stderr] error: could not compile `tar` (lib)
[INFO] [stderr] 
[INFO] [stderr] Caused by:
[INFO] [stderr]   No space left on device (os error 28)
[INFO] [stderr] 
[INFO] [stderr] Caused by:
[INFO] [stderr]   failed to parse process output: `/opt/rustwide/rustup-home/toolchains/beta-2024-12-08-x86_64-unknown-linux-gnu/bin/rustc --crate-name tar --edition=2021 /opt/rustwide/cargo-home/registry/src/index.crates.io-6f17d22bba15001f/tar-0.4.43/src/lib.rs --error-format=json --json=diagnostic-rendered-ansi,artifacts,future-incompat --crate-type lib --emit=dep-info,metadata,link -C embed-bitcode=no -C debuginfo=2 --cfg 'feature="default"' --cfg 'feature="xattr"' --check-cfg 'cfg(docsrs)' --check-cfg 'cfg(feature, values("default", "xattr"))' -C metadata=04d0fb5dcb293046 -C extra-filename=-04d0fb5dcb293046 --out-dir /opt/rustwide/target/debug/deps -L dependency=/opt/rustwide/target/debug/deps --extern filetime=/opt/rustwide/target/debug/deps/libfiletime-6195470849e6a2f1.rmeta --extern libc=/opt/rustwide/target/debug/deps/liblibc-e0480a2464fed25f.rmeta --extern xattr=/opt/rustwide/target/debug/deps/libxattr-d0c6eb09121640b9.rmeta --cap-lints allow --cap-lints=warn` (exit status: 101)
[INFO] [stderr] error: could not compile `spl-transfer-hook-interface` (lib) due to 1 previous error
[INFO] [stdout] error: linking with `cc` failed: exit status: 1
[INFO] [stdout]   |
[INFO] [stdout]   = note: LC_ALL="C" PATH="/opt/rustwide/rustup-home/toolchains/beta-2024-12-08-x86_64-unknown-linux-gnu/lib/rustlib/x86_64-unknown-linux-gnu/bin:/opt/rustwide/cargo-home/bin:/usr/local/sbin:/usr/local/bin:/usr/sbin:/usr/bin:/sbin:/bin" VSLANG="1033" "cc" "-Wl,--version-script=/tmp/rustcsN75sn/list" "-Wl,--no-undefined-version" "-m64" "/tmp/rustcsN75sn/symbols.o" "/opt/rustwide/target/debug/deps/spl_type_length_value-7bdd34c75dd23d06.spl_type_length_value.e5b17157f5402d1a-cgu.0.rcgu.o" "/opt/rustwide/target/debug/deps/spl_type_length_value-7bdd34c75dd23d06.5cehdak1bnpz2nu9zp3xk7g2c.rcgu.o" "-Wl,--as-needed" "-Wl,-Bstatic" "/opt/rustwide/target/debug/deps/libspl_discriminator-7f4f29e0dc5072f3.rlib" "/opt/rustwide/target/debug/deps/libspl_pod-43efdff6a4ca4171.rlib" "/opt/rustwide/target/debug/deps/libsolana_zk_token_sdk-e2b1684ec9a7329b.rlib" "/opt/rustwide/target/debug/deps/libmerlin-f4b79d8e9a33bfe5.rlib" "/opt/rustwide/target/debug/deps/libsolana_sdk-dbbfc0046335b492.rlib" "/opt/rustwide/target/debug/deps/libpbkdf2-6cf75d8987cb9e54.rlib" "/opt/rustwide/target/debug/deps/libserde_json-7505d74cfabdeb9e.rlib" "/opt/rustwide/target/debug/deps/libmemchr-9a8939bf952a23d7.rlib" "/opt/rustwide/target/debug/deps/libitoa-87633a66effadcdd.rlib" "/opt/rustwide/target/debug/deps/libryu-6e02dac7c3b6be75.rlib" "/opt/rustwide/target/debug/deps/libqstring-f446397c6e328bf3.rlib" "/opt/rustwide/target/debug/deps/libpercent_encoding-fc63a8437ca6afa3.rlib" "/opt/rustwide/target/debug/deps/libed25519_dalek_bip32-400622924c8b50ca.rlib" "/opt/rustwide/target/debug/deps/libhmac-442cd5c06d34486a.rlib" "/opt/rustwide/target/debug/deps/libserde_with-be50c336040b6427.rlib" "/opt/rustwide/target/debug/deps/libnum_enum-d28ee6cf430e8515.rlib" "/opt/rustwide/target/debug/deps/libmemmap2-c5b6f5d9c8ed5707.rlib" "/opt/rustwide/target/debug/deps/libchrono-d2c3cd9218a79444.rlib" "/opt/rustwide/target/debug/deps/libiana_time_zone-aa61143ae82ec891.rlib" "/opt/rustwide/target/debug/deps/libsiphasher-8c98df6e4615cbd6.rlib" "/opt/rustwide/target/debug/deps/libed25519_dalek-6820defc7df5d3f4.rlib" "/opt/rustwide/target/debug/deps/libed25519-de3993dd48b5ba06.rlib" "/opt/rustwide/target/debug/deps/libsignature-778b0d9ddd5ebb7c.rlib" "/opt/rustwide/target/debug/deps/liburiparse-6c13c7226fce53d7.rlib" "/opt/rustwide/target/debug/deps/libfnv-953831fe314029b4.rlib" "/opt/rustwide/target/debug/deps/libderivation_path-29d843252b2f5166.rlib" "/opt/rustwide/target/debug/deps/libsha3-c7f8daf8d4df0817.rlib" "/opt/rustwide/target/debug/deps/libaes_gcm_siv-8e4996bb1dc21240.rlib" "/opt/rustwide/target/debug/deps/libaes-2ee061f30b5e3bf4.rlib" "/opt/rustwide/target/debug/deps/libpolyval-fe41ab672bb0d8a8.rlib" "/opt/rustwide/target/debug/deps/libuniversal_hash-94cc4a239d16bee0.rlib" "/opt/rustwide/target/debug/deps/libctr-5e0fc8e9f32ea977.rlib" "/opt/rustwide/target/debug/deps/libcipher-40a17560cf2b40d7.rlib" "/opt/rustwide/target/debug/deps/libaead-bb0cb3dfdcf19af3.rlib" "/opt/rustwide/target/debug/deps/libspl_program_error-db3c72c060ddfc0a.rlib" "/opt/rustwide/target/debug/deps/libsolana_program-b52155905af7760b.rlib" "/opt/rustwide/target/debug/deps/liblibsecp256k1-104084c8ff283ec4.rlib" "/opt/rustwide/target/debug/deps/libbase64-00978a2741532e14.rlib" "/opt/rustwide/target/debug/deps/libsha2-0869abfedae27952.rlib" "/opt/rustwide/target/debug/deps/libopaque_debug-c90d164c19f6e835.rlib" "/opt/rustwide/target/debug/deps/libblock_buffer-264b35f34c711f8a.rlib" "/opt/rustwide/target/debug/deps/libblock_padding-e22d717cff8196e0.rlib" "/opt/rustwide/target/debug/deps/libhmac_drbg-e23a8447af160e40.rlib" "/opt/rustwide/target/debug/deps/libhmac-89407ccea0df7352.rlib" "/opt/rustwide/target/debug/deps/libcrypto_mac-1c662e3fd1901fdb.rlib" "/opt/rustwide/target/debug/deps/librand-8e56fba4993b1244.rlib" "/opt/rustwide/target/debug/deps/librand_chacha-fa5a13d06e01510d.rlib" "/opt/rustwide/target/debug/deps/liblibsecp256k1_core-c27d38dff8f0dae8.rlib" "/opt/rustwide/target/debug/deps/libcrunchy-82760e4d6a68d059.rlib" "/opt/rustwide/target/debug/deps/libcurve25519_dalek-961e83092326af15.rlib" "/opt/rustwide/target/debug/deps/librand_core-e00e90afb7d9aa6d.rlib" "/opt/rustwide/target/debug/deps/libgetrandom-c03117b6aae2f7ca.rlib" "/opt/rustwide/target/debug/deps/libdigest-e4d21592f830743a.rlib" "/opt/rustwide/target/debug/deps/libserde_bytes-cddeeb6b859dd5c0.rlib" "/opt/rustwide/target/debug/deps/libbs58-5df4082cdc088375.rlib" "/opt/rustwide/target/debug/deps/libwasm_bindgen-64943a2bdfc4a8f7.rlib" "/opt/rustwide/target/debug/deps/libbitflags-5d14d45f5f8e2b4a.rlib" "/opt/rustwide/target/debug/deps/libbv-e8e167c38184d816.rlib" "/opt/rustwide/target/debug/deps/libbase64-83d75e850891a998.rlib" "/opt/rustwide/target/debug/deps/liblight_poseidon-bb208172f0977d85.rlib" "/opt/rustwide/target/debug/deps/libblake3-b6e69650fb65e0cf.rlib" "/opt/rustwide/target/debug/deps/libconstant_time_eq-777662c3cd9e39cb.rlib" "/opt/rustwide/target/debug/deps/libarrayvec-00aabb31ff9cd96d.rlib" "/opt/rustwide/target/debug/deps/libarrayref-12272975890ee977.rlib" "/opt/rustwide/target/debug/deps/liblazy_static-34736fcc74b41a53.rlib" "/opt/rustwide/target/debug/deps/libsha3-85dd41492fd77495.rlib" "/opt/rustwide/target/debug/deps/libkeccak-1656f5245722dc78.rlib" "/opt/rustwide/target/debug/deps/libbincode-32c9dbcd0d3276b7.rlib" "/opt/rustwide/target/debug/deps/libsha2-915c3040c7450354.rlib" "/opt/rustwide/target/debug/deps/libcpufeatures-13f0d802b744a919.rlib" "/opt/rustwide/target/debug/deps/liblog-e73d77c4679bb236.rlib" "/opt/rustwide/target/debug/deps/libborsh-71f77749dce72cfd.rlib" "/opt/rustwide/target/debug/deps/libborsh-6ab05fa4d4839975.rlib" "/opt/rustwide/target/debug/deps/libborsh-b91b8cda39dbece5.rlib" "/opt/rustwide/target/debug/deps/libark_bn254-1224cc772e365b94.rlib" "/opt/rustwide/target/debug/deps/libark_ec-8b4e19ef4f232fb0.rlib" "/opt/rustwide/target/debug/deps/libark_poly-dd5350a40b90c706.rlib" "/opt/rustwide/target/debug/deps/libhashbrown-6346f06e16bf5d9f.rlib" "/opt/rustwide/target/debug/deps/libahash-de4d718800fbd286.rlib" "/opt/rustwide/target/debug/deps/libonce_cell-0a05695a483fa658.rlib" "/opt/rustwide/target/debug/deps/libitertools-2d1199708a150c4a.rlib" "/opt/rustwide/target/debug/deps/libeither-5adc936c7a206324.rlib" "/opt/rustwide/target/debug/deps/libark_ff-6464244560a7da00.rlib" "/opt/rustwide/target/debug/deps/libzeroize-166430652b7d73ec.rlib" "/opt/rustwide/target/debug/deps/libbytemuck-4aedbd75e51f3bd6.rlib" "/opt/rustwide/target/debug/deps/libark_serialize-f8096fd622d2eba4.rlib" "/opt/rustwide/target/debug/deps/libdigest-f951a9acb9460094.rlib" "/opt/rustwide/target/debug/deps/libsubtle-0edaccf6c176ff22.rlib" "/opt/rustwide/target/debug/deps/libblock_buffer-5eb032b6ca897468.rlib" "/opt/rustwide/target/debug/deps/libcrypto_common-e89e1873abb5e561.rlib" "/opt/rustwide/target/debug/deps/libgeneric_array-4d880ff738e60ed8.rlib" "/opt/rustwide/target/debug/deps/libtypenum-b40ba058056b0bf8.rlib" "/opt/rustwide/target/debug/deps/libnum_bigint-216fa0769a412b7c.rlib" "/opt/rustwide/target/debug/deps/libnum_integer-710f05265104a6b1.rlib" "/opt/rustwide/target/debug/deps/libark_std-726b1e544d44ebeb.rlib" "/opt/rustwide/target/debug/deps/librand-517dbbd772671ec8.rlib" "/opt/rustwide/target/debug/deps/librand_chacha-5b477c60bffa1279.rlib" "/opt/rustwide/target/debug/deps/libppv_lite86-b0cf15ecb1355105.rlib" "/opt/rustwide/target/debug/deps/libzerocopy-52dd75932bb7a43a.rlib" "/opt/rustwide/target/debug/deps/libbyteorder-bfb9f36af75d0832.rlib" "/opt/rustwide/target/debug/deps/librand_core-a3baf49d196d5c8c.rlib" "/opt/rustwide/target/debug/deps/libgetrandom-0a6cb97dd26f99dc.rlib" "/opt/rustwide/target/debug/deps/liblibc-e0480a2464fed25f.rlib" "/opt/rustwide/target/debug/deps/libcfg_if-a3e7e701fcd1f47b.rlib" "/opt/rustwide/target/debug/deps/libserde-e65a9cb7cb8cf2e5.rlib" "/opt/rustwide/target/debug/deps/libthiserror-adabc6dbccefd567.rlib" "/opt/rustwide/target/debug/deps/libmemoffset-5eade6f62c27d531.rlib" "/opt/rustwide/target/debug/deps/libnum_traits-e864dc383707e437.rlib" "/opt/rustwide/rustup-home/toolchains/beta-2024-12-08-x86_64-unknown-linux-gnu/lib/rustlib/x86_64-unknown-linux-gnu/lib/libstd-02dc84f49135b6b8.rlib" "/opt/rustwide/rustup-home/toolchains/beta-2024-12-08-x86_64-unknown-linux-gnu/lib/rustlib/x86_64-unknown-linux-gnu/lib/libpanic_unwind-a8f45b397fae3f81.rlib" "/opt/rustwide/rustup-home/toolchains/beta-2024-12-08-x86_64-unknown-linux-gnu/lib/rustlib/x86_64-unknown-linux-gnu/lib/libobject-089607133c180609.rlib" "/opt/rustwide/rustup-home/toolchains/beta-2024-12-08-x86_64-unknown-linux-gnu/lib/rustlib/x86_64-unknown-linux-gnu/lib/libmemchr-fc89f091bcd86cbb.rlib" "/opt/rustwide/rustup-home/toolchains/beta-2024-12-08-x86_64-unknown-linux-gnu/lib/rustlib/x86_64-unknown-linux-gnu/lib/libaddr2line-5a60949f01c7340c.rlib" "/opt/rustwide/rustup-home/toolchains/beta-2024-12-08-x86_64-unknown-linux-gnu/lib/rustlib/x86_64-unknown-linux-gnu/lib/libgimli-d29e6a55ca253c8c.rlib" "/opt/rustwide/rustup-home/toolchains/beta-2024-12-08-x86_64-unknown-linux-gnu/lib/rustlib/x86_64-unknown-linux-gnu/lib/librustc_demangle-273c078d5f65de7a.rlib" "/opt/rustwide/rustup-home/toolchains/beta-2024-12-08-x86_64-unknown-linux-gnu/lib/rustlib/x86_64-unknown-linux-gnu/lib/libstd_detect-413c950ffbdd4454.rlib" "/opt/rustwide/rustup-home/toolchains/beta-2024-12-08-x86_64-unknown-linux-gnu/lib/rustlib/x86_64-unknown-linux-gnu/lib/libhashbrown-1853c0976a1d88a6.rlib" "/opt/rustwide/rustup-home/toolchains/beta-2024-12-08-x86_64-unknown-linux-gnu/lib/rustlib/x86_64-unknown-linux-gnu/lib/librustc_std_workspace_alloc-ccb3384ddacb0f9e.rlib" "/opt/rustwide/rustup-home/toolchains/beta-2024-12-08-x86_64-unknown-linux-gnu/lib/rustlib/x86_64-unknown-linux-gnu/lib/libminiz_oxide-0b901dfb0ca849e0.rlib" "/opt/rustwide/rustup-home/toolchains/beta-2024-12-08-x86_64-unknown-linux-gnu/lib/rustlib/x86_64-unknown-linux-gnu/lib/libadler-eebeb8d7c64543ad.rlib" "/opt/rustwide/rustup-home/toolchains/beta-2024-12-08-x86_64-unknown-linux-gnu/lib/rustlib/x86_64-unknown-linux-gnu/lib/libunwind-4723ef81d6079867.rlib" "/opt/rustwide/rustup-home/toolchains/beta-2024-12-08-x86_64-unknown-linux-gnu/lib/rustlib/x86_64-unknown-linux-gnu/lib/libcfg_if-54442f8b422f5a54.rlib" "/opt/rustwide/rustup-home/toolchains/beta-2024-12-08-x86_64-unknown-linux-gnu/lib/rustlib/x86_64-unknown-linux-gnu/lib/liblibc-e0bbe034b5282553.rlib" "/opt/rustwide/rustup-home/toolchains/beta-2024-12-08-x86_64-unknown-linux-gnu/lib/rustlib/x86_64-unknown-linux-gnu/lib/liballoc-d0febb68c1c37b90.rlib" "/opt/rustwide/rustup-home/toolchains/beta-2024-12-08-x86_64-unknown-linux-gnu/lib/rustlib/x86_64-unknown-linux-gnu/lib/librustc_std_workspace_core-4cf833632aafa84c.rlib" "/opt/rustwide/rustup-home/toolchains/beta-2024-12-08-x86_64-unknown-linux-gnu/lib/rustlib/x86_64-unknown-linux-gnu/lib/libcore-65c2c6d2d6ae570b.rlib" "/opt/rustwide/rustup-home/toolchains/beta-2024-12-08-x86_64-unknown-linux-gnu/lib/rustlib/x86_64-unknown-linux-gnu/lib/libcompiler_builtins-97929cee0dcfe424.rlib" "-Wl,-Bdynamic" "-lgcc_s" "-lutil" "-lrt" "-lpthread" "-lm" "-ldl" "-lc" "-Wl,--eh-frame-hdr" "-Wl,-z,noexecstack" "-L" "/opt/rustwide/target/debug/build/blake3-cf1c1083e503951a/out" "-L" "/opt/rustwide/target/debug/build/blake3-cf1c1083e503951a/out" "-L" "/opt/rustwide/rustup-home/toolchains/beta-2024-12-08-x86_64-unknown-linux-gnu/lib/rustlib/x86_64-unknown-linux-gnu/lib" "-o" "/opt/rustwide/target/debug/deps/libspl_type_length_value-7bdd34c75dd23d06.so" "-Wl,--gc-sections" "-shared" "-Wl,-z,relro,-z,now" "-nodefaultlibs"
[INFO] [stdout]   = note: /usr/bin/ld: final link failed: No space left on device
[INFO] [stdout]           collect2: error: ld returned 1 exit status
[INFO] [stdout]           
[INFO] [stdout] 
[INFO] [stdout] 
[INFO] [stderr] error: could not compile `spl-type-length-value` (lib) due to 1 previous error
[INFO] [stderr] warning: lz4-sys@1.11.1+lz4-1.10.0: liblz4/lib/xxhash.c:1028:1: fatal error: error writing to /tmp/ccPbIZ9L.s: No space left on device
[INFO] [stderr] warning: lz4-sys@1.11.1+lz4-1.10.0:  1028 | }
[INFO] [stderr] warning: lz4-sys@1.11.1+lz4-1.10.0:       | ^
[INFO] [stderr] warning: lz4-sys@1.11.1+lz4-1.10.0: compilation terminated.
[INFO] [stderr] warning: lz4-sys@1.11.1+lz4-1.10.0: ToolExecError: Command LC_ALL="C" "cc" "-O3" "-ffunction-sections" "-fdata-sections" "-fPIC" "-gdwarf-4" "-fno-omit-frame-pointer" "-m64" "-Wall" "-Wextra" "-o" "/opt/rustwide/target/debug/build/lz4-sys-f7da8ccac053ed87/out/efce31824dbf3730-xxhash.o" "-c" "liblz4/lib/xxhash.c" with args cc did not execute successfully (status code exit status: 1).
[INFO] [stderr] error: failed to run custom build command for `lz4-sys v1.11.1+lz4-1.10.0`
[INFO] [stderr] note: To improve backtraces for build dependencies, set the CARGO_PROFILE_DEV_BUILD_OVERRIDE_DEBUG=true environment variable to enable debug information generation.
[INFO] [stderr] 
[INFO] [stderr] Caused by:
[INFO] [stderr]   process didn't exit successfully: `/opt/rustwide/target/debug/build/lz4-sys-3f7a8eaf32b8b4e8/build-script-build` (exit status: 1)
[INFO] [stderr]   --- stdout
[INFO] [stderr]   OUT_DIR = Some(/opt/rustwide/target/debug/build/lz4-sys-f7da8ccac053ed87/out)
[INFO] [stderr]   TARGET = Some(x86_64-unknown-linux-gnu)
[INFO] [stderr]   HOST = Some(x86_64-unknown-linux-gnu)
[INFO] [stderr]   cargo:rerun-if-env-changed=CC_x86_64-unknown-linux-gnu
[INFO] [stderr]   CC_x86_64-unknown-linux-gnu = None
[INFO] [stderr]   cargo:rerun-if-env-changed=CC_x86_64_unknown_linux_gnu
[INFO] [stderr]   CC_x86_64_unknown_linux_gnu = None
[INFO] [stderr]   cargo:rerun-if-env-changed=HOST_CC
[INFO] [stderr]   HOST_CC = None
[INFO] [stderr]   cargo:rerun-if-env-changed=CC
[INFO] [stderr]   CC = None
[INFO] [stderr]   cargo:rerun-if-env-changed=CC_ENABLE_DEBUG_OUTPUT
[INFO] [stderr]   RUSTC_WRAPPER = None
[INFO] [stderr]   cargo:rerun-if-env-changed=CRATE_CC_NO_DEFAULTS
[INFO] [stderr]   CRATE_CC_NO_DEFAULTS = None
[INFO] [stderr]   DEBUG = Some(true)
[INFO] [stderr]   CARGO_CFG_TARGET_FEATURE = Some(fxsr,sse,sse2)
[INFO] [stderr]   cargo:rerun-if-env-changed=CFLAGS_x86_64-unknown-linux-gnu
[INFO] [stderr]   CFLAGS_x86_64-unknown-linux-gnu = None
[INFO] [stderr]   cargo:rerun-if-env-changed=CFLAGS_x86_64_unknown_linux_gnu
[INFO] [stderr]   CFLAGS_x86_64_unknown_linux_gnu = None
[INFO] [stderr]   cargo:rerun-if-env-changed=HOST_CFLAGS
[INFO] [stderr]   HOST_CFLAGS = None
[INFO] [stderr]   cargo:rerun-if-env-changed=CFLAGS
[INFO] [stderr]   CFLAGS = None
[INFO] [stderr]   CARGO_ENCODED_RUSTFLAGS = Some(--cap-lints=warn)
[INFO] [stderr]   cargo:warning=liblz4/lib/xxhash.c:1028:1: fatal error: error writing to /tmp/ccPbIZ9L.s: No space left on device
[INFO] [stderr]   cargo:warning= 1028 | }
[INFO] [stderr]   cargo:warning=      | ^
[INFO] [stderr]   cargo:warning=compilation terminated.
[INFO] [stderr]   exit status: 0
[INFO] [stderr]   exit status: 0
[INFO] [stderr]   exit status: 1
[INFO] [stderr]   cargo:warning=ToolExecError: Command LC_ALL="C" "cc" "-O3" "-ffunction-sections" "-fdata-sections" "-fPIC" "-gdwarf-4" "-fno-omit-frame-pointer" "-m64" "-Wall" "-Wextra" "-o" "/opt/rustwide/target/debug/build/lz4-sys-f7da8ccac053ed87/out/efce31824dbf3730-xxhash.o" "-c" "liblz4/lib/xxhash.c" with args cc did not execute successfully (status code exit status: 1).
[INFO] [stderr]   exit status: 0
[INFO] [stderr] 
[INFO] [stderr]   --- stderr
[INFO] [stderr] 
[INFO] [stderr] 
[INFO] [stderr]   error occurred in cc-rs: Command LC_ALL="C" "cc" "-O3" "-ffunction-sections" "-fdata-sections" "-fPIC" "-gdwarf-4" "-fno-omit-frame-pointer" "-m64" "-Wall" "-Wextra" "-o" "/opt/rustwide/target/debug/build/lz4-sys-f7da8ccac053ed87/out/efce31824dbf3730-xxhash.o" "-c" "liblz4/lib/xxhash.c" with args cc did not execute successfully (status code exit status: 1).
[INFO] [stderr] 
[INFO] [stderr] 
[INFO] running `Command { std: "docker" "inspect" "827e8a17bc5f957523ed4b4a49289da20a478d43e65c8db5f7550eb73f40b7d1", kill_on_drop: false }`
[INFO] running `Command { std: "docker" "rm" "-f" "827e8a17bc5f957523ed4b4a49289da20a478d43e65c8db5f7550eb73f40b7d1", kill_on_drop: false }`
[INFO] [stdout] 827e8a17bc5f957523ed4b4a49289da20a478d43e65c8db5f7550eb73f40b7d1
