[INFO] fetching crate birdeye_rs 0.1.11...
[INFO] testing birdeye_rs-0.1.11 against 1.83.0 for beta-1.84.0-4-retry
[INFO] extracting crate birdeye_rs 0.1.11 into /workspace/builds/worker-2-tc1/source
[INFO] validating manifest of crates.io crate birdeye_rs 0.1.11 on toolchain 1.83.0
[INFO] running `Command { std: CARGO_HOME="/workspace/cargo-home" RUSTUP_HOME="/workspace/rustup-home" "/workspace/cargo-home/bin/cargo" "+1.83.0" "metadata" "--manifest-path" "Cargo.toml" "--no-deps", kill_on_drop: false }`
[INFO] started tweaking crates.io crate birdeye_rs 0.1.11
[INFO] finished tweaking crates.io crate birdeye_rs 0.1.11
[INFO] tweaked toml for crates.io crate birdeye_rs 0.1.11 written to /workspace/builds/worker-2-tc1/source/Cargo.toml
[INFO] running `Command { std: CARGO_HOME="/workspace/cargo-home" RUSTUP_HOME="/workspace/rustup-home" "/workspace/cargo-home/bin/cargo" "+1.83.0" "generate-lockfile" "--manifest-path" "Cargo.toml", kill_on_drop: false }`
[INFO] [stderr]     Updating crates.io index
[INFO] [stderr]     Blocking waiting for file lock on package cache
[INFO] [stderr]      Locking 163 packages to latest compatible versions
[INFO] [stderr]       Adding reqwest v0.11.27 (available: v0.12.9)
[INFO] running `Command { std: CARGO_HOME="/workspace/cargo-home" RUSTUP_HOME="/workspace/rustup-home" "/workspace/cargo-home/bin/cargo" "+1.83.0" "fetch" "--manifest-path" "Cargo.toml", kill_on_drop: false }`
[INFO] [stderr]     Blocking waiting for file lock on package cache
[INFO] [stderr]     Blocking waiting for file lock on package cache
[INFO] running `Command { std: "docker" "create" "-v" "/var/lib/crater-agent-workspace/builds/worker-2-tc1/target:/opt/rustwide/target:rw,Z" "-v" "/var/lib/crater-agent-workspace/builds/worker-2-tc1/source:/opt/rustwide/workdir:ro,Z" "-v" "/var/lib/crater-agent-workspace/cargo-home:/opt/rustwide/cargo-home:ro,Z" "-v" "/var/lib/crater-agent-workspace/rustup-home:/opt/rustwide/rustup-home:ro,Z" "-e" "SOURCE_DIR=/opt/rustwide/workdir" "-e" "CARGO_TARGET_DIR=/opt/rustwide/target" "-e" "CARGO_HOME=/opt/rustwide/cargo-home" "-e" "RUSTUP_HOME=/opt/rustwide/rustup-home" "-w" "/opt/rustwide/workdir" "-m" "1610612736" "--user" "0:0" "--network" "none" "ghcr.io/rust-lang/crates-build-env/linux@sha256:f3a9d4ad9d972b27faf3965f35b62e55ba32bbce8f20bc8fe909558a86702fde" "/opt/rustwide/cargo-home/bin/cargo" "+1.83.0" "metadata" "--no-deps" "--format-version=1", kill_on_drop: false }`
[INFO] [stdout] 47c4d5dc7b0b54c3f3ff673bd7ea52397bb64f72b4c617af0944e74d228b6d49
[INFO] running `Command { std: "docker" "start" "-a" "47c4d5dc7b0b54c3f3ff673bd7ea52397bb64f72b4c617af0944e74d228b6d49", kill_on_drop: false }`
[INFO] running `Command { std: "docker" "inspect" "47c4d5dc7b0b54c3f3ff673bd7ea52397bb64f72b4c617af0944e74d228b6d49", kill_on_drop: false }`
[INFO] running `Command { std: "docker" "rm" "-f" "47c4d5dc7b0b54c3f3ff673bd7ea52397bb64f72b4c617af0944e74d228b6d49", kill_on_drop: false }`
[INFO] [stdout] 47c4d5dc7b0b54c3f3ff673bd7ea52397bb64f72b4c617af0944e74d228b6d49
[INFO] running `Command { std: "docker" "create" "-v" "/var/lib/crater-agent-workspace/builds/worker-2-tc1/target:/opt/rustwide/target:rw,Z" "-v" "/var/lib/crater-agent-workspace/builds/worker-2-tc1/source:/opt/rustwide/workdir:ro,Z" "-v" "/var/lib/crater-agent-workspace/cargo-home:/opt/rustwide/cargo-home:ro,Z" "-v" "/var/lib/crater-agent-workspace/rustup-home:/opt/rustwide/rustup-home:ro,Z" "-e" "SOURCE_DIR=/opt/rustwide/workdir" "-e" "CARGO_TARGET_DIR=/opt/rustwide/target" "-e" "CARGO_INCREMENTAL=0" "-e" "RUST_BACKTRACE=full" "-e" "RUSTFLAGS=--cap-lints=warn" "-e" "RUSTDOCFLAGS=--cap-lints=warn" "-e" "CARGO_HOME=/opt/rustwide/cargo-home" "-e" "RUSTUP_HOME=/opt/rustwide/rustup-home" "-w" "/opt/rustwide/workdir" "-m" "1610612736" "--user" "0:0" "--network" "none" "ghcr.io/rust-lang/crates-build-env/linux@sha256:f3a9d4ad9d972b27faf3965f35b62e55ba32bbce8f20bc8fe909558a86702fde" "/opt/rustwide/cargo-home/bin/cargo" "+1.83.0" "build" "--frozen" "--message-format=json", kill_on_drop: false }`
[INFO] [stdout] f0794663bd142ee971f5bb67c448dafb26d140f0afd0b61401b77d7debd74773
[INFO] running `Command { std: "docker" "start" "-a" "f0794663bd142ee971f5bb67c448dafb26d140f0afd0b61401b77d7debd74773", kill_on_drop: false }`
[INFO] [stderr]    Compiling proc-macro2 v1.0.92
[INFO] [stderr]    Compiling unicode-ident v1.0.14
[INFO] [stderr]    Compiling autocfg v1.4.0
[INFO] [stderr]    Compiling cfg-if v1.0.0
[INFO] [stderr]    Compiling smallvec v1.13.2
[INFO] [stderr]    Compiling stable_deref_trait v1.2.0
[INFO] [stderr]    Compiling shlex v1.3.0
[INFO] [stderr]    Compiling pin-project-lite v0.2.15
[INFO] [stderr]    Compiling parking_lot_core v0.9.10
[INFO] [stderr]    Compiling vcpkg v0.2.15
[INFO] [stderr]    Compiling scopeguard v1.2.0
[INFO] [stderr]    Compiling pkg-config v0.3.31
[INFO] [stderr]    Compiling bytes v1.9.0
[INFO] [stderr]    Compiling cc v1.2.4
[INFO] [stderr]    Compiling writeable v0.5.5
[INFO] [stderr]    Compiling lock_api v0.4.12
[INFO] [stderr]    Compiling litemap v0.7.4
[INFO] [stderr]    Compiling once_cell v1.20.2
[INFO] [stderr]    Compiling signal-hook-registry v1.4.2
[INFO] [stderr]    Compiling mio v1.0.3
[INFO] [stderr]    Compiling quote v1.0.37
[INFO] [stderr]    Compiling syn v2.0.90
[INFO] [stderr]    Compiling parking_lot v0.12.3
[INFO] [stderr]    Compiling socket2 v0.5.8
[INFO] [stderr]    Compiling futures-core v0.3.31
[INFO] [stderr]    Compiling itoa v1.0.14
[INFO] [stderr]    Compiling icu_locid_transform_data v1.5.0
[INFO] [stderr]    Compiling slab v0.4.9
[INFO] [stderr]    Compiling fnv v1.0.7
[INFO] [stderr]    Compiling foreign-types-shared v0.1.1
[INFO] [stderr]    Compiling openssl v0.10.68
[INFO] [stderr]    Compiling icu_properties_data v1.5.0
[INFO] [stderr]    Compiling foreign-types v0.3.2
[INFO] [stderr]    Compiling http v0.2.12
[INFO] [stderr]    Compiling tracing-core v0.1.33
[INFO] [stderr]    Compiling futures-task v0.3.31
[INFO] [stderr]    Compiling hashbrown v0.15.2
[INFO] [stderr]    Compiling utf16_iter v1.0.5
[INFO] [stderr]    Compiling alloc-no-stdlib v2.0.4
[INFO] [stderr]    Compiling equivalent v1.0.1
[INFO] [stderr]    Compiling bitflags v2.6.0
[INFO] [stderr]    Compiling icu_normalizer_data v1.5.0
[INFO] [stderr]    Compiling futures-sink v0.3.31
[INFO] [stderr]    Compiling native-tls v0.2.12
[INFO] [stderr]    Compiling write16 v1.0.0
[INFO] [stderr]    Compiling pin-utils v0.1.0
[INFO] [stderr]    Compiling serde v1.0.216
[INFO] [stderr]    Compiling utf8_iter v1.0.4
[INFO] [stderr]    Compiling httparse v1.9.5
[INFO] [stderr]    Compiling openssl-sys v0.9.104
[INFO] [stderr]    Compiling indexmap v2.7.0
[INFO] [stderr]    Compiling tracing v0.1.41
[INFO] [stderr]    Compiling futures-util v0.3.31
[INFO] [stderr]    Compiling alloc-stdlib v0.2.2
[INFO] [stderr]    Compiling openssl-probe v0.1.5
[INFO] [stderr]    Compiling percent-encoding v2.3.1
[INFO] [stderr]    Compiling try-lock v0.2.5
[INFO] [stderr]    Compiling log v0.4.22
[INFO] [stderr]    Compiling adler2 v2.0.0
[INFO] [stderr]    Compiling want v0.3.1
[INFO] [stderr]    Compiling form_urlencoded v1.2.1
[INFO] [stderr]    Compiling miniz_oxide v0.8.0
[INFO] [stderr]    Compiling brotli-decompressor v4.0.1
[INFO] [stderr]    Compiling http-body v0.4.6
[INFO] [stderr]    Compiling futures-channel v0.3.31
[INFO] [stderr]    Compiling crc32fast v1.4.2
[INFO] [stderr]    Compiling tower-service v0.3.3
[INFO] [stderr]    Compiling memchr v2.7.4
[INFO] [stderr]    Compiling httpdate v1.0.3
[INFO] [stderr]    Compiling ryu v1.0.18
[INFO] [stderr]    Compiling serde_json v1.0.133
[INFO] [stderr]    Compiling flate2 v1.0.35
[INFO] [stderr]    Compiling base64 v0.21.7
[INFO] [stderr]    Compiling brotli v7.0.0
[INFO] [stderr]    Compiling anyhow v1.0.94
[INFO] [stderr]    Compiling encoding_rs v0.8.35
[INFO] [stderr]    Compiling rustls-pemfile v1.0.4
[INFO] [stderr]    Compiling ipnet v2.10.1
[INFO] [stderr]    Compiling mime v0.3.17
[INFO] [stderr]    Compiling sync_wrapper v0.1.2
[INFO] [stderr]    Compiling dotenv v0.15.0
[INFO] [stderr]    Compiling synstructure v0.13.1
[INFO] [stderr]    Compiling zerofrom-derive v0.1.5
[INFO] [stderr]    Compiling yoke-derive v0.7.5
[INFO] [stderr]    Compiling zerovec-derive v0.10.3
[INFO] [stderr]    Compiling displaydoc v0.2.5
[INFO] [stderr]    Compiling icu_provider_macros v1.5.0
[INFO] [stderr]    Compiling tokio-macros v2.4.0
[INFO] [stderr]    Compiling openssl-macros v0.1.1
[INFO] [stderr]    Compiling serde_derive v1.0.216
[INFO] [stderr]    Compiling tokio v1.42.0
[INFO] [stderr]    Compiling zerofrom v0.1.5
[INFO] [stderr]    Compiling yoke v0.7.5
[INFO] [stderr]    Compiling zerovec v0.10.4
[INFO] [stderr]    Compiling tinystr v0.7.6
[INFO] [stderr]    Compiling icu_collections v1.5.0
[INFO] [stderr]    Compiling icu_locid v1.5.0
[INFO] [stderr]    Compiling icu_provider v1.5.0
[INFO] [stderr]    Compiling icu_locid_transform v1.5.0
[INFO] [stderr]    Compiling icu_properties v1.5.1
[INFO] [stderr]    Compiling tokio-util v0.7.13
[INFO] [stderr]    Compiling tokio-native-tls v0.3.1
[INFO] [stderr]    Compiling async-compression v0.4.18
[INFO] [stderr]    Compiling serde_urlencoded v0.7.1
[INFO] [stderr]    Compiling h2 v0.3.26
[INFO] [stderr]    Compiling icu_normalizer v1.5.0
[INFO] [stderr]    Compiling idna_adapter v1.2.0
[INFO] [stderr]    Compiling idna v1.0.3
[INFO] [stderr]    Compiling url v2.5.4
[INFO] [stderr]    Compiling hyper v0.14.31
[INFO] [stderr]    Compiling hyper-tls v0.5.0
[INFO] [stderr]    Compiling reqwest v0.11.27
[INFO] [stderr]    Compiling birdeye_rs v0.1.11 (/opt/rustwide/workdir)
[INFO] [stdout] warning: unused import: `std::borrow::Cow`
[INFO] [stdout]  --> src/lib.rs:3:5
[INFO] [stdout]   |
[INFO] [stdout] 3 | use std::borrow::Cow;
[INFO] [stdout]   |     ^^^^^^^^^^^^^^^^
[INFO] [stdout]   |
[INFO] [stdout]   = note: `#[warn(unused_imports)]` on by default
[INFO] [stdout] 
[INFO] [stdout] 
[INFO] [stdout] warning: associated function `validate_code` is never used
[INFO] [stdout]    --> src/lib.rs:134:8
[INFO] [stdout]     |
[INFO] [stdout] 17  | impl Client {
[INFO] [stdout]     | ----------- associated function in this implementation
[INFO] [stdout] ...
[INFO] [stdout] 134 |     fn validate_code(code: StatusCode, request_type: RequestType) -> Result<()> {
[INFO] [stdout]     |        ^^^^^^^^^^^^^
[INFO] [stdout]     |
[INFO] [stdout]     = note: `#[warn(dead_code)]` on by default
[INFO] [stdout] 
[INFO] [stdout] 
[INFO] [stderr]     Finished `dev` profile [unoptimized + debuginfo] target(s) in 1m 32s
[INFO] running `Command { std: "docker" "inspect" "f0794663bd142ee971f5bb67c448dafb26d140f0afd0b61401b77d7debd74773", kill_on_drop: false }`
[INFO] running `Command { std: "docker" "rm" "-f" "f0794663bd142ee971f5bb67c448dafb26d140f0afd0b61401b77d7debd74773", kill_on_drop: false }`
[INFO] [stdout] f0794663bd142ee971f5bb67c448dafb26d140f0afd0b61401b77d7debd74773
[INFO] running `Command { std: "docker" "create" "-v" "/var/lib/crater-agent-workspace/builds/worker-2-tc1/target:/opt/rustwide/target:rw,Z" "-v" "/var/lib/crater-agent-workspace/builds/worker-2-tc1/source:/opt/rustwide/workdir:ro,Z" "-v" "/var/lib/crater-agent-workspace/cargo-home:/opt/rustwide/cargo-home:ro,Z" "-v" "/var/lib/crater-agent-workspace/rustup-home:/opt/rustwide/rustup-home:ro,Z" "-e" "SOURCE_DIR=/opt/rustwide/workdir" "-e" "CARGO_TARGET_DIR=/opt/rustwide/target" "-e" "CARGO_INCREMENTAL=0" "-e" "RUST_BACKTRACE=full" "-e" "RUSTFLAGS=--cap-lints=warn" "-e" "RUSTDOCFLAGS=--cap-lints=warn" "-e" "CARGO_HOME=/opt/rustwide/cargo-home" "-e" "RUSTUP_HOME=/opt/rustwide/rustup-home" "-w" "/opt/rustwide/workdir" "-m" "1610612736" "--user" "0:0" "--network" "none" "ghcr.io/rust-lang/crates-build-env/linux@sha256:f3a9d4ad9d972b27faf3965f35b62e55ba32bbce8f20bc8fe909558a86702fde" "/opt/rustwide/cargo-home/bin/cargo" "+1.83.0" "test" "--frozen" "--no-run" "--message-format=json", kill_on_drop: false }`
[INFO] [stdout] fe22a2c93d4318a969c2c208e18734ca16b6240013dc8d5f320263673ee32b76
[INFO] running `Command { std: "docker" "start" "-a" "fe22a2c93d4318a969c2c208e18734ca16b6240013dc8d5f320263673ee32b76", kill_on_drop: false }`
[INFO] [stdout] warning: unused import: `std::borrow::Cow`
[INFO] [stdout]  --> src/lib.rs:3:5
[INFO] [stdout]   |
[INFO] [stdout] 3 | use std::borrow::Cow;
[INFO] [stdout]   |     ^^^^^^^^^^^^^^^^
[INFO] [stdout]   |
[INFO] [stdout]   = note: `#[warn(unused_imports)]` on by default
[INFO] [stdout] 
[INFO] [stdout] 
[INFO] [stdout] warning: associated function `validate_code` is never used
[INFO] [stdout]    --> src/lib.rs:134:8
[INFO] [stdout]     |
[INFO] [stdout] 17  | impl Client {
[INFO] [stdout]     | ----------- associated function in this implementation
[INFO] [stdout] ...
[INFO] [stdout] 134 |     fn validate_code(code: StatusCode, request_type: RequestType) -> Result<()> {
[INFO] [stdout]     |        ^^^^^^^^^^^^^
[INFO] [stdout]     |
[INFO] [stdout]     = note: `#[warn(dead_code)]` on by default
[INFO] [stdout] 
[INFO] [stdout] 
[INFO] [stderr]    Compiling birdeye_rs v0.1.11 (/opt/rustwide/workdir)
[INFO] [stdout] warning: unused import: `std::borrow::Cow`
[INFO] [stdout]  --> src/lib.rs:3:5
[INFO] [stdout]   |
[INFO] [stdout] 3 | use std::borrow::Cow;
[INFO] [stdout]   |     ^^^^^^^^^^^^^^^^
[INFO] [stdout]   |
[INFO] [stdout]   = note: `#[warn(unused_imports)]` on by default
[INFO] [stdout] 
[INFO] [stdout] 
[INFO] [stdout] warning: associated function `validate_code` is never used
[INFO] [stdout]    --> src/lib.rs:134:8
[INFO] [stdout]     |
[INFO] [stdout] 17  | impl Client {
[INFO] [stdout]     | ----------- associated function in this implementation
[INFO] [stdout] ...
[INFO] [stdout] 134 |     fn validate_code(code: StatusCode, request_type: RequestType) -> Result<()> {
[INFO] [stdout]     |        ^^^^^^^^^^^^^
[INFO] [stdout]     |
[INFO] [stdout]     = note: `#[warn(dead_code)]` on by default
[INFO] [stdout] 
[INFO] [stdout] 
[INFO] [stderr]     Finished `test` profile [unoptimized + debuginfo] target(s) in 4.33s
[INFO] running `Command { std: "docker" "inspect" "fe22a2c93d4318a969c2c208e18734ca16b6240013dc8d5f320263673ee32b76", kill_on_drop: false }`
[INFO] running `Command { std: "docker" "rm" "-f" "fe22a2c93d4318a969c2c208e18734ca16b6240013dc8d5f320263673ee32b76", kill_on_drop: false }`
[INFO] [stdout] fe22a2c93d4318a969c2c208e18734ca16b6240013dc8d5f320263673ee32b76
[INFO] running `Command { std: "docker" "create" "-v" "/var/lib/crater-agent-workspace/builds/worker-2-tc1/target:/opt/rustwide/target:rw,Z" "-v" "/var/lib/crater-agent-workspace/builds/worker-2-tc1/source:/opt/rustwide/workdir:ro,Z" "-v" "/var/lib/crater-agent-workspace/cargo-home:/opt/rustwide/cargo-home:ro,Z" "-v" "/var/lib/crater-agent-workspace/rustup-home:/opt/rustwide/rustup-home:ro,Z" "-e" "SOURCE_DIR=/opt/rustwide/workdir" "-e" "CARGO_TARGET_DIR=/opt/rustwide/target" "-e" "CARGO_INCREMENTAL=0" "-e" "RUST_BACKTRACE=full" "-e" "RUSTFLAGS=--cap-lints=warn" "-e" "RUSTDOCFLAGS=--cap-lints=warn" "-e" "CARGO_HOME=/opt/rustwide/cargo-home" "-e" "RUSTUP_HOME=/opt/rustwide/rustup-home" "-w" "/opt/rustwide/workdir" "-m" "1610612736" "--user" "0:0" "--network" "none" "ghcr.io/rust-lang/crates-build-env/linux@sha256:f3a9d4ad9d972b27faf3965f35b62e55ba32bbce8f20bc8fe909558a86702fde" "/opt/rustwide/cargo-home/bin/cargo" "+1.83.0" "test" "--frozen", kill_on_drop: false }`
[INFO] [stdout] 6215209d6b7069197d756a5d46fdcbae0fbcc64bd8901d6068fdc3b34cbdbb1d
[INFO] running `Command { std: "docker" "start" "-a" "6215209d6b7069197d756a5d46fdcbae0fbcc64bd8901d6068fdc3b34cbdbb1d", kill_on_drop: false }`
[INFO] [stderr] warning: unused import: `std::borrow::Cow`
[INFO] [stderr]  --> src/lib.rs:3:5
[INFO] [stderr]   |
[INFO] [stderr] 3 | use std::borrow::Cow;
[INFO] [stderr]   |     ^^^^^^^^^^^^^^^^
[INFO] [stderr]   |
[INFO] [stderr]   = note: `#[warn(unused_imports)]` on by default
[INFO] [stderr] 
[INFO] [stderr] warning: associated function `validate_code` is never used
[INFO] [stderr]    --> src/lib.rs:134:8
[INFO] [stderr]     |
[INFO] [stderr] 17  | impl Client {
[INFO] [stderr]     | ----------- associated function in this implementation
[INFO] [stderr] ...
[INFO] [stderr] 134 |     fn validate_code(code: StatusCode, request_type: RequestType) -> Result<()> {
[INFO] [stderr]     |        ^^^^^^^^^^^^^
[INFO] [stderr]     |
[INFO] [stderr]     = note: `#[warn(dead_code)]` on by default
[INFO] [stderr] 
[INFO] [stderr] warning: `birdeye_rs` (lib) generated 2 warnings (run `cargo fix --lib -p birdeye_rs` to apply 1 suggestion)
[INFO] [stderr] warning: `birdeye_rs` (lib test) generated 2 warnings (2 duplicates)
[INFO] [stderr]     Finished `test` profile [unoptimized + debuginfo] target(s) in 0.15s
[INFO] [stderr]      Running unittests src/lib.rs (/opt/rustwide/target/debug/deps/birdeye_rs-5935a65bc68469ac)
[INFO] [stdout] 
[INFO] [stdout] running 5 tests
[INFO] [stdout] test types::test::test_request_type_url ... ok
[INFO] [stdout] test test::test_wallet_token_list ... FAILED
[INFO] [stdout] test test::test_historical_price ... FAILED
[INFO] [stdout] test test::test_price ... FAILED
[INFO] [stdout] test test::test_token_overview ... FAILED
[INFO] [stdout] 
[INFO] [stdout] failures:
[INFO] [stdout] 
[INFO] [stdout] ---- test::test_wallet_token_list stdout ----
[INFO] [stdout] thread 'test::test_wallet_token_list' panicked at src/lib.rs:151:26:
[INFO] [stdout] called `Result::unwrap()` on an `Err` value: Io(Custom { kind: NotFound, error: "path not found" })
[INFO] [stdout] stack backtrace:
[INFO] [stdout]    0:     0x632c158cd6ca - std::backtrace_rs::backtrace::libunwind::trace::h5a5b8284f2d0c266
[INFO] [stdout]                                at /rustc/90b35a6239c3d8bdabc530a6a0816f7ff89a0aaf/library/std/src/../../backtrace/src/backtrace/libunwind.rs:116:5
[INFO] [stdout]    1:     0x632c158cd6ca - std::backtrace_rs::backtrace::trace_unsynchronized::h76d4f1c9b0b875e3
[INFO] [stdout]                                at /rustc/90b35a6239c3d8bdabc530a6a0816f7ff89a0aaf/library/std/src/../../backtrace/src/backtrace/mod.rs:66:5
[INFO] [stdout]    2:     0x632c158cd6ca - std::sys::backtrace::_print_fmt::hc4546b8364a537c6
[INFO] [stdout]                                at /rustc/90b35a6239c3d8bdabc530a6a0816f7ff89a0aaf/library/std/src/sys/backtrace.rs:66:9
[INFO] [stdout]    3:     0x632c158cd6ca - <std::sys::backtrace::BacktraceLock::print::DisplayBacktrace as core::fmt::Display>::fmt::h5b6bd5631a6d1f6b
[INFO] [stdout]                                at /rustc/90b35a6239c3d8bdabc530a6a0816f7ff89a0aaf/library/std/src/sys/backtrace.rs:39:26
[INFO] [stdout]    4:     0x632c158f5cb3 - core::fmt::rt::Argument::fmt::h270f6602a2b96f62
[INFO] [stdout]                                at /rustc/90b35a6239c3d8bdabc530a6a0816f7ff89a0aaf/library/core/src/fmt/rt.rs:177:76
[INFO] [stdout]    5:     0x632c158f5cb3 - core::fmt::write::h7550c97b06c86515
[INFO] [stdout]                                at /rustc/90b35a6239c3d8bdabc530a6a0816f7ff89a0aaf/library/core/src/fmt/mod.rs:1186:21
[INFO] [stdout]    6:     0x632c158c9ae3 - std::io::Write::write_fmt::h509ff860e5956e5e
[INFO] [stdout]                                at /rustc/90b35a6239c3d8bdabc530a6a0816f7ff89a0aaf/library/std/src/io/mod.rs:1839:15
[INFO] [stdout]    7:     0x632c158cd512 - std::sys::backtrace::BacktraceLock::print::h2395ccd2c84ba3aa
[INFO] [stdout]                                at /rustc/90b35a6239c3d8bdabc530a6a0816f7ff89a0aaf/library/std/src/sys/backtrace.rs:42:9
[INFO] [stdout]    8:     0x632c158ceb2a - std::panicking::default_hook::{{closure}}::he19d4c7230e07961
[INFO] [stdout]                                at /rustc/90b35a6239c3d8bdabc530a6a0816f7ff89a0aaf/library/std/src/panicking.rs:268:22
[INFO] [stdout]    9:     0x632c158ce934 - std::panicking::default_hook::hf614597d3c67bbdb
[INFO] [stdout]                                at /rustc/90b35a6239c3d8bdabc530a6a0816f7ff89a0aaf/library/std/src/panicking.rs:292:9
[INFO] [stdout]   10:     0x632c1542fec9 - <alloc::boxed::Box<F,A> as core::ops::function::Fn<Args>>::call::h39b51ce4599c23d1
[INFO] [stdout]                                at /rustc/90b35a6239c3d8bdabc530a6a0816f7ff89a0aaf/library/alloc/src/boxed.rs:2468:9
[INFO] [stdout]   11:     0x632c1542fec9 - test::test_main::{{closure}}::he977ae839a582784
[INFO] [stdout]                                at /rustc/90b35a6239c3d8bdabc530a6a0816f7ff89a0aaf/library/test/src/lib.rs:133:21
[INFO] [stdout]   12:     0x632c158cf1c8 - <alloc::boxed::Box<F,A> as core::ops::function::Fn<Args>>::call::h9455091b6b06f9fb
[INFO] [stdout]                                at /rustc/90b35a6239c3d8bdabc530a6a0816f7ff89a0aaf/library/alloc/src/boxed.rs:2468:9
[INFO] [stdout]   13:     0x632c158cf1c8 - std::panicking::rust_panic_with_hook::h8942133a8b252070
[INFO] [stdout]                                at /rustc/90b35a6239c3d8bdabc530a6a0816f7ff89a0aaf/library/std/src/panicking.rs:809:13
[INFO] [stdout]   14:     0x632c158cef8a - std::panicking::begin_panic_handler::{{closure}}::hb5f5963570096b29
[INFO] [stdout]                                at /rustc/90b35a6239c3d8bdabc530a6a0816f7ff89a0aaf/library/std/src/panicking.rs:674:13
[INFO] [stdout]   15:     0x632c158cdba9 - std::sys::backtrace::__rust_end_short_backtrace::h6208cedc1922feda
[INFO] [stdout]                                at /rustc/90b35a6239c3d8bdabc530a6a0816f7ff89a0aaf/library/std/src/sys/backtrace.rs:170:18
[INFO] [stdout]   16:     0x632c158cec1c - rust_begin_unwind
[INFO] [stdout]                                at /rustc/90b35a6239c3d8bdabc530a6a0816f7ff89a0aaf/library/std/src/panicking.rs:665:5
[INFO] [stdout]   17:     0x632c153a22a0 - core::panicking::panic_fmt::h0c3082644d1bf418
[INFO] [stdout]                                at /rustc/90b35a6239c3d8bdabc530a6a0816f7ff89a0aaf/library/core/src/panicking.rs:74:14
[INFO] [stdout]   18:     0x632c153a2786 - core::result::unwrap_failed::hd20b4aa073bda1e2
[INFO] [stdout]                                at /rustc/90b35a6239c3d8bdabc530a6a0816f7ff89a0aaf/library/core/src/result.rs:1700:5
[INFO] [stdout]   19:     0x632c153b9b18 - core::result::Result<T,E>::unwrap::hee4978d33f255339
[INFO] [stdout]                                at /rustc/90b35a6239c3d8bdabc530a6a0816f7ff89a0aaf/library/core/src/result.rs:1104:23
[INFO] [stdout]   20:     0x632c153b9b18 - birdeye_rs::test::test_wallet_token_list::{{closure}}::hb2568b5fd1d7c5b8
[INFO] [stdout]                                at /opt/rustwide/workdir/src/lib.rs:151:9
[INFO] [stdout]   21:     0x632c153c2aa2 - <core::pin::Pin<P> as core::future::future::Future>::poll::hd5175eae457f34c4
[INFO] [stdout]                                at /rustc/90b35a6239c3d8bdabc530a6a0816f7ff89a0aaf/library/core/src/future/future.rs:123:9
[INFO] [stdout]   22:     0x632c153c2a1d - <core::pin::Pin<P> as core::future::future::Future>::poll::h7a69f9c6e4690354
[INFO] [stdout]                                at /rustc/90b35a6239c3d8bdabc530a6a0816f7ff89a0aaf/library/core/src/future/future.rs:123:9
[INFO] [stdout]   23:     0x632c153d958f - tokio::runtime::scheduler::current_thread::CoreGuard::block_on::{{closure}}::{{closure}}::{{closure}}::hdb38472e064164c2
[INFO] [stdout]                                at /opt/rustwide/cargo-home/registry/src/index.crates.io-6f17d22bba15001f/tokio-1.42.0/src/runtime/scheduler/current_thread/mod.rs:729:57
[INFO] [stdout]   24:     0x632c153d92e5 - tokio::runtime::coop::with_budget::h79c67573d713429e
[INFO] [stdout]                                at /opt/rustwide/cargo-home/registry/src/index.crates.io-6f17d22bba15001f/tokio-1.42.0/src/runtime/coop.rs:107:5
[INFO] [stdout]   25:     0x632c153d92e5 - tokio::runtime::coop::budget::h89614abce1a3830a
[INFO] [stdout]                                at /opt/rustwide/cargo-home/registry/src/index.crates.io-6f17d22bba15001f/tokio-1.42.0/src/runtime/coop.rs:73:5
[INFO] [stdout]   26:     0x632c153d92e5 - tokio::runtime::scheduler::current_thread::CoreGuard::block_on::{{closure}}::{{closure}}::h263c02541721dd6a
[INFO] [stdout]                                at /opt/rustwide/cargo-home/registry/src/index.crates.io-6f17d22bba15001f/tokio-1.42.0/src/runtime/scheduler/current_thread/mod.rs:729:25
[INFO] [stdout]   27:     0x632c153d67c0 - tokio::runtime::scheduler::current_thread::Context::enter::h472e2456a70e6739
[INFO] [stdout]                                at /opt/rustwide/cargo-home/registry/src/index.crates.io-6f17d22bba15001f/tokio-1.42.0/src/runtime/scheduler/current_thread/mod.rs:428:19
[INFO] [stdout]   28:     0x632c153d8b3e - tokio::runtime::scheduler::current_thread::CoreGuard::block_on::{{closure}}::hb3c33f2cad312460
[INFO] [stdout]                                at /opt/rustwide/cargo-home/registry/src/index.crates.io-6f17d22bba15001f/tokio-1.42.0/src/runtime/scheduler/current_thread/mod.rs:728:36
[INFO] [stdout]   29:     0x632c153d7fb4 - tokio::runtime::scheduler::current_thread::CoreGuard::enter::{{closure}}::hb87ed526ae5e089c
[INFO] [stdout]                                at /opt/rustwide/cargo-home/registry/src/index.crates.io-6f17d22bba15001f/tokio-1.42.0/src/runtime/scheduler/current_thread/mod.rs:807:68
[INFO] [stdout]   30:     0x632c153c735b - tokio::runtime::context::scoped::Scoped<T>::set::h77fd9f0ae8404a12
[INFO] [stdout]                                at /opt/rustwide/cargo-home/registry/src/index.crates.io-6f17d22bba15001f/tokio-1.42.0/src/runtime/context/scoped.rs:40:9
[INFO] [stdout]   31:     0x632c153c12c9 - tokio::runtime::context::set_scheduler::{{closure}}::h197d309790f5aa87
[INFO] [stdout]                                at /opt/rustwide/cargo-home/registry/src/index.crates.io-6f17d22bba15001f/tokio-1.42.0/src/runtime/context.rs:180:26
[INFO] [stdout]   32:     0x632c153b594d - std::thread::local::LocalKey<T>::try_with::he72be47dfea22737
[INFO] [stdout]                                at /rustc/90b35a6239c3d8bdabc530a6a0816f7ff89a0aaf/library/std/src/thread/local.rs:283:12
[INFO] [stdout]   33:     0x632c153b498a - std::thread::local::LocalKey<T>::with::he5c3f31cb3b96b16
[INFO] [stdout]                                at /rustc/90b35a6239c3d8bdabc530a6a0816f7ff89a0aaf/library/std/src/thread/local.rs:260:9
[INFO] [stdout]   34:     0x632c153c123d - tokio::runtime::context::set_scheduler::h9592783b97107ded
[INFO] [stdout]                                at /opt/rustwide/cargo-home/registry/src/index.crates.io-6f17d22bba15001f/tokio-1.42.0/src/runtime/context.rs:180:9
[INFO] [stdout]   35:     0x632c153d7d40 - tokio::runtime::scheduler::current_thread::CoreGuard::enter::hada852b67727b7f9
[INFO] [stdout]                                at /opt/rustwide/cargo-home/registry/src/index.crates.io-6f17d22bba15001f/tokio-1.42.0/src/runtime/scheduler/current_thread/mod.rs:807:27
[INFO] [stdout]   36:     0x632c153d8033 - tokio::runtime::scheduler::current_thread::CoreGuard::block_on::hd8c3b151aa42e5c1
[INFO] [stdout]                                at /opt/rustwide/cargo-home/registry/src/index.crates.io-6f17d22bba15001f/tokio-1.42.0/src/runtime/scheduler/current_thread/mod.rs:716:19
[INFO] [stdout]   37:     0x632c153d5dba - tokio::runtime::scheduler::current_thread::CurrentThread::block_on::{{closure}}::h0589a2acaa93148f
[INFO] [stdout]                                at /opt/rustwide/cargo-home/registry/src/index.crates.io-6f17d22bba15001f/tokio-1.42.0/src/runtime/scheduler/current_thread/mod.rs:196:28
[INFO] [stdout]   38:     0x632c153b71c6 - tokio::runtime::context::runtime::enter_runtime::h8f8a3f97ac0dc954
[INFO] [stdout]                                at /opt/rustwide/cargo-home/registry/src/index.crates.io-6f17d22bba15001f/tokio-1.42.0/src/runtime/context/runtime.rs:65:16
[INFO] [stdout]   39:     0x632c153d5b71 - tokio::runtime::scheduler::current_thread::CurrentThread::block_on::ha187ee5bd2559155
[INFO] [stdout]                                at /opt/rustwide/cargo-home/registry/src/index.crates.io-6f17d22bba15001f/tokio-1.42.0/src/runtime/scheduler/current_thread/mod.rs:184:9
[INFO] [stdout]   40:     0x632c153b7f03 - tokio::runtime::runtime::Runtime::block_on_inner::hec50128f7ded0ee4
[INFO] [stdout]                                at /opt/rustwide/cargo-home/registry/src/index.crates.io-6f17d22bba15001f/tokio-1.42.0/src/runtime/runtime.rs:368:47
[INFO] [stdout]   41:     0x632c153b80f7 - tokio::runtime::runtime::Runtime::block_on::h0a9be48b1ddf7a15
[INFO] [stdout]                                at /opt/rustwide/cargo-home/registry/src/index.crates.io-6f17d22bba15001f/tokio-1.42.0/src/runtime/runtime.rs:342:13
[INFO] [stdout]   42:     0x632c153b9941 - birdeye_rs::test::test_wallet_token_list::ha1771e0b293e0587
[INFO] [stdout]                                at /opt/rustwide/workdir/src/lib.rs:157:9
[INFO] [stdout]   43:     0x632c153b97e7 - birdeye_rs::test::test_wallet_token_list::{{closure}}::h21f6e4e4eb3d1fcc
[INFO] [stdout]                                at /opt/rustwide/workdir/src/lib.rs:150:38
[INFO] [stdout]   44:     0x632c153c48a6 - core::ops::function::FnOnce::call_once::h6cbf92b425dc6731
[INFO] [stdout]                                at /rustc/90b35a6239c3d8bdabc530a6a0816f7ff89a0aaf/library/core/src/ops/function.rs:250:5
[INFO] [stdout]   45:     0x632c1543488b - core::ops::function::FnOnce::call_once::h109cf8051a59b34e
[INFO] [stdout]                                at /rustc/90b35a6239c3d8bdabc530a6a0816f7ff89a0aaf/library/core/src/ops/function.rs:250:5
[INFO] [stdout]   46:     0x632c1543488b - test::__rust_begin_short_backtrace::hf4fff89d377446ba
[INFO] [stdout]                                at /rustc/90b35a6239c3d8bdabc530a6a0816f7ff89a0aaf/library/test/src/lib.rs:621:18
[INFO] [stdout]   47:     0x632c154340c7 - test::run_test_in_process::{{closure}}::h0e39181dd7ee5a43
[INFO] [stdout]                                at /rustc/90b35a6239c3d8bdabc530a6a0816f7ff89a0aaf/library/test/src/lib.rs:644:60
[INFO] [stdout]   48:     0x632c154340c7 - <core::panic::unwind_safe::AssertUnwindSafe<F> as core::ops::function::FnOnce<()>>::call_once::hc5a66a30f0bdfd1f
[INFO] [stdout]                                at /rustc/90b35a6239c3d8bdabc530a6a0816f7ff89a0aaf/library/core/src/panic/unwind_safe.rs:272:9
[INFO] [stdout]   49:     0x632c154340c7 - std::panicking::try::do_call::h873b7cf639554a5e
[INFO] [stdout]                                at /rustc/90b35a6239c3d8bdabc530a6a0816f7ff89a0aaf/library/std/src/panicking.rs:557:40
[INFO] [stdout]   50:     0x632c154340c7 - std::panicking::try::hdb19862fad9c8bd1
[INFO] [stdout]                                at /rustc/90b35a6239c3d8bdabc530a6a0816f7ff89a0aaf/library/std/src/panicking.rs:520:19
[INFO] [stdout]   51:     0x632c154340c7 - std::panic::catch_unwind::h281fe732d236d260
[INFO] [stdout]                                at /rustc/90b35a6239c3d8bdabc530a6a0816f7ff89a0aaf/library/std/src/panic.rs:358:14
[INFO] [stdout]   52:     0x632c154340c7 - test::run_test_in_process::h949b6df8457ed338
[INFO] [stdout]                                at /rustc/90b35a6239c3d8bdabc530a6a0816f7ff89a0aaf/library/test/src/lib.rs:644:27
[INFO] [stdout]   53:     0x632c154340c7 - test::run_test::{{closure}}::h52c556a6d4740e10
[INFO] [stdout]                                at /rustc/90b35a6239c3d8bdabc530a6a0816f7ff89a0aaf/library/test/src/lib.rs:565:43
[INFO] [stdout]   54:     0x632c153f93a4 - test::run_test::{{closure}}::h4237f6381c45ccb9
[INFO] [stdout]                                at /rustc/90b35a6239c3d8bdabc530a6a0816f7ff89a0aaf/library/test/src/lib.rs:595:41
[INFO] [stdout]   55:     0x632c153f93a4 - std::sys::backtrace::__rust_begin_short_backtrace::h505c97a579eca628
[INFO] [stdout]                                at /rustc/90b35a6239c3d8bdabc530a6a0816f7ff89a0aaf/library/std/src/sys/backtrace.rs:154:18
[INFO] [stdout]   56:     0x632c153fca6e - std::thread::Builder::spawn_unchecked_::{{closure}}::{{closure}}::h9e86b2e2bc107ea3
[INFO] [stdout]                                at /rustc/90b35a6239c3d8bdabc530a6a0816f7ff89a0aaf/library/std/src/thread/mod.rs:538:17
[INFO] [stdout]   57:     0x632c153fca6e - <core::panic::unwind_safe::AssertUnwindSafe<F> as core::ops::function::FnOnce<()>>::call_once::h8b06ddb275ff4a25
[INFO] [stdout]                                at /rustc/90b35a6239c3d8bdabc530a6a0816f7ff89a0aaf/library/core/src/panic/unwind_safe.rs:272:9
[INFO] [stdout]   58:     0x632c153fca6e - std::panicking::try::do_call::hb26ecd7cd9a9355d
[INFO] [stdout]                                at /rustc/90b35a6239c3d8bdabc530a6a0816f7ff89a0aaf/library/std/src/panicking.rs:557:40
[INFO] [stdout]   59:     0x632c153fca6e - std::panicking::try::h8ddeca9d705f9069
[INFO] [stdout]                                at /rustc/90b35a6239c3d8bdabc530a6a0816f7ff89a0aaf/library/std/src/panicking.rs:520:19
[INFO] [stdout]   60:     0x632c153fca6e - std::panic::catch_unwind::h49e1c33078844c46
[INFO] [stdout]                                at /rustc/90b35a6239c3d8bdabc530a6a0816f7ff89a0aaf/library/std/src/panic.rs:358:14
[INFO] [stdout]   61:     0x632c153fca6e - std::thread::Builder::spawn_unchecked_::{{closure}}::h6073db6ff56ad35d
[INFO] [stdout]                                at /rustc/90b35a6239c3d8bdabc530a6a0816f7ff89a0aaf/library/std/src/thread/mod.rs:537:30
[INFO] [stdout]   62:     0x632c153fca6e - core::ops::function::FnOnce::call_once{{vtable.shim}}::h2c5a5f3779c774f1
[INFO] [stdout]                                at /rustc/90b35a6239c3d8bdabc530a6a0816f7ff89a0aaf/library/core/src/ops/function.rs:250:5
[INFO] [stdout]   63:     0x632c158d348b - <alloc::boxed::Box<F,A> as core::ops::function::FnOnce<Args>>::call_once::hf75717d9f28faebf
[INFO] [stdout]                                at /rustc/90b35a6239c3d8bdabc530a6a0816f7ff89a0aaf/library/alloc/src/boxed.rs:2454:9
[INFO] [stdout]   64:     0x632c158d348b - <alloc::boxed::Box<F,A> as core::ops::function::FnOnce<Args>>::call_once::h7bd883a5f3c5f3c1
[INFO] [stdout]                                at /rustc/90b35a6239c3d8bdabc530a6a0816f7ff89a0aaf/library/alloc/src/boxed.rs:2454:9
[INFO] [stdout]   65:     0x632c158d348b - std::sys::pal::unix::thread::Thread::new::thread_start::hcc78f3943333fa94
[INFO] [stdout]                                at /rustc/90b35a6239c3d8bdabc530a6a0816f7ff89a0aaf/library/std/src/sys/pal/unix/thread.rs:105:17
[INFO] [stdout]   66:     0x79dd6dfc4ac3 - <unknown>
[INFO] [stdout]   67:     0x79dd6e055a04 - clone
[INFO] [stdout]   68:                0x0 - <unknown>
[INFO] [stdout] 
[INFO] [stdout] ---- test::test_historical_price stdout ----
[INFO] [stdout] thread 'test::test_historical_price' panicked at src/lib.rs:174:26:
[INFO] [stdout] called `Result::unwrap()` on an `Err` value: Io(Custom { kind: NotFound, error: "path not found" })
[INFO] [stdout] stack backtrace:
[INFO] [stdout]    0:     0x632c158cd6ca - std::backtrace_rs::backtrace::libunwind::trace::h5a5b8284f2d0c266
[INFO] [stdout]                                at /rustc/90b35a6239c3d8bdabc530a6a0816f7ff89a0aaf/library/std/src/../../backtrace/src/backtrace/libunwind.rs:116:5
[INFO] [stdout]    1:     0x632c158cd6ca - std::backtrace_rs::backtrace::trace_unsynchronized::h76d4f1c9b0b875e3
[INFO] [stdout]                                at /rustc/90b35a6239c3d8bdabc530a6a0816f7ff89a0aaf/library/std/src/../../backtrace/src/backtrace/mod.rs:66:5
[INFO] [stdout]    2:     0x632c158cd6ca - std::sys::backtrace::_print_fmt::hc4546b8364a537c6
[INFO] [stdout]                                at /rustc/90b35a6239c3d8bdabc530a6a0816f7ff89a0aaf/library/std/src/sys/backtrace.rs:66:9
[INFO] [stdout]    3:     0x632c158cd6ca - <std::sys::backtrace::BacktraceLock::print::DisplayBacktrace as core::fmt::Display>::fmt::h5b6bd5631a6d1f6b
[INFO] [stdout]                                at /rustc/90b35a6239c3d8bdabc530a6a0816f7ff89a0aaf/library/std/src/sys/backtrace.rs:39:26
[INFO] [stdout]    4:     0x632c158f5cb3 - core::fmt::rt::Argument::fmt::h270f6602a2b96f62
[INFO] [stdout]                                at /rustc/90b35a6239c3d8bdabc530a6a0816f7ff89a0aaf/library/core/src/fmt/rt.rs:177:76
[INFO] [stdout]    5:     0x632c158f5cb3 - core::fmt::write::h7550c97b06c86515
[INFO] [stdout]                                at /rustc/90b35a6239c3d8bdabc530a6a0816f7ff89a0aaf/library/core/src/fmt/mod.rs:1186:21
[INFO] [stdout]    6:     0x632c158c9ae3 - std::io::Write::write_fmt::h509ff860e5956e5e
[INFO] [stdout]                                at /rustc/90b35a6239c3d8bdabc530a6a0816f7ff89a0aaf/library/std/src/io/mod.rs:1839:15
[INFO] [stdout]    7:     0x632c158cd512 - std::sys::backtrace::BacktraceLock::print::h2395ccd2c84ba3aa
[INFO] [stdout]                                at /rustc/90b35a6239c3d8bdabc530a6a0816f7ff89a0aaf/library/std/src/sys/backtrace.rs:42:9
[INFO] [stdout]    8:     0x632c158ceb2a - std::panicking::default_hook::{{closure}}::he19d4c7230e07961
[INFO] [stdout]                                at /rustc/90b35a6239c3d8bdabc530a6a0816f7ff89a0aaf/library/std/src/panicking.rs:268:22
[INFO] [stdout]    9:     0x632c158ce934 - std::panicking::default_hook::hf614597d3c67bbdb
[INFO] [stdout]                                at /rustc/90b35a6239c3d8bdabc530a6a0816f7ff89a0aaf/library/std/src/panicking.rs:292:9
[INFO] [stdout]   10:     0x632c1542fec9 - <alloc::boxed::Box<F,A> as core::ops::function::Fn<Args>>::call::h39b51ce4599c23d1
[INFO] [stdout]                                at /rustc/90b35a6239c3d8bdabc530a6a0816f7ff89a0aaf/library/alloc/src/boxed.rs:2468:9
[INFO] [stdout]   11:     0x632c1542fec9 - test::test_main::{{closure}}::he977ae839a582784
[INFO] [stdout]                                at /rustc/90b35a6239c3d8bdabc530a6a0816f7ff89a0aaf/library/test/src/lib.rs:133:21
[INFO] [stdout]   12:     0x632c158cf1c8 - <alloc::boxed::Box<F,A> as core::ops::function::Fn<Args>>::call::h9455091b6b06f9fb
[INFO] [stdout]                                at /rustc/90b35a6239c3d8bdabc530a6a0816f7ff89a0aaf/library/alloc/src/boxed.rs:2468:9
[INFO] [stdout]   13:     0x632c158cf1c8 - std::panicking::rust_panic_with_hook::h8942133a8b252070
[INFO] [stdout]                                at /rustc/90b35a6239c3d8bdabc530a6a0816f7ff89a0aaf/library/std/src/panicking.rs:809:13
[INFO] [stdout]   14:     0x632c158cef8a - std::panicking::begin_panic_handler::{{closure}}::hb5f5963570096b29
[INFO] [stdout]                                at /rustc/90b35a6239c3d8bdabc530a6a0816f7ff89a0aaf/library/std/src/panicking.rs:674:13
[INFO] [stdout]   15:     0x632c158cdba9 - std::sys::backtrace::__rust_end_short_backtrace::h6208cedc1922feda
[INFO] [stdout]                                at /rustc/90b35a6239c3d8bdabc530a6a0816f7ff89a0aaf/library/std/src/sys/backtrace.rs:170:18
[INFO] [stdout]   16:     0x632c158cec1c - rust_begin_unwind
[INFO] [stdout]                                at /rustc/90b35a6239c3d8bdabc530a6a0816f7ff89a0aaf/library/std/src/panicking.rs:665:5
[INFO] [stdout]   17:     0x632c153a22a0 - core::panicking::panic_fmt::h0c3082644d1bf418
[INFO] [stdout]                                at /rustc/90b35a6239c3d8bdabc530a6a0816f7ff89a0aaf/library/core/src/panicking.rs:74:14
[INFO] [stdout]   18:     0x632c153a2786 - core::result::unwrap_failed::hd20b4aa073bda1e2
[INFO] [stdout]                                at /rustc/90b35a6239c3d8bdabc530a6a0816f7ff89a0aaf/library/core/src/result.rs:1700:5
[INFO] [stdout]   19:     0x632c153bb5b8 - core::result::Result<T,E>::unwrap::hee4978d33f255339
[INFO] [stdout]                                at /rustc/90b35a6239c3d8bdabc530a6a0816f7ff89a0aaf/library/core/src/result.rs:1104:23
[INFO] [stdout]   20:     0x632c153bb5b8 - birdeye_rs::test::test_historical_price::{{closure}}::h7aa56c95b1ee4195
[INFO] [stdout]                                at /opt/rustwide/workdir/src/lib.rs:174:9
[INFO] [stdout]   21:     0x632c153c2aa2 - <core::pin::Pin<P> as core::future::future::Future>::poll::hd5175eae457f34c4
[INFO] [stdout]                                at /rustc/90b35a6239c3d8bdabc530a6a0816f7ff89a0aaf/library/core/src/future/future.rs:123:9
[INFO] [stdout]   22:     0x632c153c2a1d - <core::pin::Pin<P> as core::future::future::Future>::poll::h7a69f9c6e4690354
[INFO] [stdout]                                at /rustc/90b35a6239c3d8bdabc530a6a0816f7ff89a0aaf/library/core/src/future/future.rs:123:9
[INFO] [stdout]   23:     0x632c153d958f - tokio::runtime::scheduler::current_thread::CoreGuard::block_on::{{closure}}::{{closure}}::{{closure}}::hdb38472e064164c2
[INFO] [stdout]                                at /opt/rustwide/cargo-home/registry/src/index.crates.io-6f17d22bba15001f/tokio-1.42.0/src/runtime/scheduler/current_thread/mod.rs:729:57
[INFO] [stdout]   24:     0x632c153d92e5 - tokio::runtime::coop::with_budget::h79c67573d713429e
[INFO] [stdout]                                at /opt/rustwide/cargo-home/registry/src/index.crates.io-6f17d22bba15001f/tokio-1.42.0/src/runtime/coop.rs:107:5
[INFO] [stdout]   25:     0x632c153d92e5 - tokio::runtime::coop::budget::h89614abce1a3830a
[INFO] [stdout]                                at /opt/rustwide/cargo-home/registry/src/index.crates.io-6f17d22bba15001f/tokio-1.42.0/src/runtime/coop.rs:73:5
[INFO] [stdout]   26:     0x632c153d92e5 - tokio::runtime::scheduler::current_thread::CoreGuard::block_on::{{closure}}::{{closure}}::h263c02541721dd6a
[INFO] [stdout]                                at /opt/rustwide/cargo-home/registry/src/index.crates.io-6f17d22bba15001f/tokio-1.42.0/src/runtime/scheduler/current_thread/mod.rs:729:25
[INFO] [stdout]   27:     0x632c153d67c0 - tokio::runtime::scheduler::current_thread::Context::enter::h472e2456a70e6739
[INFO] [stdout]                                at /opt/rustwide/cargo-home/registry/src/index.crates.io-6f17d22bba15001f/tokio-1.42.0/src/runtime/scheduler/current_thread/mod.rs:428:19
[INFO] [stdout]   28:     0x632c153d8b3e - tokio::runtime::scheduler::current_thread::CoreGuard::block_on::{{closure}}::hb3c33f2cad312460
[INFO] [stdout]                                at /opt/rustwide/cargo-home/registry/src/index.crates.io-6f17d22bba15001f/tokio-1.42.0/src/runtime/scheduler/current_thread/mod.rs:728:36
[INFO] [stdout]   29:     0x632c153d7fb4 - tokio::runtime::scheduler::current_thread::CoreGuard::enter::{{closure}}::hb87ed526ae5e089c
[INFO] [stdout]                                at /opt/rustwide/cargo-home/registry/src/index.crates.io-6f17d22bba15001f/tokio-1.42.0/src/runtime/scheduler/current_thread/mod.rs:807:68
[INFO] [stdout]   30:     0x632c153c735b - tokio::runtime::context::scoped::Scoped<T>::set::h77fd9f0ae8404a12
[INFO] [stdout]                                at /opt/rustwide/cargo-home/registry/src/index.crates.io-6f17d22bba15001f/tokio-1.42.0/src/runtime/context/scoped.rs:40:9
[INFO] [stdout]   31:     0x632c153c12c9 - tokio::runtime::context::set_scheduler::{{closure}}::h197d309790f5aa87
[INFO] [stdout]                                at /opt/rustwide/cargo-home/registry/src/index.crates.io-6f17d22bba15001f/tokio-1.42.0/src/runtime/context.rs:180:26
[INFO] [stdout]   32:     0x632c153b594d - std::thread::local::LocalKey<T>::try_with::he72be47dfea22737
[INFO] [stdout]                                at /rustc/90b35a6239c3d8bdabc530a6a0816f7ff89a0aaf/library/std/src/thread/local.rs:283:12
[INFO] [stdout]   33:     0x632c153b498a - std::thread::local::LocalKey<T>::with::he5c3f31cb3b96b16
[INFO] [stdout]                                at /rustc/90b35a6239c3d8bdabc530a6a0816f7ff89a0aaf/library/std/src/thread/local.rs:260:9
[INFO] [stdout]   34:     0x632c153c123d - tokio::runtime::context::set_scheduler::h9592783b97107ded
[INFO] [stdout]                                at /opt/rustwide/cargo-home/registry/src/index.crates.io-6f17d22bba15001f/tokio-1.42.0/src/runtime/context.rs:180:9
[INFO] [stdout]   35:     0x632c153d7d40 - tokio::runtime::scheduler::current_thread::CoreGuard::enter::hada852b67727b7f9
[INFO] [stdout]                                at /opt/rustwide/cargo-home/registry/src/index.crates.io-6f17d22bba15001f/tokio-1.42.0/src/runtime/scheduler/current_thread/mod.rs:807:27
[INFO] [stdout]   36:     0x632c153d8033 - tokio::runtime::scheduler::current_thread::CoreGuard::block_on::hd8c3b151aa42e5c1
[INFO] [stdout]                                at /opt/rustwide/cargo-home/registry/src/index.crates.io-6f17d22bba15001f/tokio-1.42.0/src/runtime/scheduler/current_thread/mod.rs:716:19
[INFO] [stdout]   37:     0x632c153d5dba - tokio::runtime::scheduler::current_thread::CurrentThread::block_on::{{closure}}::h0589a2acaa93148f
[INFO] [stdout]                                at /opt/rustwide/cargo-home/registry/src/index.crates.io-6f17d22bba15001f/tokio-1.42.0/src/runtime/scheduler/current_thread/mod.rs:196:28
[INFO] [stdout]   38:     0x632c153b71c6 - tokio::runtime::context::runtime::enter_runtime::h8f8a3f97ac0dc954
[INFO] [stdout]                                at /opt/rustwide/cargo-home/registry/src/index.crates.io-6f17d22bba15001f/tokio-1.42.0/src/runtime/context/runtime.rs:65:16
[INFO] [stdout]   39:     0x632c153d5b71 - tokio::runtime::scheduler::current_thread::CurrentThread::block_on::ha187ee5bd2559155
[INFO] [stdout]                                at /opt/rustwide/cargo-home/registry/src/index.crates.io-6f17d22bba15001f/tokio-1.42.0/src/runtime/scheduler/current_thread/mod.rs:184:9
[INFO] [stdout]   40:     0x632c153b7f03 - tokio::runtime::runtime::Runtime::block_on_inner::hec50128f7ded0ee4
[INFO] [stdout]                                at /opt/rustwide/cargo-home/registry/src/index.crates.io-6f17d22bba15001f/tokio-1.42.0/src/runtime/runtime.rs:368:47
[INFO] [stdout]   41:     0x632c153b80f7 - tokio::runtime::runtime::Runtime::block_on::h0a9be48b1ddf7a15
[INFO] [stdout]                                at /opt/rustwide/cargo-home/registry/src/index.crates.io-6f17d22bba15001f/tokio-1.42.0/src/runtime/runtime.rs:342:13
[INFO] [stdout]   42:     0x632c153bb3e1 - birdeye_rs::test::test_historical_price::h2fd0cc79fb498970
[INFO] [stdout]                                at /opt/rustwide/workdir/src/lib.rs:187:9
[INFO] [stdout]   43:     0x632c153bb287 - birdeye_rs::test::test_historical_price::{{closure}}::h6afb4d817c70c56b
[INFO] [stdout]                                at /opt/rustwide/workdir/src/lib.rs:173:37
[INFO] [stdout]   44:     0x632c153c4856 - core::ops::function::FnOnce::call_once::h423b3685d237ddb7
[INFO] [stdout]                                at /rustc/90b35a6239c3d8bdabc530a6a0816f7ff89a0aaf/library/core/src/ops/function.rs:250:5
[INFO] [stdout]   45:     0x632c1543488b - core::ops::function::FnOnce::call_once::h109cf8051a59b34e
[INFO] [stdout]                                at /rustc/90b35a6239c3d8bdabc530a6a0816f7ff89a0aaf/library/core/src/ops/function.rs:250:5
[INFO] [stdout]   46:     0x632c1543488b - test::__rust_begin_short_backtrace::hf4fff89d377446ba
[INFO] [stdout]                                at /rustc/90b35a6239c3d8bdabc530a6a0816f7ff89a0aaf/library/test/src/lib.rs:621:18
[INFO] [stdout]   47:     0x632c154340c7 - test::run_test_in_process::{{closure}}::h0e39181dd7ee5a43
[INFO] [stdout]                                at /rustc/90b35a6239c3d8bdabc530a6a0816f7ff89a0aaf/library/test/src/lib.rs:644:60
[INFO] [stdout]   48:     0x632c154340c7 - <core::panic::unwind_safe::AssertUnwindSafe<F> as core::ops::function::FnOnce<()>>::call_once::hc5a66a30f0bdfd1f
[INFO] [stdout]                                at /rustc/90b35a6239c3d8bdabc530a6a0816f7ff89a0aaf/library/core/src/panic/unwind_safe.rs:272:9
[INFO] [stdout]   49:     0x632c154340c7 - std::panicking::try::do_call::h873b7cf639554a5e
[INFO] [stdout]                                at /rustc/90b35a6239c3d8bdabc530a6a0816f7ff89a0aaf/library/std/src/panicking.rs:557:40
[INFO] [stdout]   50:     0x632c154340c7 - std::panicking::try::hdb19862fad9c8bd1
[INFO] [stdout]                                at /rustc/90b35a6239c3d8bdabc530a6a0816f7ff89a0aaf/library/std/src/panicking.rs:520:19
[INFO] [stdout]   51:     0x632c154340c7 - std::panic::catch_unwind::h281fe732d236d260
[INFO] [stdout]                                at /rustc/90b35a6239c3d8bdabc530a6a0816f7ff89a0aaf/library/std/src/panic.rs:358:14
[INFO] [stdout]   52:     0x632c154340c7 - test::run_test_in_process::h949b6df8457ed338
[INFO] [stdout]                                at /rustc/90b35a6239c3d8bdabc530a6a0816f7ff89a0aaf/library/test/src/lib.rs:644:27
[INFO] [stdout]   53:     0x632c154340c7 - test::run_test::{{closure}}::h52c556a6d4740e10
[INFO] [stdout]                                at /rustc/90b35a6239c3d8bdabc530a6a0816f7ff89a0aaf/library/test/src/lib.rs:565:43
[INFO] [stdout]   54:     0x632c153f93a4 - test::run_test::{{closure}}::h4237f6381c45ccb9
[INFO] [stdout]                                at /rustc/90b35a6239c3d8bdabc530a6a0816f7ff89a0aaf/library/test/src/lib.rs:595:41
[INFO] [stdout]   55:     0x632c153f93a4 - std::sys::backtrace::__rust_begin_short_backtrace::h505c97a579eca628
[INFO] [stdout]                                at /rustc/90b35a6239c3d8bdabc530a6a0816f7ff89a0aaf/library/std/src/sys/backtrace.rs:154:18
[INFO] [stdout]   56:     0x632c153fca6e - std::thread::Builder::spawn_unchecked_::{{closure}}::{{closure}}::h9e86b2e2bc107ea3
[INFO] [stdout]                                at /rustc/90b35a6239c3d8bdabc530a6a0816f7ff89a0aaf/library/std/src/thread/mod.rs:538:17
[INFO] [stdout]   57:     0x632c153fca6e - <core::panic::unwind_safe::AssertUnwindSafe<F> as core::ops::function::FnOnce<()>>::call_once::h8b06ddb275ff4a25
[INFO] [stdout]                                at /rustc/90b35a6239c3d8bdabc530a6a0816f7ff89a0aaf/library/core/src/panic/unwind_safe.rs:272:9
[INFO] [stdout]   58:     0x632c153fca6e - std::panicking::try::do_call::hb26ecd7cd9a9355d
[INFO] [stdout]                                at /rustc/90b35a6239c3d8bdabc530a6a0816f7ff89a0aaf/library/std/src/panicking.rs:557:40
[INFO] [stdout]   59:     0x632c153fca6e - std::panicking::try::h8ddeca9d705f9069
[INFO] [stdout]                                at /rustc/90b35a6239c3d8bdabc530a6a0816f7ff89a0aaf/library/std/src/panicking.rs:520:19
[INFO] [stdout]   60:     0x632c153fca6e - std::panic::catch_unwind::h49e1c33078844c46
[INFO] [stdout]                                at /rustc/90b35a6239c3d8bdabc530a6a0816f7ff89a0aaf/library/std/src/panic.rs:358:14
[INFO] [stdout]   61:     0x632c153fca6e - std::thread::Builder::spawn_unchecked_::{{closure}}::h6073db6ff56ad35d
[INFO] [stdout]                                at /rustc/90b35a6239c3d8bdabc530a6a0816f7ff89a0aaf/library/std/src/thread/mod.rs:537:30
[INFO] [stdout]   62:     0x632c153fca6e - core::ops::function::FnOnce::call_once{{vtable.shim}}::h2c5a5f3779c774f1
[INFO] [stdout]                                at /rustc/90b35a6239c3d8bdabc530a6a0816f7ff89a0aaf/library/core/src/ops/function.rs:250:5
[INFO] [stdout]   63:     0x632c158d348b - <alloc::boxed::Box<F,A> as core::ops::function::FnOnce<Args>>::call_once::hf75717d9f28faebf
[INFO] [stdout]                                at /rustc/90b35a6239c3d8bdabc530a6a0816f7ff89a0aaf/library/alloc/src/boxed.rs:2454:9
[INFO] [stdout]   64:     0x632c158d348b - <alloc::boxed::Box<F,A> as core::ops::function::FnOnce<Args>>::call_once::h7bd883a5f3c5f3c1
[INFO] [stdout]                                at /rustc/90b35a6239c3d8bdabc530a6a0816f7ff89a0aaf/library/alloc/src/boxed.rs:2454:9
[INFO] [stdout]   65:     0x632c158d348b - std::sys::pal::unix::thread::Thread::new::thread_start::hcc78f3943333fa94
[INFO] [stdout]                                at /rustc/90b35a6239c3d8bdabc530a6a0816f7ff89a0aaf/library/std/src/sys/pal/unix/thread.rs:105:17
[INFO] [stdout]   66:     0x79dd6dfc4ac3 - <unknown>
[INFO] [stdout]   67:     0x79dd6e055a04 - clone
[INFO] [stdout]   68:                0x0 - <unknown>
[INFO] [stdout] 
[INFO] [stdout] ---- test::test_price stdout ----
[INFO] [stdout] thread 'test::test_price' panicked at src/lib.rs:191:26:
[INFO] [stdout] called `Result::unwrap()` on an `Err` value: Io(Custom { kind: NotFound, error: "path not found" })
[INFO] [stdout] stack backtrace:
[INFO] [stdout]    0:     0x632c158cd6ca - std::backtrace_rs::backtrace::libunwind::trace::h5a5b8284f2d0c266
[INFO] [stdout]                                at /rustc/90b35a6239c3d8bdabc530a6a0816f7ff89a0aaf/library/std/src/../../backtrace/src/backtrace/libunwind.rs:116:5
[INFO] [stdout]    1:     0x632c158cd6ca - std::backtrace_rs::backtrace::trace_unsynchronized::h76d4f1c9b0b875e3
[INFO] [stdout]                                at /rustc/90b35a6239c3d8bdabc530a6a0816f7ff89a0aaf/library/std/src/../../backtrace/src/backtrace/mod.rs:66:5
[INFO] [stdout]    2:     0x632c158cd6ca - std::sys::backtrace::_print_fmt::hc4546b8364a537c6
[INFO] [stdout]                                at /rustc/90b35a6239c3d8bdabc530a6a0816f7ff89a0aaf/library/std/src/sys/backtrace.rs:66:9
[INFO] [stdout]    3:     0x632c158cd6ca - <std::sys::backtrace::BacktraceLock::print::DisplayBacktrace as core::fmt::Display>::fmt::h5b6bd5631a6d1f6b
[INFO] [stdout]                                at /rustc/90b35a6239c3d8bdabc530a6a0816f7ff89a0aaf/library/std/src/sys/backtrace.rs:39:26
[INFO] [stdout]    4:     0x632c158f5cb3 - core::fmt::rt::Argument::fmt::h270f6602a2b96f62
[INFO] [stdout]                                at /rustc/90b35a6239c3d8bdabc530a6a0816f7ff89a0aaf/library/core/src/fmt/rt.rs:177:76
[INFO] [stdout]    5:     0x632c158f5cb3 - core::fmt::write::h7550c97b06c86515
[INFO] [stdout]                                at /rustc/90b35a6239c3d8bdabc530a6a0816f7ff89a0aaf/library/core/src/fmt/mod.rs:1186:21
[INFO] [stdout]    6:     0x632c158c9ae3 - std::io::Write::write_fmt::h509ff860e5956e5e
[INFO] [stdout]                                at /rustc/90b35a6239c3d8bdabc530a6a0816f7ff89a0aaf/library/std/src/io/mod.rs:1839:15
[INFO] [stdout]    7:     0x632c158cd512 - std::sys::backtrace::BacktraceLock::print::h2395ccd2c84ba3aa
[INFO] [stdout]                                at /rustc/90b35a6239c3d8bdabc530a6a0816f7ff89a0aaf/library/std/src/sys/backtrace.rs:42:9
[INFO] [stdout]    8:     0x632c158ceb2a - std::panicking::default_hook::{{closure}}::he19d4c7230e07961
[INFO] [stdout]                                at /rustc/90b35a6239c3d8bdabc530a6a0816f7ff89a0aaf/library/std/src/panicking.rs:268:22
[INFO] [stdout]    9:     0x632c158ce934 - std::panicking::default_hook::hf614597d3c67bbdb
[INFO] [stdout]                                at /rustc/90b35a6239c3d8bdabc530a6a0816f7ff89a0aaf/library/std/src/panicking.rs:292:9
[INFO] [stdout]   10:     0x632c1542fec9 - <alloc::boxed::Box<F,A> as core::ops::function::Fn<Args>>::call::h39b51ce4599c23d1
[INFO] [stdout]                                at /rustc/90b35a6239c3d8bdabc530a6a0816f7ff89a0aaf/library/alloc/src/boxed.rs:2468:9
[INFO] [stdout]   11:     0x632c1542fec9 - test::test_main::{{closure}}::he977ae839a582784
[INFO] [stdout]                                at /rustc/90b35a6239c3d8bdabc530a6a0816f7ff89a0aaf/library/test/src/lib.rs:133:21
[INFO] [stdout]   12:     0x632c158cf1c8 - <alloc::boxed::Box<F,A> as core::ops::function::Fn<Args>>::call::h9455091b6b06f9fb
[INFO] [stdout]                                at /rustc/90b35a6239c3d8bdabc530a6a0816f7ff89a0aaf/library/alloc/src/boxed.rs:2468:9
[INFO] [stdout]   13:     0x632c158cf1c8 - std::panicking::rust_panic_with_hook::h8942133a8b252070
[INFO] [stdout]                                at /rustc/90b35a6239c3d8bdabc530a6a0816f7ff89a0aaf/library/std/src/panicking.rs:809:13
[INFO] [stdout]   14:     0x632c158cef8a - std::panicking::begin_panic_handler::{{closure}}::hb5f5963570096b29
[INFO] [stdout]                                at /rustc/90b35a6239c3d8bdabc530a6a0816f7ff89a0aaf/library/std/src/panicking.rs:674:13
[INFO] [stdout]   15:     0x632c158cdba9 - std::sys::backtrace::__rust_end_short_backtrace::h6208cedc1922feda
[INFO] [stdout]                                at /rustc/90b35a6239c3d8bdabc530a6a0816f7ff89a0aaf/library/std/src/sys/backtrace.rs:170:18
[INFO] [stdout]   16:     0x632c158cec1c - rust_begin_unwind
[INFO] [stdout]                                at /rustc/90b35a6239c3d8bdabc530a6a0816f7ff89a0aaf/library/std/src/panicking.rs:665:5
[INFO] [stdout]   17:     0x632c153a22a0 - core::panicking::panic_fmt::h0c3082644d1bf418
[INFO] [stdout]                                at /rustc/90b35a6239c3d8bdabc530a6a0816f7ff89a0aaf/library/core/src/panicking.rs:74:14
[INFO] [stdout]   18:     0x632c153a2786 - core::result::unwrap_failed::hd20b4aa073bda1e2
[INFO] [stdout]                                at /rustc/90b35a6239c3d8bdabc530a6a0816f7ff89a0aaf/library/core/src/result.rs:1700:5
[INFO] [stdout]   19:     0x632c153bc338 - core::result::Result<T,E>::unwrap::hee4978d33f255339
[INFO] [stdout]                                at /rustc/90b35a6239c3d8bdabc530a6a0816f7ff89a0aaf/library/core/src/result.rs:1104:23
[INFO] [stdout]   20:     0x632c153bc338 - birdeye_rs::test::test_price::{{closure}}::h35ebf1e20388fd09
[INFO] [stdout]                                at /opt/rustwide/workdir/src/lib.rs:191:9
[INFO] [stdout]   21:     0x632c153c2aa2 - <core::pin::Pin<P> as core::future::future::Future>::poll::hd5175eae457f34c4
[INFO] [stdout]                                at /rustc/90b35a6239c3d8bdabc530a6a0816f7ff89a0aaf/library/core/src/future/future.rs:123:9
[INFO] [stdout]   22:     0x632c153c2a1d - <core::pin::Pin<P> as core::future::future::Future>::poll::h7a69f9c6e4690354
[INFO] [stdout]                                at /rustc/90b35a6239c3d8bdabc530a6a0816f7ff89a0aaf/library/core/src/future/future.rs:123:9
[INFO] [stdout]   23:     0x632c153d958f - tokio::runtime::scheduler::current_thread::CoreGuard::block_on::{{closure}}::{{closure}}::{{closure}}::hdb38472e064164c2
[INFO] [stdout]                                at /opt/rustwide/cargo-home/registry/src/index.crates.io-6f17d22bba15001f/tokio-1.42.0/src/runtime/scheduler/current_thread/mod.rs:729:57
[INFO] [stdout]   24:     0x632c153d92e5 - tokio::runtime::coop::with_budget::h79c67573d713429e
[INFO] [stdout]                                at /opt/rustwide/cargo-home/registry/src/index.crates.io-6f17d22bba15001f/tokio-1.42.0/src/runtime/coop.rs:107:5
[INFO] [stdout]   25:     0x632c153d92e5 - tokio::runtime::coop::budget::h89614abce1a3830a
[INFO] [stdout]                                at /opt/rustwide/cargo-home/registry/src/index.crates.io-6f17d22bba15001f/tokio-1.42.0/src/runtime/coop.rs:73:5
[INFO] [stdout]   26:     0x632c153d92e5 - tokio::runtime::scheduler::current_thread::CoreGuard::block_on::{{closure}}::{{closure}}::h263c02541721dd6a
[INFO] [stdout]                                at /opt/rustwide/cargo-home/registry/src/index.crates.io-6f17d22bba15001f/tokio-1.42.0/src/runtime/scheduler/current_thread/mod.rs:729:25
[INFO] [stdout]   27:     0x632c153d67c0 - tokio::runtime::scheduler::current_thread::Context::enter::h472e2456a70e6739
[INFO] [stdout]                                at /opt/rustwide/cargo-home/registry/src/index.crates.io-6f17d22bba15001f/tokio-1.42.0/src/runtime/scheduler/current_thread/mod.rs:428:19
[INFO] [stdout]   28:     0x632c153d8b3e - tokio::runtime::scheduler::current_thread::CoreGuard::block_on::{{closure}}::hb3c33f2cad312460
[INFO] [stdout]                                at /opt/rustwide/cargo-home/registry/src/index.crates.io-6f17d22bba15001f/tokio-1.42.0/src/runtime/scheduler/current_thread/mod.rs:728:36
[INFO] [stdout]   29:     0x632c153d7fb4 - tokio::runtime::scheduler::current_thread::CoreGuard::enter::{{closure}}::hb87ed526ae5e089c
[INFO] [stdout]                                at /opt/rustwide/cargo-home/registry/src/index.crates.io-6f17d22bba15001f/tokio-1.42.0/src/runtime/scheduler/current_thread/mod.rs:807:68
[INFO] [stdout]   30:     0x632c153c735b - tokio::runtime::context::scoped::Scoped<T>::set::h77fd9f0ae8404a12
[INFO] [stdout]                                at /opt/rustwide/cargo-home/registry/src/index.crates.io-6f17d22bba15001f/tokio-1.42.0/src/runtime/context/scoped.rs:40:9
[INFO] [stdout]   31:     0x632c153c12c9 - tokio::runtime::context::set_scheduler::{{closure}}::h197d309790f5aa87
[INFO] [stdout]                                at /opt/rustwide/cargo-home/registry/src/index.crates.io-6f17d22bba15001f/tokio-1.42.0/src/runtime/context.rs:180:26
[INFO] [stdout]   32:     0x632c153b594d - std::thread::local::LocalKey<T>::try_with::he72be47dfea22737
[INFO] [stdout]                                at /rustc/90b35a6239c3d8bdabc530a6a0816f7ff89a0aaf/library/std/src/thread/local.rs:283:12
[INFO] [stdout]   33:     0x632c153b498a - std::thread::local::LocalKey<T>::with::he5c3f31cb3b96b16
[INFO] [stdout]                                at /rustc/90b35a6239c3d8bdabc530a6a0816f7ff89a0aaf/library/std/src/thread/local.rs:260:9
[INFO] [stdout]   34:     0x632c153c123d - tokio::runtime::context::set_scheduler::h9592783b97107ded
[INFO] [stdout]                                at /opt/rustwide/cargo-home/registry/src/index.crates.io-6f17d22bba15001f/tokio-1.42.0/src/runtime/context.rs:180:9
[INFO] [stdout]   35:     0x632c153d7d40 - tokio::runtime::scheduler::current_thread::CoreGuard::enter::hada852b67727b7f9
[INFO] [stdout]                                at /opt/rustwide/cargo-home/registry/src/index.crates.io-6f17d22bba15001f/tokio-1.42.0/src/runtime/scheduler/current_thread/mod.rs:807:27
[INFO] [stdout]   36:     0x632c153d8033 - tokio::runtime::scheduler::current_thread::CoreGuard::block_on::hd8c3b151aa42e5c1
[INFO] [stdout]                                at /opt/rustwide/cargo-home/registry/src/index.crates.io-6f17d22bba15001f/tokio-1.42.0/src/runtime/scheduler/current_thread/mod.rs:716:19
[INFO] [stdout]   37:     0x632c153d5dba - tokio::runtime::scheduler::current_thread::CurrentThread::block_on::{{closure}}::h0589a2acaa93148f
[INFO] [stdout]                                at /opt/rustwide/cargo-home/registry/src/index.crates.io-6f17d22bba15001f/tokio-1.42.0/src/runtime/scheduler/current_thread/mod.rs:196:28
[INFO] [stdout]   38:     0x632c153b71c6 - tokio::runtime::context::runtime::enter_runtime::h8f8a3f97ac0dc954
[INFO] [stdout]                                at /opt/rustwide/cargo-home/registry/src/index.crates.io-6f17d22bba15001f/tokio-1.42.0/src/runtime/context/runtime.rs:65:16
[INFO] [stdout]   39:     0x632c153d5b71 - tokio::runtime::scheduler::current_thread::CurrentThread::block_on::ha187ee5bd2559155
[INFO] [stdout]                                at /opt/rustwide/cargo-home/registry/src/index.crates.io-6f17d22bba15001f/tokio-1.42.0/src/runtime/scheduler/current_thread/mod.rs:184:9
[INFO] [stdout]   40:     0x632c153b7f03 - tokio::runtime::runtime::Runtime::block_on_inner::hec50128f7ded0ee4
[INFO] [stdout]                                at /opt/rustwide/cargo-home/registry/src/index.crates.io-6f17d22bba15001f/tokio-1.42.0/src/runtime/runtime.rs:368:47
[INFO] [stdout]   41:     0x632c153b80f7 - tokio::runtime::runtime::Runtime::block_on::h0a9be48b1ddf7a15
[INFO] [stdout]                                at /opt/rustwide/cargo-home/registry/src/index.crates.io-6f17d22bba15001f/tokio-1.42.0/src/runtime/runtime.rs:342:13
[INFO] [stdout]   42:     0x632c153bc161 - birdeye_rs::test::test_price::h5a549f5bc793e080
[INFO] [stdout]                                at /opt/rustwide/workdir/src/lib.rs:200:9
[INFO] [stdout]   43:     0x632c153bc007 - birdeye_rs::test::test_price::{{closure}}::h8fa4aa86097eadbe
[INFO] [stdout]                                at /opt/rustwide/workdir/src/lib.rs:190:26
[INFO] [stdout]   44:     0x632c153c4816 - core::ops::function::FnOnce::call_once::h339fdb255bd652f0
[INFO] [stdout]                                at /rustc/90b35a6239c3d8bdabc530a6a0816f7ff89a0aaf/library/core/src/ops/function.rs:250:5
[INFO] [stdout]   45:     0x632c1543488b - core::ops::function::FnOnce::call_once::h109cf8051a59b34e
[INFO] [stdout]                                at /rustc/90b35a6239c3d8bdabc530a6a0816f7ff89a0aaf/library/core/src/ops/function.rs:250:5
[INFO] [stdout]   46:     0x632c1543488b - test::__rust_begin_short_backtrace::hf4fff89d377446ba
[INFO] [stdout]                                at /rustc/90b35a6239c3d8bdabc530a6a0816f7ff89a0aaf/library/test/src/lib.rs:621:18
[INFO] [stdout]   47:     0x632c154340c7 - test::run_test_in_process::{{closure}}::h0e39181dd7ee5a43
[INFO] [stdout]                                at /rustc/90b35a6239c3d8bdabc530a6a0816f7ff89a0aaf/library/test/src/lib.rs:644:60
[INFO] [stdout]   48:     0x632c154340c7 - <core::panic::unwind_safe::AssertUnwindSafe<F> as core::ops::function::FnOnce<()>>::call_once::hc5a66a30f0bdfd1f
[INFO] [stdout]                                at /rustc/90b35a6239c3d8bdabc530a6a0816f7ff89a0aaf/library/core/src/panic/unwind_safe.rs:272:9
[INFO] [stdout]   49:     0x632c154340c7 - std::panicking::try::do_call::h873b7cf639554a5e
[INFO] [stdout]                                at /rustc/90b35a6239c3d8bdabc530a6a0816f7ff89a0aaf/library/std/src/panicking.rs:557:40
[INFO] [stdout]   50:     0x632c154340c7 - std::panicking::try::hdb19862fad9c8bd1
[INFO] [stdout]                                at /rustc/90b35a6239c3d8bdabc530a6a0816f7ff89a0aaf/library/std/src/panicking.rs:520:19
[INFO] [stdout]   51:     0x632c154340c7 - std::panic::catch_unwind::h281fe732d236d260
[INFO] [stdout]                                at /rustc/90b35a6239c3d8bdabc530a6a0816f7ff89a0aaf/library/std/src/panic.rs:358:14
[INFO] [stdout]   52:     0x632c154340c7 - test::run_test_in_process::h949b6df8457ed338
[INFO] [stdout]                                at /rustc/90b35a6239c3d8bdabc530a6a0816f7ff89a0aaf/library/test/src/lib.rs:644:27
[INFO] [stdout]   53:     0x632c154340c7 - test::run_test::{{closure}}::h52c556a6d4740e10
[INFO] [stdout]                                at /rustc/90b35a6239c3d8bdabc530a6a0816f7ff89a0aaf/library/test/src/lib.rs:565:43
[INFO] [stdout]   54:     0x632c153f93a4 - test::run_test::{{closure}}::h4237f6381c45ccb9
[INFO] [stdout]                                at /rustc/90b35a6239c3d8bdabc530a6a0816f7ff89a0aaf/library/test/src/lib.rs:595:41
[INFO] [stdout]   55:     0x632c153f93a4 - std::sys::backtrace::__rust_begin_short_backtrace::h505c97a579eca628
[INFO] [stdout]                                at /rustc/90b35a6239c3d8bdabc530a6a0816f7ff89a0aaf/library/std/src/sys/backtrace.rs:154:18
[INFO] [stdout]   56:     0x632c153fca6e - std::thread::Builder::spawn_unchecked_::{{closure}}::{{closure}}::h9e86b2e2bc107ea3
[INFO] [stdout]                                at /rustc/90b35a6239c3d8bdabc530a6a0816f7ff89a0aaf/library/std/src/thread/mod.rs:538:17
[INFO] [stdout]   57:     0x632c153fca6e - <core::panic::unwind_safe::AssertUnwindSafe<F> as core::ops::function::FnOnce<()>>::call_once::h8b06ddb275ff4a25
[INFO] [stdout]                                at /rustc/90b35a6239c3d8bdabc530a6a0816f7ff89a0aaf/library/core/src/panic/unwind_safe.rs:272:9
[INFO] [stdout]   58:     0x632c153fca6e - std::panicking::try::do_call::hb26ecd7cd9a9355d
[INFO] [stdout]                                at /rustc/90b35a6239c3d8bdabc530a6a0816f7ff89a0aaf/library/std/src/panicking.rs:557:40
[INFO] [stdout]   59:     0x632c153fca6e - std::panicking::try::h8ddeca9d705f9069
[INFO] [stdout]                                at /rustc/90b35a6239c3d8bdabc530a6a0816f7ff89a0aaf/library/std/src/panicking.rs:520:19
[INFO] [stdout]   60:     0x632c153fca6e - std::panic::catch_unwind::h49e1c33078844c46
[INFO] [stdout]                                at /rustc/90b35a6239c3d8bdabc530a6a0816f7ff89a0aaf/library/std/src/panic.rs:358:14
[INFO] [stdout]   61:     0x632c153fca6e - std::thread::Builder::spawn_unchecked_::{{closure}}::h6073db6ff56ad35d
[INFO] [stdout]                                at /rustc/90b35a6239c3d8bdabc530a6a0816f7ff89a0aaf/library/std/src/thread/mod.rs:537:30
[INFO] [stdout]   62:     0x632c153fca6e - core::ops::function::FnOnce::call_once{{vtable.shim}}::h2c5a5f3779c774f1
[INFO] [stdout]                                at /rustc/90b35a6239c3d8bdabc530a6a0816f7ff89a0aaf/library/core/src/ops/function.rs:250:5
[INFO] [stdout]   63:     0x632c158d348b - <alloc::boxed::Box<F,A> as core::ops::function::FnOnce<Args>>::call_once::hf75717d9f28faebf
[INFO] [stdout]                                at /rustc/90b35a6239c3d8bdabc530a6a0816f7ff89a0aaf/library/alloc/src/boxed.rs:2454:9
[INFO] [stdout]   64:     0x632c158d348b - <alloc::boxed::Box<F,A> as core::ops::function::FnOnce<Args>>::call_once::h7bd883a5f3c5f3c1
[INFO] [stdout]                                at /rustc/90b35a6239c3d8bdabc530a6a0816f7ff89a0aaf/library/alloc/src/boxed.rs:2454:9
[INFO] [stdout]   65:     0x632c158d348b - std::sys::pal::unix::thread::Thread::new::thread_start::hcc78f3943333fa94
[INFO] [stdout]                                at /rustc/90b35a6239c3d8bdabc530a6a0816f7ff89a0aaf/library/std/src/sys/pal/unix/thread.rs:105:17
[INFO] [stdout]   66:     0x79dd6dfc4ac3 - <unknown>
[INFO] [stdout]   67:     0x79dd6e055a04 - clone
[INFO] [stdout]   68:                0x0 - <unknown>
[INFO] [stdout] 
[INFO] [stdout] ---- test::test_token_overview stdout ----
[INFO] [stdout] thread 'test::test_token_overview' panicked at src/lib.rs:161:26:
[INFO] [stdout] called `Result::unwrap()` on an `Err` value: Io(Custom { kind: NotFound, error: "path not found" })
[INFO] [stdout] stack backtrace:
[INFO] [stdout]    0:     0x632c158cd6ca - std::backtrace_rs::backtrace::libunwind::trace::h5a5b8284f2d0c266
[INFO] [stdout]                                at /rustc/90b35a6239c3d8bdabc530a6a0816f7ff89a0aaf/library/std/src/../../backtrace/src/backtrace/libunwind.rs:116:5
[INFO] [stdout]    1:     0x632c158cd6ca - std::backtrace_rs::backtrace::trace_unsynchronized::h76d4f1c9b0b875e3
[INFO] [stdout]                                at /rustc/90b35a6239c3d8bdabc530a6a0816f7ff89a0aaf/library/std/src/../../backtrace/src/backtrace/mod.rs:66:5
[INFO] [stdout]    2:     0x632c158cd6ca - std::sys::backtrace::_print_fmt::hc4546b8364a537c6
[INFO] [stdout]                                at /rustc/90b35a6239c3d8bdabc530a6a0816f7ff89a0aaf/library/std/src/sys/backtrace.rs:66:9
[INFO] [stdout]    3:     0x632c158cd6ca - <std::sys::backtrace::BacktraceLock::print::DisplayBacktrace as core::fmt::Display>::fmt::h5b6bd5631a6d1f6b
[INFO] [stdout]                                at /rustc/90b35a6239c3d8bdabc530a6a0816f7ff89a0aaf/library/std/src/sys/backtrace.rs:39:26
[INFO] [stdout]    4:     0x632c158f5cb3 - core::fmt::rt::Argument::fmt::h270f6602a2b96f62
[INFO] [stdout]                                at /rustc/90b35a6239c3d8bdabc530a6a0816f7ff89a0aaf/library/core/src/fmt/rt.rs:177:76
[INFO] [stdout]    5:     0x632c158f5cb3 - core::fmt::write::h7550c97b06c86515
[INFO] [stdout]                                at /rustc/90b35a6239c3d8bdabc530a6a0816f7ff89a0aaf/library/core/src/fmt/mod.rs:1186:21
[INFO] [stdout]    6:     0x632c158c9ae3 - std::io::Write::write_fmt::h509ff860e5956e5e
[INFO] [stdout]                                at /rustc/90b35a6239c3d8bdabc530a6a0816f7ff89a0aaf/library/std/src/io/mod.rs:1839:15
[INFO] [stdout]    7:     0x632c158cd512 - std::sys::backtrace::BacktraceLock::print::h2395ccd2c84ba3aa
[INFO] [stdout]                                at /rustc/90b35a6239c3d8bdabc530a6a0816f7ff89a0aaf/library/std/src/sys/backtrace.rs:42:9
[INFO] [stdout]    8:     0x632c158ceb2a - std::panicking::default_hook::{{closure}}::he19d4c7230e07961
[INFO] [stdout]                                at /rustc/90b35a6239c3d8bdabc530a6a0816f7ff89a0aaf/library/std/src/panicking.rs:268:22
[INFO] [stdout]    9:     0x632c158ce934 - std::panicking::default_hook::hf614597d3c67bbdb
[INFO] [stdout]                                at /rustc/90b35a6239c3d8bdabc530a6a0816f7ff89a0aaf/library/std/src/panicking.rs:292:9
[INFO] [stdout]   10:     0x632c1542fec9 - <alloc::boxed::Box<F,A> as core::ops::function::Fn<Args>>::call::h39b51ce4599c23d1
[INFO] [stdout]                                at /rustc/90b35a6239c3d8bdabc530a6a0816f7ff89a0aaf/library/alloc/src/boxed.rs:2468:9
[INFO] [stdout]   11:     0x632c1542fec9 - test::test_main::{{closure}}::he977ae839a582784
[INFO] [stdout]                                at /rustc/90b35a6239c3d8bdabc530a6a0816f7ff89a0aaf/library/test/src/lib.rs:133:21
[INFO] [stdout]   12:     0x632c158cf1c8 - <alloc::boxed::Box<F,A> as core::ops::function::Fn<Args>>::call::h9455091b6b06f9fb
[INFO] [stdout]                                at /rustc/90b35a6239c3d8bdabc530a6a0816f7ff89a0aaf/library/alloc/src/boxed.rs:2468:9
[INFO] [stdout]   13:     0x632c158cf1c8 - std::panicking::rust_panic_with_hook::h8942133a8b252070
[INFO] [stdout]                                at /rustc/90b35a6239c3d8bdabc530a6a0816f7ff89a0aaf/library/std/src/panicking.rs:809:13
[INFO] [stdout]   14:     0x632c158cef8a - std::panicking::begin_panic_handler::{{closure}}::hb5f5963570096b29
[INFO] [stdout]                                at /rustc/90b35a6239c3d8bdabc530a6a0816f7ff89a0aaf/library/std/src/panicking.rs:674:13
[INFO] [stdout]   15:     0x632c158cdba9 - std::sys::backtrace::__rust_end_short_backtrace::h6208cedc1922feda
[INFO] [stdout]                                at /rustc/90b35a6239c3d8bdabc530a6a0816f7ff89a0aaf/library/std/src/sys/backtrace.rs:170:18
[INFO] [stdout]   16:     0x632c158cec1c - rust_begin_unwind
[INFO] [stdout]                                at /rustc/90b35a6239c3d8bdabc530a6a0816f7ff89a0aaf/library/std/src/panicking.rs:665:5
[INFO] [stdout]   17:     0x632c153a22a0 - core::panicking::panic_fmt::h0c3082644d1bf418
[INFO] [stdout]                                at /rustc/90b35a6239c3d8bdabc530a6a0816f7ff89a0aaf/library/core/src/panicking.rs:74:14
[INFO] [stdout]   18:     0x632c153a2786 - core::result::unwrap_failed::hd20b4aa073bda1e2
[INFO] [stdout]                                at /rustc/90b35a6239c3d8bdabc530a6a0816f7ff89a0aaf/library/core/src/result.rs:1700:5
[INFO] [stdout]   19:     0x632c153ba888 - core::result::Result<T,E>::unwrap::hee4978d33f255339
[INFO] [stdout]                                at /rustc/90b35a6239c3d8bdabc530a6a0816f7ff89a0aaf/library/core/src/result.rs:1104:23
[INFO] [stdout]   20:     0x632c153ba888 - birdeye_rs::test::test_token_overview::{{closure}}::h146e127c9c5a9d87
[INFO] [stdout]                                at /opt/rustwide/workdir/src/lib.rs:161:9
[INFO] [stdout]   21:     0x632c153c2aa2 - <core::pin::Pin<P> as core::future::future::Future>::poll::hd5175eae457f34c4
[INFO] [stdout]                                at /rustc/90b35a6239c3d8bdabc530a6a0816f7ff89a0aaf/library/core/src/future/future.rs:123:9
[INFO] [stdout]   22:     0x632c153c2a1d - <core::pin::Pin<P> as core::future::future::Future>::poll::h7a69f9c6e4690354
[INFO] [stdout]                                at /rustc/90b35a6239c3d8bdabc530a6a0816f7ff89a0aaf/library/core/src/future/future.rs:123:9
[INFO] [stdout]   23:     0x632c153d958f - tokio::runtime::scheduler::current_thread::CoreGuard::block_on::{{closure}}::{{closure}}::{{closure}}::hdb38472e064164c2
[INFO] [stdout]                                at /opt/rustwide/cargo-home/registry/src/index.crates.io-6f17d22bba15001f/tokio-1.42.0/src/runtime/scheduler/current_thread/mod.rs:729:57
[INFO] [stdout]   24:     0x632c153d92e5 - tokio::runtime::coop::with_budget::h79c67573d713429e
[INFO] [stdout]                                at /opt/rustwide/cargo-home/registry/src/index.crates.io-6f17d22bba15001f/tokio-1.42.0/src/runtime/coop.rs:107:5
[INFO] [stdout]   25:     0x632c153d92e5 - tokio::runtime::coop::budget::h89614abce1a3830a
[INFO] [stdout]                                at /opt/rustwide/cargo-home/registry/src/index.crates.io-6f17d22bba15001f/tokio-1.42.0/src/runtime/coop.rs:73:5
[INFO] [stdout]   26:     0x632c153d92e5 - tokio::runtime::scheduler::current_thread::CoreGuard::block_on::{{closure}}::{{closure}}::h263c02541721dd6a
[INFO] [stdout]                                at /opt/rustwide/cargo-home/registry/src/index.crates.io-6f17d22bba15001f/tokio-1.42.0/src/runtime/scheduler/current_thread/mod.rs:729:25
[INFO] [stdout]   27:     0x632c153d67c0 - tokio::runtime::scheduler::current_thread::Context::enter::h472e2456a70e6739
[INFO] [stdout]                                at /opt/rustwide/cargo-home/registry/src/index.crates.io-6f17d22bba15001f/tokio-1.42.0/src/runtime/scheduler/current_thread/mod.rs:428:19
[INFO] [stdout]   28:     0x632c153d8b3e - tokio::runtime::scheduler::current_thread::CoreGuard::block_on::{{closure}}::hb3c33f2cad312460
[INFO] [stdout]                                at /opt/rustwide/cargo-home/registry/src/index.crates.io-6f17d22bba15001f/tokio-1.42.0/src/runtime/scheduler/current_thread/mod.rs:728:36
[INFO] [stdout]   29:     0x632c153d7fb4 - tokio::runtime::scheduler::current_thread::CoreGuard::enter::{{closure}}::hb87ed526ae5e089c
[INFO] [stdout]                                at /opt/rustwide/cargo-home/registry/src/index.crates.io-6f17d22bba15001f/tokio-1.42.0/src/runtime/scheduler/current_thread/mod.rs:807:68
[INFO] [stdout]   30:     0x632c153c735b - tokio::runtime::context::scoped::Scoped<T>::set::h77fd9f0ae8404a12
[INFO] [stdout]                                at /opt/rustwide/cargo-home/registry/src/index.crates.io-6f17d22bba15001f/tokio-1.42.0/src/runtime/context/scoped.rs:40:9
[INFO] [stdout]   31:     0x632c153c12c9 - tokio::runtime::context::set_scheduler::{{closure}}::h197d309790f5aa87
[INFO] [stdout]                                at /opt/rustwide/cargo-home/registry/src/index.crates.io-6f17d22bba15001f/tokio-1.42.0/src/runtime/context.rs:180:26
[INFO] [stdout]   32:     0x632c153b594d - std::thread::local::LocalKey<T>::try_with::he72be47dfea22737
[INFO] [stdout]                                at /rustc/90b35a6239c3d8bdabc530a6a0816f7ff89a0aaf/library/std/src/thread/local.rs:283:12
[INFO] [stdout]   33:     0x632c153b498a - std::thread::local::LocalKey<T>::with::he5c3f31cb3b96b16
[INFO] [stdout]                                at /rustc/90b35a6239c3d8bdabc530a6a0816f7ff89a0aaf/library/std/src/thread/local.rs:260:9
[INFO] [stdout]   34:     0x632c153c123d - tokio::runtime::context::set_scheduler::h9592783b97107ded
[INFO] [stdout]                                at /opt/rustwide/cargo-home/registry/src/index.crates.io-6f17d22bba15001f/tokio-1.42.0/src/runtime/context.rs:180:9
[INFO] [stdout]   35:     0x632c153d7d40 - tokio::runtime::scheduler::current_thread::CoreGuard::enter::hada852b67727b7f9
[INFO] [stdout]                                at /opt/rustwide/cargo-home/registry/src/index.crates.io-6f17d22bba15001f/tokio-1.42.0/src/runtime/scheduler/current_thread/mod.rs:807:27
[INFO] [stdout]   36:     0x632c153d8033 - tokio::runtime::scheduler::current_thread::CoreGuard::block_on::hd8c3b151aa42e5c1
[INFO] [stdout]                                at /opt/rustwide/cargo-home/registry/src/index.crates.io-6f17d22bba15001f/tokio-1.42.0/src/runtime/scheduler/current_thread/mod.rs:716:19
[INFO] [stdout]   37:     0x632c153d5dba - tokio::runtime::scheduler::current_thread::CurrentThread::block_on::{{closure}}::h0589a2acaa93148f
[INFO] [stdout]                                at /opt/rustwide/cargo-home/registry/src/index.crates.io-6f17d22bba15001f/tokio-1.42.0/src/runtime/scheduler/current_thread/mod.rs:196:28
[INFO] [stdout]   38:     0x632c153b71c6 - tokio::runtime::context::runtime::enter_runtime::h8f8a3f97ac0dc954
[INFO] [stdout]                                at /opt/rustwide/cargo-home/registry/src/index.crates.io-6f17d22bba15001f/tokio-1.42.0/src/runtime/context/runtime.rs:65:16
[INFO] [stdout]   39:     0x632c153d5b71 - tokio::runtime::scheduler::current_thread::CurrentThread::block_on::ha187ee5bd2559155
[INFO] [stdout]                                at /opt/rustwide/cargo-home/registry/src/index.crates.io-6f17d22bba15001f/tokio-1.42.0/src/runtime/scheduler/current_thread/mod.rs:184:9
[INFO] [stdout]   40:     0x632c153b7f03 - tokio::runtime::runtime::Runtime::block_on_inner::hec50128f7ded0ee4
[INFO] [stdout]                                at /opt/rustwide/cargo-home/registry/src/index.crates.io-6f17d22bba15001f/tokio-1.42.0/src/runtime/runtime.rs:368:47
[INFO] [stdout]   41:     0x632c153b80f7 - tokio::runtime::runtime::Runtime::block_on::h0a9be48b1ddf7a15
[INFO] [stdout]                                at /opt/rustwide/cargo-home/registry/src/index.crates.io-6f17d22bba15001f/tokio-1.42.0/src/runtime/runtime.rs:342:13
[INFO] [stdout]   42:     0x632c153ba6b1 - birdeye_rs::test::test_token_overview::h648676df06a02fb1
[INFO] [stdout]                                at /opt/rustwide/workdir/src/lib.rs:170:9
[INFO] [stdout]   43:     0x632c153ba557 - birdeye_rs::test::test_token_overview::{{closure}}::hc88874181f378907
[INFO] [stdout]                                at /opt/rustwide/workdir/src/lib.rs:160:35
[INFO] [stdout]   44:     0x632c153c4a26 - core::ops::function::FnOnce::call_once::hf214705f3455ad9c
[INFO] [stdout]                                at /rustc/90b35a6239c3d8bdabc530a6a0816f7ff89a0aaf/library/core/src/ops/function.rs:250:5
[INFO] [stdout]   45:     0x632c1543488b - core::ops::function::FnOnce::call_once::h109cf8051a59b34e
[INFO] [stdout]                                at /rustc/90b35a6239c3d8bdabc530a6a0816f7ff89a0aaf/library/core/src/ops/function.rs:250:5
[INFO] [stdout]   46:     0x632c1543488b - test::__rust_begin_short_backtrace::hf4fff89d377446ba
[INFO] [stdout]                                at /rustc/90b35a6239c3d8bdabc530a6a0816f7ff89a0aaf/library/test/src/lib.rs:621:18
[INFO] [stdout]   47:     0x632c154340c7 - test::run_test_in_process::{{closure}}::h0e39181dd7ee5a43
[INFO] [stdout]                                at /rustc/90b35a6239c3d8bdabc530a6a0816f7ff89a0aaf/library/test/src/lib.rs:644:60
[INFO] [stdout]   48:     0x632c154340c7 - <core::panic::unwind_safe::AssertUnwindSafe<F> as core::ops::function::FnOnce<()>>::call_once::hc5a66a30f0bdfd1f
[INFO] [stdout]                                at /rustc/90b35a6239c3d8bdabc530a6a0816f7ff89a0aaf/library/core/src/panic/unwind_safe.rs:272:9
[INFO] [stdout]   49:     0x632c154340c7 - std::panicking::try::do_call::h873b7cf639554a5e
[INFO] [stdout]                                at /rustc/90b35a6239c3d8bdabc530a6a0816f7ff89a0aaf/library/std/src/panicking.rs:557:40
[INFO] [stdout]   50:     0x632c154340c7 - std::panicking::try::hdb19862fad9c8bd1
[INFO] [stdout]                                at /rustc/90b35a6239c3d8bdabc530a6a0816f7ff89a0aaf/library/std/src/panicking.rs:520:19
[INFO] [stdout]   51:     0x632c154340c7 - std::panic::catch_unwind::h281fe732d236d260
[INFO] [stdout]                                at /rustc/90b35a6239c3d8bdabc530a6a0816f7ff89a0aaf/library/std/src/panic.rs:358:14
[INFO] [stdout]   52:     0x632c154340c7 - test::run_test_in_process::h949b6df8457ed338
[INFO] [stdout]                                at /rustc/90b35a6239c3d8bdabc530a6a0816f7ff89a0aaf/library/test/src/lib.rs:644:27
[INFO] [stdout]   53:     0x632c154340c7 - test::run_test::{{closure}}::h52c556a6d4740e10
[INFO] [stdout]                                at /rustc/90b35a6239c3d8bdabc530a6a0816f7ff89a0aaf/library/test/src/lib.rs:565:43
[INFO] [stdout]   54:     0x632c153f93a4 - test::run_test::{{closure}}::h4237f6381c45ccb9
[INFO] [stdout]                                at /rustc/90b35a6239c3d8bdabc530a6a0816f7ff89a0aaf/library/test/src/lib.rs:595:41
[INFO] [stdout]   55:     0x632c153f93a4 - std::sys::backtrace::__rust_begin_short_backtrace::h505c97a579eca628
[INFO] [stdout]                                at /rustc/90b35a6239c3d8bdabc530a6a0816f7ff89a0aaf/library/std/src/sys/backtrace.rs:154:18
[INFO] [stdout]   56:     0x632c153fca6e - std::thread::Builder::spawn_unchecked_::{{closure}}::{{closure}}::h9e86b2e2bc107ea3
[INFO] [stdout]                                at /rustc/90b35a6239c3d8bdabc530a6a0816f7ff89a0aaf/library/std/src/thread/mod.rs:538:17
[INFO] [stdout]   57:     0x632c153fca6e - <core::panic::unwind_safe::AssertUnwindSafe<F> as core::ops::function::FnOnce<()>>::call_once::h8b06ddb275ff4a25
[INFO] [stdout]                                at /rustc/90b35a6239c3d8bdabc530a6a0816f7ff89a0aaf/library/core/src/panic/unwind_safe.rs:272:9
[INFO] [stdout]   58:     0x632c153fca6e - std::panicking::try::do_call::hb26ecd7cd9a9355d
[INFO] [stdout]                                at /rustc/90b35a6239c3d8bdabc530a6a0816f7ff89a0aaf/library/std/src/panicking.rs:557:40
[INFO] [stdout]   59:     0x632c153fca6e - std::panicking::try::h8ddeca9d705f9069
[INFO] [stdout]                                at /rustc/90b35a6239c3d8bdabc530a6a0816f7ff89a0aaf/library/std/src/panicking.rs:520:19
[INFO] [stdout]   60:     0x632c153fca6e - std::panic::catch_unwind::h49e1c33078844c46
[INFO] [stdout]                                at /rustc/90b35a6239c3d8bdabc530a6a0816f7ff89a0aaf/library/std/src/panic.rs:358:14
[INFO] [stdout]   61:     0x632c153fca6e - std::thread::Builder::spawn_unchecked_::{{closure}}::h6073db6ff56ad35d
[INFO] [stdout]                                at /rustc/90b35a6239c3d8bdabc530a6a0816f7ff89a0aaf/library/std/src/thread/mod.rs:537:30
[INFO] [stdout]   62:     0x632c153fca6e - core::ops::function::FnOnce::call_once{{vtable.shim}}::h2c5a5f3779c774f1
[INFO] [stdout]                                at /rustc/90b35a6239c3d8bdabc530a6a0816f7ff89a0aaf/library/core/src/ops/function.rs:250:5
[INFO] [stdout]   63:     0x632c158d348b - <alloc::boxed::Box<F,A> as core::ops::function::FnOnce<Args>>::call_once::hf75717d9f28faebf
[INFO] [stdout]                                at /rustc/90b35a6239c3d8bdabc530a6a0816f7ff89a0aaf/library/alloc/src/boxed.rs:2454:9
[INFO] [stdout]   64:     0x632c158d348b - <alloc::boxed::Box<F,A> as core::ops::function::FnOnce<Args>>::call_once::h7bd883a5f3c5f3c1
[INFO] [stdout]                                at /rustc/90b35a6239c3d8bdabc530a6a0816f7ff89a0aaf/library/alloc/src/boxed.rs:2454:9
[INFO] [stdout]   65:     0x632c158d348b - std::sys::pal::unix::thread::Thread::new::thread_start::hcc78f3943333fa94
[INFO] [stdout]                                at /rustc/90b35a6239c3d8bdabc530a6a0816f7ff89a0aaf/library/std/src/sys/pal/unix/thread.rs:105:17
[INFO] [stdout]   66:     0x79dd6dfc4ac3 - <unknown>
[INFO] [stdout]   67:     0x79dd6e055a04 - clone
[INFO] [stdout]   68:                0x0 - <unknown>
[INFO] [stdout] 
[INFO] [stdout] 
[INFO] [stdout] failures:
[INFO] [stdout]     test::test_historical_price
[INFO] [stdout]     test::test_price
[INFO] [stdout]     test::test_token_overview
[INFO] [stdout]     test::test_wallet_token_list
[INFO] [stdout] 
[INFO] [stdout] test result: FAILED. 1 passed; 4 failed; 0 ignored; 0 measured; 0 filtered out; finished in 0.06s
[INFO] [stdout] 
[INFO] [stderr] error: test failed, to rerun pass `--lib`
[INFO] running `Command { std: "docker" "inspect" "6215209d6b7069197d756a5d46fdcbae0fbcc64bd8901d6068fdc3b34cbdbb1d", kill_on_drop: false }`
[INFO] running `Command { std: "docker" "rm" "-f" "6215209d6b7069197d756a5d46fdcbae0fbcc64bd8901d6068fdc3b34cbdbb1d", kill_on_drop: false }`
[INFO] [stdout] 6215209d6b7069197d756a5d46fdcbae0fbcc64bd8901d6068fdc3b34cbdbb1d
