[INFO] fetching crate bevy_lunex 0.2.4...
[INFO] testing bevy_lunex-0.2.4 against 1.83.0 for beta-1.84.0-4-retry
[INFO] extracting crate bevy_lunex 0.2.4 into /workspace/builds/worker-6-tc1/source
[INFO] validating manifest of crates.io crate bevy_lunex 0.2.4 on toolchain 1.83.0
[INFO] running `Command { std: CARGO_HOME="/workspace/cargo-home" RUSTUP_HOME="/workspace/rustup-home" "/workspace/cargo-home/bin/cargo" "+1.83.0" "metadata" "--manifest-path" "Cargo.toml" "--no-deps", kill_on_drop: false }`
[INFO] started tweaking crates.io crate bevy_lunex 0.2.4
[INFO] finished tweaking crates.io crate bevy_lunex 0.2.4
[INFO] tweaked toml for crates.io crate bevy_lunex 0.2.4 written to /workspace/builds/worker-6-tc1/source/Cargo.toml
[INFO] running `Command { std: CARGO_HOME="/workspace/cargo-home" RUSTUP_HOME="/workspace/rustup-home" "/workspace/cargo-home/bin/cargo" "+1.83.0" "generate-lockfile" "--manifest-path" "Cargo.toml", kill_on_drop: false }`
[INFO] [stderr]     Updating crates.io index
[INFO] [stderr]      Locking 386 packages to latest compatible versions
[INFO] [stderr]       Adding bevy v0.14.2 (available: v0.15.0)
[INFO] [stderr]       Adding bevy_kira_audio v0.20.0 (available: v0.21.0)
[INFO] running `Command { std: CARGO_HOME="/workspace/cargo-home" RUSTUP_HOME="/workspace/rustup-home" "/workspace/cargo-home/bin/cargo" "+1.83.0" "fetch" "--manifest-path" "Cargo.toml", kill_on_drop: false }`
[INFO] [stderr]  Downloading crates ...
[INFO] [stderr]   Downloaded kira v0.8.7
[INFO] [stderr]   Downloaded bevy_picking_raycast v0.20.2
[INFO] [stderr]   Downloaded lunex_engine v0.2.4
[INFO] [stderr]   Downloaded bevy_kira_audio v0.20.0
[INFO] running `Command { std: "docker" "create" "-v" "/var/lib/crater-agent-workspace/builds/worker-6-tc1/target:/opt/rustwide/target:rw,Z" "-v" "/var/lib/crater-agent-workspace/builds/worker-6-tc1/source:/opt/rustwide/workdir:ro,Z" "-v" "/var/lib/crater-agent-workspace/cargo-home:/opt/rustwide/cargo-home:ro,Z" "-v" "/var/lib/crater-agent-workspace/rustup-home:/opt/rustwide/rustup-home:ro,Z" "-e" "SOURCE_DIR=/opt/rustwide/workdir" "-e" "CARGO_TARGET_DIR=/opt/rustwide/target" "-e" "CARGO_HOME=/opt/rustwide/cargo-home" "-e" "RUSTUP_HOME=/opt/rustwide/rustup-home" "-w" "/opt/rustwide/workdir" "-m" "1610612736" "--user" "0:0" "--network" "none" "ghcr.io/rust-lang/crates-build-env/linux@sha256:f3a9d4ad9d972b27faf3965f35b62e55ba32bbce8f20bc8fe909558a86702fde" "/opt/rustwide/cargo-home/bin/cargo" "+1.83.0" "metadata" "--no-deps" "--format-version=1", kill_on_drop: false }`
[INFO] [stdout] 625e99d827fc07dd72d81fd1568a89374430f1faa20ce8f90b63d6ab7a32c8a1
[INFO] running `Command { std: "docker" "start" "-a" "625e99d827fc07dd72d81fd1568a89374430f1faa20ce8f90b63d6ab7a32c8a1", kill_on_drop: false }`
[INFO] running `Command { std: "docker" "inspect" "625e99d827fc07dd72d81fd1568a89374430f1faa20ce8f90b63d6ab7a32c8a1", kill_on_drop: false }`
[INFO] running `Command { std: "docker" "rm" "-f" "625e99d827fc07dd72d81fd1568a89374430f1faa20ce8f90b63d6ab7a32c8a1", kill_on_drop: false }`
[INFO] [stdout] 625e99d827fc07dd72d81fd1568a89374430f1faa20ce8f90b63d6ab7a32c8a1
[INFO] running `Command { std: "docker" "create" "-v" "/var/lib/crater-agent-workspace/builds/worker-6-tc1/target:/opt/rustwide/target:rw,Z" "-v" "/var/lib/crater-agent-workspace/builds/worker-6-tc1/source:/opt/rustwide/workdir:ro,Z" "-v" "/var/lib/crater-agent-workspace/cargo-home:/opt/rustwide/cargo-home:ro,Z" "-v" "/var/lib/crater-agent-workspace/rustup-home:/opt/rustwide/rustup-home:ro,Z" "-e" "SOURCE_DIR=/opt/rustwide/workdir" "-e" "CARGO_TARGET_DIR=/opt/rustwide/target" "-e" "CARGO_INCREMENTAL=0" "-e" "RUST_BACKTRACE=full" "-e" "RUSTFLAGS=--cap-lints=warn" "-e" "RUSTDOCFLAGS=--cap-lints=warn" "-e" "CARGO_HOME=/opt/rustwide/cargo-home" "-e" "RUSTUP_HOME=/opt/rustwide/rustup-home" "-w" "/opt/rustwide/workdir" "-m" "1610612736" "--user" "0:0" "--network" "none" "ghcr.io/rust-lang/crates-build-env/linux@sha256:f3a9d4ad9d972b27faf3965f35b62e55ba32bbce8f20bc8fe909558a86702fde" "/opt/rustwide/cargo-home/bin/cargo" "+1.83.0" "build" "--frozen" "--message-format=json", kill_on_drop: false }`
[INFO] [stdout] bdf47e4efa50a4c99dac5f3693dde681f1bd60961ba7fe15af679d7d6e1a8bfe
[INFO] running `Command { std: "docker" "start" "-a" "bdf47e4efa50a4c99dac5f3693dde681f1bd60961ba7fe15af679d7d6e1a8bfe", kill_on_drop: false }`
[INFO] [stderr]    Compiling proc-macro2 v1.0.92
[INFO] [stderr]    Compiling unicode-ident v1.0.14
[INFO] [stderr]    Compiling serde v1.0.216
[INFO] [stderr]    Compiling cfg-if v1.0.0
[INFO] [stderr]    Compiling autocfg v1.4.0
[INFO] [stderr]    Compiling equivalent v1.0.1
[INFO] [stderr]    Compiling hashbrown v0.15.2
[INFO] [stderr]    Compiling libc v0.2.168
[INFO] [stderr]    Compiling pin-project-lite v0.2.15
[INFO] [stderr]    Compiling once_cell v1.20.2
[INFO] [stderr]    Compiling winnow v0.6.20
[INFO] [stderr]    Compiling version_check v0.9.5
[INFO] [stderr]    Compiling crossbeam-utils v0.8.20
[INFO] [stderr]    Compiling toml_datetime v0.6.8
[INFO] [stderr]    Compiling thiserror v1.0.69
[INFO] [stderr]    Compiling zerocopy v0.7.35
[INFO] [stderr]    Compiling allocator-api2 v0.2.21
[INFO] [stderr]    Compiling parking v2.2.1
[INFO] [stderr]    Compiling smallvec v1.13.2
[INFO] [stderr]    Compiling tracing-core v0.1.33
[INFO] [stderr]    Compiling rand_core v0.6.4
[INFO] [stderr]    Compiling futures-core v0.3.31
[INFO] [stderr]    Compiling fastrand v2.3.0
[INFO] [stderr]    Compiling rand v0.8.5
[INFO] [stderr]    Compiling typeid v1.0.2
[INFO] [stderr]    Compiling arrayvec v0.7.6
[INFO] [stderr]    Compiling futures-io v0.3.31
[INFO] [stderr]    Compiling ahash v0.8.11
[INFO] [stderr]    Compiling thread_local v1.1.8
[INFO] [stderr]    Compiling web-time v1.1.0
[INFO] [stderr]    Compiling futures-lite v2.5.0
[INFO] [stderr]    Compiling slab v0.4.9
[INFO] [stderr]    Compiling async-task v4.7.1
[INFO] [stderr]    Compiling indexmap v2.7.0
[INFO] [stderr]    Compiling smol_str v0.2.2
[INFO] [stderr]    Compiling bevy_ptr v0.14.2
[INFO] [stderr]    Compiling downcast-rs v1.2.1
[INFO] [stderr]    Compiling fixedbitset v0.4.2
[INFO] [stderr]    Compiling nonmax v0.5.5
[INFO] [stderr]    Compiling fixedbitset v0.5.7
[INFO] [stderr]    Compiling num-traits v0.2.19
[INFO] [stderr]    Compiling cfg_aliases v0.1.1
[INFO] [stderr]    Compiling log v0.4.22
[INFO] [stderr]    Compiling lock_api v0.4.12
[INFO] [stderr]    Compiling concurrent-queue v2.5.0
[INFO] [stderr]    Compiling parking_lot_core v0.9.10
[INFO] [stderr]    Compiling scopeguard v1.2.0
[INFO] [stderr]    Compiling bit-vec v0.6.3
[INFO] [stderr]    Compiling unicode-width v0.1.14
[INFO] [stderr]    Compiling event-listener v5.3.1
[INFO] [stderr]    Compiling memchr v2.7.4
[INFO] [stderr]    Compiling quote v1.0.37
[INFO] [stderr]    Compiling termcolor v1.4.1
[INFO] [stderr]    Compiling getrandom v0.2.15
[INFO] [stderr]    Compiling async-executor v1.13.1
[INFO] [stderr]    Compiling event-listener-strategy v0.5.3
[INFO] [stderr]    Compiling codespan-reporting v0.11.1
[INFO] [stderr]    Compiling syn v2.0.90
[INFO] [stderr]    Compiling bit-set v0.5.3
[INFO] [stderr]    Compiling async-channel v2.3.1
[INFO] [stderr]    Compiling hexf-parse v0.2.1
[INFO] [stderr]    Compiling regex-syntax v0.8.5
[INFO] [stderr]    Compiling shlex v1.3.0
[INFO] [stderr]    Compiling uuid v1.11.0
[INFO] [stderr]    Compiling petgraph v0.6.5
[INFO] [stderr]    Compiling rustc-hash v1.1.0
[INFO] [stderr]    Compiling unicode-xid v0.2.6
[INFO] [stderr]    Compiling ash v0.37.3+1.3.251
[INFO] [stderr]    Compiling khronos-egl v6.0.0
[INFO] [stderr]    Compiling bevy_tasks v0.14.2
[INFO] [stderr]    Compiling cc v1.2.4
[INFO] [stderr]    Compiling wgpu-hal v0.21.1
[INFO] [stderr]    Compiling parking_lot v0.12.3
[INFO] [stderr]    Compiling aho-corasick v1.1.3
[INFO] [stderr]    Compiling libloading v0.8.6
[INFO] [stderr]    Compiling toml_edit v0.22.22
[INFO] [stderr]    Compiling libloading v0.7.4
[INFO] [stderr]    Compiling atomic-waker v1.1.2
[INFO] [stderr]    Compiling raw-window-handle v0.6.2
[INFO] [stderr]    Compiling piper v0.2.4
[INFO] [stderr]    Compiling crossbeam-channel v0.5.13
[INFO] [stderr]    Compiling wgpu-core v0.21.1
[INFO] [stderr]    Compiling renderdoc-sys v1.1.0
[INFO] [stderr]    Compiling litrs v0.4.1
[INFO] [stderr]    Compiling glow v0.13.1
[INFO] [stderr]    Compiling profiling v1.0.16
[INFO] [stderr]    Compiling blocking v1.6.1
[INFO] [stderr]    Compiling async-lock v3.4.0
[INFO] [stderr]    Compiling wgpu v0.20.1
[INFO] [stderr]    Compiling const_panic v0.2.10
[INFO] [stderr]    Compiling accesskit v0.14.0
[INFO] [stderr]    Compiling arrayref v0.3.9
[INFO] [stderr]    Compiling const_soft_float v0.1.4
[INFO] [stderr]    Compiling base64 v0.21.7
[INFO] [stderr]    Compiling event-listener v2.5.3
[INFO] [stderr]    Compiling constant_time_eq v0.3.1
[INFO] [stderr]    Compiling static_assertions v1.1.0
[INFO] [stderr]    Compiling document-features v0.2.10
[INFO] [stderr]    Compiling async-broadcast v0.5.1
[INFO] [stderr]    Compiling const-fnv1a-hash v1.1.0
[INFO] [stderr]    Compiling data-encoding v2.6.0
[INFO] [stderr]    Compiling async-fs v2.1.2
[INFO] [stderr]    Compiling blake3 v1.5.5
[INFO] [stderr]    Compiling constgebra v0.1.4
[INFO] [stderr]    Compiling byteorder-lite v0.1.0
[INFO] [stderr]    Compiling radsort v0.1.1
[INFO] [stderr]    Compiling euclid v0.22.11
[INFO] [stderr]    Compiling ttf-parser v0.25.1
[INFO] [stderr]    Compiling regex-syntax v0.6.29
[INFO] [stderr]    Compiling lazy_static v1.5.0
[INFO] [stderr]    Compiling svg_fmt v0.4.4
[INFO] [stderr]    Compiling rectangle-pack v0.4.2
[INFO] [stderr]    Compiling overload v0.1.1
[INFO] [stderr]    Compiling ab_glyph_rasterizer v0.1.8
[INFO] [stderr]    Compiling regex-automata v0.4.9
[INFO] [stderr]    Compiling nu-ansi-term v0.46.0
[INFO] [stderr]    Compiling sharded-slab v0.1.7
[INFO] [stderr]    Compiling guillotiere v0.6.2
[INFO] [stderr]    Compiling approx v0.5.1
[INFO] [stderr]    Compiling tracing-log v0.2.0
[INFO] [stderr]    Compiling xi-unicode v0.3.0
[INFO] [stderr]    Compiling colored v2.1.0
[INFO] [stderr]    Compiling regex-automata v0.1.10
[INFO] [stderr]    Compiling bevy_macro_utils v0.14.2
[INFO] [stderr]    Compiling encase_derive_impl v0.8.0
[INFO] [stderr]    Compiling owned_ttf_parser v0.25.0
[INFO] [stderr]    Compiling ab_glyph v0.2.29
[INFO] [stderr]    Compiling serde_derive v1.0.216
[INFO] [stderr]    Compiling thiserror-impl v1.0.69
[INFO] [stderr]    Compiling bytemuck_derive v1.8.0
[INFO] [stderr]    Compiling tracing-attributes v0.1.28
[INFO] [stderr]    Compiling bevy_utils_proc_macros v0.14.2
[INFO] [stderr]    Compiling bevy_reflect_derive v0.14.2
[INFO] [stderr]    Compiling bevy_ecs_macros v0.14.2
[INFO] [stderr]    Compiling bevy_derive v0.14.2
[INFO] [stderr]    Compiling encase_derive v0.8.0
[INFO] [stderr]    Compiling bevy_asset_macros v0.14.2
[INFO] [stderr]    Compiling bevy_encase_derive v0.14.2
[INFO] [stderr]    Compiling bevy_render_macros v0.14.2
[INFO] [stderr]    Compiling bevy_eventlistener_derive v0.8.1
[INFO] [stderr]    Compiling regex v1.11.1
[INFO] [stderr]    Compiling matchers v0.1.0
[INFO] [stderr]    Compiling glyph_brush_layout v0.2.4
[INFO] [stderr]    Compiling bevy_gizmos_macros v0.14.2
[INFO] [stderr]    Compiling bytemuck v1.20.0
[INFO] [stderr]    Compiling tracing v0.1.41
[INFO] [stderr]    Compiling tracing-subscriber v0.3.19
[INFO] [stderr]    Compiling image v0.25.5
[INFO] [stderr]    Compiling bitflags v2.6.0
[INFO] [stderr]    Compiling hashbrown v0.14.5
[INFO] [stderr]    Compiling glam v0.27.0
[INFO] [stderr]    Compiling erased-serde v0.4.5
[INFO] [stderr]    Compiling spirv v0.3.0+sdk-1.3.268.0
[INFO] [stderr]    Compiling gpu-descriptor-types v0.2.0
[INFO] [stderr]    Compiling wgpu-types v0.20.0
[INFO] [stderr]    Compiling gpu-alloc-types v0.3.0
[INFO] [stderr]    Compiling ron v0.8.1
[INFO] [stderr]    Compiling gpu-alloc v0.6.0
[INFO] [stderr]    Compiling bevy_utils v0.14.2
[INFO] [stderr]    Compiling gpu-descriptor v0.3.0
[INFO] [stderr]    Compiling naga v0.20.0
[INFO] [stderr]    Compiling bevy_reflect v0.14.2
[INFO] [stderr]    Compiling encase v0.8.0
[INFO] [stderr]    Compiling bevy_mikktspace v0.14.2
[INFO] [stderr]    Compiling hexasphere v12.0.0
[INFO] [stderr]    Compiling bevy_ecs v0.14.2
[INFO] [stderr]    Compiling bevy_math v0.14.2
[INFO] [stderr]    Compiling naga_oil v0.14.0
[INFO] [stderr]    Compiling bevy_color v0.14.3
[INFO] [stderr]    Compiling bevy_app v0.14.2
[INFO] [stderr]    Compiling bevy_core v0.14.2
[INFO] [stderr]    Compiling bevy_a11y v0.14.2
[INFO] [stderr]    Compiling bevy_time v0.14.2
[INFO] [stderr]    Compiling bevy_asset v0.14.2
[INFO] [stderr]    Compiling bevy_input v0.14.2
[INFO] [stderr]    Compiling bevy_log v0.14.2
[INFO] [stderr]    Compiling bevy_window v0.14.2
[INFO] [stderr]    Compiling bevy_hierarchy v0.14.2
[INFO] [stderr]    Compiling bevy_transform v0.14.2
[INFO] [stderr]    Compiling bevy_eventlistener v0.8.1
[INFO] [stderr]    Compiling bevy_diagnostic v0.14.2
[INFO] [stderr]    Compiling bevy_render v0.14.2
[INFO] [stderr]    Compiling bevy_core_pipeline v0.14.2
[INFO] [stderr]    Compiling bevy_picking_core v0.20.0
[INFO] [stderr]    Compiling bevy_mod_raycast v0.18.0
[INFO] [stderr]    Compiling bevy_picking_selection v0.20.0
[INFO] [stderr]    Compiling bevy_picking_raycast v0.20.2
[INFO] [stderr]    Compiling bevy_picking_input v0.20.0
[INFO] [stderr]    Compiling bevy_picking_highlight v0.20.0
[INFO] [stderr]    Compiling bevy_mod_picking v0.20.1
[INFO] [stderr]    Compiling bevy_sprite v0.14.2
[INFO] [stderr]    Compiling bevy_pbr v0.14.2
[INFO] [stderr]    Compiling bevy_text v0.14.2
[INFO] [stderr]    Compiling bevy_gizmos v0.14.2
[INFO] [stderr]    Compiling bevy_internal v0.14.2
[INFO] [stderr]    Compiling bevy v0.14.2
[INFO] [stderr]    Compiling lunex_engine v0.2.4
[INFO] [stderr]    Compiling bevy_lunex v0.2.4 (/opt/rustwide/workdir)
[INFO] [stderr]     Finished `dev` profile [unoptimized + debuginfo] target(s) in 2m 39s
[INFO] running `Command { std: "docker" "inspect" "bdf47e4efa50a4c99dac5f3693dde681f1bd60961ba7fe15af679d7d6e1a8bfe", kill_on_drop: false }`
[INFO] running `Command { std: "docker" "rm" "-f" "bdf47e4efa50a4c99dac5f3693dde681f1bd60961ba7fe15af679d7d6e1a8bfe", kill_on_drop: false }`
[INFO] [stdout] bdf47e4efa50a4c99dac5f3693dde681f1bd60961ba7fe15af679d7d6e1a8bfe
[INFO] running `Command { std: "docker" "create" "-v" "/var/lib/crater-agent-workspace/builds/worker-6-tc1/target:/opt/rustwide/target:rw,Z" "-v" "/var/lib/crater-agent-workspace/builds/worker-6-tc1/source:/opt/rustwide/workdir:ro,Z" "-v" "/var/lib/crater-agent-workspace/cargo-home:/opt/rustwide/cargo-home:ro,Z" "-v" "/var/lib/crater-agent-workspace/rustup-home:/opt/rustwide/rustup-home:ro,Z" "-e" "SOURCE_DIR=/opt/rustwide/workdir" "-e" "CARGO_TARGET_DIR=/opt/rustwide/target" "-e" "CARGO_INCREMENTAL=0" "-e" "RUST_BACKTRACE=full" "-e" "RUSTFLAGS=--cap-lints=warn" "-e" "RUSTDOCFLAGS=--cap-lints=warn" "-e" "CARGO_HOME=/opt/rustwide/cargo-home" "-e" "RUSTUP_HOME=/opt/rustwide/rustup-home" "-w" "/opt/rustwide/workdir" "-m" "1610612736" "--user" "0:0" "--network" "none" "ghcr.io/rust-lang/crates-build-env/linux@sha256:f3a9d4ad9d972b27faf3965f35b62e55ba32bbce8f20bc8fe909558a86702fde" "/opt/rustwide/cargo-home/bin/cargo" "+1.83.0" "test" "--frozen" "--no-run" "--message-format=json", kill_on_drop: false }`
[INFO] [stdout] 910a8f209b2b0cc4e7543ec348658ee5b520a0597e19afc9677d457c490d2c32
[INFO] running `Command { std: "docker" "start" "-a" "910a8f209b2b0cc4e7543ec348658ee5b520a0597e19afc9677d457c490d2c32", kill_on_drop: false }`
[INFO] [stderr]    Compiling bevy_lunex v0.2.4 (/opt/rustwide/workdir)
[INFO] [stderr]     Finished `test` profile [unoptimized + debuginfo] target(s) in 9.34s
[INFO] running `Command { std: "docker" "inspect" "910a8f209b2b0cc4e7543ec348658ee5b520a0597e19afc9677d457c490d2c32", kill_on_drop: false }`
[INFO] running `Command { std: "docker" "rm" "-f" "910a8f209b2b0cc4e7543ec348658ee5b520a0597e19afc9677d457c490d2c32", kill_on_drop: false }`
[INFO] [stdout] 910a8f209b2b0cc4e7543ec348658ee5b520a0597e19afc9677d457c490d2c32
[INFO] running `Command { std: "docker" "create" "-v" "/var/lib/crater-agent-workspace/builds/worker-6-tc1/target:/opt/rustwide/target:rw,Z" "-v" "/var/lib/crater-agent-workspace/builds/worker-6-tc1/source:/opt/rustwide/workdir:ro,Z" "-v" "/var/lib/crater-agent-workspace/cargo-home:/opt/rustwide/cargo-home:ro,Z" "-v" "/var/lib/crater-agent-workspace/rustup-home:/opt/rustwide/rustup-home:ro,Z" "-e" "SOURCE_DIR=/opt/rustwide/workdir" "-e" "CARGO_TARGET_DIR=/opt/rustwide/target" "-e" "CARGO_INCREMENTAL=0" "-e" "RUST_BACKTRACE=full" "-e" "RUSTFLAGS=--cap-lints=warn" "-e" "RUSTDOCFLAGS=--cap-lints=warn" "-e" "CARGO_HOME=/opt/rustwide/cargo-home" "-e" "RUSTUP_HOME=/opt/rustwide/rustup-home" "-w" "/opt/rustwide/workdir" "-m" "1610612736" "--user" "0:0" "--network" "none" "ghcr.io/rust-lang/crates-build-env/linux@sha256:f3a9d4ad9d972b27faf3965f35b62e55ba32bbce8f20bc8fe909558a86702fde" "/opt/rustwide/cargo-home/bin/cargo" "+1.83.0" "test" "--frozen", kill_on_drop: false }`
[INFO] [stdout] 0ac79f73d4e45378c66338ce3d23387efbff815d45af1c429fc4465f3f540a69
[INFO] running `Command { std: "docker" "start" "-a" "0ac79f73d4e45378c66338ce3d23387efbff815d45af1c429fc4465f3f540a69", kill_on_drop: false }`
[INFO] [stderr]     Finished `test` profile [unoptimized + debuginfo] target(s) in 0.31s
[INFO] [stderr]      Running unittests src/lib.rs (/opt/rustwide/target/debug/deps/bevy_lunex-a105a1bee5aad1a6)
[INFO] [stdout] 
[INFO] [stdout] running 0 tests
[INFO] [stdout] 
[INFO] [stdout] test result: ok. 0 passed; 0 failed; 0 ignored; 0 measured; 0 filtered out; finished in 0.00s
[INFO] [stdout] 
[INFO] [stderr]    Doc-tests bevy_lunex
[INFO] [stdout] 
[INFO] [stdout] running 12 tests
[INFO] [stdout] test src/structs.rs - structs::UiLayout::solid (line 166) ... FAILED
[INFO] [stdout] test src/structs.rs - structs::UiLayout::boundary (line 135) ... FAILED
[INFO] [stdout] test src/structs.rs - structs::UiLayout::window (line 145) ... FAILED
[INFO] [stdout] test src/systems.rs - systems::UiDebugPlugin (line 609) ... FAILED
[INFO] [stdout] test src/systems.rs - systems::UiDebugPlugin (line 617) ... FAILED
[INFO] [stdout] test src/structs.rs - structs::UiLayout::window_full (line 155) ... FAILED
[INFO] [stdout] test src/systems.rs - systems::UiCorePlugin (line 533) ... FAILED
[INFO] [stdout] test src/systems.rs - systems::UiCorePlugin (line 540) ... FAILED
[INFO] [stdout] test src/structs.rs - structs::UiLayout::div (line 177) ... FAILED
[INFO] [stdout] test src/../README.md - (line 39) ... FAILED
[INFO] [stdout] test src/systems.rs - systems::UiCorePlugin (line 525) ... FAILED
[INFO] [stdout] test src/systems.rs - systems::UiDebugPlugin (line 601) ... FAILED
[INFO] [stdout] 
[INFO] [stdout] failures:
[INFO] [stdout] 
[INFO] [stdout] ---- src/structs.rs - structs::UiLayout::solid (line 166) stdout ----
[INFO] [stdout] error[E0432]: unresolved import `lunex_engine::UiLayout`
[INFO] [stdout]  --> src/structs.rs:167:5
[INFO] [stdout]   |
[INFO] [stdout] 3 | use lunex_engine::UiLayout;
[INFO] [stdout]   |     ^^^^^^^^^^^^^^^^^^^^^^ no `UiLayout` in the root
[INFO] [stdout]   |
[INFO] [stdout] help: a similar name exists in the module
[INFO] [stdout]   |
[INFO] [stdout] 3 | use lunex_engine::Layout;
[INFO] [stdout]   |                   ~~~~~~
[INFO] [stdout] help: consider importing this struct instead
[INFO] [stdout]   |
[INFO] [stdout] 3 | use bevy_lunex::UiLayout;
[INFO] [stdout]   |     ~~~~~~~~~~~~~~~~~~~~
[INFO] [stdout] 
[INFO] [stdout] error: aborting due to 1 previous error
[INFO] [stdout] 
[INFO] [stdout] For more information about this error, try `rustc --explain E0432`.
[INFO] [stdout] Couldn't compile the test.
[INFO] [stdout] ---- src/structs.rs - structs::UiLayout::boundary (line 135) stdout ----
[INFO] [stdout] error[E0432]: unresolved import `lunex_engine::UiLayout`
[INFO] [stdout]  --> src/structs.rs:136:20
[INFO] [stdout]   |
[INFO] [stdout] 3 | use lunex_engine::{UiLayout, Rl};
[INFO] [stdout]   |                    ^^^^^^^^
[INFO] [stdout]   |                    |
[INFO] [stdout]   |                    no `UiLayout` in the root
[INFO] [stdout]   |                    help: a similar name exists in the module: `Layout`
[INFO] [stdout]   |
[INFO] [stdout]   = help: consider importing this struct instead:
[INFO] [stdout]           bevy_lunex::UiLayout
[INFO] [stdout] 
[INFO] [stdout] error: aborting due to 1 previous error
[INFO] [stdout] 
[INFO] [stdout] For more information about this error, try `rustc --explain E0432`.
[INFO] [stdout] Couldn't compile the test.
[INFO] [stdout] ---- src/structs.rs - structs::UiLayout::window (line 145) stdout ----
[INFO] [stdout] error[E0432]: unresolved import `lunex_engine::UiLayout`
[INFO] [stdout]  --> src/structs.rs:146:20
[INFO] [stdout]   |
[INFO] [stdout] 3 | use lunex_engine::{UiLayout, Ab, Rl};
[INFO] [stdout]   |                    ^^^^^^^^
[INFO] [stdout]   |                    |
[INFO] [stdout]   |                    no `UiLayout` in the root
[INFO] [stdout]   |                    help: a similar name exists in the module: `Layout`
[INFO] [stdout]   |
[INFO] [stdout]   = help: consider importing this struct instead:
[INFO] [stdout]           bevy_lunex::UiLayout
[INFO] [stdout] 
[INFO] [stdout] error: aborting due to 1 previous error
[INFO] [stdout] 
[INFO] [stdout] For more information about this error, try `rustc --explain E0432`.
[INFO] [stdout] Couldn't compile the test.
[INFO] [stdout] ---- src/systems.rs - systems::UiDebugPlugin (line 609) stdout ----
[INFO] [stdout] error[E0433]: failed to resolve: use of undeclared type `App`
[INFO] [stdout]  --> src/systems.rs:610:1
[INFO] [stdout]   |
[INFO] [stdout] 3 | App::new()
[INFO] [stdout]   | ^^^ use of undeclared type `App`
[INFO] [stdout]   |
[INFO] [stdout] help: consider importing this struct
[INFO] [stdout]   |
[INFO] [stdout] 2 + use bevy::prelude::App;
[INFO] [stdout]   |
[INFO] [stdout] 
[INFO] [stdout] error[E0425]: cannot find value `DefaultPlugins` in this scope
[INFO] [stdout]  --> src/systems.rs:611:19
[INFO] [stdout]   |
[INFO] [stdout] 4 |      .add_plugins(DefaultPlugins)
[INFO] [stdout]   |                   ^^^^^^^^^^^^^^ not found in this scope
[INFO] [stdout]   |
[INFO] [stdout] help: consider importing this unit struct
[INFO] [stdout]   |
[INFO] [stdout] 2 + use bevy::DefaultPlugins;
[INFO] [stdout]   |
[INFO] [stdout] 
[INFO] [stdout] error[E0433]: failed to resolve: use of undeclared type `UiCorePlugin`
[INFO] [stdout]  --> src/systems.rs:612:19
[INFO] [stdout]   |
[INFO] [stdout] 5 |      .add_plugins(UiCorePlugin::<MyUiWidget, MyNodeData>::new())
[INFO] [stdout]   |                   ^^^^^^^^^^^^ use of undeclared type `UiCorePlugin`
[INFO] [stdout]   |
[INFO] [stdout] help: consider importing this struct
[INFO] [stdout]   |
[INFO] [stdout] 2 + use bevy_lunex::UiCorePlugin;
[INFO] [stdout]   |
[INFO] [stdout] 
[INFO] [stdout] error[E0412]: cannot find type `MyUiWidget` in this scope
[INFO] [stdout]  --> src/systems.rs:612:34
[INFO] [stdout]   |
[INFO] [stdout] 5 |      .add_plugins(UiCorePlugin::<MyUiWidget, MyNodeData>::new())
[INFO] [stdout]   |                                  ^^^^^^^^^^ not found in this scope
[INFO] [stdout]   |
[INFO] [stdout] help: you might be missing a type parameter
[INFO] [stdout]   |
[INFO] [stdout] 2 | fn main() { #[allow(non_snake_case)] fn _doctest_main_src_systems_rs_609_0<MyUiWidget>() {
[INFO] [stdout]   |                                                                           ++++++++++++
[INFO] [stdout] 
[INFO] [stdout] error[E0412]: cannot find type `MyNodeData` in this scope
[INFO] [stdout]  --> src/systems.rs:612:46
[INFO] [stdout]   |
[INFO] [stdout] 5 |      .add_plugins(UiCorePlugin::<MyUiWidget, MyNodeData>::new())
[INFO] [stdout]   |                                              ^^^^^^^^^^ not found in this scope
[INFO] [stdout]   |
[INFO] [stdout] help: you might be missing a type parameter
[INFO] [stdout]   |
[INFO] [stdout] 2 | fn main() { #[allow(non_snake_case)] fn _doctest_main_src_systems_rs_609_0<MyNodeData>() {
[INFO] [stdout]   |                                                                           ++++++++++++
[INFO] [stdout] 
[INFO] [stdout] error[E0433]: failed to resolve: use of undeclared type `UiDebugPlugin`
[INFO] [stdout]  --> src/systems.rs:613:19
[INFO] [stdout]   |
[INFO] [stdout] 6 |      .add_plugins(UiDebugPlugin::<MyUiWidget, MyNodeData>::new())
[INFO] [stdout]   |                   ^^^^^^^^^^^^^ use of undeclared type `UiDebugPlugin`
[INFO] [stdout]   |
[INFO] [stdout] help: consider importing this struct
[INFO] [stdout]   |
[INFO] [stdout] 2 + use bevy_lunex::UiDebugPlugin;
[INFO] [stdout]   |
[INFO] [stdout] 
[INFO] [stdout] error[E0412]: cannot find type `MyUiWidget` in this scope
[INFO] [stdout]  --> src/systems.rs:613:35
[INFO] [stdout]   |
[INFO] [stdout] 6 |      .add_plugins(UiDebugPlugin::<MyUiWidget, MyNodeData>::new())
[INFO] [stdout]   |                                   ^^^^^^^^^^ not found in this scope
[INFO] [stdout]   |
[INFO] [stdout] help: you might be missing a type parameter
[INFO] [stdout]   |
[INFO] [stdout] 2 | fn main() { #[allow(non_snake_case)] fn _doctest_main_src_systems_rs_609_0<MyUiWidget>() {
[INFO] [stdout]   |                                                                           ++++++++++++
[INFO] [stdout] 
[INFO] [stdout] error[E0412]: cannot find type `MyNodeData` in this scope
[INFO] [stdout]  --> src/systems.rs:613:47
[INFO] [stdout]   |
[INFO] [stdout] 6 |      .add_plugins(UiDebugPlugin::<MyUiWidget, MyNodeData>::new())
[INFO] [stdout]   |                                               ^^^^^^^^^^ not found in this scope
[INFO] [stdout]   |
[INFO] [stdout] help: you might be missing a type parameter
[INFO] [stdout]   |
[INFO] [stdout] 2 | fn main() { #[allow(non_snake_case)] fn _doctest_main_src_systems_rs_609_0<MyNodeData>() {
[INFO] [stdout]   |                                                                           ++++++++++++
[INFO] [stdout] 
[INFO] [stdout] error: aborting due to 8 previous errors
[INFO] [stdout] 
[INFO] [stdout] Some errors have detailed explanations: E0412, E0425, E0433.
[INFO] [stdout] For more information about an error, try `rustc --explain E0412`.
[INFO] [stdout] Couldn't compile the test.
[INFO] [stdout] ---- src/systems.rs - systems::UiDebugPlugin (line 617) stdout ----
[INFO] [stdout] error[E0412]: cannot find type `Commands` in this scope
[INFO] [stdout]  --> src/systems.rs:618:24
[INFO] [stdout]   |
[INFO] [stdout] 3 | fn setup(mut commands: Commands) {
[INFO] [stdout]   |                        ^^^^^^^^ not found in this scope
[INFO] [stdout]   |
[INFO] [stdout] help: consider importing this struct
[INFO] [stdout]   |
[INFO] [stdout] 2 + use bevy::prelude::Commands;
[INFO] [stdout]   |
[INFO] [stdout] 
[INFO] [stdout] error[E0433]: failed to resolve: use of undeclared type `UiTree`
[INFO] [stdout]  --> src/systems.rs:620:6
[INFO] [stdout]   |
[INFO] [stdout] 5 |      UiTree::<MyUiWidget, MyNodeData>::new("MyWidget")
[INFO] [stdout]   |      ^^^^^^ use of undeclared type `UiTree`
[INFO] [stdout]   |
[INFO] [stdout] help: consider importing one of these type aliases
[INFO] [stdout]   |
[INFO] [stdout] 2 + use bevy_lunex::prelude::UiTree;
[INFO] [stdout]   |
[INFO] [stdout] 2 + use lunex_engine::UiTree;
[INFO] [stdout]   |
[INFO] [stdout] 
[INFO] [stdout] error[E0412]: cannot find type `MyUiWidget` in this scope
[INFO] [stdout]  --> src/systems.rs:620:15
[INFO] [stdout]   |
[INFO] [stdout] 5 |      UiTree::<MyUiWidget, MyNodeData>::new("MyWidget")
[INFO] [stdout]   |               ^^^^^^^^^^ not found in this scope
[INFO] [stdout]   |
[INFO] [stdout] help: you might be missing a type parameter
[INFO] [stdout]   |
[INFO] [stdout] 3 | fn setup<MyUiWidget>(mut commands: Commands) {
[INFO] [stdout]   |         ++++++++++++
[INFO] [stdout] 
[INFO] [stdout] error[E0412]: cannot find type `MyNodeData` in this scope
[INFO] [stdout]  --> src/systems.rs:620:27
[INFO] [stdout]   |
[INFO] [stdout] 5 |      UiTree::<MyUiWidget, MyNodeData>::new("MyWidget")
[INFO] [stdout]   |                           ^^^^^^^^^^ not found in this scope
[INFO] [stdout]   |
[INFO] [stdout] help: you might be missing a type parameter
[INFO] [stdout]   |
[INFO] [stdout] 3 | fn setup<MyNodeData>(mut commands: Commands) {
[INFO] [stdout]   |         ++++++++++++
[INFO] [stdout] 
[INFO] [stdout] error: aborting due to 4 previous errors
[INFO] [stdout] 
[INFO] [stdout] Some errors have detailed explanations: E0412, E0433.
[INFO] [stdout] For more information about an error, try `rustc --explain E0412`.
[INFO] [stdout] Couldn't compile the test.
[INFO] [stdout] ---- src/structs.rs - structs::UiLayout::window_full (line 155) stdout ----
[INFO] [stdout] error[E0432]: unresolved import `lunex_engine::UiLayout`
[INFO] [stdout]  --> src/structs.rs:156:20
[INFO] [stdout]   |
[INFO] [stdout] 3 | use lunex_engine::{UiLayout, Rl};
[INFO] [stdout]   |                    ^^^^^^^^
[INFO] [stdout]   |                    |
[INFO] [stdout]   |                    no `UiLayout` in the root
[INFO] [stdout]   |                    help: a similar name exists in the module: `Layout`
[INFO] [stdout]   |
[INFO] [stdout]   = help: consider importing this struct instead:
[INFO] [stdout]           bevy_lunex::UiLayout
[INFO] [stdout] 
[INFO] [stdout] error: aborting due to 1 previous error
[INFO] [stdout] 
[INFO] [stdout] For more information about this error, try `rustc --explain E0432`.
[INFO] [stdout] Couldn't compile the test.
[INFO] [stdout] ---- src/systems.rs - systems::UiCorePlugin (line 533) stdout ----
[INFO] [stdout] error[E0433]: failed to resolve: use of undeclared type `App`
[INFO] [stdout]  --> src/systems.rs:534:1
[INFO] [stdout]   |
[INFO] [stdout] 3 | App::new()
[INFO] [stdout]   | ^^^ use of undeclared type `App`
[INFO] [stdout]   |
[INFO] [stdout] help: consider importing this struct
[INFO] [stdout]   |
[INFO] [stdout] 2 + use bevy::prelude::App;
[INFO] [stdout]   |
[INFO] [stdout] 
[INFO] [stdout] error[E0425]: cannot find value `DefaultPlugins` in this scope
[INFO] [stdout]  --> src/systems.rs:535:19
[INFO] [stdout]   |
[INFO] [stdout] 4 |      .add_plugins(DefaultPlugins)
[INFO] [stdout]   |                   ^^^^^^^^^^^^^^ not found in this scope
[INFO] [stdout]   |
[INFO] [stdout] help: consider importing this unit struct
[INFO] [stdout]   |
[INFO] [stdout] 2 + use bevy::DefaultPlugins;
[INFO] [stdout]   |
[INFO] [stdout] 
[INFO] [stdout] error[E0433]: failed to resolve: use of undeclared type `UiCorePlugin`
[INFO] [stdout]  --> src/systems.rs:536:19
[INFO] [stdout]   |
[INFO] [stdout] 5 |      .add_plugins(UiCorePlugin::<MyUiWidget, MyNodeData>::new())
[INFO] [stdout]   |                   ^^^^^^^^^^^^ use of undeclared type `UiCorePlugin`
[INFO] [stdout]   |
[INFO] [stdout] help: consider importing this struct
[INFO] [stdout]   |
[INFO] [stdout] 2 + use bevy_lunex::UiCorePlugin;
[INFO] [stdout]   |
[INFO] [stdout] 
[INFO] [stdout] error[E0412]: cannot find type `MyUiWidget` in this scope
[INFO] [stdout]  --> src/systems.rs:536:34
[INFO] [stdout]   |
[INFO] [stdout] 5 |      .add_plugins(UiCorePlugin::<MyUiWidget, MyNodeData>::new())
[INFO] [stdout]   |                                  ^^^^^^^^^^ not found in this scope
[INFO] [stdout]   |
[INFO] [stdout] help: you might be missing a type parameter
[INFO] [stdout]   |
[INFO] [stdout] 2 | fn main() { #[allow(non_snake_case)] fn _doctest_main_src_systems_rs_533_0<MyUiWidget>() {
[INFO] [stdout]   |                                                                           ++++++++++++
[INFO] [stdout] 
[INFO] [stdout] error[E0412]: cannot find type `MyNodeData` in this scope
[INFO] [stdout]  --> src/systems.rs:536:46
[INFO] [stdout]   |
[INFO] [stdout] 5 |      .add_plugins(UiCorePlugin::<MyUiWidget, MyNodeData>::new())
[INFO] [stdout]   |                                              ^^^^^^^^^^ not found in this scope
[INFO] [stdout]   |
[INFO] [stdout] help: you might be missing a type parameter
[INFO] [stdout]   |
[INFO] [stdout] 2 | fn main() { #[allow(non_snake_case)] fn _doctest_main_src_systems_rs_533_0<MyNodeData>() {
[INFO] [stdout]   |                                                                           ++++++++++++
[INFO] [stdout] 
[INFO] [stdout] error: aborting due to 5 previous errors
[INFO] [stdout] 
[INFO] [stdout] Some errors have detailed explanations: E0412, E0425, E0433.
[INFO] [stdout] For more information about an error, try `rustc --explain E0412`.
[INFO] [stdout] Couldn't compile the test.
[INFO] [stdout] ---- src/systems.rs - systems::UiCorePlugin (line 540) stdout ----
[INFO] [stdout] error[E0412]: cannot find type `Commands` in this scope
[INFO] [stdout]  --> src/systems.rs:541:24
[INFO] [stdout]   |
[INFO] [stdout] 3 | fn setup(mut commands: Commands) {
[INFO] [stdout]   |                        ^^^^^^^^ not found in this scope
[INFO] [stdout]   |
[INFO] [stdout] help: consider importing this struct
[INFO] [stdout]   |
[INFO] [stdout] 2 + use bevy::prelude::Commands;
[INFO] [stdout]   |
[INFO] [stdout] 
[INFO] [stdout] error[E0433]: failed to resolve: use of undeclared type `UiTree`
[INFO] [stdout]  --> src/systems.rs:543:6
[INFO] [stdout]   |
[INFO] [stdout] 5 |      UiTree::<MyUiWidget, MyNodeData>::new("MyWidget")
[INFO] [stdout]   |      ^^^^^^ use of undeclared type `UiTree`
[INFO] [stdout]   |
[INFO] [stdout] help: consider importing one of these type aliases
[INFO] [stdout]   |
[INFO] [stdout] 2 + use bevy_lunex::prelude::UiTree;
[INFO] [stdout]   |
[INFO] [stdout] 2 + use lunex_engine::UiTree;
[INFO] [stdout]   |
[INFO] [stdout] 
[INFO] [stdout] error[E0412]: cannot find type `MyUiWidget` in this scope
[INFO] [stdout]  --> src/systems.rs:543:15
[INFO] [stdout]   |
[INFO] [stdout] 5 |      UiTree::<MyUiWidget, MyNodeData>::new("MyWidget")
[INFO] [stdout]   |               ^^^^^^^^^^ not found in this scope
[INFO] [stdout]   |
[INFO] [stdout] help: you might be missing a type parameter
[INFO] [stdout]   |
[INFO] [stdout] 3 | fn setup<MyUiWidget>(mut commands: Commands) {
[INFO] [stdout]   |         ++++++++++++
[INFO] [stdout] 
[INFO] [stdout] error[E0412]: cannot find type `MyNodeData` in this scope
[INFO] [stdout]  --> src/systems.rs:543:27
[INFO] [stdout]   |
[INFO] [stdout] 5 |      UiTree::<MyUiWidget, MyNodeData>::new("MyWidget")
[INFO] [stdout]   |                           ^^^^^^^^^^ not found in this scope
[INFO] [stdout]   |
[INFO] [stdout] help: you might be missing a type parameter
[INFO] [stdout]   |
[INFO] [stdout] 3 | fn setup<MyNodeData>(mut commands: Commands) {
[INFO] [stdout]   |         ++++++++++++
[INFO] [stdout] 
[INFO] [stdout] error: aborting due to 4 previous errors
[INFO] [stdout] 
[INFO] [stdout] Some errors have detailed explanations: E0412, E0433.
[INFO] [stdout] For more information about an error, try `rustc --explain E0412`.
[INFO] [stdout] Couldn't compile the test.
[INFO] [stdout] ---- src/structs.rs - structs::UiLayout::div (line 177) stdout ----
[INFO] [stdout] error[E0432]: unresolved import `lunex_engine::UiLayout`
[INFO] [stdout]  --> src/structs.rs:178:20
[INFO] [stdout]   |
[INFO] [stdout] 3 | use lunex_engine::{UiLayout, Sp};
[INFO] [stdout]   |                    ^^^^^^^^
[INFO] [stdout]   |                    |
[INFO] [stdout]   |                    no `UiLayout` in the root
[INFO] [stdout]   |                    help: a similar name exists in the module: `Layout`
[INFO] [stdout]   |
[INFO] [stdout]   = help: consider importing this struct instead:
[INFO] [stdout]           bevy_lunex::UiLayout
[INFO] [stdout] 
[INFO] [stdout] error: aborting due to 1 previous error
[INFO] [stdout] 
[INFO] [stdout] For more information about this error, try `rustc --explain E0432`.
[INFO] [stdout] Couldn't compile the test.
[INFO] [stdout] ---- src/../README.md - (line 39) stdout ----
[INFO] [stdout] error: comparison operators cannot be chained
[INFO] [stdout]   --> src/../README.md:63:9
[INFO] [stdout]    |
[INFO] [stdout] 26 |     UiColor<Base>::new(Color::RED),
[INFO] [stdout]    |            ^    ^
[INFO] [stdout]    |
[INFO] [stdout] help: use `::<...>` instead of `<...>` to specify lifetime, type, or const arguments
[INFO] [stdout]    |
[INFO] [stdout] 26 |     UiColor::<Base>::new(Color::RED),
[INFO] [stdout]    |            ++
[INFO] [stdout] 
[INFO] [stdout] error: comparison operators cannot be chained
[INFO] [stdout]   --> src/../README.md:66:9
[INFO] [stdout]    |
[INFO] [stdout] 29 |     UiColor<Hover>::new(Color::YELLOW),
[INFO] [stdout]    |            ^     ^
[INFO] [stdout]    |
[INFO] [stdout] help: use `::<...>` instead of `<...>` to specify lifetime, type, or const arguments
[INFO] [stdout]    |
[INFO] [stdout] 29 |     UiColor::<Hover>::new(Color::YELLOW),
[INFO] [stdout]    |            ++
[INFO] [stdout] 
[INFO] [stdout] error[E0425]: cannot find value `commands` in this scope
[INFO] [stdout]  --> src/../README.md:40:1
[INFO] [stdout]   |
[INFO] [stdout] 3 | commands.spawn((
[INFO] [stdout]   | ^^^^^^^^ not found in this scope
[INFO] [stdout] 
[INFO] [stdout] error[E0433]: failed to resolve: use of undeclared type `UiLink`
[INFO] [stdout]  --> src/../README.md:45:2
[INFO] [stdout]   |
[INFO] [stdout] 8 |     UiLink::<MainUi>::path("Menu/Button"),
[INFO] [stdout]   |     ^^^^^^ use of undeclared type `UiLink`
[INFO] [stdout]   |
[INFO] [stdout] help: consider importing this struct
[INFO] [stdout]   |
[INFO] [stdout] 2 + use bevy_lunex::UiLink;
[INFO] [stdout]   |
[INFO] [stdout] 
[INFO] [stdout] error[E0412]: cannot find type `MainUi` in this scope
[INFO] [stdout]  --> src/../README.md:45:11
[INFO] [stdout]   |
[INFO] [stdout] 8 |     UiLink::<MainUi>::path("Menu/Button"),
[INFO] [stdout]   |              ^^^^^^ not found in this scope
[INFO] [stdout]   |
[INFO] [stdout] help: consider importing one of these structs
[INFO] [stdout]   |
[INFO] [stdout] 2 + use bevy_lunex::prelude::MainUi;
[INFO] [stdout]   |
[INFO] [stdout] 2 + use lunex_engine::MainUi;
[INFO] [stdout]   |
[INFO] [stdout] 
[INFO] [stdout] error[E0433]: failed to resolve: use of undeclared type `UiLayout`
[INFO] [stdout]   --> src/../README.md:48:2
[INFO] [stdout]    |
[INFO] [stdout] 11 |     UiLayout::window().pos(Rl((50.0, 50.0))).size((Rh(45.0), Rl(60.0))).pack::<Base>(),
[INFO] [stdout]    |     ^^^^^^^^ use of undeclared type `UiLayout`
[INFO] [stdout]    |
[INFO] [stdout] help: consider importing this struct
[INFO] [stdout]    |
[INFO] [stdout] 2  + use bevy_lunex::UiLayout;
[INFO] [stdout]    |
[INFO] [stdout] 
[INFO] [stdout] error[E0425]: cannot find function, tuple struct or tuple variant `Rl` in this scope
[INFO] [stdout]   --> src/../README.md:48:25
[INFO] [stdout]    |
[INFO] [stdout] 11 |     UiLayout::window().pos(Rl((50.0, 50.0))).size((Rh(45.0), Rl(60.0))).pack::<Base>(),
[INFO] [stdout]    |                            ^^ not found in this scope
[INFO] [stdout]    |
[INFO] [stdout] help: consider importing one of these items
[INFO] [stdout]    |
[INFO] [stdout] 2  + use bevy_lunex::prelude::Rl;
[INFO] [stdout]    |
[INFO] [stdout] 2  + use bevy_lunex::prelude::UiValueType::Rl;
[INFO] [stdout]    |
[INFO] [stdout] 2  + use lunex_engine::Rl;
[INFO] [stdout]    |
[INFO] [stdout] 2  + use lunex_engine::UiValueType::Rl;
[INFO] [stdout]    |
[INFO] [stdout] 
[INFO] [stdout] error[E0425]: cannot find function, tuple struct or tuple variant `Rh` in this scope
[INFO] [stdout]   --> src/../README.md:48:49
[INFO] [stdout]    |
[INFO] [stdout] 11 |     UiLayout::window().pos(Rl((50.0, 50.0))).size((Rh(45.0), Rl(60.0))).pack::<Base>(),
[INFO] [stdout]    |                                                    ^^ not found in this scope
[INFO] [stdout]    |
[INFO] [stdout] help: consider importing one of these items
[INFO] [stdout]    |
[INFO] [stdout] 2  + use bevy_lunex::prelude::Rh;
[INFO] [stdout]    |
[INFO] [stdout] 2  + use bevy_lunex::prelude::UiValueType::Rh;
[INFO] [stdout]    |
[INFO] [stdout] 2  + use lunex_engine::Rh;
[INFO] [stdout]    |
[INFO] [stdout] 2  + use lunex_engine::UiValueType::Rh;
[INFO] [stdout]    |
[INFO] [stdout] 
[INFO] [stdout] error[E0425]: cannot find function, tuple struct or tuple variant `Rl` in this scope
[INFO] [stdout]   --> src/../README.md:48:59
[INFO] [stdout]    |
[INFO] [stdout] 11 |     UiLayout::window().pos(Rl((50.0, 50.0))).size((Rh(45.0), Rl(60.0))).pack::<Base>(),
[INFO] [stdout]    |                                                              ^^ not found in this scope
[INFO] [stdout]    |
[INFO] [stdout] help: consider importing one of these items
[INFO] [stdout]    |
[INFO] [stdout] 2  + use bevy_lunex::prelude::Rl;
[INFO] [stdout]    |
[INFO] [stdout] 2  + use bevy_lunex::prelude::UiValueType::Rl;
[INFO] [stdout]    |
[INFO] [stdout] 2  + use lunex_engine::Rl;
[INFO] [stdout]    |
[INFO] [stdout] 2  + use lunex_engine::UiValueType::Rl;
[INFO] [stdout]    |
[INFO] [stdout] 
[INFO] [stdout] error[E0412]: cannot find type `Base` in this scope
[INFO] [stdout]   --> src/../README.md:48:77
[INFO] [stdout]    |
[INFO] [stdout] 11 |     UiLayout::window().pos(Rl((50.0, 50.0))).size((Rh(45.0), Rl(60.0))).pack::<Base>(),
[INFO] [stdout]    |                                                                                ^^^^ not found in this scope
[INFO] [stdout]    |
[INFO] [stdout] help: consider importing this struct
[INFO] [stdout]    |
[INFO] [stdout] 2  + use bevy_lunex::Base;
[INFO] [stdout]    |
[INFO] [stdout] 
[INFO] [stdout] error[E0422]: cannot find struct, variant or union type `UiImage2dBundle` in this scope
[INFO] [stdout]   --> src/../README.md:54:2
[INFO] [stdout]    |
[INFO] [stdout] 17 |     UiImage2dBundle { texture: assets.load("images/button.png"), ..default() },
[INFO] [stdout]    |     ^^^^^^^^^^^^^^^ not found in this scope
[INFO] [stdout]    |
[INFO] [stdout] help: consider importing this struct
[INFO] [stdout]    |
[INFO] [stdout] 2  + use bevy_lunex::UiImage2dBundle;
[INFO] [stdout]    |
[INFO] [stdout] 
[INFO] [stdout] error[E0425]: cannot find value `assets` in this scope
[INFO] [stdout]   --> src/../README.md:54:29
[INFO] [stdout]    |
[INFO] [stdout] 17 |     UiImage2dBundle { texture: assets.load("images/button.png"), ..default() },
[INFO] [stdout]    |                                ^^^^^^ not found in this scope
[INFO] [stdout] 
[INFO] [stdout] error[E0425]: cannot find function `default` in this scope
[INFO] [stdout]   --> src/../README.md:54:65
[INFO] [stdout]    |
[INFO] [stdout] 17 |     UiImage2dBundle { texture: assets.load("images/button.png"), ..default() },
[INFO] [stdout]    |                                                                    ^^^^^^^ not found in this scope
[INFO] [stdout]    |
[INFO] [stdout] help: consider importing this function
[INFO] [stdout]    |
[INFO] [stdout] 2  + use bevy::prelude::default;
[INFO] [stdout]    |
[INFO] [stdout] 
[INFO] [stdout] error[E0433]: failed to resolve: use of undeclared type `ImageScaleMode`
[INFO] [stdout]   --> src/../README.md:57:2
[INFO] [stdout]    |
[INFO] [stdout] 20 |     ImageScaleMode::Sliced(TextureSlicer { border: BorderRect::square(32.0), ..default() }),
[INFO] [stdout]    |     ^^^^^^^^^^^^^^ use of undeclared type `ImageScaleMode`
[INFO] [stdout]    |
[INFO] [stdout] help: consider importing this enum
[INFO] [stdout]    |
[INFO] [stdout] 2  + use bevy::prelude::ImageScaleMode;
[INFO] [stdout]    |
[INFO] [stdout] 
[INFO] [stdout] error[E0422]: cannot find struct, variant or union type `TextureSlicer` in this scope
[INFO] [stdout]   --> src/../README.md:57:25
[INFO] [stdout]    |
[INFO] [stdout] 20 |     ImageScaleMode::Sliced(TextureSlicer { border: BorderRect::square(32.0), ..default() }),
[INFO] [stdout]    |                            ^^^^^^^^^^^^^ not found in this scope
[INFO] [stdout]    |
[INFO] [stdout] help: consider importing this struct
[INFO] [stdout]    |
[INFO] [stdout] 2  + use bevy::prelude::TextureSlicer;
[INFO] [stdout]    |
[INFO] [stdout] 
[INFO] [stdout] error[E0433]: failed to resolve: use of undeclared type `BorderRect`
[INFO] [stdout]   --> src/../README.md:57:49
[INFO] [stdout]    |
[INFO] [stdout] 20 |     ImageScaleMode::Sliced(TextureSlicer { border: BorderRect::square(32.0), ..default() }),
[INFO] [stdout]    |                                                    ^^^^^^^^^^ use of undeclared type `BorderRect`
[INFO] [stdout]    |
[INFO] [stdout] help: consider importing this struct
[INFO] [stdout]    |
[INFO] [stdout] 2  + use bevy::prelude::BorderRect;
[INFO] [stdout]    |
[INFO] [stdout] 
[INFO] [stdout] error[E0425]: cannot find function `default` in this scope
[INFO] [stdout]   --> src/../README.md:57:77
[INFO] [stdout]    |
[INFO] [stdout] 20 |     ImageScaleMode::Sliced(TextureSlicer { border: BorderRect::square(32.0), ..default() }),
[INFO] [stdout]    |                                                                                ^^^^^^^ not found in this scope
[INFO] [stdout]    |
[INFO] [stdout] help: consider importing this function
[INFO] [stdout]    |
[INFO] [stdout] 2  + use bevy::prelude::default;
[INFO] [stdout]    |
[INFO] [stdout] 
[INFO] [stdout] error[E0433]: failed to resolve: use of undeclared type `UiAnimator`
[INFO] [stdout]   --> src/../README.md:60:2
[INFO] [stdout]    |
[INFO] [stdout] 23 |     UiAnimator::<Hover>::new().forward_speed(5.0).backward_speed(1.0),
[INFO] [stdout]    |     ^^^^^^^^^^ use of undeclared type `UiAnimator`
[INFO] [stdout]    |
[INFO] [stdout] help: consider importing this struct
[INFO] [stdout]    |
[INFO] [stdout] 2  + use bevy_lunex::UiAnimator;
[INFO] [stdout]    |
[INFO] [stdout] 
[INFO] [stdout] error[E0412]: cannot find type `Hover` in this scope
[INFO] [stdout]   --> src/../README.md:60:15
[INFO] [stdout]    |
[INFO] [stdout] 23 |     UiAnimator::<Hover>::new().forward_speed(5.0).backward_speed(1.0),
[INFO] [stdout]    |                  ^^^^^ not found in this scope
[INFO] [stdout]    |
[INFO] [stdout] help: consider importing this struct
[INFO] [stdout]    |
[INFO] [stdout] 2  + use bevy_lunex::Hover;
[INFO] [stdout]    |
[INFO] [stdout] 
[INFO] [stdout] error[E0433]: failed to resolve: use of undeclared type `PickableBundle`
[INFO] [stdout]   --> src/../README.md:72:2
[INFO] [stdout]    |
[INFO] [stdout] 35 |     PickableBundle::default(),
[INFO] [stdout]    |     ^^^^^^^^^^^^^^ use of undeclared type `PickableBundle`
[INFO] [stdout]    |
[INFO] [stdout] help: consider importing one of these structs
[INFO] [stdout]    |
[INFO] [stdout] 2  + use bevy_lunex::prelude::PickableBundle;
[INFO] [stdout]    |
[INFO] [stdout] 2  + use bevy_mod_picking::PickableBundle;
[INFO] [stdout]    |
[INFO] [stdout] 
[INFO] [stdout] error[E0433]: failed to resolve: use of undeclared type `OnHoverSetCursor`
[INFO] [stdout]   --> src/../README.md:75:2
[INFO] [stdout]    |
[INFO] [stdout] 38 |     OnHoverSetCursor::new(CursorIcon::Pointer),
[INFO] [stdout]    |     ^^^^^^^^^^^^^^^^ use of undeclared type `OnHoverSetCursor`
[INFO] [stdout]    |
[INFO] [stdout] help: consider importing this struct
[INFO] [stdout]    |
[INFO] [stdout] 2  + use bevy_lunex::OnHoverSetCursor;
[INFO] [stdout]    |
[INFO] [stdout] 
[INFO] [stdout] error[E0433]: failed to resolve: use of undeclared type `CursorIcon`
[INFO] [stdout]   --> src/../README.md:75:24
[INFO] [stdout]    |
[INFO] [stdout] 38 |     OnHoverSetCursor::new(CursorIcon::Pointer),
[INFO] [stdout]    |                           ^^^^^^^^^^ use of undeclared type `CursorIcon`
[INFO] [stdout]    |
[INFO] [stdout] help: consider importing this enum
[INFO] [stdout]    |
[INFO] [stdout] 2  + use bevy::prelude::CursorIcon;
[INFO] [stdout]    |
[INFO] [stdout] 
[INFO] [stdout] error[E0433]: failed to resolve: use of undeclared type `UiClickEmitter`
[INFO] [stdout]   --> src/../README.md:78:2
[INFO] [stdout]    |
[INFO] [stdout] 41 |     UiClickEmitter::SELF,
[INFO] [stdout]    |     ^^^^^^^^^^^^^^ use of undeclared type `UiClickEmitter`
[INFO] [stdout]    |
[INFO] [stdout] help: consider importing this struct
[INFO] [stdout]    |
[INFO] [stdout] 2  + use bevy_lunex::UiClickEmitter;
[INFO] [stdout]    |
[INFO] [stdout] 
[INFO] [stdout] error: aborting due to 23 previous errors
[INFO] [stdout] 
[INFO] [stdout] Some errors have detailed explanations: E0412, E0422, E0425, E0433.
[INFO] [stdout] For more information about an error, try `rustc --explain E0412`.
[INFO] [stdout] Couldn't compile the test.
[INFO] [stdout] ---- src/systems.rs - systems::UiCorePlugin (line 525) stdout ----
[INFO] [stdout] error: cannot find derive macro `Component` in this scope
[INFO] [stdout]  --> src/systems.rs:529:11
[INFO] [stdout]   |
[INFO] [stdout] 6 |  #[derive(Component, Default)]
[INFO] [stdout]   |           ^^^^^^^^^
[INFO] [stdout]   |
[INFO] [stdout] help: consider importing this derive macro
[INFO] [stdout]   |
[INFO] [stdout] 2 + use bevy::prelude::Component;
[INFO] [stdout]   |
[INFO] [stdout] 
[INFO] [stdout] error: cannot find derive macro `Component` in this scope
[INFO] [stdout]  --> src/systems.rs:526:10
[INFO] [stdout]   |
[INFO] [stdout] 3 | #[derive(Component)]
[INFO] [stdout]   |          ^^^^^^^^^
[INFO] [stdout]   |
[INFO] [stdout] help: consider importing this derive macro
[INFO] [stdout]   |
[INFO] [stdout] 2 + use bevy::prelude::Component;
[INFO] [stdout]   |
[INFO] [stdout] 
[INFO] [stdout] error: aborting due to 2 previous errors
[INFO] [stdout] 
[INFO] [stdout] Couldn't compile the test.
[INFO] [stdout] ---- src/systems.rs - systems::UiDebugPlugin (line 601) stdout ----
[INFO] [stdout] error: cannot find derive macro `Component` in this scope
[INFO] [stdout]  --> src/systems.rs:605:11
[INFO] [stdout]   |
[INFO] [stdout] 6 |  #[derive(Component, Default)]
[INFO] [stdout]   |           ^^^^^^^^^
[INFO] [stdout]   |
[INFO] [stdout] help: consider importing this derive macro
[INFO] [stdout]   |
[INFO] [stdout] 2 + use bevy::prelude::Component;
[INFO] [stdout]   |
[INFO] [stdout] 
[INFO] [stdout] error: cannot find derive macro `Component` in this scope
[INFO] [stdout]  --> src/systems.rs:602:10
[INFO] [stdout]   |
[INFO] [stdout] 3 | #[derive(Component)]
[INFO] [stdout]   |          ^^^^^^^^^
[INFO] [stdout]   |
[INFO] [stdout] help: consider importing this derive macro
[INFO] [stdout]   |
[INFO] [stdout] 2 + use bevy::prelude::Component;
[INFO] [stdout]   |
[INFO] [stdout] 
[INFO] [stdout] error: aborting due to 2 previous errors
[INFO] [stdout] 
[INFO] [stdout] Couldn't compile the test.
[INFO] [stdout] 
[INFO] [stdout] failures:
[INFO] [stdout]     src/../README.md - (line 39)
[INFO] [stdout]     src/structs.rs - structs::UiLayout::boundary (line 135)
[INFO] [stdout]     src/structs.rs - structs::UiLayout::div (line 177)
[INFO] [stdout]     src/structs.rs - structs::UiLayout::solid (line 166)
[INFO] [stdout]     src/structs.rs - structs::UiLayout::window (line 145)
[INFO] [stdout]     src/structs.rs - structs::UiLayout::window_full (line 155)
[INFO] [stdout]     src/systems.rs - systems::UiCorePlugin (line 525)
[INFO] [stdout]     src/systems.rs - systems::UiCorePlugin (line 533)
[INFO] [stdout]     src/systems.rs - systems::UiCorePlugin (line 540)
[INFO] [stdout]     src/systems.rs - systems::UiDebugPlugin (line 601)
[INFO] [stdout]     src/systems.rs - systems::UiDebugPlugin (line 609)
[INFO] [stdout]     src/systems.rs - systems::UiDebugPlugin (line 617)
[INFO] [stdout] 
[INFO] [stdout] test result: FAILED. 0 passed; 12 failed; 0 ignored; 0 measured; 0 filtered out; finished in 0.54s
[INFO] [stdout] 
[INFO] [stderr] error: doctest failed, to rerun pass `--doc`
[INFO] running `Command { std: "docker" "inspect" "0ac79f73d4e45378c66338ce3d23387efbff815d45af1c429fc4465f3f540a69", kill_on_drop: false }`
[INFO] running `Command { std: "docker" "rm" "-f" "0ac79f73d4e45378c66338ce3d23387efbff815d45af1c429fc4465f3f540a69", kill_on_drop: false }`
[INFO] [stdout] 0ac79f73d4e45378c66338ce3d23387efbff815d45af1c429fc4465f3f540a69
