[INFO] fetching crate bandmix 0.1.4...
[INFO] testing bandmix-0.1.4 against 1.83.0 for beta-1.84.0-4-retry
[INFO] extracting crate bandmix 0.1.4 into /workspace/builds/worker-5-tc1/source
[INFO] validating manifest of crates.io crate bandmix 0.1.4 on toolchain 1.83.0
[INFO] running `Command { std: CARGO_HOME="/workspace/cargo-home" RUSTUP_HOME="/workspace/rustup-home" "/workspace/cargo-home/bin/cargo" "+1.83.0" "metadata" "--manifest-path" "Cargo.toml" "--no-deps", kill_on_drop: false }`
[INFO] started tweaking crates.io crate bandmix 0.1.4
[INFO] finished tweaking crates.io crate bandmix 0.1.4
[INFO] tweaked toml for crates.io crate bandmix 0.1.4 written to /workspace/builds/worker-5-tc1/source/Cargo.toml
[INFO] crate crates.io crate bandmix 0.1.4 already has a lockfile, it will not be regenerated
[INFO] running `Command { std: CARGO_HOME="/workspace/cargo-home" RUSTUP_HOME="/workspace/rustup-home" "/workspace/cargo-home/bin/cargo" "+1.83.0" "fetch" "--manifest-path" "Cargo.toml", kill_on_drop: false }`
[INFO] [stderr]     Updating crates.io index
[INFO] [stderr]  Downloading crates ...
[INFO] [stderr]   Downloaded stream-download v0.13.1
[INFO] [stderr]   Downloaded localsavefile-derive v0.2.10
[INFO] [stderr]   Downloaded embed-resource v3.0.1
[INFO] [stderr]   Downloaded savefile-derive v0.18.5
[INFO] [stderr]   Downloaded dbus-crossroads v0.5.2
[INFO] [stderr]   Downloaded savefile v0.18.5
[INFO] [stderr]   Downloaded rodio v0.20.1
[INFO] [stderr]   Downloaded souvlaki v0.7.3
[INFO] [stderr]   Downloaded sanitize-filename v0.6.0
[INFO] [stderr]   Downloaded localsavefile v0.2.11
[INFO] [stderr]   Downloaded gjson v0.8.1
[INFO] running `Command { std: "docker" "create" "-v" "/var/lib/crater-agent-workspace/builds/worker-5-tc1/target:/opt/rustwide/target:rw,Z" "-v" "/var/lib/crater-agent-workspace/builds/worker-5-tc1/source:/opt/rustwide/workdir:ro,Z" "-v" "/var/lib/crater-agent-workspace/cargo-home:/opt/rustwide/cargo-home:ro,Z" "-v" "/var/lib/crater-agent-workspace/rustup-home:/opt/rustwide/rustup-home:ro,Z" "-e" "SOURCE_DIR=/opt/rustwide/workdir" "-e" "CARGO_TARGET_DIR=/opt/rustwide/target" "-e" "CARGO_HOME=/opt/rustwide/cargo-home" "-e" "RUSTUP_HOME=/opt/rustwide/rustup-home" "-w" "/opt/rustwide/workdir" "-m" "1610612736" "--user" "0:0" "--network" "none" "ghcr.io/rust-lang/crates-build-env/linux@sha256:f3a9d4ad9d972b27faf3965f35b62e55ba32bbce8f20bc8fe909558a86702fde" "/opt/rustwide/cargo-home/bin/cargo" "+1.83.0" "metadata" "--no-deps" "--format-version=1", kill_on_drop: false }`
[INFO] [stdout] fe7623903fcb5b831619ffd9acde72434f5bf55d0ee0baf75f762f91f576abda
[INFO] running `Command { std: "docker" "start" "-a" "fe7623903fcb5b831619ffd9acde72434f5bf55d0ee0baf75f762f91f576abda", kill_on_drop: false }`
[INFO] running `Command { std: "docker" "inspect" "fe7623903fcb5b831619ffd9acde72434f5bf55d0ee0baf75f762f91f576abda", kill_on_drop: false }`
[INFO] running `Command { std: "docker" "rm" "-f" "fe7623903fcb5b831619ffd9acde72434f5bf55d0ee0baf75f762f91f576abda", kill_on_drop: false }`
[INFO] [stdout] fe7623903fcb5b831619ffd9acde72434f5bf55d0ee0baf75f762f91f576abda
[INFO] running `Command { std: "docker" "create" "-v" "/var/lib/crater-agent-workspace/builds/worker-5-tc1/target:/opt/rustwide/target:rw,Z" "-v" "/var/lib/crater-agent-workspace/builds/worker-5-tc1/source:/opt/rustwide/workdir:ro,Z" "-v" "/var/lib/crater-agent-workspace/cargo-home:/opt/rustwide/cargo-home:ro,Z" "-v" "/var/lib/crater-agent-workspace/rustup-home:/opt/rustwide/rustup-home:ro,Z" "-e" "SOURCE_DIR=/opt/rustwide/workdir" "-e" "CARGO_TARGET_DIR=/opt/rustwide/target" "-e" "CARGO_INCREMENTAL=0" "-e" "RUST_BACKTRACE=full" "-e" "RUSTFLAGS=--cap-lints=warn" "-e" "RUSTDOCFLAGS=--cap-lints=warn" "-e" "CARGO_HOME=/opt/rustwide/cargo-home" "-e" "RUSTUP_HOME=/opt/rustwide/rustup-home" "-w" "/opt/rustwide/workdir" "-m" "1610612736" "--user" "0:0" "--network" "none" "ghcr.io/rust-lang/crates-build-env/linux@sha256:f3a9d4ad9d972b27faf3965f35b62e55ba32bbce8f20bc8fe909558a86702fde" "/opt/rustwide/cargo-home/bin/cargo" "+1.83.0" "build" "--frozen" "--message-format=json", kill_on_drop: false }`
[INFO] [stdout] a6e17ff38007a135fe85fa3f67694d0e637cea09a0415372326f6e2ed1e294d9
[INFO] running `Command { std: "docker" "start" "-a" "a6e17ff38007a135fe85fa3f67694d0e637cea09a0415372326f6e2ed1e294d9", kill_on_drop: false }`
[INFO] [stderr]    Compiling proc-macro2 v1.0.92
[INFO] [stderr]    Compiling unicode-ident v1.0.12
[INFO] [stderr]    Compiling cfg-if v1.0.0
[INFO] [stderr]    Compiling autocfg v1.3.0
[INFO] [stderr]    Compiling libc v0.2.155
[INFO] [stderr]    Compiling once_cell v1.20.2
[INFO] [stderr]    Compiling pin-project-lite v0.2.14
[INFO] [stderr]    Compiling smallvec v1.13.2
[INFO] [stderr]    Compiling futures-core v0.3.30
[INFO] [stderr]    Compiling pkg-config v0.3.30
[INFO] [stderr]    Compiling parking_lot_core v0.9.10
[INFO] [stderr]    Compiling log v0.4.22
[INFO] [stderr]    Compiling scopeguard v1.2.0
[INFO] [stderr]    Compiling byteorder v1.5.0
[INFO] [stderr]    Compiling siphasher v0.3.11
[INFO] [stderr]    Compiling lock_api v0.4.12
[INFO] [stderr]    Compiling crossbeam-utils v0.8.20
[INFO] [stderr]    Compiling slab v0.4.9
[INFO] [stderr]    Compiling stable_deref_trait v1.2.0
[INFO] [stderr]    Compiling hashbrown v0.15.2
[INFO] [stderr]    Compiling cc v1.1.7
[INFO] [stderr]    Compiling futures-io v0.3.30
[INFO] [stderr]    Compiling serde v1.0.204
[INFO] [stderr]    Compiling quote v1.0.37
[INFO] [stderr]    Compiling syn v2.0.90
[INFO] [stderr]    Compiling equivalent v1.0.1
[INFO] [stderr]    Compiling indexmap v2.7.0
[INFO] [stderr]    Compiling getrandom v0.2.15
[INFO] [stderr]    Compiling memchr v2.7.4
[INFO] [stderr]    Compiling rand_core v0.6.4
[INFO] [stderr]    Compiling parking_lot v0.12.3
[INFO] [stderr]    Compiling futures-sink v0.3.30
[INFO] [stderr]    Compiling itoa v1.0.11
[INFO] [stderr]    Compiling fnv v1.0.7
[INFO] [stderr]    Compiling phf_shared v0.11.2
[INFO] [stderr]    Compiling bytes v1.7.1
[INFO] [stderr]    Compiling version_check v0.9.5
[INFO] [stderr]    Compiling bitflags v2.6.0
[INFO] [stderr]    Compiling futures-channel v0.3.30
[INFO] [stderr]    Compiling tracing-core v0.1.33
[INFO] [stderr]    Compiling pin-utils v0.1.0
[INFO] [stderr]    Compiling futures-task v0.3.30
[INFO] [stderr]    Compiling atomic-waker v1.1.2
[INFO] [stderr]    Compiling vcpkg v0.2.15
[INFO] [stderr]    Compiling mio v1.0.1
[INFO] [stderr]    Compiling signal-hook-registry v1.4.2
[INFO] [stderr]    Compiling socket2 v0.5.7
[INFO] [stderr]    Compiling bitflags v1.3.2
[INFO] [stderr]    Compiling syn v1.0.109
[INFO] [stderr]    Compiling writeable v0.5.5
[INFO] [stderr]    Compiling lazy_static v1.5.0
[INFO] [stderr]    Compiling litemap v0.7.4
[INFO] [stderr]    Compiling concurrent-queue v2.5.0
[INFO] [stderr]    Compiling parking v2.2.0
[INFO] [stderr]    Compiling typenum v1.17.0
[INFO] [stderr]    Compiling http v1.1.0
[INFO] [stderr]    Compiling openssl-sys v0.9.103
[INFO] [stderr]    Compiling generic-array v0.14.7
[INFO] [stderr]    Compiling phf_shared v0.10.0
[INFO] [stderr]    Compiling winnow v0.5.40
[INFO] [stderr]    Compiling fastrand v2.1.0
[INFO] [stderr]    Compiling aho-corasick v1.1.3
[INFO] [stderr]    Compiling regex-syntax v0.8.5
[INFO] [stderr]    Compiling icu_locid_transform_data v1.5.0
[INFO] [stderr]    Compiling toml_datetime v0.6.8
[INFO] [stderr]    Compiling icu_properties_data v1.5.0
[INFO] [stderr]    Compiling semver v1.0.23
[INFO] [stderr]    Compiling httparse v1.9.4
[INFO] [stderr]    Compiling new_debug_unreachable v1.0.6
[INFO] [stderr]    Compiling synstructure v0.13.1
[INFO] [stderr]    Compiling foreign-types-shared v0.1.1
[INFO] [stderr]    Compiling arrayvec v0.7.4
[INFO] [stderr]    Compiling openssl v0.10.66
[INFO] [stderr]    Compiling foreign-types v0.3.2
[INFO] [stderr]    Compiling http-body v1.0.1
[INFO] [stderr]    Compiling event-listener v5.3.1
[INFO] [stderr]    Compiling encoding_rs v0.8.34
[INFO] [stderr]    Compiling icu_normalizer_data v1.5.0
[INFO] [stderr]    Compiling toml_edit v0.19.15
[INFO] [stderr]    Compiling write16 v1.0.0
[INFO] [stderr]    Compiling utf16_iter v1.0.5
[INFO] [stderr]    Compiling io-lifetimes v1.0.11
[INFO] [stderr]    Compiling regex-automata v0.4.9
[INFO] [stderr]    Compiling event-listener v2.5.3
[INFO] [stderr]    Compiling utf8_iter v1.0.4
[INFO] [stderr]    Compiling native-tls v0.2.12
[INFO] [stderr]    Compiling try-lock v0.2.5
[INFO] [stderr]    Compiling want v0.3.1
[INFO] [stderr]    Compiling event-listener-strategy v0.5.2
[INFO] [stderr]    Compiling zerocopy-derive v0.7.35
[INFO] [stderr]    Compiling serde_derive v1.0.204
[INFO] [stderr]    Compiling zerofrom-derive v0.1.5
[INFO] [stderr]    Compiling yoke-derive v0.7.5
[INFO] [stderr]    Compiling zerovec-derive v0.10.3
[INFO] [stderr]    Compiling zerocopy v0.7.35
[INFO] [stderr]    Compiling displaydoc v0.2.5
[INFO] [stderr]    Compiling futures-macro v0.3.30
[INFO] [stderr]    Compiling ppv-lite86 v0.2.20
[INFO] [stderr]    Compiling zerofrom v0.1.5
[INFO] [stderr]    Compiling rand_chacha v0.3.1
[INFO] [stderr]    Compiling tracing-attributes v0.1.28
[INFO] [stderr]    Compiling yoke v0.7.5
[INFO] [stderr]    Compiling rand v0.8.5
[INFO] [stderr]    Compiling tokio-macros v2.4.0
[INFO] [stderr]    Compiling icu_provider_macros v1.5.0
[INFO] [stderr]    Compiling zerovec v0.10.4
[INFO] [stderr]    Compiling futures-util v0.3.30
[INFO] [stderr]    Compiling regex v1.11.1
[INFO] [stderr]    Compiling phf_generator v0.11.2
[INFO] [stderr]    Compiling phf_codegen v0.11.2
[INFO] [stderr]    Compiling phf_macros v0.11.2
[INFO] [stderr]    Compiling tinystr v0.7.6
[INFO] [stderr]    Compiling icu_collections v1.5.0
[INFO] [stderr]    Compiling tokio v1.42.0
[INFO] [stderr]    Compiling icu_locid v1.5.0
[INFO] [stderr]    Compiling phf_generator v0.10.0
[INFO] [stderr]    Compiling zvariant_utils v1.0.1
[INFO] [stderr]    Compiling proc-macro-crate v1.3.1
[INFO] [stderr]    Compiling tracing v0.1.41
[INFO] [stderr]    Compiling openssl-macros v0.1.1
[INFO] [stderr]    Compiling pin-project-internal v1.1.5
[INFO] [stderr]    Compiling phf v0.11.2
[INFO] [stderr]    Compiling icu_provider v1.5.0
[INFO] [stderr]    Compiling string_cache_codegen v0.5.2
[INFO] [stderr]    Compiling icu_locid_transform v1.5.0
[INFO] [stderr]    Compiling enumflags2_derive v0.7.10
[INFO] [stderr]    Compiling bzip2-sys v0.1.11+1.0.8
[INFO] [stderr]    Compiling alsa-sys v0.3.1
[INFO] [stderr]    Compiling memoffset v0.7.1
[INFO] [stderr]    Compiling pin-project v1.1.5
[INFO] [stderr]    Compiling polling v2.8.0
[INFO] [stderr]    Compiling futures-lite v2.3.0
[INFO] [stderr]    Compiling tower-layer v0.3.2
[INFO] [stderr]    Compiling icu_properties v1.5.1
[INFO] [stderr]    Compiling strsim v0.11.1
[INFO] [stderr]    Compiling precomputed-hash v0.1.1
[INFO] [stderr]    Compiling ident_case v1.0.1
[INFO] [stderr]    Compiling waker-fn v1.2.0
[INFO] [stderr]    Compiling rustix v0.37.27
[INFO] [stderr]    Compiling bytemuck v1.16.3
[INFO] [stderr]    Compiling openssl-probe v0.1.5
[INFO] [stderr]    Compiling tower-service v0.3.2
[INFO] [stderr]    Compiling mac v0.1.1
[INFO] [stderr]    Compiling percent-encoding v2.3.1
[INFO] [stderr]    Compiling fastrand v1.9.0
[INFO] [stderr]    Compiling async-task v4.7.1
[INFO] [stderr]    Compiling form_urlencoded v1.2.1
[INFO] [stderr]    Compiling futures-lite v1.13.0
[INFO] [stderr]    Compiling futf v0.1.5
[INFO] [stderr]    Compiling symphonia-core v0.5.4
[INFO] [stderr]    Compiling darling_core v0.20.10
[INFO] [stderr]    Compiling enumflags2 v0.7.10
[INFO] [stderr]    Compiling tokio-util v0.7.11
[INFO] [stderr]    Compiling icu_normalizer v1.5.0
[INFO] [stderr]    Compiling h2 v0.4.5
[INFO] [stderr]    Compiling tower v0.4.13
[INFO] [stderr]    Compiling idna_adapter v1.2.0
[INFO] [stderr]    Compiling markup5ever v0.14.0
[INFO] [stderr]    Compiling zvariant_derive v3.15.2
[INFO] [stderr]    Compiling rustc_version v0.4.0
[INFO] [stderr]    Compiling async-channel v2.3.1
[INFO] [stderr]    Compiling async-lock v2.8.0
[INFO] [stderr]    Compiling block-buffer v0.10.4
[INFO] [stderr]    Compiling crypto-common v0.1.6
[INFO] [stderr]    Compiling piper v0.2.3
[INFO] [stderr]    Compiling proc-macro-error-attr2 v2.0.0
[INFO] [stderr]    Compiling async-io v1.13.0
[INFO] [stderr]    Compiling async-fs v1.6.0
[INFO] [stderr]    Compiling memoffset v0.9.1
[INFO] [stderr]    Compiling ryu v1.0.18
[INFO] [stderr]    Compiling serde_json v1.0.122
[INFO] [stderr]    Compiling utf-8 v0.7.6
[INFO] [stderr]    Compiling dtoa v1.0.9
[INFO] [stderr]    Compiling linux-raw-sys v0.3.8
[INFO] [stderr]    Compiling rustversion v1.0.17
[INFO] [stderr]    Compiling static_assertions v1.1.0
[INFO] [stderr]    Compiling rustix v0.38.34
[INFO] [stderr]    Compiling tendril v0.4.3
[INFO] [stderr]    Compiling dtoa-short v0.3.5
[INFO] [stderr]    Compiling zvariant v3.15.2
[INFO] [stderr]    Compiling proc-macro-error2 v2.0.1
[INFO] [stderr]    Compiling blocking v1.6.1
[INFO] [stderr]    Compiling digest v0.10.7
[INFO] [stderr]    Compiling savefile v0.18.5
[INFO] [stderr]    Compiling darling_macro v0.20.10
[INFO] [stderr]    Compiling tokio-native-tls v0.3.1
[INFO] [stderr]    Compiling idna v1.0.3
[INFO] [stderr]    Compiling symphonia-metadata v0.5.4
[INFO] [stderr]    Compiling hyper v1.4.1
[INFO] [stderr]    Compiling string_cache v0.8.7
[INFO] [stderr]    Compiling http-body-util v0.1.2
[INFO] [stderr]    Compiling selectors v0.26.0
[INFO] [stderr]    Compiling html5ever v0.29.0
[INFO] [stderr]    Compiling enum-ordinalize-derive v4.3.1
[INFO] [stderr]    Compiling hyper-util v0.1.6
[INFO] [stderr]    Compiling cssparser-macros v0.6.1
[INFO] [stderr]    Compiling ahash v0.8.11
[INFO] [stderr]    Compiling socket2 v0.4.10
[INFO] [stderr]    Compiling num-traits v0.2.19
[INFO] [stderr]    Compiling base64 v0.22.1
[INFO] [stderr]    Compiling bit-vec v0.6.3
[INFO] [stderr]    Compiling cpal v0.15.3
[INFO] [stderr]    Compiling thiserror v2.0.5
[INFO] [stderr]    Compiling option-ext v0.2.0
[INFO] [stderr]    Compiling cpufeatures v0.2.12
[INFO] [stderr]    Compiling linux-raw-sys v0.4.14
[INFO] [stderr]    Compiling regex-syntax v0.6.29
[INFO] [stderr]    Compiling bit-vec v0.8.0
[INFO] [stderr]    Compiling rustls-pki-types v1.7.0
[INFO] [stderr]    Compiling tinyvec_macros v0.1.1
[INFO] [stderr]    Compiling thiserror v1.0.63
[INFO] [stderr]    Compiling tinyvec v1.8.0
[INFO] [stderr]    Compiling bit-set v0.8.0
[INFO] [stderr]    Compiling sha1 v0.10.6
[INFO] [stderr]    Compiling rustls-pemfile v2.1.3
[INFO] [stderr]    Compiling bit-set v0.5.3
[INFO] [stderr]    Compiling dirs-sys v0.4.1
[INFO] [stderr]    Compiling cssparser v0.34.0
[INFO] [stderr]    Compiling enum-ordinalize v4.3.0
[INFO] [stderr]    Compiling hyper-tls v0.6.0
[INFO] [stderr]    Compiling zbus_names v2.6.1
[INFO] [stderr]    Compiling alsa v0.9.0
[INFO] [stderr]    Compiling nix v0.26.4
[INFO] [stderr]    Compiling symphonia-bundle-mp3 v0.5.4
[INFO] [stderr]    Compiling darling v0.20.10
[INFO] [stderr]    Compiling url v2.5.4
[INFO] [stderr]    Compiling bzip2 v0.4.4
[INFO] [stderr]    Compiling regex-automata v0.1.10
[INFO] [stderr]    Compiling savefile-derive v0.18.5
[INFO] [stderr]    Compiling serde_urlencoded v0.7.1
[INFO] [stderr]    Compiling async-executor v1.13.0
[INFO] [stderr]    Compiling futures-executor v0.3.30
[INFO] [stderr]    Compiling zbus_macros v3.15.2
[INFO] [stderr]    Compiling sanitize-filename v0.5.0
[INFO] [stderr]    Compiling derivative v2.2.0
[INFO] [stderr]    Compiling derive_more v0.99.18
[INFO] [stderr]    Compiling thiserror-impl v2.0.5
[INFO] [stderr]    Compiling thiserror-impl v1.0.63
[INFO] [stderr]    Compiling async-recursion v1.1.1
[INFO] [stderr]    Compiling serde_repr v0.1.19
[INFO] [stderr]    Compiling async-trait v0.1.81
[INFO] [stderr]    Compiling async-broadcast v0.5.1
[INFO] [stderr]    Compiling crossbeam-epoch v0.9.18
[INFO] [stderr]    Compiling xdg-home v1.2.0
[INFO] [stderr]    Compiling fxhash v0.2.1
[INFO] [stderr]    Compiling ogg v0.8.0
[INFO] [stderr]    Compiling servo_arc v0.4.0
[INFO] [stderr]    Compiling sync_wrapper v1.0.1
[INFO] [stderr]    Compiling ordered-stream v0.2.0
[INFO] [stderr]    Compiling mime v0.3.17
[INFO] [stderr]    Compiling heck v0.5.0
[INFO] [stderr]    Compiling dasp_sample v0.11.0
[INFO] [stderr]    Compiling hex v0.4.3
[INFO] [stderr]    Compiling overload v0.1.1
[INFO] [stderr]    Compiling ipnet v2.9.0
[INFO] [stderr]    Compiling anyhow v1.0.94
[INFO] [stderr]    Compiling unicode-width v0.1.13
[INFO] [stderr]    Compiling souvlaki v0.7.3
[INFO] [stderr]    Compiling getopts v0.2.21
[INFO] [stderr]    Compiling reqwest v0.12.9
[INFO] [stderr]    Compiling strum_macros v0.26.4
[INFO] [stderr]    Compiling nu-ansi-term v0.46.0
[INFO] [stderr]    Compiling lewton v0.10.2
[INFO] [stderr]    Compiling crossbeam-deque v0.8.5
[INFO] [stderr]    Compiling localsavefile-derive v0.2.10
[INFO] [stderr]    Compiling futures v0.3.30
[INFO] [stderr]    Compiling matchers v0.1.0
[INFO] [stderr]    Compiling tempfile v3.11.0
[INFO] [stderr]    Compiling zbus v3.15.2
[INFO] [stderr]    Compiling symphonia v0.5.4
[INFO] [stderr]    Compiling educe v0.6.0
[INFO] [stderr]    Compiling directories v5.0.1
[INFO] [stderr]    Compiling sanitize-filename v0.6.0
[INFO] [stderr]    Compiling sharded-slab v0.1.7
[INFO] [stderr]    Compiling tracing-log v0.2.0
[INFO] [stderr]    Compiling crossbeam-queue v0.3.11
[INFO] [stderr]    Compiling crossbeam-channel v0.5.13
[INFO] [stderr]    Compiling thread_local v1.1.8
[INFO] [stderr]    Compiling ego-tree v0.9.0
[INFO] [stderr]    Compiling pollster v0.3.0
[INFO] [stderr]    Compiling iana-time-zone v0.1.60
[INFO] [stderr]    Compiling mediatype v0.19.18
[INFO] [stderr]    Compiling tap v1.0.1
[INFO] [stderr]    Compiling rangemap v1.5.1
[INFO] [stderr]    Compiling utf8-width v0.1.7
[INFO] [stderr]    Compiling hound v3.5.1
[INFO] [stderr]    Compiling claxon v0.4.3
[INFO] [stderr]    Compiling bandmix v0.1.4 (/opt/rustwide/workdir)
[INFO] [stderr]    Compiling hashbrown v0.14.5
[INFO] [stderr]    Compiling crossbeam v0.8.4
[INFO] [stderr]    Compiling html-escape v0.2.13
[INFO] [stderr]    Compiling tracing-subscriber v0.3.19
[INFO] [stderr]    Compiling rodio v0.20.1
[INFO] [stderr]    Compiling dashmap v6.1.0
[INFO] [stderr]    Compiling scraper v0.21.0
[INFO] [stderr]    Compiling chrono v0.4.38
[INFO] [stderr]    Compiling strum v0.26.3
[INFO] [stderr]    Compiling localsavefile v0.2.11
[INFO] [stderr]    Compiling stream-download v0.13.1
[INFO] [stderr]    Compiling gjson v0.8.1
[INFO] [stdout] warning: creating a shared reference to mutable static is discouraged
[INFO] [stdout]   --> src/bandmix/discovery.rs:76:34
[INFO] [stdout]    |
[INFO] [stdout] 76 |     if let Ok(mut tc) = unsafe { DATA_CACHE.lock() } {
[INFO] [stdout]    |                                  ^^^^^^^^^^^^^^^^^ shared reference to mutable static
[INFO] [stdout]    |
[INFO] [stdout]    = note: for more information, see <https://doc.rust-lang.org/nightly/edition-guide/rust-2024/static-mut-references.html>
[INFO] [stdout]    = note: shared references to mutable statics are dangerous; it's undefined behavior if the static is mutated or if a mutable reference is created for it while the shared reference lives
[INFO] [stdout]    = note: `#[warn(static_mut_refs)]` on by default
[INFO] [stdout] 
[INFO] [stdout] 
[INFO] [stdout] warning: creating a shared reference to mutable static is discouraged
[INFO] [stdout]   --> src/bandmix/discovery.rs:87:34
[INFO] [stdout]    |
[INFO] [stdout] 87 |     if let Ok(mut tc) = unsafe { DATA_CACHE.lock() } {
[INFO] [stdout]    |                                  ^^^^^^^^^^^^^^^^^ shared reference to mutable static
[INFO] [stdout]    |
[INFO] [stdout]    = note: for more information, see <https://doc.rust-lang.org/nightly/edition-guide/rust-2024/static-mut-references.html>
[INFO] [stdout]    = note: shared references to mutable statics are dangerous; it's undefined behavior if the static is mutated or if a mutable reference is created for it while the shared reference lives
[INFO] [stdout] 
[INFO] [stdout] 
[INFO] [stdout] warning: creating a shared reference to mutable static is discouraged
[INFO] [stdout]   --> src/bandmix/discovery.rs:99:30
[INFO] [stdout]    |
[INFO] [stdout] 99 |     if let Ok(tc) = unsafe { DATA_CACHE.lock() } {
[INFO] [stdout]    |                              ^^^^^^^^^^^^^^^^^ shared reference to mutable static
[INFO] [stdout]    |
[INFO] [stdout]    = note: for more information, see <https://doc.rust-lang.org/nightly/edition-guide/rust-2024/static-mut-references.html>
[INFO] [stdout]    = note: shared references to mutable statics are dangerous; it's undefined behavior if the static is mutated or if a mutable reference is created for it while the shared reference lives
[INFO] [stdout] 
[INFO] [stdout] 
[INFO] [stdout] warning: creating a shared reference to mutable static is discouraged
[INFO] [stdout]    --> src/bandmix/discovery.rs:108:30
[INFO] [stdout]     |
[INFO] [stdout] 108 |     if let Ok(tc) = unsafe { DATA_CACHE.lock() } {
[INFO] [stdout]     |                              ^^^^^^^^^^^^^^^^^ shared reference to mutable static
[INFO] [stdout]     |
[INFO] [stdout]     = note: for more information, see <https://doc.rust-lang.org/nightly/edition-guide/rust-2024/static-mut-references.html>
[INFO] [stdout]     = note: shared references to mutable statics are dangerous; it's undefined behavior if the static is mutated or if a mutable reference is created for it while the shared reference lives
[INFO] [stdout] 
[INFO] [stdout] 
[INFO] [stderr]     Finished `dev` profile [unoptimized + debuginfo] target(s) in 4m 12s
[INFO] running `Command { std: "docker" "inspect" "a6e17ff38007a135fe85fa3f67694d0e637cea09a0415372326f6e2ed1e294d9", kill_on_drop: false }`
[INFO] running `Command { std: "docker" "rm" "-f" "a6e17ff38007a135fe85fa3f67694d0e637cea09a0415372326f6e2ed1e294d9", kill_on_drop: false }`
[INFO] [stdout] a6e17ff38007a135fe85fa3f67694d0e637cea09a0415372326f6e2ed1e294d9
[INFO] running `Command { std: "docker" "create" "-v" "/var/lib/crater-agent-workspace/builds/worker-5-tc1/target:/opt/rustwide/target:rw,Z" "-v" "/var/lib/crater-agent-workspace/builds/worker-5-tc1/source:/opt/rustwide/workdir:ro,Z" "-v" "/var/lib/crater-agent-workspace/cargo-home:/opt/rustwide/cargo-home:ro,Z" "-v" "/var/lib/crater-agent-workspace/rustup-home:/opt/rustwide/rustup-home:ro,Z" "-e" "SOURCE_DIR=/opt/rustwide/workdir" "-e" "CARGO_TARGET_DIR=/opt/rustwide/target" "-e" "CARGO_INCREMENTAL=0" "-e" "RUST_BACKTRACE=full" "-e" "RUSTFLAGS=--cap-lints=warn" "-e" "RUSTDOCFLAGS=--cap-lints=warn" "-e" "CARGO_HOME=/opt/rustwide/cargo-home" "-e" "RUSTUP_HOME=/opt/rustwide/rustup-home" "-w" "/opt/rustwide/workdir" "-m" "1610612736" "--user" "0:0" "--network" "none" "ghcr.io/rust-lang/crates-build-env/linux@sha256:f3a9d4ad9d972b27faf3965f35b62e55ba32bbce8f20bc8fe909558a86702fde" "/opt/rustwide/cargo-home/bin/cargo" "+1.83.0" "test" "--frozen" "--no-run" "--message-format=json", kill_on_drop: false }`
[INFO] [stdout] 113a8efee91b410095f61226a40a29773519ef6b9bab0d533f1e15311e18b78b
[INFO] running `Command { std: "docker" "start" "-a" "113a8efee91b410095f61226a40a29773519ef6b9bab0d533f1e15311e18b78b", kill_on_drop: false }`
[INFO] [stderr]    Compiling serde v1.0.204
[INFO] [stderr]    Compiling num-traits v0.2.19
[INFO] [stderr]    Compiling crossbeam-deque v0.8.5
[INFO] [stderr]    Compiling either v1.13.0
[INFO] [stderr]    Compiling rayon-core v1.12.1
[INFO] [stderr]    Compiling half v2.4.1
[INFO] [stderr]    Compiling plotters-backend v0.3.6
[INFO] [stderr]    Compiling ciborium-io v0.2.2
[INFO] [stderr]    Compiling anstyle v1.0.8
[INFO] [stderr]    Compiling clap_lex v0.7.2
[INFO] [stderr]    Compiling plotters-svg v0.3.6
[INFO] [stderr]    Compiling same-file v1.0.6
[INFO] [stderr]    Compiling itertools v0.10.5
[INFO] [stderr]    Compiling clap_builder v4.5.13
[INFO] [stderr]    Compiling ciborium-ll v0.2.2
[INFO] [stderr]    Compiling cast v0.3.0
[INFO] [stderr]    Compiling walkdir v2.5.0
[INFO] [stderr]    Compiling is-terminal v0.4.12
[INFO] [stderr]    Compiling oorandom v11.1.4
[INFO] [stderr]    Compiling anes v0.1.6
[INFO] [stderr]    Compiling crossbeam v0.8.4
[INFO] [stderr]    Compiling rayon v1.10.0
[INFO] [stderr]    Compiling plotters v0.3.6
[INFO] [stderr]    Compiling chrono v0.4.38
[INFO] [stderr]    Compiling criterion-plot v0.5.0
[INFO] [stderr]    Compiling clap v4.5.13
[INFO] [stderr]    Compiling serde_json v1.0.122
[INFO] [stderr]    Compiling enumflags2 v0.7.10
[INFO] [stderr]    Compiling string_cache v0.8.7
[INFO] [stderr]    Compiling zvariant v3.15.2
[INFO] [stderr]    Compiling markup5ever v0.14.0
[INFO] [stderr]    Compiling serde_urlencoded v0.7.1
[INFO] [stderr]    Compiling ciborium v0.2.2
[INFO] [stderr]    Compiling savefile v0.18.5
[INFO] [stderr]    Compiling tinytemplate v1.2.1
[INFO] [stderr]    Compiling reqwest v0.12.9
[INFO] [stderr]    Compiling html5ever v0.29.0
[INFO] [stderr]    Compiling criterion v0.5.1
[INFO] [stderr]    Compiling localsavefile v0.2.11
[INFO] [stderr]    Compiling zbus_names v2.6.1
[INFO] [stderr]    Compiling scraper v0.21.0
[INFO] [stderr]    Compiling zbus v3.15.2
[INFO] [stderr]    Compiling stream-download v0.13.1
[INFO] [stderr]    Compiling souvlaki v0.7.3
[INFO] [stderr]    Compiling bandmix v0.1.4 (/opt/rustwide/workdir)
[INFO] [stdout] warning: creating a shared reference to mutable static is discouraged
[INFO] [stdout]   --> src/bandmix/discovery.rs:76:34
[INFO] [stdout]    |
[INFO] [stdout] 76 |     if let Ok(mut tc) = unsafe { DATA_CACHE.lock() } {
[INFO] [stdout]    |                                  ^^^^^^^^^^^^^^^^^ shared reference to mutable static
[INFO] [stdout]    |
[INFO] [stdout]    = note: for more information, see <https://doc.rust-lang.org/nightly/edition-guide/rust-2024/static-mut-references.html>
[INFO] [stdout]    = note: shared references to mutable statics are dangerous; it's undefined behavior if the static is mutated or if a mutable reference is created for it while the shared reference lives
[INFO] [stdout]    = note: `#[warn(static_mut_refs)]` on by default
[INFO] [stdout] 
[INFO] [stdout] 
[INFO] [stdout] warning: creating a shared reference to mutable static is discouraged
[INFO] [stdout]   --> src/bandmix/discovery.rs:87:34
[INFO] [stdout]    |
[INFO] [stdout] 87 |     if let Ok(mut tc) = unsafe { DATA_CACHE.lock() } {
[INFO] [stdout]    |                                  ^^^^^^^^^^^^^^^^^ shared reference to mutable static
[INFO] [stdout]    |
[INFO] [stdout]    = note: for more information, see <https://doc.rust-lang.org/nightly/edition-guide/rust-2024/static-mut-references.html>
[INFO] [stdout]    = note: shared references to mutable statics are dangerous; it's undefined behavior if the static is mutated or if a mutable reference is created for it while the shared reference lives
[INFO] [stdout] 
[INFO] [stdout] 
[INFO] [stdout] warning: creating a shared reference to mutable static is discouraged
[INFO] [stdout]   --> src/bandmix/discovery.rs:99:30
[INFO] [stdout]    |
[INFO] [stdout] 99 |     if let Ok(tc) = unsafe { DATA_CACHE.lock() } {
[INFO] [stdout]    |                              ^^^^^^^^^^^^^^^^^ shared reference to mutable static
[INFO] [stdout]    |
[INFO] [stdout]    = note: for more information, see <https://doc.rust-lang.org/nightly/edition-guide/rust-2024/static-mut-references.html>
[INFO] [stdout]    = note: shared references to mutable statics are dangerous; it's undefined behavior if the static is mutated or if a mutable reference is created for it while the shared reference lives
[INFO] [stdout] 
[INFO] [stdout] 
[INFO] [stdout] warning: creating a shared reference to mutable static is discouraged
[INFO] [stdout]    --> src/bandmix/discovery.rs:108:30
[INFO] [stdout]     |
[INFO] [stdout] 108 |     if let Ok(tc) = unsafe { DATA_CACHE.lock() } {
[INFO] [stdout]     |                              ^^^^^^^^^^^^^^^^^ shared reference to mutable static
[INFO] [stdout]     |
[INFO] [stdout]     = note: for more information, see <https://doc.rust-lang.org/nightly/edition-guide/rust-2024/static-mut-references.html>
[INFO] [stdout]     = note: shared references to mutable statics are dangerous; it's undefined behavior if the static is mutated or if a mutable reference is created for it while the shared reference lives
[INFO] [stdout] 
[INFO] [stdout] 
[INFO] [stderr]     Finished `test` profile [unoptimized + debuginfo] target(s) in 1m 18s
[INFO] running `Command { std: "docker" "inspect" "113a8efee91b410095f61226a40a29773519ef6b9bab0d533f1e15311e18b78b", kill_on_drop: false }`
[INFO] running `Command { std: "docker" "rm" "-f" "113a8efee91b410095f61226a40a29773519ef6b9bab0d533f1e15311e18b78b", kill_on_drop: false }`
[INFO] [stdout] 113a8efee91b410095f61226a40a29773519ef6b9bab0d533f1e15311e18b78b
[INFO] running `Command { std: "docker" "create" "-v" "/var/lib/crater-agent-workspace/builds/worker-5-tc1/target:/opt/rustwide/target:rw,Z" "-v" "/var/lib/crater-agent-workspace/builds/worker-5-tc1/source:/opt/rustwide/workdir:ro,Z" "-v" "/var/lib/crater-agent-workspace/cargo-home:/opt/rustwide/cargo-home:ro,Z" "-v" "/var/lib/crater-agent-workspace/rustup-home:/opt/rustwide/rustup-home:ro,Z" "-e" "SOURCE_DIR=/opt/rustwide/workdir" "-e" "CARGO_TARGET_DIR=/opt/rustwide/target" "-e" "CARGO_INCREMENTAL=0" "-e" "RUST_BACKTRACE=full" "-e" "RUSTFLAGS=--cap-lints=warn" "-e" "RUSTDOCFLAGS=--cap-lints=warn" "-e" "CARGO_HOME=/opt/rustwide/cargo-home" "-e" "RUSTUP_HOME=/opt/rustwide/rustup-home" "-w" "/opt/rustwide/workdir" "-m" "1610612736" "--user" "0:0" "--network" "none" "ghcr.io/rust-lang/crates-build-env/linux@sha256:f3a9d4ad9d972b27faf3965f35b62e55ba32bbce8f20bc8fe909558a86702fde" "/opt/rustwide/cargo-home/bin/cargo" "+1.83.0" "test" "--frozen", kill_on_drop: false }`
[INFO] [stdout] 0fbae18f0ab3eeb55aacfd2e4035eaf5bba03d77a5906777d5e4c1ac1e852f99
[INFO] running `Command { std: "docker" "start" "-a" "0fbae18f0ab3eeb55aacfd2e4035eaf5bba03d77a5906777d5e4c1ac1e852f99", kill_on_drop: false }`
[INFO] [stderr] warning: creating a shared reference to mutable static is discouraged
[INFO] [stderr]   --> src/bandmix/discovery.rs:76:34
[INFO] [stderr]    |
[INFO] [stderr] 76 |     if let Ok(mut tc) = unsafe { DATA_CACHE.lock() } {
[INFO] [stderr]    |                                  ^^^^^^^^^^^^^^^^^ shared reference to mutable static
[INFO] [stderr]    |
[INFO] [stderr]    = note: for more information, see <https://doc.rust-lang.org/nightly/edition-guide/rust-2024/static-mut-references.html>
[INFO] [stderr]    = note: shared references to mutable statics are dangerous; it's undefined behavior if the static is mutated or if a mutable reference is created for it while the shared reference lives
[INFO] [stderr]    = note: `#[warn(static_mut_refs)]` on by default
[INFO] [stderr] 
[INFO] [stderr] warning: creating a shared reference to mutable static is discouraged
[INFO] [stderr]   --> src/bandmix/discovery.rs:87:34
[INFO] [stderr]    |
[INFO] [stderr] 87 |     if let Ok(mut tc) = unsafe { DATA_CACHE.lock() } {
[INFO] [stderr]    |                                  ^^^^^^^^^^^^^^^^^ shared reference to mutable static
[INFO] [stderr]    |
[INFO] [stderr]    = note: for more information, see <https://doc.rust-lang.org/nightly/edition-guide/rust-2024/static-mut-references.html>
[INFO] [stderr]    = note: shared references to mutable statics are dangerous; it's undefined behavior if the static is mutated or if a mutable reference is created for it while the shared reference lives
[INFO] [stderr] 
[INFO] [stderr] warning: creating a shared reference to mutable static is discouraged
[INFO] [stderr]   --> src/bandmix/discovery.rs:99:30
[INFO] [stderr]    |
[INFO] [stderr] 99 |     if let Ok(tc) = unsafe { DATA_CACHE.lock() } {
[INFO] [stderr]    |                              ^^^^^^^^^^^^^^^^^ shared reference to mutable static
[INFO] [stderr]    |
[INFO] [stderr]    = note: for more information, see <https://doc.rust-lang.org/nightly/edition-guide/rust-2024/static-mut-references.html>
[INFO] [stderr]    = note: shared references to mutable statics are dangerous; it's undefined behavior if the static is mutated or if a mutable reference is created for it while the shared reference lives
[INFO] [stderr] 
[INFO] [stderr] warning: creating a shared reference to mutable static is discouraged
[INFO] [stderr]    --> src/bandmix/discovery.rs:108:30
[INFO] [stderr]     |
[INFO] [stderr] 108 |     if let Ok(tc) = unsafe { DATA_CACHE.lock() } {
[INFO] [stderr]     |                              ^^^^^^^^^^^^^^^^^ shared reference to mutable static
[INFO] [stderr]     |
[INFO] [stderr]     = note: for more information, see <https://doc.rust-lang.org/nightly/edition-guide/rust-2024/static-mut-references.html>
[INFO] [stderr]     = note: shared references to mutable statics are dangerous; it's undefined behavior if the static is mutated or if a mutable reference is created for it while the shared reference lives
[INFO] [stderr] 
[INFO] [stderr] warning: `bandmix` (bin "bandmix" test) generated 4 warnings
[INFO] [stderr]     Finished `test` profile [unoptimized + debuginfo] target(s) in 0.41s
[INFO] [stderr]      Running unittests src/main.rs (/opt/rustwide/target/debug/deps/bandmix-073a18cf6f933d7e)
[INFO] [stdout] 
[INFO] [stdout] running 2 tests
[INFO] [stdout] test bandcamp::api::test_query_request ... FAILED
[INFO] [stdout] test bandcamp::spider::test_get_album ... FAILED
[INFO] [stdout] 
[INFO] [stdout] failures:
[INFO] [stdout] 
[INFO] [stdout] ---- bandcamp::api::test_query_request stdout ----
[INFO] [stdout] thread 'bandcamp::api::test_query_request' panicked at src/bandcamp/api.rs:184:5:
[INFO] [stdout] assertion failed: _res.is_ok()
[INFO] [stdout] stack backtrace:
[INFO] [stdout]    0:     0x55c8e291fe4a - std::backtrace_rs::backtrace::libunwind::trace::h5a5b8284f2d0c266
[INFO] [stdout]                                at /rustc/90b35a6239c3d8bdabc530a6a0816f7ff89a0aaf/library/std/src/../../backtrace/src/backtrace/libunwind.rs:116:5
[INFO] [stdout]    1:     0x55c8e291fe4a - std::backtrace_rs::backtrace::trace_unsynchronized::h76d4f1c9b0b875e3
[INFO] [stdout]                                at /rustc/90b35a6239c3d8bdabc530a6a0816f7ff89a0aaf/library/std/src/../../backtrace/src/backtrace/mod.rs:66:5
[INFO] [stdout]    2:     0x55c8e291fe4a - std::sys::backtrace::_print_fmt::hc4546b8364a537c6
[INFO] [stdout]                                at /rustc/90b35a6239c3d8bdabc530a6a0816f7ff89a0aaf/library/std/src/sys/backtrace.rs:66:9
[INFO] [stdout]    3:     0x55c8e291fe4a - <std::sys::backtrace::BacktraceLock::print::DisplayBacktrace as core::fmt::Display>::fmt::h5b6bd5631a6d1f6b
[INFO] [stdout]                                at /rustc/90b35a6239c3d8bdabc530a6a0816f7ff89a0aaf/library/std/src/sys/backtrace.rs:39:26
[INFO] [stdout]    4:     0x55c8e2949c43 - core::fmt::rt::Argument::fmt::h270f6602a2b96f62
[INFO] [stdout]                                at /rustc/90b35a6239c3d8bdabc530a6a0816f7ff89a0aaf/library/core/src/fmt/rt.rs:177:76
[INFO] [stdout]    5:     0x55c8e2949c43 - core::fmt::write::h7550c97b06c86515
[INFO] [stdout]                                at /rustc/90b35a6239c3d8bdabc530a6a0816f7ff89a0aaf/library/core/src/fmt/mod.rs:1186:21
[INFO] [stdout]    6:     0x55c8e291c293 - std::io::Write::write_fmt::h509ff860e5956e5e
[INFO] [stdout]                                at /rustc/90b35a6239c3d8bdabc530a6a0816f7ff89a0aaf/library/std/src/io/mod.rs:1839:15
[INFO] [stdout]    7:     0x55c8e291fc92 - std::sys::backtrace::BacktraceLock::print::h2395ccd2c84ba3aa
[INFO] [stdout]                                at /rustc/90b35a6239c3d8bdabc530a6a0816f7ff89a0aaf/library/std/src/sys/backtrace.rs:42:9
[INFO] [stdout]    8:     0x55c8e29212aa - std::panicking::default_hook::{{closure}}::he19d4c7230e07961
[INFO] [stdout]                                at /rustc/90b35a6239c3d8bdabc530a6a0816f7ff89a0aaf/library/std/src/panicking.rs:268:22
[INFO] [stdout]    9:     0x55c8e29210b4 - std::panicking::default_hook::hf614597d3c67bbdb
[INFO] [stdout]                                at /rustc/90b35a6239c3d8bdabc530a6a0816f7ff89a0aaf/library/std/src/panicking.rs:292:9
[INFO] [stdout]   10:     0x55c8e241a9f9 - <alloc::boxed::Box<F,A> as core::ops::function::Fn<Args>>::call::h39b51ce4599c23d1
[INFO] [stdout]                                at /rustc/90b35a6239c3d8bdabc530a6a0816f7ff89a0aaf/library/alloc/src/boxed.rs:2468:9
[INFO] [stdout]   11:     0x55c8e241a9f9 - test::test_main::{{closure}}::he977ae839a582784
[INFO] [stdout]                                at /rustc/90b35a6239c3d8bdabc530a6a0816f7ff89a0aaf/library/test/src/lib.rs:133:21
[INFO] [stdout]   12:     0x55c8e2921948 - <alloc::boxed::Box<F,A> as core::ops::function::Fn<Args>>::call::h9455091b6b06f9fb
[INFO] [stdout]                                at /rustc/90b35a6239c3d8bdabc530a6a0816f7ff89a0aaf/library/alloc/src/boxed.rs:2468:9
[INFO] [stdout]   13:     0x55c8e2921948 - std::panicking::rust_panic_with_hook::h8942133a8b252070
[INFO] [stdout]                                at /rustc/90b35a6239c3d8bdabc530a6a0816f7ff89a0aaf/library/std/src/panicking.rs:809:13
[INFO] [stdout]   14:     0x55c8e29216d6 - std::panicking::begin_panic_handler::{{closure}}::hb5f5963570096b29
[INFO] [stdout]                                at /rustc/90b35a6239c3d8bdabc530a6a0816f7ff89a0aaf/library/std/src/panicking.rs:667:13
[INFO] [stdout]   15:     0x55c8e2920329 - std::sys::backtrace::__rust_end_short_backtrace::h6208cedc1922feda
[INFO] [stdout]                                at /rustc/90b35a6239c3d8bdabc530a6a0816f7ff89a0aaf/library/std/src/sys/backtrace.rs:170:18
[INFO] [stdout]   16:     0x55c8e292139c - rust_begin_unwind
[INFO] [stdout]                                at /rustc/90b35a6239c3d8bdabc530a6a0816f7ff89a0aaf/library/std/src/panicking.rs:665:5
[INFO] [stdout]   17:     0x55c8e2378300 - core::panicking::panic_fmt::h0c3082644d1bf418
[INFO] [stdout]                                at /rustc/90b35a6239c3d8bdabc530a6a0816f7ff89a0aaf/library/core/src/panicking.rs:74:14
[INFO] [stdout]   18:     0x55c8e237838c - core::panicking::panic::h957f98c65a3b3074
[INFO] [stdout]                                at /rustc/90b35a6239c3d8bdabc530a6a0816f7ff89a0aaf/library/core/src/panicking.rs:148:5
[INFO] [stdout]   19:     0x55c8e2389dd5 - bandmix::bandcamp::api::test_query_request::h023d8a2388a1b228
[INFO] [stdout]                                at /opt/rustwide/workdir/src/bandcamp/api.rs:184:5
[INFO] [stdout]   20:     0x55c8e2389b07 - bandmix::bandcamp::api::test_query_request::{{closure}}::h64b0b8a0f1dd6d89
[INFO] [stdout]                                at /opt/rustwide/workdir/src/bandcamp/api.rs:176:24
[INFO] [stdout]   21:     0x55c8e23954c6 - core::ops::function::FnOnce::call_once::h83bc8fb2e0d8dcbc
[INFO] [stdout]                                at /rustc/90b35a6239c3d8bdabc530a6a0816f7ff89a0aaf/library/core/src/ops/function.rs:250:5
[INFO] [stdout]   22:     0x55c8e241f3bb - core::ops::function::FnOnce::call_once::h109cf8051a59b34e
[INFO] [stdout]                                at /rustc/90b35a6239c3d8bdabc530a6a0816f7ff89a0aaf/library/core/src/ops/function.rs:250:5
[INFO] [stdout]   23:     0x55c8e241f3bb - test::__rust_begin_short_backtrace::hf4fff89d377446ba
[INFO] [stdout]                                at /rustc/90b35a6239c3d8bdabc530a6a0816f7ff89a0aaf/library/test/src/lib.rs:621:18
[INFO] [stdout]   24:     0x55c8e241ebf7 - test::run_test_in_process::{{closure}}::h0e39181dd7ee5a43
[INFO] [stdout]                                at /rustc/90b35a6239c3d8bdabc530a6a0816f7ff89a0aaf/library/test/src/lib.rs:644:60
[INFO] [stdout]   25:     0x55c8e241ebf7 - <core::panic::unwind_safe::AssertUnwindSafe<F> as core::ops::function::FnOnce<()>>::call_once::hc5a66a30f0bdfd1f
[INFO] [stdout]                                at /rustc/90b35a6239c3d8bdabc530a6a0816f7ff89a0aaf/library/core/src/panic/unwind_safe.rs:272:9
[INFO] [stdout]   26:     0x55c8e241ebf7 - std::panicking::try::do_call::h873b7cf639554a5e
[INFO] [stdout]                                at /rustc/90b35a6239c3d8bdabc530a6a0816f7ff89a0aaf/library/std/src/panicking.rs:557:40
[INFO] [stdout]   27:     0x55c8e241ebf7 - std::panicking::try::hdb19862fad9c8bd1
[INFO] [stdout]                                at /rustc/90b35a6239c3d8bdabc530a6a0816f7ff89a0aaf/library/std/src/panicking.rs:520:19
[INFO] [stdout]   28:     0x55c8e241ebf7 - std::panic::catch_unwind::h281fe732d236d260
[INFO] [stdout]                                at /rustc/90b35a6239c3d8bdabc530a6a0816f7ff89a0aaf/library/std/src/panic.rs:358:14
[INFO] [stdout]   29:     0x55c8e241ebf7 - test::run_test_in_process::h949b6df8457ed338
[INFO] [stdout]                                at /rustc/90b35a6239c3d8bdabc530a6a0816f7ff89a0aaf/library/test/src/lib.rs:644:27
[INFO] [stdout]   30:     0x55c8e241ebf7 - test::run_test::{{closure}}::h52c556a6d4740e10
[INFO] [stdout]                                at /rustc/90b35a6239c3d8bdabc530a6a0816f7ff89a0aaf/library/test/src/lib.rs:565:43
[INFO] [stdout]   31:     0x55c8e23e3ed4 - test::run_test::{{closure}}::h4237f6381c45ccb9
[INFO] [stdout]                                at /rustc/90b35a6239c3d8bdabc530a6a0816f7ff89a0aaf/library/test/src/lib.rs:595:41
[INFO] [stdout]   32:     0x55c8e23e3ed4 - std::sys::backtrace::__rust_begin_short_backtrace::h505c97a579eca628
[INFO] [stdout]                                at /rustc/90b35a6239c3d8bdabc530a6a0816f7ff89a0aaf/library/std/src/sys/backtrace.rs:154:18
[INFO] [stdout]   33:     0x55c8e23e759e - std::thread::Builder::spawn_unchecked_::{{closure}}::{{closure}}::h9e86b2e2bc107ea3
[INFO] [stdout]                                at /rustc/90b35a6239c3d8bdabc530a6a0816f7ff89a0aaf/library/std/src/thread/mod.rs:538:17
[INFO] [stdout]   34:     0x55c8e23e759e - <core::panic::unwind_safe::AssertUnwindSafe<F> as core::ops::function::FnOnce<()>>::call_once::h8b06ddb275ff4a25
[INFO] [stdout]                                at /rustc/90b35a6239c3d8bdabc530a6a0816f7ff89a0aaf/library/core/src/panic/unwind_safe.rs:272:9
[INFO] [stdout]   35:     0x55c8e23e759e - std::panicking::try::do_call::hb26ecd7cd9a9355d
[INFO] [stdout]                                at /rustc/90b35a6239c3d8bdabc530a6a0816f7ff89a0aaf/library/std/src/panicking.rs:557:40
[INFO] [stdout]   36:     0x55c8e23e759e - std::panicking::try::h8ddeca9d705f9069
[INFO] [stdout]                                at /rustc/90b35a6239c3d8bdabc530a6a0816f7ff89a0aaf/library/std/src/panicking.rs:520:19
[INFO] [stdout]   37:     0x55c8e23e759e - std::panic::catch_unwind::h49e1c33078844c46
[INFO] [stdout]                                at /rustc/90b35a6239c3d8bdabc530a6a0816f7ff89a0aaf/library/std/src/panic.rs:358:14
[INFO] [stdout]   38:     0x55c8e23e759e - std::thread::Builder::spawn_unchecked_::{{closure}}::h6073db6ff56ad35d
[INFO] [stdout]                                at /rustc/90b35a6239c3d8bdabc530a6a0816f7ff89a0aaf/library/std/src/thread/mod.rs:537:30
[INFO] [stdout]   39:     0x55c8e23e759e - core::ops::function::FnOnce::call_once{{vtable.shim}}::h2c5a5f3779c774f1
[INFO] [stdout]                                at /rustc/90b35a6239c3d8bdabc530a6a0816f7ff89a0aaf/library/core/src/ops/function.rs:250:5
[INFO] [stdout]   40:     0x55c8e2925c0b - <alloc::boxed::Box<F,A> as core::ops::function::FnOnce<Args>>::call_once::hf75717d9f28faebf
[INFO] [stdout]                                at /rustc/90b35a6239c3d8bdabc530a6a0816f7ff89a0aaf/library/alloc/src/boxed.rs:2454:9
[INFO] [stdout]   41:     0x55c8e2925c0b - <alloc::boxed::Box<F,A> as core::ops::function::FnOnce<Args>>::call_once::h7bd883a5f3c5f3c1
[INFO] [stdout]                                at /rustc/90b35a6239c3d8bdabc530a6a0816f7ff89a0aaf/library/alloc/src/boxed.rs:2454:9
[INFO] [stdout]   42:     0x55c8e2925c0b - std::sys::pal::unix::thread::Thread::new::thread_start::hcc78f3943333fa94
[INFO] [stdout]                                at /rustc/90b35a6239c3d8bdabc530a6a0816f7ff89a0aaf/library/std/src/sys/pal/unix/thread.rs:105:17
[INFO] [stdout]   43:     0x7d98538faac3 - <unknown>
[INFO] [stdout]   44:     0x7d985398ba04 - clone
[INFO] [stdout]   45:                0x0 - <unknown>
[INFO] [stdout] 
[INFO] [stdout] ---- bandcamp::spider::test_get_album stdout ----
[INFO] [stdout] thread 'bandcamp::spider::test_get_album' panicked at src/bandcamp/spider.rs:264:10:
[INFO] [stdout] Failed to get html: error sending request for url (https://loscampesinos.bandcamp.com/album/all-hell)
[INFO] [stdout] 
[INFO] [stdout] Caused by:
[INFO] [stdout]     0: client error (Connect)
[INFO] [stdout]     1: dns error: failed to lookup address information: Temporary failure in name resolution
[INFO] [stdout]     2: failed to lookup address information: Temporary failure in name resolution
[INFO] [stdout] 
[INFO] [stdout] Stack backtrace:
[INFO] [stdout]    0: anyhow::error::<impl core::convert::From<E> for anyhow::Error>::from
[INFO] [stdout]              at /opt/rustwide/cargo-home/registry/src/index.crates.io-6f17d22bba15001f/anyhow-1.0.94/src/backtrace.rs:27:14
[INFO] [stdout]    1: <core::result::Result<T,F> as core::ops::try_trait::FromResidual<core::result::Result<core::convert::Infallible,E>>>::from_residual
[INFO] [stdout]              at /rustc/90b35a6239c3d8bdabc530a6a0816f7ff89a0aaf/library/core/src/result.rs:2010:27
[INFO] [stdout]    2: bandmix::bandcamp::spider::fetch_html
[INFO] [stdout]              at ./src/bandcamp/spider.rs:248:16
[INFO] [stdout]    3: bandmix::bandcamp::spider::test_get_album
[INFO] [stdout]              at ./src/bandcamp/spider.rs:263:16
[INFO] [stdout]    4: bandmix::bandcamp::spider::test_get_album::{{closure}}
[INFO] [stdout]              at ./src/bandcamp/spider.rs:261:20
[INFO] [stdout]    5: core::ops::function::FnOnce::call_once
[INFO] [stdout]              at /rustc/90b35a6239c3d8bdabc530a6a0816f7ff89a0aaf/library/core/src/ops/function.rs:250:5
[INFO] [stdout]    6: core::ops::function::FnOnce::call_once
[INFO] [stdout]              at /rustc/90b35a6239c3d8bdabc530a6a0816f7ff89a0aaf/library/core/src/ops/function.rs:250:5
[INFO] [stdout]    7: test::__rust_begin_short_backtrace
[INFO] [stdout]              at /rustc/90b35a6239c3d8bdabc530a6a0816f7ff89a0aaf/library/test/src/lib.rs:621:18
[INFO] [stdout]    8: test::run_test_in_process::{{closure}}
[INFO] [stdout]              at /rustc/90b35a6239c3d8bdabc530a6a0816f7ff89a0aaf/library/test/src/lib.rs:644:60
[INFO] [stdout]    9: <core::panic::unwind_safe::AssertUnwindSafe<F> as core::ops::function::FnOnce<()>>::call_once
[INFO] [stdout]              at /rustc/90b35a6239c3d8bdabc530a6a0816f7ff89a0aaf/library/core/src/panic/unwind_safe.rs:272:9
[INFO] [stdout]   10: std::panicking::try::do_call
[INFO] [stdout]              at /rustc/90b35a6239c3d8bdabc530a6a0816f7ff89a0aaf/library/std/src/panicking.rs:557:40
[INFO] [stdout]   11: std::panicking::try
[INFO] [stdout]              at /rustc/90b35a6239c3d8bdabc530a6a0816f7ff89a0aaf/library/std/src/panicking.rs:520:19
[INFO] [stdout]   12: std::panic::catch_unwind
[INFO] [stdout]              at /rustc/90b35a6239c3d8bdabc530a6a0816f7ff89a0aaf/library/std/src/panic.rs:358:14
[INFO] [stdout]   13: test::run_test_in_process
[INFO] [stdout]              at /rustc/90b35a6239c3d8bdabc530a6a0816f7ff89a0aaf/library/test/src/lib.rs:644:27
[INFO] [stdout]   14: test::run_test::{{closure}}
[INFO] [stdout]              at /rustc/90b35a6239c3d8bdabc530a6a0816f7ff89a0aaf/library/test/src/lib.rs:565:43
[INFO] [stdout]   15: test::run_test::{{closure}}
[INFO] [stdout]              at /rustc/90b35a6239c3d8bdabc530a6a0816f7ff89a0aaf/library/test/src/lib.rs:595:41
[INFO] [stdout]   16: std::sys::backtrace::__rust_begin_short_backtrace
[INFO] [stdout]              at /rustc/90b35a6239c3d8bdabc530a6a0816f7ff89a0aaf/library/std/src/sys/backtrace.rs:154:18
[INFO] [stdout]   17: std::thread::Builder::spawn_unchecked_::{{closure}}::{{closure}}
[INFO] [stdout]              at /rustc/90b35a6239c3d8bdabc530a6a0816f7ff89a0aaf/library/std/src/thread/mod.rs:538:17
[INFO] [stdout]   18: <core::panic::unwind_safe::AssertUnwindSafe<F> as core::ops::function::FnOnce<()>>::call_once
[INFO] [stdout]              at /rustc/90b35a6239c3d8bdabc530a6a0816f7ff89a0aaf/library/core/src/panic/unwind_safe.rs:272:9
[INFO] [stdout]   19: std::panicking::try::do_call
[INFO] [stdout]              at /rustc/90b35a6239c3d8bdabc530a6a0816f7ff89a0aaf/library/std/src/panicking.rs:557:40
[INFO] [stdout]   20: std::panicking::try
[INFO] [stdout]              at /rustc/90b35a6239c3d8bdabc530a6a0816f7ff89a0aaf/library/std/src/panicking.rs:520:19
[INFO] [stdout]   21: std::panic::catch_unwind
[INFO] [stdout]              at /rustc/90b35a6239c3d8bdabc530a6a0816f7ff89a0aaf/library/std/src/panic.rs:358:14
[INFO] [stdout]   22: std::thread::Builder::spawn_unchecked_::{{closure}}
[INFO] [stdout]              at /rustc/90b35a6239c3d8bdabc530a6a0816f7ff89a0aaf/library/std/src/thread/mod.rs:537:30
[INFO] [stdout]   23: core::ops::function::FnOnce::call_once{{vtable.shim}}
[INFO] [stdout]              at /rustc/90b35a6239c3d8bdabc530a6a0816f7ff89a0aaf/library/core/src/ops/function.rs:250:5
[INFO] [stdout]   24: <alloc::boxed::Box<F,A> as core::ops::function::FnOnce<Args>>::call_once
[INFO] [stdout]              at /rustc/90b35a6239c3d8bdabc530a6a0816f7ff89a0aaf/library/alloc/src/boxed.rs:2454:9
[INFO] [stdout]   25: <alloc::boxed::Box<F,A> as core::ops::function::FnOnce<Args>>::call_once
[INFO] [stdout]              at /rustc/90b35a6239c3d8bdabc530a6a0816f7ff89a0aaf/library/alloc/src/boxed.rs:2454:9
[INFO] [stdout]   26: std::sys::pal::unix::thread::Thread::new::thread_start
[INFO] [stdout]              at /rustc/90b35a6239c3d8bdabc530a6a0816f7ff89a0aaf/library/std/src/sys/pal/unix/thread.rs:105:17
[INFO] [stdout]   27: <unknown>
[INFO] [stdout]   28: clone
[INFO] [stdout] stack backtrace:
[INFO] [stdout]    0:     0x55c8e291fe4a - std::backtrace_rs::backtrace::libunwind::trace::h5a5b8284f2d0c266
[INFO] [stdout]                                at /rustc/90b35a6239c3d8bdabc530a6a0816f7ff89a0aaf/library/std/src/../../backtrace/src/backtrace/libunwind.rs:116:5
[INFO] [stdout]    1:     0x55c8e291fe4a - std::backtrace_rs::backtrace::trace_unsynchronized::h76d4f1c9b0b875e3
[INFO] [stdout]                                at /rustc/90b35a6239c3d8bdabc530a6a0816f7ff89a0aaf/library/std/src/../../backtrace/src/backtrace/mod.rs:66:5
[INFO] [stdout]    2:     0x55c8e291fe4a - std::sys::backtrace::_print_fmt::hc4546b8364a537c6
[INFO] [stdout]                                at /rustc/90b35a6239c3d8bdabc530a6a0816f7ff89a0aaf/library/std/src/sys/backtrace.rs:66:9
[INFO] [stdout]    3:     0x55c8e291fe4a - <std::sys::backtrace::BacktraceLock::print::DisplayBacktrace as core::fmt::Display>::fmt::h5b6bd5631a6d1f6b
[INFO] [stdout]                                at /rustc/90b35a6239c3d8bdabc530a6a0816f7ff89a0aaf/library/std/src/sys/backtrace.rs:39:26
[INFO] [stdout]    4:     0x55c8e2949c43 - core::fmt::rt::Argument::fmt::h270f6602a2b96f62
[INFO] [stdout]                                at /rustc/90b35a6239c3d8bdabc530a6a0816f7ff89a0aaf/library/core/src/fmt/rt.rs:177:76
[INFO] [stdout]    5:     0x55c8e2949c43 - core::fmt::write::h7550c97b06c86515
[INFO] [stdout]                                at /rustc/90b35a6239c3d8bdabc530a6a0816f7ff89a0aaf/library/core/src/fmt/mod.rs:1186:21
[INFO] [stdout]    6:     0x55c8e291c293 - std::io::Write::write_fmt::h509ff860e5956e5e
[INFO] [stdout]                                at /rustc/90b35a6239c3d8bdabc530a6a0816f7ff89a0aaf/library/std/src/io/mod.rs:1839:15
[INFO] [stdout]    7:     0x55c8e291fc92 - std::sys::backtrace::BacktraceLock::print::h2395ccd2c84ba3aa
[INFO] [stdout]                                at /rustc/90b35a6239c3d8bdabc530a6a0816f7ff89a0aaf/library/std/src/sys/backtrace.rs:42:9
[INFO] [stdout]    8:     0x55c8e29212aa - std::panicking::default_hook::{{closure}}::he19d4c7230e07961
[INFO] [stdout]                                at /rustc/90b35a6239c3d8bdabc530a6a0816f7ff89a0aaf/library/std/src/panicking.rs:268:22
[INFO] [stdout]    9:     0x55c8e29210b4 - std::panicking::default_hook::hf614597d3c67bbdb
[INFO] [stdout]                                at /rustc/90b35a6239c3d8bdabc530a6a0816f7ff89a0aaf/library/std/src/panicking.rs:292:9
[INFO] [stdout]   10:     0x55c8e241a9f9 - <alloc::boxed::Box<F,A> as core::ops::function::Fn<Args>>::call::h39b51ce4599c23d1
[INFO] [stdout]                                at /rustc/90b35a6239c3d8bdabc530a6a0816f7ff89a0aaf/library/alloc/src/boxed.rs:2468:9
[INFO] [stdout]   11:     0x55c8e241a9f9 - test::test_main::{{closure}}::he977ae839a582784
[INFO] [stdout]                                at /rustc/90b35a6239c3d8bdabc530a6a0816f7ff89a0aaf/library/test/src/lib.rs:133:21
[INFO] [stdout]   12:     0x55c8e2921948 - <alloc::boxed::Box<F,A> as core::ops::function::Fn<Args>>::call::h9455091b6b06f9fb
[INFO] [stdout]                                at /rustc/90b35a6239c3d8bdabc530a6a0816f7ff89a0aaf/library/alloc/src/boxed.rs:2468:9
[INFO] [stdout]   13:     0x55c8e2921948 - std::panicking::rust_panic_with_hook::h8942133a8b252070
[INFO] [stdout]                                at /rustc/90b35a6239c3d8bdabc530a6a0816f7ff89a0aaf/library/std/src/panicking.rs:809:13
[INFO] [stdout]   14:     0x55c8e292170a - std::panicking::begin_panic_handler::{{closure}}::hb5f5963570096b29
[INFO] [stdout]                                at /rustc/90b35a6239c3d8bdabc530a6a0816f7ff89a0aaf/library/std/src/panicking.rs:674:13
[INFO] [stdout]   15:     0x55c8e2920329 - std::sys::backtrace::__rust_end_short_backtrace::h6208cedc1922feda
[INFO] [stdout]                                at /rustc/90b35a6239c3d8bdabc530a6a0816f7ff89a0aaf/library/std/src/sys/backtrace.rs:170:18
[INFO] [stdout]   16:     0x55c8e292139c - rust_begin_unwind
[INFO] [stdout]                                at /rustc/90b35a6239c3d8bdabc530a6a0816f7ff89a0aaf/library/std/src/panicking.rs:665:5
[INFO] [stdout]   17:     0x55c8e2378300 - core::panicking::panic_fmt::h0c3082644d1bf418
[INFO] [stdout]                                at /rustc/90b35a6239c3d8bdabc530a6a0816f7ff89a0aaf/library/core/src/panicking.rs:74:14
[INFO] [stdout]   18:     0x55c8e23787e6 - core::result::unwrap_failed::hd20b4aa073bda1e2
[INFO] [stdout]                                at /rustc/90b35a6239c3d8bdabc530a6a0816f7ff89a0aaf/library/core/src/result.rs:1700:5
[INFO] [stdout]   19:     0x55c8e239ebf8 - core::result::Result<T,E>::expect::h617224d1ce1e37b4
[INFO] [stdout]                                at /rustc/90b35a6239c3d8bdabc530a6a0816f7ff89a0aaf/library/core/src/result.rs:1061:23
[INFO] [stdout]   20:     0x55c8e23ad5ee - bandmix::bandcamp::spider::test_get_album::hc5f1d16131015081
[INFO] [stdout]                                at /opt/rustwide/workdir/src/bandcamp/spider.rs:263:16
[INFO] [stdout]   21:     0x55c8e23ad587 - bandmix::bandcamp::spider::test_get_album::{{closure}}::h0aa6a116262767d6
[INFO] [stdout]                                at /opt/rustwide/workdir/src/bandcamp/spider.rs:261:20
[INFO] [stdout]   22:     0x55c8e2395506 - core::ops::function::FnOnce::call_once::h8733ae63b9a3e6ab
[INFO] [stdout]                                at /rustc/90b35a6239c3d8bdabc530a6a0816f7ff89a0aaf/library/core/src/ops/function.rs:250:5
[INFO] [stdout]   23:     0x55c8e241f3bb - core::ops::function::FnOnce::call_once::h109cf8051a59b34e
[INFO] [stdout]                                at /rustc/90b35a6239c3d8bdabc530a6a0816f7ff89a0aaf/library/core/src/ops/function.rs:250:5
[INFO] [stdout]   24:     0x55c8e241f3bb - test::__rust_begin_short_backtrace::hf4fff89d377446ba
[INFO] [stdout]                                at /rustc/90b35a6239c3d8bdabc530a6a0816f7ff89a0aaf/library/test/src/lib.rs:621:18
[INFO] [stdout]   25:     0x55c8e241ebf7 - test::run_test_in_process::{{closure}}::h0e39181dd7ee5a43
[INFO] [stdout]                                at /rustc/90b35a6239c3d8bdabc530a6a0816f7ff89a0aaf/library/test/src/lib.rs:644:60
[INFO] [stdout]   26:     0x55c8e241ebf7 - <core::panic::unwind_safe::AssertUnwindSafe<F> as core::ops::function::FnOnce<()>>::call_once::hc5a66a30f0bdfd1f
[INFO] [stdout]                                at /rustc/90b35a6239c3d8bdabc530a6a0816f7ff89a0aaf/library/core/src/panic/unwind_safe.rs:272:9
[INFO] [stdout]   27:     0x55c8e241ebf7 - std::panicking::try::do_call::h873b7cf639554a5e
[INFO] [stdout]                                at /rustc/90b35a6239c3d8bdabc530a6a0816f7ff89a0aaf/library/std/src/panicking.rs:557:40
[INFO] [stdout]   28:     0x55c8e241ebf7 - std::panicking::try::hdb19862fad9c8bd1
[INFO] [stdout]                                at /rustc/90b35a6239c3d8bdabc530a6a0816f7ff89a0aaf/library/std/src/panicking.rs:520:19
[INFO] [stdout]   29:     0x55c8e241ebf7 - std::panic::catch_unwind::h281fe732d236d260
[INFO] [stdout]                                at /rustc/90b35a6239c3d8bdabc530a6a0816f7ff89a0aaf/library/std/src/panic.rs:358:14
[INFO] [stdout]   30:     0x55c8e241ebf7 - test::run_test_in_process::h949b6df8457ed338
[INFO] [stdout]                                at /rustc/90b35a6239c3d8bdabc530a6a0816f7ff89a0aaf/library/test/src/lib.rs:644:27
[INFO] [stdout]   31:     0x55c8e241ebf7 - test::run_test::{{closure}}::h52c556a6d4740e10
[INFO] [stdout]                                at /rustc/90b35a6239c3d8bdabc530a6a0816f7ff89a0aaf/library/test/src/lib.rs:565:43
[INFO] [stdout]   32:     0x55c8e23e3ed4 - test::run_test::{{closure}}::h4237f6381c45ccb9
[INFO] [stdout]                                at /rustc/90b35a6239c3d8bdabc530a6a0816f7ff89a0aaf/library/test/src/lib.rs:595:41
[INFO] [stdout]   33:     0x55c8e23e3ed4 - std::sys::backtrace::__rust_begin_short_backtrace::h505c97a579eca628
[INFO] [stdout]                                at /rustc/90b35a6239c3d8bdabc530a6a0816f7ff89a0aaf/library/std/src/sys/backtrace.rs:154:18
[INFO] [stdout]   34:     0x55c8e23e759e - std::thread::Builder::spawn_unchecked_::{{closure}}::{{closure}}::h9e86b2e2bc107ea3
[INFO] [stdout]                                at /rustc/90b35a6239c3d8bdabc530a6a0816f7ff89a0aaf/library/std/src/thread/mod.rs:538:17
[INFO] [stdout]   35:     0x55c8e23e759e - <core::panic::unwind_safe::AssertUnwindSafe<F> as core::ops::function::FnOnce<()>>::call_once::h8b06ddb275ff4a25
[INFO] [stdout]                                at /rustc/90b35a6239c3d8bdabc530a6a0816f7ff89a0aaf/library/core/src/panic/unwind_safe.rs:272:9
[INFO] [stdout]   36:     0x55c8e23e759e - std::panicking::try::do_call::hb26ecd7cd9a9355d
[INFO] [stdout]                                at /rustc/90b35a6239c3d8bdabc530a6a0816f7ff89a0aaf/library/std/src/panicking.rs:557:40
[INFO] [stdout]   37:     0x55c8e23e759e - std::panicking::try::h8ddeca9d705f9069
[INFO] [stdout]                                at /rustc/90b35a6239c3d8bdabc530a6a0816f7ff89a0aaf/library/std/src/panicking.rs:520:19
[INFO] [stdout]   38:     0x55c8e23e759e - std::panic::catch_unwind::h49e1c33078844c46
[INFO] [stdout]                                at /rustc/90b35a6239c3d8bdabc530a6a0816f7ff89a0aaf/library/std/src/panic.rs:358:14
[INFO] [stdout]   39:     0x55c8e23e759e - std::thread::Builder::spawn_unchecked_::{{closure}}::h6073db6ff56ad35d
[INFO] [stdout]                                at /rustc/90b35a6239c3d8bdabc530a6a0816f7ff89a0aaf/library/std/src/thread/mod.rs:537:30
[INFO] [stdout]   40:     0x55c8e23e759e - core::ops::function::FnOnce::call_once{{vtable.shim}}::h2c5a5f3779c774f1
[INFO] [stdout]                                at /rustc/90b35a6239c3d8bdabc530a6a0816f7ff89a0aaf/library/core/src/ops/function.rs:250:5
[INFO] [stdout]   41:     0x55c8e2925c0b - <alloc::boxed::Box<F,A> as core::ops::function::FnOnce<Args>>::call_once::hf75717d9f28faebf
[INFO] [stdout]                                at /rustc/90b35a6239c3d8bdabc530a6a0816f7ff89a0aaf/library/alloc/src/boxed.rs:2454:9
[INFO] [stdout]   42:     0x55c8e2925c0b - <alloc::boxed::Box<F,A> as core::ops::function::FnOnce<Args>>::call_once::h7bd883a5f3c5f3c1
[INFO] [stdout]                                at /rustc/90b35a6239c3d8bdabc530a6a0816f7ff89a0aaf/library/alloc/src/boxed.rs:2454:9
[INFO] [stdout]   43:     0x55c8e2925c0b - std::sys::pal::unix::thread::Thread::new::thread_start::hcc78f3943333fa94
[INFO] [stdout]                                at /rustc/90b35a6239c3d8bdabc530a6a0816f7ff89a0aaf/library/std/src/sys/pal/unix/thread.rs:105:17
[INFO] [stdout]   44:     0x7d98538faac3 - <unknown>
[INFO] [stdout]   45:     0x7d985398ba04 - clone
[INFO] [stdout]   46:                0x0 - <unknown>
[INFO] [stdout] 
[INFO] [stdout] 
[INFO] [stdout] failures:
[INFO] [stdout]     bandcamp::api::test_query_request
[INFO] [stdout]     bandcamp::spider::test_get_album
[INFO] [stdout] 
[INFO] [stdout] test result: FAILED. 0 passed; 2 failed; 0 ignored; 0 measured; 0 filtered out; finished in 0.34s
[INFO] [stdout] 
[INFO] [stderr] error: test failed, to rerun pass `--bin bandmix`
[INFO] running `Command { std: "docker" "inspect" "0fbae18f0ab3eeb55aacfd2e4035eaf5bba03d77a5906777d5e4c1ac1e852f99", kill_on_drop: false }`
[INFO] running `Command { std: "docker" "rm" "-f" "0fbae18f0ab3eeb55aacfd2e4035eaf5bba03d77a5906777d5e4c1ac1e852f99", kill_on_drop: false }`
[INFO] [stdout] 0fbae18f0ab3eeb55aacfd2e4035eaf5bba03d77a5906777d5e4c1ac1e852f99
