[INFO] fetching crate auto-palette 0.5.0...
[INFO] testing auto-palette-0.5.0 against 1.83.0 for beta-1.84.0-4-retry
[INFO] extracting crate auto-palette 0.5.0 into /workspace/builds/worker-0-tc1/source
[INFO] validating manifest of crates.io crate auto-palette 0.5.0 on toolchain 1.83.0
[INFO] running `Command { std: CARGO_HOME="/workspace/cargo-home" RUSTUP_HOME="/workspace/rustup-home" "/workspace/cargo-home/bin/cargo" "+1.83.0" "metadata" "--manifest-path" "Cargo.toml" "--no-deps", kill_on_drop: false }`
[INFO] started tweaking crates.io crate auto-palette 0.5.0
[INFO] removed 0 missing examples
[INFO] removed 0 missing tests
[INFO] finished tweaking crates.io crate auto-palette 0.5.0
[INFO] tweaked toml for crates.io crate auto-palette 0.5.0 written to /workspace/builds/worker-0-tc1/source/Cargo.toml
[INFO] crate crates.io crate auto-palette 0.5.0 already has a lockfile, it will not be regenerated
[INFO] running `Command { std: CARGO_HOME="/workspace/cargo-home" RUSTUP_HOME="/workspace/rustup-home" "/workspace/cargo-home/bin/cargo" "+1.83.0" "fetch" "--manifest-path" "Cargo.toml", kill_on_drop: false }`
[INFO] [stderr]  Downloading crates ...
[INFO] [stderr]   Downloaded bitstream-io v2.5.0
[INFO] running `Command { std: "docker" "create" "-v" "/var/lib/crater-agent-workspace/builds/worker-0-tc1/target:/opt/rustwide/target:rw,Z" "-v" "/var/lib/crater-agent-workspace/builds/worker-0-tc1/source:/opt/rustwide/workdir:ro,Z" "-v" "/var/lib/crater-agent-workspace/cargo-home:/opt/rustwide/cargo-home:ro,Z" "-v" "/var/lib/crater-agent-workspace/rustup-home:/opt/rustwide/rustup-home:ro,Z" "-e" "SOURCE_DIR=/opt/rustwide/workdir" "-e" "CARGO_TARGET_DIR=/opt/rustwide/target" "-e" "CARGO_HOME=/opt/rustwide/cargo-home" "-e" "RUSTUP_HOME=/opt/rustwide/rustup-home" "-w" "/opt/rustwide/workdir" "-m" "1610612736" "--user" "0:0" "--network" "none" "ghcr.io/rust-lang/crates-build-env/linux@sha256:f3a9d4ad9d972b27faf3965f35b62e55ba32bbce8f20bc8fe909558a86702fde" "/opt/rustwide/cargo-home/bin/cargo" "+1.83.0" "metadata" "--no-deps" "--format-version=1", kill_on_drop: false }`
[INFO] [stdout] ec2620b51382a69027bf4604ee4d6c98769c138740d826e850f258808005ab74
[INFO] running `Command { std: "docker" "start" "-a" "ec2620b51382a69027bf4604ee4d6c98769c138740d826e850f258808005ab74", kill_on_drop: false }`
[INFO] running `Command { std: "docker" "inspect" "ec2620b51382a69027bf4604ee4d6c98769c138740d826e850f258808005ab74", kill_on_drop: false }`
[INFO] running `Command { std: "docker" "rm" "-f" "ec2620b51382a69027bf4604ee4d6c98769c138740d826e850f258808005ab74", kill_on_drop: false }`
[INFO] [stdout] ec2620b51382a69027bf4604ee4d6c98769c138740d826e850f258808005ab74
[INFO] running `Command { std: "docker" "create" "-v" "/var/lib/crater-agent-workspace/builds/worker-0-tc1/target:/opt/rustwide/target:rw,Z" "-v" "/var/lib/crater-agent-workspace/builds/worker-0-tc1/source:/opt/rustwide/workdir:ro,Z" "-v" "/var/lib/crater-agent-workspace/cargo-home:/opt/rustwide/cargo-home:ro,Z" "-v" "/var/lib/crater-agent-workspace/rustup-home:/opt/rustwide/rustup-home:ro,Z" "-e" "SOURCE_DIR=/opt/rustwide/workdir" "-e" "CARGO_TARGET_DIR=/opt/rustwide/target" "-e" "CARGO_INCREMENTAL=0" "-e" "RUST_BACKTRACE=full" "-e" "RUSTFLAGS=--cap-lints=warn" "-e" "RUSTDOCFLAGS=--cap-lints=warn" "-e" "CARGO_HOME=/opt/rustwide/cargo-home" "-e" "RUSTUP_HOME=/opt/rustwide/rustup-home" "-w" "/opt/rustwide/workdir" "-m" "1610612736" "--user" "0:0" "--network" "none" "ghcr.io/rust-lang/crates-build-env/linux@sha256:f3a9d4ad9d972b27faf3965f35b62e55ba32bbce8f20bc8fe909558a86702fde" "/opt/rustwide/cargo-home/bin/cargo" "+1.83.0" "build" "--frozen" "--message-format=json", kill_on_drop: false }`
[INFO] [stdout] 4c2fc1dd75dc4051c2c2d991d0dfab121e9ab1200eaae5fa71934803b3b2094b
[INFO] running `Command { std: "docker" "start" "-a" "4c2fc1dd75dc4051c2c2d991d0dfab121e9ab1200eaae5fa71934803b3b2094b", kill_on_drop: false }`
[INFO] [stderr]    Compiling proc-macro2 v1.0.86
[INFO] [stderr]    Compiling unicode-ident v1.0.12
[INFO] [stderr]    Compiling autocfg v1.3.0
[INFO] [stderr]    Compiling cfg-if v1.0.0
[INFO] [stderr]    Compiling libm v0.2.8
[INFO] [stderr]    Compiling libc v0.2.155
[INFO] [stderr]    Compiling simd-adler32 v0.3.7
[INFO] [stderr]    Compiling crossbeam-utils v0.8.20
[INFO] [stderr]    Compiling anyhow v1.0.86
[INFO] [stderr]    Compiling adler v1.0.2
[INFO] [stderr]    Compiling built v0.7.4
[INFO] [stderr]    Compiling minimal-lexical v0.2.1
[INFO] [stderr]    Compiling aligned-vec v0.5.0
[INFO] [stderr]    Compiling arrayvec v0.7.4
[INFO] [stderr]    Compiling scopeguard v1.2.0
[INFO] [stderr]    Compiling paste v1.0.15
[INFO] [stderr]    Compiling byteorder v1.5.0
[INFO] [stderr]    Compiling memchr v2.7.4
[INFO] [stderr]    Compiling either v1.13.0
[INFO] [stderr]    Compiling miniz_oxide v0.7.4
[INFO] [stderr]    Compiling thiserror v1.0.63
[INFO] [stderr]    Compiling rayon-core v1.12.1
[INFO] [stderr]    Compiling crc32fast v1.4.2
[INFO] [stderr]    Compiling log v0.4.22
[INFO] [stderr]    Compiling bytemuck v1.16.3
[INFO] [stderr]    Compiling itertools v0.12.1
[INFO] [stderr]    Compiling maybe-rayon v0.1.1
[INFO] [stderr]    Compiling once_cell v1.19.0
[INFO] [stderr]    Compiling quick-error v2.0.1
[INFO] [stderr]    Compiling nom v7.1.3
[INFO] [stderr]    Compiling num-traits v0.2.19
[INFO] [stderr]    Compiling lock_api v0.4.12
[INFO] [stderr]    Compiling flate2 v1.0.31
[INFO] [stderr]    Compiling rav1e v0.7.1
[INFO] [stderr]    Compiling new_debug_unreachable v1.0.6
[INFO] [stderr]    Compiling noop_proc_macro v0.3.0
[INFO] [stderr]    Compiling bitstream-io v2.5.0
[INFO] [stderr]    Compiling quote v1.0.36
[INFO] [stderr]    Compiling crossbeam-epoch v0.9.18
[INFO] [stderr]    Compiling getrandom v0.2.15
[INFO] [stderr]    Compiling weezl v0.1.8
[INFO] [stderr]    Compiling syn v2.0.74
[INFO] [stderr]    Compiling spin v0.9.8
[INFO] [stderr]    Compiling crossbeam-deque v0.8.5
[INFO] [stderr]    Compiling rand_core v0.6.4
[INFO] [stderr]    Compiling imgref v1.10.1
[INFO] [stderr]    Compiling rgb v0.8.48
[INFO] [stderr]    Compiling avif-serialize v0.8.1
[INFO] [stderr]    Compiling fdeflate v0.3.4
[INFO] [stderr]    Compiling zune-inflate v0.2.54
[INFO] [stderr]    Compiling half v2.4.1
[INFO] [stderr]    Compiling simd_helpers v0.1.0
[INFO] [stderr]    Compiling flume v0.11.0
[INFO] [stderr]    Compiling zune-core v0.4.12
[INFO] [stderr]    Compiling loop9 v0.1.5
[INFO] [stderr]    Compiling lebe v0.5.2
[INFO] [stderr]    Compiling smallvec v1.13.2
[INFO] [stderr]    Compiling bit_field v0.10.2
[INFO] [stderr]    Compiling byteorder-lite v0.1.0
[INFO] [stderr]    Compiling color_quant v1.1.0
[INFO] [stderr]    Compiling bitflags v1.3.2
[INFO] [stderr]    Compiling jpeg-decoder v0.3.1
[INFO] [stderr]    Compiling png v0.17.13
[INFO] [stderr]    Compiling zune-jpeg v0.4.13
[INFO] [stderr]    Compiling gif v0.13.1
[INFO] [stderr]    Compiling qoi v0.4.1
[INFO] [stderr]    Compiling image-webp v0.1.3
[INFO] [stderr]    Compiling rayon v1.10.0
[INFO] [stderr]    Compiling exr v1.72.0
[INFO] [stderr]    Compiling num-integer v0.1.46
[INFO] [stderr]    Compiling v_frame v0.3.8
[INFO] [stderr]    Compiling num-bigint v0.4.6
[INFO] [stderr]    Compiling tiff v0.9.1
[INFO] [stderr]    Compiling num-rational v0.4.2
[INFO] [stderr]    Compiling av1-grain v0.2.3
[INFO] [stderr]    Compiling zerocopy-derive v0.7.35
[INFO] [stderr]    Compiling thiserror-impl v1.0.63
[INFO] [stderr]    Compiling profiling-procmacros v1.0.15
[INFO] [stderr]    Compiling arg_enum_proc_macro v0.3.4
[INFO] [stderr]    Compiling num-derive v0.4.2
[INFO] [stderr]    Compiling profiling v1.0.15
[INFO] [stderr]    Compiling zerocopy v0.7.35
[INFO] [stderr]    Compiling ppv-lite86 v0.2.20
[INFO] [stderr]    Compiling rand_chacha v0.3.1
[INFO] [stderr]    Compiling rand v0.8.5
[INFO] [stderr]    Compiling rand_distr v0.4.3
[INFO] [stderr]    Compiling ravif v0.11.10
[INFO] [stderr]    Compiling image v0.25.2
[INFO] [stderr]    Compiling auto-palette v0.5.0 (/opt/rustwide/workdir)
[INFO] [stderr]     Finished `dev` profile [unoptimized + debuginfo] target(s) in 34.02s
[INFO] running `Command { std: "docker" "inspect" "4c2fc1dd75dc4051c2c2d991d0dfab121e9ab1200eaae5fa71934803b3b2094b", kill_on_drop: false }`
[INFO] running `Command { std: "docker" "rm" "-f" "4c2fc1dd75dc4051c2c2d991d0dfab121e9ab1200eaae5fa71934803b3b2094b", kill_on_drop: false }`
[INFO] [stdout] 4c2fc1dd75dc4051c2c2d991d0dfab121e9ab1200eaae5fa71934803b3b2094b
[INFO] running `Command { std: "docker" "create" "-v" "/var/lib/crater-agent-workspace/builds/worker-0-tc1/target:/opt/rustwide/target:rw,Z" "-v" "/var/lib/crater-agent-workspace/builds/worker-0-tc1/source:/opt/rustwide/workdir:ro,Z" "-v" "/var/lib/crater-agent-workspace/cargo-home:/opt/rustwide/cargo-home:ro,Z" "-v" "/var/lib/crater-agent-workspace/rustup-home:/opt/rustwide/rustup-home:ro,Z" "-e" "SOURCE_DIR=/opt/rustwide/workdir" "-e" "CARGO_TARGET_DIR=/opt/rustwide/target" "-e" "CARGO_INCREMENTAL=0" "-e" "RUST_BACKTRACE=full" "-e" "RUSTFLAGS=--cap-lints=warn" "-e" "RUSTDOCFLAGS=--cap-lints=warn" "-e" "CARGO_HOME=/opt/rustwide/cargo-home" "-e" "RUSTUP_HOME=/opt/rustwide/rustup-home" "-w" "/opt/rustwide/workdir" "-m" "1610612736" "--user" "0:0" "--network" "none" "ghcr.io/rust-lang/crates-build-env/linux@sha256:f3a9d4ad9d972b27faf3965f35b62e55ba32bbce8f20bc8fe909558a86702fde" "/opt/rustwide/cargo-home/bin/cargo" "+1.83.0" "test" "--frozen" "--no-run" "--message-format=json", kill_on_drop: false }`
[INFO] [stdout] 9782066541ced15c40b9221f4e7b2f934b674c8a7d732cd91ee9cd31c443ce18
[INFO] running `Command { std: "docker" "start" "-a" "9782066541ced15c40b9221f4e7b2f934b674c8a7d732cd91ee9cd31c443ce18", kill_on_drop: false }`
[INFO] [stderr]    Compiling syn v2.0.74
[INFO] [stderr]    Compiling memchr v2.7.4
[INFO] [stderr]    Compiling semver v1.0.23
[INFO] [stderr]    Compiling slab v0.4.9
[INFO] [stderr]    Compiling equivalent v1.0.1
[INFO] [stderr]    Compiling hashbrown v0.14.5
[INFO] [stderr]    Compiling futures-sink v0.3.30
[INFO] [stderr]    Compiling futures-core v0.3.30
[INFO] [stderr]    Compiling regex-syntax v0.8.4
[INFO] [stderr]    Compiling pin-utils v0.1.0
[INFO] [stderr]    Compiling pin-project-lite v0.2.14
[INFO] [stderr]    Compiling toml_datetime v0.6.8
[INFO] [stderr]    Compiling winnow v0.5.40
[INFO] [stderr]    Compiling futures-task v0.3.30
[INFO] [stderr]    Compiling futures-io v0.3.30
[INFO] [stderr]    Compiling relative-path v1.9.3
[INFO] [stderr]    Compiling glob v0.3.1
[INFO] [stderr]    Compiling futures-timer v3.0.3
[INFO] [stderr]    Compiling futures-channel v0.3.30
[INFO] [stderr]    Compiling aho-corasick v1.1.3
[INFO] [stderr]    Compiling rustc_version v0.4.0
[INFO] [stderr]    Compiling nom v7.1.3
[INFO] [stderr]    Compiling rstest_macros v0.22.0
[INFO] [stderr]    Compiling indexmap v2.3.0
[INFO] [stderr]    Compiling toml_edit v0.21.1
[INFO] [stderr]    Compiling regex-automata v0.4.7
[INFO] [stderr]    Compiling av1-grain v0.2.3
[INFO] [stderr]    Compiling proc-macro-crate v3.1.0
[INFO] [stderr]    Compiling regex v1.10.6
[INFO] [stderr]    Compiling zerocopy-derive v0.7.35
[INFO] [stderr]    Compiling profiling-procmacros v1.0.15
[INFO] [stderr]    Compiling thiserror-impl v1.0.63
[INFO] [stderr]    Compiling arg_enum_proc_macro v0.3.4
[INFO] [stderr]    Compiling num-derive v0.4.2
[INFO] [stderr]    Compiling futures-macro v0.3.30
[INFO] [stderr]    Compiling profiling v1.0.15
[INFO] [stderr]    Compiling futures-util v0.3.30
[INFO] [stderr]    Compiling zerocopy v0.7.35
[INFO] [stderr]    Compiling thiserror v1.0.63
[INFO] [stderr]    Compiling rav1e v0.7.1
[INFO] [stderr]    Compiling ppv-lite86 v0.2.20
[INFO] [stderr]    Compiling rand_chacha v0.3.1
[INFO] [stderr]    Compiling rand v0.8.5
[INFO] [stderr]    Compiling rand_distr v0.4.3
[INFO] [stderr]    Compiling futures-executor v0.3.30
[INFO] [stderr]    Compiling futures v0.3.30
[INFO] [stderr]    Compiling rstest v0.22.0
[INFO] [stderr]    Compiling ravif v0.11.10
[INFO] [stderr]    Compiling image v0.25.2
[INFO] [stderr]    Compiling auto-palette v0.5.0 (/opt/rustwide/workdir)
[INFO] [stderr]     Finished `test` profile [unoptimized + debuginfo] target(s) in 54.22s
[INFO] running `Command { std: "docker" "inspect" "9782066541ced15c40b9221f4e7b2f934b674c8a7d732cd91ee9cd31c443ce18", kill_on_drop: false }`
[INFO] running `Command { std: "docker" "rm" "-f" "9782066541ced15c40b9221f4e7b2f934b674c8a7d732cd91ee9cd31c443ce18", kill_on_drop: false }`
[INFO] [stdout] 9782066541ced15c40b9221f4e7b2f934b674c8a7d732cd91ee9cd31c443ce18
[INFO] running `Command { std: "docker" "create" "-v" "/var/lib/crater-agent-workspace/builds/worker-0-tc1/target:/opt/rustwide/target:rw,Z" "-v" "/var/lib/crater-agent-workspace/builds/worker-0-tc1/source:/opt/rustwide/workdir:ro,Z" "-v" "/var/lib/crater-agent-workspace/cargo-home:/opt/rustwide/cargo-home:ro,Z" "-v" "/var/lib/crater-agent-workspace/rustup-home:/opt/rustwide/rustup-home:ro,Z" "-e" "SOURCE_DIR=/opt/rustwide/workdir" "-e" "CARGO_TARGET_DIR=/opt/rustwide/target" "-e" "CARGO_INCREMENTAL=0" "-e" "RUST_BACKTRACE=full" "-e" "RUSTFLAGS=--cap-lints=warn" "-e" "RUSTDOCFLAGS=--cap-lints=warn" "-e" "CARGO_HOME=/opt/rustwide/cargo-home" "-e" "RUSTUP_HOME=/opt/rustwide/rustup-home" "-w" "/opt/rustwide/workdir" "-m" "1610612736" "--user" "0:0" "--network" "none" "ghcr.io/rust-lang/crates-build-env/linux@sha256:f3a9d4ad9d972b27faf3965f35b62e55ba32bbce8f20bc8fe909558a86702fde" "/opt/rustwide/cargo-home/bin/cargo" "+1.83.0" "test" "--frozen", kill_on_drop: false }`
[INFO] [stdout] 45ba2e55dabb2649dea7f2ff2a27208cc9f2b366c37419f2d67610d19933d86c
[INFO] running `Command { std: "docker" "start" "-a" "45ba2e55dabb2649dea7f2ff2a27208cc9f2b366c37419f2d67610d19933d86c", kill_on_drop: false }`
[INFO] [stderr]     Finished `test` profile [unoptimized + debuginfo] target(s) in 0.34s
[INFO] [stderr]      Running unittests src/lib.rs (/opt/rustwide/target/debug/deps/auto_palette-8f72a0353325aa7f)
[INFO] [stdout] 
[INFO] [stdout] running 448 tests
[INFO] [stdout] test algorithm::tests::test_from_str::case_1_kmeans ... ok
[INFO] [stdout] test algorithm::tests::test_from_str::case_2_dbscan ... ok
[INFO] [stdout] test algorithm::tests::test_from_str::case_3_dbscanpp ... ok
[INFO] [stdout] test algorithm::tests::test_from_str::case_4_kmeans_upper ... ok
[INFO] [stdout] test algorithm::tests::test_from_str::case_6_dbscanpp_upper ... ok
[INFO] [stdout] test algorithm::tests::test_from_str::case_8_dbscan_capitalized ... ok
[INFO] [stdout] test algorithm::tests::test_from_str::case_7_kmeans_capitalized ... ok
[INFO] [stdout] test algorithm::tests::test_from_str::case_9_dbscanpp_capitalized ... ok
[INFO] [stdout] test algorithm::tests::test_from_str_error::case_1_empty ... ok
[INFO] [stdout] test color::ansi16::tests::test_from_rgb::case_01_black ... ok
[INFO] [stdout] test algorithm::tests::test_from_str_error::case_2_invalid ... ok
[INFO] [stdout] test color::ansi16::tests::test_from_rgb::case_02_red ... ok
[INFO] [stdout] test color::ansi16::tests::test_from_rgb::case_03_green ... ok
[INFO] [stdout] test color::ansi16::tests::test_fmt ... ok
[INFO] [stdout] test color::ansi16::tests::test_from_rgb::case_04_yellow ... ok
[INFO] [stdout] test color::ansi16::tests::test_from_rgb::case_05_blue ... ok
[INFO] [stdout] test color::ansi16::tests::test_from_rgb::case_06_magenta ... ok
[INFO] [stdout] test color::ansi16::tests::test_from_rgb::case_08_white ... ok
[INFO] [stdout] test color::ansi16::tests::test_from_rgb::case_09_bright_red ... ok
[INFO] [stdout] test algorithm::tests::test_from_str::case_5_dbscan_upper ... ok
[INFO] [stdout] test color::ansi16::tests::test_from_rgb::case_10_bright_green ... ok
[INFO] [stdout] test color::ansi16::tests::test_from_rgb::case_11_bright_yellow ... ok
[INFO] [stdout] test color::ansi16::tests::test_from_rgb::case_14_bright_cyan ... ok
[INFO] [stdout] test color::ansi16::tests::test_from_rgb::case_15_bright_white ... ok
[INFO] [stdout] test color::ansi16::tests::test_from_rgb::case_13_bright_magenta ... ok
[INFO] [stdout] test color::ansi16::tests::test_new ... ok
[INFO] [stdout] test color::ansi256::tests::test_fmt ... ok
[INFO] [stdout] test color::ansi256::tests::test_from_ansi16::case_01_black ... ok
[INFO] [stdout] test color::ansi256::tests::test_from_ansi16::case_02_red ... ok
[INFO] [stdout] test color::ansi256::tests::test_from_ansi16::case_05_blue ... ok
[INFO] [stdout] test color::ansi256::tests::test_from_ansi16::case_06_magenta ... ok
[INFO] [stdout] test color::ansi16::tests::test_from_rgb::case_07_cyan ... ok
[INFO] [stdout] test color::ansi16::tests::test_from_rgb::case_12_bright_blue ... ok
[INFO] [stdout] test color::ansi256::tests::test_from_ansi16::case_03_green ... ok
[INFO] [stdout] test color::ansi256::tests::test_from_ansi16::case_11_bright_green ... ok
[INFO] [stdout] test color::ansi256::tests::test_from_ansi16::case_12_bright_yellow ... ok
[INFO] [stdout] test color::ansi256::tests::test_from_ansi16::case_13_bright_blue ... ok
[INFO] [stdout] test color::ansi256::tests::test_from_ansi16::case_14_bright_magenta ... ok
[INFO] [stdout] test color::ansi256::tests::test_from_ansi16::case_15_bright_cyan ... ok
[INFO] [stdout] test color::ansi256::tests::test_from_ansi16::case_16_bright_white ... ok
[INFO] [stdout] test color::ansi256::tests::test_from_ansi16::case_07_cyan ... ok
[INFO] [stdout] test color::ansi256::tests::test_from_ansi16::case_08_white ... ok
[INFO] [stdout] test color::ansi256::tests::test_from_rgb::case_3_gray ... ok
[INFO] [stdout] test color::ansi256::tests::test_from_rgb::case_4_red ... ok
[INFO] [stdout] test color::ansi256::tests::test_from_ansi16::case_10_bright_red ... ok
[INFO] [stdout] test color::ansi256::tests::test_from_rgb::case_5_green ... ok
[INFO] [stdout] test color::ansi256::tests::test_from_rgb::case_6_blue ... ok
[INFO] [stdout] test color::ansi256::tests::test_from_rgb::case_7_yellow ... ok
[INFO] [stdout] test color::ansi256::tests::test_from_rgb::case_8_cyan ... ok
[INFO] [stdout] test color::ansi256::tests::test_from_rgb::case_9_magenta ... ok
[INFO] [stdout] test color::ansi256::tests::test_new::case_1 ... ok
[INFO] [stdout] test color::ansi256::tests::test_from_rgb::case_2_white ... ok
[INFO] [stdout] test color::ansi256::tests::test_from_ansi16::case_04_yellow ... ok
[INFO] [stdout] test color::cmyk::tests::test_from_rgb::case_6_yellow ... ok
[INFO] [stdout] test color::cmyk::tests::test_from_rgb::case_7_cyan ... ok
[INFO] [stdout] test color::ansi256::tests::test_new::case_2 ... ok
[INFO] [stdout] test color::ansi256::tests::test_from_ansi16::case_09_bright_black ... ok
[INFO] [stdout] test color::ansi256::tests::test_new::case_3 ... ok
[INFO] [stdout] test color::cmyk::tests::test_from_rgb::case_1_black ... ok
[INFO] [stdout] test color::cmyk::tests::test_new_clamp::case_1 ... ok
[INFO] [stdout] test color::cmyk::tests::test_fmt ... ok
[INFO] [stdout] test color::cmyk::tests::test_new_clamp::case_2 ... ok
[INFO] [stdout] test color::cmyk::tests::test_from_rgb::case_2_white ... ok
[INFO] [stdout] test color::hsl::tests::test_from_rgb::case_1_black ... ok
[INFO] [stdout] test color::hsl::tests::test_fmt ... ok
[INFO] [stdout] test color::hsl::tests::test_from_rgb::case_3_red ... ok
[INFO] [stdout] test color::hsl::tests::test_from_rgb::case_5_blue ... ok
[INFO] [stdout] test color::hsl::tests::test_from_rgb::case_4_green ... ok
[INFO] [stdout] test color::cmyk::tests::test_from_rgb::case_3_red ... ok
[INFO] [stdout] test color::hsl::tests::test_from_rgb::case_2_white ... ok
[INFO] [stdout] test color::cmyk::tests::test_from_rgb::case_8_magenta ... ok
[INFO] [stdout] test color::cmyk::tests::test_from_rgb::case_5_blue ... ok
[INFO] [stdout] test color::cmyk::tests::test_new ... ok
[INFO] [stdout] test color::cmyk::tests::test_from_rgb::case_4_green ... ok
[INFO] [stdout] test color::hsl::tests::test_new ... ok
[INFO] [stdout] test color::hsl::tests::test_new_with_out_of_range::case_1 ... ok
[INFO] [stdout] test color::hsl::tests::test_from_rgb::case_7_cyan ... ok
[INFO] [stdout] test color::hsv::tests::test_fmt ... ok
[INFO] [stdout] test color::hsl::tests::test_from_rgb::case_8_magenta ... ok
[INFO] [stdout] test color::hsv::tests::test_from_rgb::case_1_black ... ok
[INFO] [stdout] test color::hsv::tests::test_from_rgb::case_2_white ... ok
[INFO] [stdout] test color::hsl::tests::test_from_rgb::case_6_yellow ... ok
[INFO] [stdout] test color::hsv::tests::test_from_rgb::case_3_red ... ok
[INFO] [stdout] test color::hsv::tests::test_from_rgb::case_4_green ... ok
[INFO] [stdout] test color::ansi256::tests::test_from_rgb::case_1_black ... ok
[INFO] [stdout] test color::hsv::tests::test_from_rgb::case_5_blue ... ok
[INFO] [stdout] test color::hsv::tests::test_from_rgb::case_6_yellow ... ok
[INFO] [stdout] test color::hsv::tests::test_from_rgb::case_7_cyan ... ok
[INFO] [stdout] test color::hue::tests::test_from_radians::case_1 ... ok
[INFO] [stdout] test color::hue::tests::test_from_radians::case_2 ... ok
[INFO] [stdout] test color::hue::tests::test_from_degrees::case_2 ... ok
[INFO] [stdout] test color::hue::tests::test_from_degrees::case_4 ... ok
[INFO] [stdout] test color::hsv::tests::test_from_rgb::case_8_magenta ... ok
[INFO] [stdout] test color::hue::tests::test_fmt ... ok
[INFO] [stdout] test color::hue::tests::test_from_degrees::case_1 ... ok
[INFO] [stdout] test color::hsv::tests::test_new ... ok
[INFO] [stdout] test color::hue::tests::test_from_radians::case_3 ... ok
[INFO] [stdout] test color::hsv::tests::test_new_with_out_of_range_values::case_1 ... ok
[INFO] [stdout] test color::hsv::tests::test_new_with_out_of_range_values::case_2 ... ok
[INFO] [stdout] test color::hsl::tests::test_new_with_out_of_range::case_2 ... ok
[INFO] [stdout] test color::hue::tests::test_from_degrees::case_3 ... ok
[INFO] [stdout] test color::hue::tests::test_from_radians::case_4 ... ok
[INFO] [stdout] test color::hue::tests::test_to_degrees ... ok
[INFO] [stdout] test color::lab::tests::test_from_xyz ... ok
[INFO] [stdout] test color::lab::tests::test_new ... ok
[INFO] [stdout] test color::hue::tests::test_to_radians ... ok
[INFO] [stdout] test color::lab::tests::test_fmt ... ok
[INFO] [stdout] test color::lchuv::tests::test_from_luv ... ok
[INFO] [stdout] test color::luv::tests::test_fmt ... ok
[INFO] [stdout] test color::luv::tests::test_from_lchuv ... ok
[INFO] [stdout] test color::luv::tests::test_from_xyz::case_1_black ... ok
[INFO] [stdout] test color::luv::tests::test_from_xyz::case_2_white ... ok
[INFO] [stdout] test color::luv::tests::test_from_xyz::case_3_red ... ok
[INFO] [stdout] test color::luv::tests::test_from_xyz::case_4_green ... ok
[INFO] [stdout] test color::luv::tests::test_from_xyz::case_5_blue ... ok
[INFO] [stdout] test color::luv::tests::test_from_xyz::case_6_yellow ... ok
[INFO] [stdout] test color::luv::tests::test_from_xyz::case_7_cyan ... ok
[INFO] [stdout] test color::luv::tests::test_from_xyz::case_8_magenta ... ok
[INFO] [stdout] test color::luv::tests::test_new ... ok
[INFO] [stdout] test color::luv::tests::test_new_with_out_of_bounds_values::case_1 ... ok
[INFO] [stdout] test color::luv::tests::test_new_with_out_of_bounds_values::case_2 ... ok
[INFO] [stdout] test color::lab::tests::test_xyz_to_lab::case_2_white ... ok
[INFO] [stdout] test color::lchab::tests::test_new ... ok
[INFO] [stdout] test color::lchuv::tests::test_new ... ok
[INFO] [stdout] test color::oklab::tests::test_from_xyz::case_2 ... ok
[INFO] [stdout] test color::oklab::tests::test_from_oklch ... ok
[INFO] [stdout] test color::oklab::tests::test_from_xyz::case_1 ... ok
[INFO] [stdout] test color::lab::tests::test_from_lchab ... ok
[INFO] [stdout] test color::lab::tests::test_xyz_to_lab::case_1_black ... ok
[INFO] [stdout] test color::lab::tests::test_xyz_to_lab::case_4_green ... ok
[INFO] [stdout] test color::lab::tests::test_xyz_to_lab::case_3_red ... ok
[INFO] [stdout] test color::lchab::tests::test_from_lab ... ok
[INFO] [stdout] test color::oklab::tests::test_fmt ... ok
[INFO] [stdout] test color::lab::tests::test_xyz_to_lab::case_8_yellow ... ok
[INFO] [stdout] test color::lchuv::tests::test_fmt ... ok
[INFO] [stdout] test color::lab::tests::test_xyz_to_lab::case_5_blue ... ok
[INFO] [stdout] test color::oklab::tests::test_from_xyz::case_4 ... ok
[INFO] [stdout] test color::lab::tests::test_xyz_to_lab::case_6_cyan ... ok
[INFO] [stdout] test color::oklab::tests::test_from_xyz::case_3 ... ok
[INFO] [stdout] test color::oklab::tests::test_from_xyz::case_5 ... ok
[INFO] [stdout] test color::oklab::tests::test_new ... ok
[INFO] [stdout] test color::rgb::tests::test_from_hsl::case_7_cyan ... ok
[INFO] [stdout] test color::rgb::tests::test_from_hsv::case_1_black ... ok
[INFO] [stdout] test color::oklch::tests::test_fmt ... ok
[INFO] [stdout] test color::lab::tests::test_xyz_to_lab::case_7_magenta ... ok
[INFO] [stdout] test color::rgb::tests::test_from_hsl::case_2_white ... ok
[INFO] [stdout] test color::rgb::tests::test_from_hsv::case_2_white ... ok
[INFO] [stdout] test color::rgb::tests::test_from_hsl::case_3_red ... ok
[INFO] [stdout] test color::rgb::tests::test_from_hsl::case_5_blue ... ok
[INFO] [stdout] test color::oklch::tests::test_new ... ok
[INFO] [stdout] test color::rgb::tests::test_from_hsl::case_1_black ... ok
[INFO] [stdout] test color::rgb::tests::test_from_hsl::case_4_green ... ok
[INFO] [stdout] test color::rgb::tests::test_from_hsl::case_6_yellow ... ok
[INFO] [stdout] test color::rgb::tests::test_from_hsv::case_5_blue ... ok
[INFO] [stdout] test color::rgb::tests::test_from_hsv::case_6_yellow ... ok
[INFO] [stdout] test color::rgb::tests::test_from_hsv::case_7_cyan ... ok
[INFO] [stdout] test color::rgb::tests::test_from_hsv::case_8_magenta ... ok
[INFO] [stdout] test color::rgb::tests::test_from_xyz ... ok
[INFO] [stdout] test color::rgb::tests::test_new ... ok
[INFO] [stdout] test color::rgb::tests::test_xyz_to_rgb::case_1_black ... ok
[INFO] [stdout] test color::rgb::tests::test_xyz_to_rgb::case_2_white ... ok
[INFO] [stdout] test color::rgb::tests::test_xyz_to_rgb::case_3_red ... ok
[INFO] [stdout] test color::rgb::tests::test_xyz_to_rgb::case_4_green ... ok
[INFO] [stdout] test color::rgb::tests::test_xyz_to_rgb::case_5_blue ... ok
[INFO] [stdout] test color::tests::test_color_is_dark::case_4 ... ok
[INFO] [stdout] test color::tests::test_chroma ... ok
[INFO] [stdout] test color::tests::test_color_is_dark::case_1 ... ok
[INFO] [stdout] test color::tests::test_color_is_dark::case_3 ... ok
[INFO] [stdout] test color::rgb::tests::test_xyz_to_rgb::case_6_cyan ... ok
[INFO] [stdout] test color::rgb::tests::test_xyz_to_rgb::case_7_magenta ... ok
[INFO] [stdout] test color::lchab::tests::test_fmt ... ok
[INFO] [stdout] test color::oklch::tests::test_from_oklab ... ok
[INFO] [stdout] test color::rgb::tests::test_from_hsv::case_4_green ... ok
[INFO] [stdout] test color::rgb::tests::test_fmt ... ok
[INFO] [stdout] test color::rgb::tests::test_from_hsv::case_3_red ... ok
[INFO] [stdout] test color::tests::test_color_is_light::case_1 ... ok
[INFO] [stdout] test color::tests::test_from_str::case_3_red ... ok
[INFO] [stdout] test color::rgb::tests::test_xyz_to_rgb::case_8_yellow ... ok
[INFO] [stdout] test color::tests::test_color_is_light::case_2 ... ok
[INFO] [stdout] test color::tests::test_color_is_dark::case_2 ... ok
[INFO] [stdout] test color::tests::test_color_is_light::case_3 ... ok
[INFO] [stdout] test color::tests::test_color_is_light::case_4 ... ok
[INFO] [stdout] test color::tests::test_fmt ... ok
[INFO] [stdout] test color::tests::test_from_str::case_2_white ... ok
[INFO] [stdout] test color::tests::test_from_str::case_1_black ... ok
[INFO] [stdout] test color::tests::test_from_str::case_4_green ... ok
[INFO] [stdout] test color::tests::test_from_str_error::case_3_invalid_length ... ok
[INFO] [stdout] test color::tests::test_from_str_error::case_6_invalid_hex_green ... ok
[INFO] [stdout] test color::tests::test_from_str_error::case_4_invalid_prefix ... ok
[INFO] [stdout] test color::rgb::tests::test_from_hsl::case_8_magenta ... ok
[INFO] [stdout] test color::tests::test_hue::case_5_blue ... ok
[INFO] [stdout] test color::tests::test_from_str::case_5_blue ... ok
[INFO] [stdout] test color::tests::test_hue::case_4_green ... ok
[INFO] [stdout] test color::tests::test_hue::case_6_cyan ... ok
[INFO] [stdout] test color::tests::test_from_str::case_6_cyan ... ok
[INFO] [stdout] test color::tests::test_hue::case_7_magenta ... ok
[INFO] [stdout] test color::tests::test_from_str_error::case_2_invalid ... ok
[INFO] [stdout] test color::tests::test_to_cmyk ... ok
[INFO] [stdout] test color::tests::test_from_str_error::case_5_invalid_hex_red ... ok
[INFO] [stdout] test color::tests::test_from_str_error::case_7_invalid_hex_blue ... ok
[INFO] [stdout] test color::tests::test_hue::case_1_black ... ok
[INFO] [stdout] test color::tests::test_hue::case_2_white ... ok
[INFO] [stdout] test color::tests::test_hue::case_3_red ... ok
[INFO] [stdout] test color::tests::test_to_hsv ... ok
[INFO] [stdout] test color::tests::test_to_luv ... ok
[INFO] [stdout] test color::tests::test_to_oklab ... ok
[INFO] [stdout] test color::tests::test_from_str_error::case_1_empty ... ok
[INFO] [stdout] test color::tests::test_to_hex_string ... ok
[INFO] [stdout] test color::tests::test_hue::case_8_yellow ... ok
[INFO] [stdout] test color::tests::test_to_hsl ... ok
[INFO] [stdout] test color::tests::test_to_lab ... ok
[INFO] [stdout] test color::white_point::tests::test_d50 ... ok
[INFO] [stdout] test color::tests::test_to_lchab ... ok
[INFO] [stdout] test color::tests::test_to_xyz ... ok
[INFO] [stdout] test color::tests::test_from_str::case_7_magenta ... ok
[INFO] [stdout] test color::tests::test_new ... ok
[INFO] [stdout] test color::tests::test_from_str::case_8_yellow ... ok
[INFO] [stdout] test color::tests::test_to_oklch ... ok
[INFO] [stdout] test color::tests::test_to_rgb ... ok
[INFO] [stdout] test color::tests::test_to_anis16 ... ok
[INFO] [stdout] test color::tests::test_to_ansi256 ... ok
[INFO] [stdout] test color::white_point::tests::test_d65 ... ok
[INFO] [stdout] test color::xyz::tests::test_fmt ... ok
[INFO] [stdout] test color::xyz::tests::test_from_lab ... ok
[INFO] [stdout] test color::xyz::tests::test_from_luv::case_1_black ... ok
[INFO] [stdout] test color::xyz::tests::test_from_luv::case_2_dark_gray ... ok
[INFO] [stdout] test color::xyz::tests::test_from_luv::case_3_white ... ok
[INFO] [stdout] test color::tests::test_lightness ... ok
[INFO] [stdout] test color::xyz::tests::test_from_luv::case_4_red ... ok
[INFO] [stdout] test color::xyz::tests::test_from_luv::case_6_blue ... ok
[INFO] [stdout] test color::xyz::tests::test_from_luv::case_5_green ... ok
[INFO] [stdout] test color::xyz::tests::test_from_oklab::case_1_black ... ok
[INFO] [stdout] test color::xyz::tests::test_from_luv::case_8_cyan ... ok
[INFO] [stdout] test color::xyz::tests::test_from_oklab::case_2_white ... ok
[INFO] [stdout] test color::xyz::tests::test_from_oklab::case_3_red ... ok
[INFO] [stdout] test color::xyz::tests::test_from_oklab::case_7_cyan ... ok
[INFO] [stdout] test color::xyz::tests::test_from_oklab::case_5_blue ... ok
[INFO] [stdout] test color::xyz::tests::test_from_oklab::case_8_magenta ... ok
[INFO] [stdout] test color::xyz::tests::test_lab_to_xyz::case_2_white ... ok
[INFO] [stdout] test color::xyz::tests::test_from_rgb ... ok
[INFO] [stdout] test color::xyz::tests::test_lab_to_xyz::case_4_green ... ok
[INFO] [stdout] test color::xyz::tests::test_lab_to_xyz::case_7_magenta ... ok
[INFO] [stdout] test color::xyz::tests::test_lab_to_xyz::case_8_yellow ... ok
[INFO] [stdout] test color::xyz::tests::test_new ... ok
[INFO] [stdout] test color::xyz::tests::test_from_oklab::case_4_green ... ok
[INFO] [stdout] test color::xyz::tests::test_from_luv::case_7_yellow ... ok
[INFO] [stdout] test color::xyz::tests::test_lab_to_xyz::case_1_black ... ok
[INFO] [stdout] test color::xyz::tests::test_rgb_to_xyz::case_1_black ... ok
[INFO] [stdout] test color::xyz::tests::test_rgb_to_xyz::case_3_red ... ok
[INFO] [stdout] test color::xyz::tests::test_rgb_to_xyz::case_8_yellow ... ok
[INFO] [stdout] test error::tests::test_fmt_empty_image_data ... ok
[INFO] [stdout] test error::tests::test_fmt_extraction_failure ... ok
[INFO] [stdout] test error::tests::test_fmt_invalid_image_data ... ok
[INFO] [stdout] test error::tests::test_fmt_unsupported_algorithm ... ok
[INFO] [stdout] test error::tests::test_fmt_image_load_error ... ok
[INFO] [stdout] test color::xyz::tests::test_rgb_to_xyz::case_2_white ... ok
[INFO] [stdout] test color::xyz::tests::test_from_oklab::case_6_yellow ... ok
[INFO] [stdout] test color::tests::test_to_lchuv ... ok
[INFO] [stdout] test color::xyz::tests::test_from_luv::case_9_magenta ... ok
[INFO] [stdout] test error::tests::test_fmt_unsupported_image ... ok
[INFO] [stdout] test error::tests::test_fmt_unsupported_theme ... ok
[INFO] [stdout] test color::xyz::tests::test_lab_to_xyz::case_3_red ... ok
[INFO] [stdout] test color::xyz::tests::test_lab_to_xyz::case_5_blue ... ok
[INFO] [stdout] test color::xyz::tests::test_lab_to_xyz::case_6_cyan ... ok
[INFO] [stdout] test color::xyz::tests::test_rgb_to_xyz::case_4_green ... ok
[INFO] [stdout] test color::xyz::tests::test_rgb_to_xyz::case_6_cyan ... ok
[INFO] [stdout] test color::xyz::tests::test_rgb_to_xyz::case_5_blue ... ok
[INFO] [stdout] test color::xyz::tests::test_rgb_to_xyz::case_7_magenta ... ok
[INFO] [stdout] test image::tests::test_load_invalid_file ... ok
[INFO] [stdout] test image::tests::test_load_invalid_path ... ok
[INFO] [stdout] test image::tests::test_new_invalid_data ... ok
[INFO] [stdout] test math::clustering::cluster::tests::test_clear ... ok
[INFO] [stdout] test math::clustering::cluster::tests::test_new ... ok
[INFO] [stdout] test image::tests::test_new ... ok
[INFO] [stdout] test math::clustering::dbscan::tests::test_fit ... ok
[INFO] [stdout] test image::tests::test_new_empty_data ... ok
[INFO] [stdout] test math::clustering::dbscan::tests::test_new_error::case_2_invalid_epsilon ... ok
[INFO] [stdout] test math::clustering::dbscanpp::tests::test_fit ... ok
[INFO] [stdout] test math::clustering::dbscanpp::tests::test_new ... ok
[INFO] [stdout] test math::clustering::cluster::tests::test_add_member ... ok
[INFO] [stdout] test math::clustering::dbscanpp::tests::test_new_error::case_3_invalid_epsilon ... ok
[INFO] [stdout] test math::clustering::dbscanpp::tests::test_new_error::case_1_invalid_probalitily ... ok
[INFO] [stdout] test math::clustering::kmeans::tests::test_fit_empty ... ok
[INFO] [stdout] test math::clustering::kmeans::tests::test_fit_single_cluster ... ok
[INFO] [stdout] test math::clustering::dbscan::tests::test_fit_empty ... ok
[INFO] [stdout] test math::clustering::dbscan::tests::test_new ... ok
[INFO] [stdout] test math::clustering::dbscanpp::tests::test_fit_empty ... ok
[INFO] [stdout] test math::clustering::kmeans::tests::test_fit ... ok
[INFO] [stdout] test math::clustering::kmeans::tests::test_new ... ok
[INFO] [stdout] test math::clustering::kmeans::tests::test_new_error::case_2_invalid_iterations ... ok
[INFO] [stdout] test math::clustering::kmeans::tests::test_new_error::case_1_invalid_clusters ... ok
[INFO] [stdout] test math::clustering::kmeans::tests::test_new_error::case_3_invalid_tolerance ... ok
[INFO] [stdout] test math::metrics::tests::test_square_euclidean_distance ... ok
[INFO] [stdout] test math::neighbors::kdtree::tests::test_build_empty ... ok
[INFO] [stdout] test math::neighbors::kdtree::tests::test_search_empty ... ok
[INFO] [stdout] test math::neighbors::kdtree::tests::test_search_nearest ... ok
[INFO] [stdout] test math::neighbors::kdtree::tests::test_search_radius_empty ... ok
[INFO] [stdout] test math::neighbors::linear::tests::test_search_nearest ... ok
[INFO] [stdout] test math::neighbors::kdtree::tests::test_search_radius ... ok
[INFO] [stdout] test math::neighbors::linear::tests::test_build ... ok
[INFO] [stdout] test math::neighbors::neighbor::tests::test_cmp_less ... ok
[INFO] [stdout] test math::neighbors::neighbor::tests::test_cmp_greater ... ok
[INFO] [stdout] test math::neighbors::linear::tests::test_search ... ok
[INFO] [stdout] test math::clustering::dbscan::tests::test_new_error::case_1_invalid_min_points ... ok
[INFO] [stdout] test math::clustering::dbscanpp::tests::test_new_error::case_2_invalid_min_points ... ok
[INFO] [stdout] test math::neighbors::neighbor::tests::test_eq_true ... ok
[INFO] [stdout] test math::neighbors::neighbor::tests::test_neighbor ... ok
[INFO] [stdout] test math::number::tests::test_denormalize::case_1 ... ok
[INFO] [stdout] test math::metrics::tests::test_euclidean_distance ... ok
[INFO] [stdout] test math::number::tests::test_denormalize::case_2 ... ok
[INFO] [stdout] test math::number::tests::test_denormalize::case_3 ... ok
[INFO] [stdout] test math::neighbors::kdtree::tests::test_build ... ok
[INFO] [stdout] test math::neighbors::linear::tests::test_search_radius ... ok
[INFO] [stdout] test math::neighbors::neighbor::tests::test_cmp_equal ... ok
[INFO] [stdout] test math::neighbors::neighbor::tests::test_eq_false ... ok
[INFO] [stdout] test math::neighbors::kdtree::tests::test_search ... ok
[INFO] [stdout] test math::number::tests::test_normalize::case_3 ... ok
[INFO] [stdout] test math::number::tests::test_float_number_f32 ... ok
[INFO] [stdout] test math::sampling::tests::test_sample_farthest_point_sampling::case_2 ... ok
[INFO] [stdout] test math::neighbors::kdtree::tests::test_search_nearest_empty ... ok
[INFO] [stdout] test math::number::tests::test_float_number_f64 ... ok
[INFO] [stdout] test math::number::tests::test_normalize::case_1 ... ok
[INFO] [stdout] test math::number::tests::test_normalize::case_2 ... ok
[INFO] [stdout] test math::number::tests::test_normalize::case_4 ... ok
[INFO] [stdout] test math::number::tests::test_denormalize::case_4 ... ok
[INFO] [stdout] test math::sampling::tests::test_sample_farthest_point_sampling::case_1 ... ok
[INFO] [stdout] test math::sampling::tests::test_sample_farthest_point_sampling::case_3 ... ok
[INFO] [stdout] test math::sampling::tests::test_sample_farthest_point_sampling::case_4 ... ok
[INFO] [stdout] test math::sampling::tests::test_sample_farthest_point_sampling::case_5 ... ok
[INFO] [stdout] test math::sampling::tests::test_sample_farthest_point_sampling::case_6 ... ok
[INFO] [stdout] test math::sampling::tests::test_sample_farthest_point_sampling_empty ... ok
[INFO] [stdout] test math::sampling::tests::test_sample_weighted_farthest_point_sampling::case_2 ... ok
[INFO] [stdout] test math::sampling::tests::test_sample_weighted_farthest_point_sampling::case_5 ... ok
[INFO] [stdout] test math::sampling::tests::test_sample_weighted_farthest_point_sampling_empty ... ok
[INFO] [stdout] test palette::tests::test_extract_empty_image_data ... ok
[INFO] [stdout] test math::sampling::tests::test_sample_weighted_farthest_point_sampling::case_1 ... ok
[INFO] [stdout] test math::sampling::tests::test_sample_weighted_farthest_point_sampling::case_3 ... ok
[INFO] [stdout] test palette::tests::test_find_swatches ... ok
[INFO] [stdout] test palette::tests::test_find_swatches_empty ... ok
[INFO] [stdout] test palette::tests::test_find_swatches_with_theme::case_1_basic ... ok
[INFO] [stdout] test palette::tests::test_find_swatches_with_theme::case_3_vivid ... ok
[INFO] [stdout] test palette::tests::test_find_swatches_with_theme::case_4_muted ... ok
[INFO] [stdout] test palette::tests::test_find_swatches_with_theme::case_5_light ... ok
[INFO] [stdout] test palette::tests::test_find_swatches_with_theme::case_6_dark ... ok
[INFO] [stdout] test palette::tests::test_new ... ok
[INFO] [stdout] test palette::tests::test_new_empty ... ok
[INFO] [stdout] test swatch::tests::test_new_swatch ... ok
[INFO] [stdout] test theme::tests::test_from_str::case_01_basic ... ok
[INFO] [stdout] test theme::tests::test_from_str::case_02_colorful ... ok
[INFO] [stdout] test palette::tests::test_find_swatches_with_theme::case_2_colorful ... ok
[INFO] [stdout] test theme::tests::test_from_str::case_03_vivid ... ok
[INFO] [stdout] test theme::tests::test_from_str::case_04_muted ... ok
[INFO] [stdout] test theme::tests::test_from_str::case_05_light ... ok
[INFO] [stdout] test theme::tests::test_from_str::case_07_basic_upper ... ok
[INFO] [stdout] test theme::tests::test_from_str::case_06_dark ... ok
[INFO] [stdout] test theme::tests::test_from_str::case_08_colorful_upper ... ok
[INFO] [stdout] test theme::tests::test_from_str::case_09_vivid_upper ... ok
[INFO] [stdout] test math::sampling::tests::test_sample_weighted_farthest_point_sampling::case_4 ... ok
[INFO] [stdout] test theme::tests::test_from_str::case_10_muted_upper ... ok
[INFO] [stdout] test theme::tests::test_from_str::case_11_light_upper ... ok
[INFO] [stdout] test math::sampling::tests::test_sample_weighted_farthest_point_sampling::case_6 ... ok
[INFO] [stdout] test theme::tests::test_from_str::case_12_dark_upper ... ok
[INFO] [stdout] test theme::tests::test_from_str::case_13_basic_capitalized ... ok
[INFO] [stdout] test theme::tests::test_from_str::case_14_colorful_capitalized ... ok
[INFO] [stdout] test theme::tests::test_from_str::case_15_vivid_capitalized ... ok
[INFO] [stdout] test theme::tests::test_from_str::case_16_muted_capitalized ... ok
[INFO] [stdout] test theme::tests::test_from_str::case_17_light_capitalized ... ok
[INFO] [stdout] test theme::tests::test_from_str::case_18_dark_capitalized ... ok
[INFO] [stdout] test theme::tests::test_from_str_error::case_1_empty ... ok
[INFO] [stdout] test theme::tests::test_from_str_error::case_2_invalid ... ok
[INFO] [stdout] test theme::tests::test_score_basic::case_1_black ... ok
[INFO] [stdout] test theme::tests::test_score_basic::case_2_gray ... ok
[INFO] [stdout] test theme::tests::test_score_basic::case_3_white ... ok
[INFO] [stdout] test theme::tests::test_score_basic::case_4_red ... ok
[INFO] [stdout] test theme::tests::test_score_basic::case_5_green ... ok
[INFO] [stdout] test theme::tests::test_score_basic::case_6_blue ... ok
[INFO] [stdout] test theme::tests::test_score_colorful::case_02_gray ... ok
[INFO] [stdout] test theme::tests::test_score_colorful::case_03_white ... ok
[INFO] [stdout] test theme::tests::test_score_colorful::case_05_green ... ok
[INFO] [stdout] test theme::tests::test_score_colorful::case_06_blue ... ok
[INFO] [stdout] test theme::tests::test_score_colorful::case_07_yellow ... ok
[INFO] [stdout] test theme::tests::test_score_colorful::case_08_cyan ... ok
[INFO] [stdout] test theme::tests::test_score_colorful::case_09_magenta ... ok
[INFO] [stdout] test theme::tests::test_score_colorful::case_10_orange ... ok
[INFO] [stdout] test theme::tests::test_score_colorful::case_11_purple ... ok
[INFO] [stdout] test theme::tests::test_score_colorful::case_12_lime ... ok
[INFO] [stdout] test theme::tests::test_score_dark::case_01_black ... ok
[INFO] [stdout] test theme::tests::test_score_dark::case_02_gray ... ok
[INFO] [stdout] test theme::tests::test_score_dark::case_03_white ... ok
[INFO] [stdout] test theme::tests::test_score_dark::case_04_red ... ok
[INFO] [stdout] test theme::tests::test_score_dark::case_05_green ... ok
[INFO] [stdout] test theme::tests::test_score_dark::case_06_blue ... ok
[INFO] [stdout] test theme::tests::test_score_dark::case_07_yellow ... ok
[INFO] [stdout] test theme::tests::test_score_dark::case_08_cyan ... ok
[INFO] [stdout] test theme::tests::test_score_dark::case_09_magenta ... ok
[INFO] [stdout] test theme::tests::test_score_dark::case_10_orange ... ok
[INFO] [stdout] test theme::tests::test_score_dark::case_11_purple ... ok
[INFO] [stdout] test theme::tests::test_score_dark::case_12_lime ... ok
[INFO] [stdout] test theme::tests::test_score_light::case_01_black ... ok
[INFO] [stdout] test theme::tests::test_score_colorful::case_01_black ... ok
[INFO] [stdout] test theme::tests::test_score_light::case_02_gray ... ok
[INFO] [stdout] test theme::tests::test_score_light::case_03_white ... ok
[INFO] [stdout] test theme::tests::test_score_colorful::case_04_red ... ok
[INFO] [stdout] test theme::tests::test_score_light::case_04_red ... ok
[INFO] [stdout] test theme::tests::test_score_light::case_05_green ... ok
[INFO] [stdout] test theme::tests::test_score_light::case_06_blue ... ok
[INFO] [stdout] test theme::tests::test_score_light::case_07_yellow ... ok
[INFO] [stdout] test theme::tests::test_score_light::case_08_cyan ... ok
[INFO] [stdout] test theme::tests::test_score_light::case_09_magenta ... ok
[INFO] [stdout] test theme::tests::test_score_light::case_12_lime ... ok
[INFO] [stdout] test theme::tests::test_score_light::case_10_orange ... ok
[INFO] [stdout] test theme::tests::test_score_muted::case_03_white ... ok
[INFO] [stdout] test theme::tests::test_score_muted::case_04_red ... ok
[INFO] [stdout] test theme::tests::test_score_muted::case_02_gray ... ok
[INFO] [stdout] test theme::tests::test_score_muted::case_05_green ... ok
[INFO] [stdout] test theme::tests::test_score_light::case_11_purple ... ok
[INFO] [stdout] test theme::tests::test_score_muted::case_01_black ... ok
[INFO] [stdout] test theme::tests::test_score_muted::case_07_yellow ... ok
[INFO] [stdout] test theme::tests::test_score_muted::case_08_cyan ... ok
[INFO] [stdout] test theme::tests::test_score_muted::case_06_blue ... ok
[INFO] [stdout] test theme::tests::test_score_muted::case_11_purple ... ok
[INFO] [stdout] test theme::tests::test_score_vivid::case_01_black ... ok
[INFO] [stdout] test theme::tests::test_score_vivid::case_02_gray ... ok
[INFO] [stdout] test theme::tests::test_score_muted::case_12_lime ... ok
[INFO] [stdout] test theme::tests::test_score_muted::case_09_magenta ... ok
[INFO] [stdout] test theme::tests::test_score_muted::case_10_orange ... ok
[INFO] [stdout] test theme::tests::test_score_vivid::case_04_red ... ok
[INFO] [stdout] test theme::tests::test_score_vivid::case_05_green ... ok
[INFO] [stdout] test color::ansi16::tests::test_new_invalid - should panic ... ok
[INFO] [stdout] test theme::tests::test_score_vivid::case_06_blue ... ok
[INFO] [stdout] test image::tests::test_load_rgb_image ... FAILED
[INFO] [stdout] test theme::tests::test_score_vivid::case_07_yellow ... ok
[INFO] [stdout] test theme::tests::test_score_vivid::case_08_cyan ... ok
[INFO] [stdout] test theme::tests::test_score_vivid::case_03_white ... ok
[INFO] [stdout] test theme::tests::test_score_vivid::case_09_magenta ... ok
[INFO] [stdout] test theme::tests::test_score_vivid::case_10_orange ... ok
[INFO] [stdout] test theme::tests::test_score_vivid::case_11_purple ... ok
[INFO] [stdout] test theme::tests::test_score_vivid::case_12_lime ... ok
[INFO] [stdout] test image::tests::test_load_rgba_image ... FAILED
[INFO] [stdout] test math::number::tests::test_denormalize_panic::case_1 - should panic ... ok
[INFO] [stdout] test math::number::tests::test_normalize_panic::case_2 - should panic ... ok
[INFO] [stdout] test math::number::tests::test_normalize_panic::case_1 - should panic ... ok
[INFO] [stdout] test math::number::tests::test_denormalize_panic::case_2 - should panic ... ok
[INFO] [stdout] test palette::tests::test_extract ... FAILED
[INFO] [stdout] test palette::tests::test_extract_with_algorithm::case_1_kmeans ... FAILED
[INFO] [stdout] test palette::tests::test_extract_with_algorithm::case_3_dbscanpp ... FAILED
[INFO] [stdout] test math::sampling::tests::test_sample_weighted_farthest_point_sampling_invalid - should panic ... ok
[INFO] [stdout] test palette::tests::test_extract_with_algorithm::case_2_dbscan ... FAILED
[INFO] [stdout] 
[INFO] [stdout] failures:
[INFO] [stdout] 
[INFO] [stdout] ---- image::tests::test_load_rgb_image stdout ----
[INFO] [stdout] thread 'image::tests::test_load_rgb_image' panicked at src/image.rs:224:88:
[INFO] [stdout] called `Result::unwrap()` on an `Err` value: ImageLoadError { cause: IoError(Os { code: 2, kind: NotFound, message: "No such file or directory" }) }
[INFO] [stdout] stack backtrace:
[INFO] [stdout]    0:     0x5929fbb49bda - std::backtrace_rs::backtrace::libunwind::trace::h5a5b8284f2d0c266
[INFO] [stdout]                                at /rustc/90b35a6239c3d8bdabc530a6a0816f7ff89a0aaf/library/std/src/../../backtrace/src/backtrace/libunwind.rs:116:5
[INFO] [stdout]    1:     0x5929fbb49bda - std::backtrace_rs::backtrace::trace_unsynchronized::h76d4f1c9b0b875e3
[INFO] [stdout]                                at /rustc/90b35a6239c3d8bdabc530a6a0816f7ff89a0aaf/library/std/src/../../backtrace/src/backtrace/mod.rs:66:5
[INFO] [stdout]    2:     0x5929fbb49bda - std::sys::backtrace::_print_fmt::hc4546b8364a537c6
[INFO] [stdout]                                at /rustc/90b35a6239c3d8bdabc530a6a0816f7ff89a0aaf/library/std/src/sys/backtrace.rs:66:9
[INFO] [stdout]    3:     0x5929fbb49bda - <std::sys::backtrace::BacktraceLock::print::DisplayBacktrace as core::fmt::Display>::fmt::h5b6bd5631a6d1f6b
[INFO] [stdout]                                at /rustc/90b35a6239c3d8bdabc530a6a0816f7ff89a0aaf/library/std/src/sys/backtrace.rs:39:26
[INFO] [stdout]    4:     0x5929fbb71c43 - core::fmt::rt::Argument::fmt::h270f6602a2b96f62
[INFO] [stdout]                                at /rustc/90b35a6239c3d8bdabc530a6a0816f7ff89a0aaf/library/core/src/fmt/rt.rs:177:76
[INFO] [stdout]    5:     0x5929fbb71c43 - core::fmt::write::h7550c97b06c86515
[INFO] [stdout]                                at /rustc/90b35a6239c3d8bdabc530a6a0816f7ff89a0aaf/library/core/src/fmt/mod.rs:1186:21
[INFO] [stdout]    6:     0x5929fbb46c43 - std::io::Write::write_fmt::h509ff860e5956e5e
[INFO] [stdout]                                at /rustc/90b35a6239c3d8bdabc530a6a0816f7ff89a0aaf/library/std/src/io/mod.rs:1839:15
[INFO] [stdout]    7:     0x5929fbb49a22 - std::sys::backtrace::BacktraceLock::print::h2395ccd2c84ba3aa
[INFO] [stdout]                                at /rustc/90b35a6239c3d8bdabc530a6a0816f7ff89a0aaf/library/std/src/sys/backtrace.rs:42:9
[INFO] [stdout]    8:     0x5929fbb4b03a - std::panicking::default_hook::{{closure}}::he19d4c7230e07961
[INFO] [stdout]                                at /rustc/90b35a6239c3d8bdabc530a6a0816f7ff89a0aaf/library/std/src/panicking.rs:268:22
[INFO] [stdout]    9:     0x5929fbb4ae44 - std::panicking::default_hook::hf614597d3c67bbdb
[INFO] [stdout]                                at /rustc/90b35a6239c3d8bdabc530a6a0816f7ff89a0aaf/library/std/src/panicking.rs:292:9
[INFO] [stdout]   10:     0x5929fb84e569 - <alloc::boxed::Box<F,A> as core::ops::function::Fn<Args>>::call::h39b51ce4599c23d1
[INFO] [stdout]                                at /rustc/90b35a6239c3d8bdabc530a6a0816f7ff89a0aaf/library/alloc/src/boxed.rs:2468:9
[INFO] [stdout]   11:     0x5929fb84e569 - test::test_main::{{closure}}::he977ae839a582784
[INFO] [stdout]                                at /rustc/90b35a6239c3d8bdabc530a6a0816f7ff89a0aaf/library/test/src/lib.rs:133:21
[INFO] [stdout]   12:     0x5929fbb4b6d8 - <alloc::boxed::Box<F,A> as core::ops::function::Fn<Args>>::call::h9455091b6b06f9fb
[INFO] [stdout]                                at /rustc/90b35a6239c3d8bdabc530a6a0816f7ff89a0aaf/library/alloc/src/boxed.rs:2468:9
[INFO] [stdout]   13:     0x5929fbb4b6d8 - std::panicking::rust_panic_with_hook::h8942133a8b252070
[INFO] [stdout]                                at /rustc/90b35a6239c3d8bdabc530a6a0816f7ff89a0aaf/library/std/src/panicking.rs:809:13
[INFO] [stdout]   14:     0x5929fbb4b49a - std::panicking::begin_panic_handler::{{closure}}::hb5f5963570096b29
[INFO] [stdout]                                at /rustc/90b35a6239c3d8bdabc530a6a0816f7ff89a0aaf/library/std/src/panicking.rs:674:13
[INFO] [stdout]   15:     0x5929fbb4a0b9 - std::sys::backtrace::__rust_end_short_backtrace::h6208cedc1922feda
[INFO] [stdout]                                at /rustc/90b35a6239c3d8bdabc530a6a0816f7ff89a0aaf/library/std/src/sys/backtrace.rs:170:18
[INFO] [stdout]   16:     0x5929fbb4b12c - rust_begin_unwind
[INFO] [stdout]                                at /rustc/90b35a6239c3d8bdabc530a6a0816f7ff89a0aaf/library/std/src/panicking.rs:665:5
[INFO] [stdout]   17:     0x5929fb6b7060 - core::panicking::panic_fmt::h0c3082644d1bf418
[INFO] [stdout]                                at /rustc/90b35a6239c3d8bdabc530a6a0816f7ff89a0aaf/library/core/src/panicking.rs:74:14
[INFO] [stdout]   18:     0x5929fb6b7546 - core::result::unwrap_failed::hd20b4aa073bda1e2
[INFO] [stdout]                                at /rustc/90b35a6239c3d8bdabc530a6a0816f7ff89a0aaf/library/core/src/result.rs:1700:5
[INFO] [stdout]   19:     0x5929fb7c8c5c - core::result::Result<T,E>::unwrap::h4d888e2eb81bdac2
[INFO] [stdout]                                at /rustc/90b35a6239c3d8bdabc530a6a0816f7ff89a0aaf/library/core/src/result.rs:1104:23
[INFO] [stdout]   20:     0x5929fb7c8c5c - auto_palette::image::tests::test_load_rgb_image::hc297a573ba595f84
[INFO] [stdout]                                at /opt/rustwide/workdir/src/image.rs:224:22
[INFO] [stdout]   21:     0x5929fb7c8bb7 - auto_palette::image::tests::test_load_rgb_image::{{closure}}::h4b6eeebb9df2fefd
[INFO] [stdout]                                at /opt/rustwide/workdir/src/image.rs:222:29
[INFO] [stdout]   22:     0x5929fb721546 - core::ops::function::FnOnce::call_once::h5ad217b90a621e04
[INFO] [stdout]                                at /rustc/90b35a6239c3d8bdabc530a6a0816f7ff89a0aaf/library/core/src/ops/function.rs:250:5
[INFO] [stdout]   23:     0x5929fb852f2b - core::ops::function::FnOnce::call_once::h109cf8051a59b34e
[INFO] [stdout]                                at /rustc/90b35a6239c3d8bdabc530a6a0816f7ff89a0aaf/library/core/src/ops/function.rs:250:5
[INFO] [stdout]   24:     0x5929fb852f2b - test::__rust_begin_short_backtrace::hf4fff89d377446ba
[INFO] [stdout]                                at /rustc/90b35a6239c3d8bdabc530a6a0816f7ff89a0aaf/library/test/src/lib.rs:621:18
[INFO] [stdout]   25:     0x5929fb852767 - test::run_test_in_process::{{closure}}::h0e39181dd7ee5a43
[INFO] [stdout]                                at /rustc/90b35a6239c3d8bdabc530a6a0816f7ff89a0aaf/library/test/src/lib.rs:644:60
[INFO] [stdout]   26:     0x5929fb852767 - <core::panic::unwind_safe::AssertUnwindSafe<F> as core::ops::function::FnOnce<()>>::call_once::hc5a66a30f0bdfd1f
[INFO] [stdout]                                at /rustc/90b35a6239c3d8bdabc530a6a0816f7ff89a0aaf/library/core/src/panic/unwind_safe.rs:272:9
[INFO] [stdout]   27:     0x5929fb852767 - std::panicking::try::do_call::h873b7cf639554a5e
[INFO] [stdout]                                at /rustc/90b35a6239c3d8bdabc530a6a0816f7ff89a0aaf/library/std/src/panicking.rs:557:40
[INFO] [stdout]   28:     0x5929fb852767 - std::panicking::try::hdb19862fad9c8bd1
[INFO] [stdout]                                at /rustc/90b35a6239c3d8bdabc530a6a0816f7ff89a0aaf/library/std/src/panicking.rs:520:19
[INFO] [stdout]   29:     0x5929fb852767 - std::panic::catch_unwind::h281fe732d236d260
[INFO] [stdout]                                at /rustc/90b35a6239c3d8bdabc530a6a0816f7ff89a0aaf/library/std/src/panic.rs:358:14
[INFO] [stdout]   30:     0x5929fb852767 - test::run_test_in_process::h949b6df8457ed338
[INFO] [stdout]                                at /rustc/90b35a6239c3d8bdabc530a6a0816f7ff89a0aaf/library/test/src/lib.rs:644:27
[INFO] [stdout]   31:     0x5929fb852767 - test::run_test::{{closure}}::h52c556a6d4740e10
[INFO] [stdout]                                at /rustc/90b35a6239c3d8bdabc530a6a0816f7ff89a0aaf/library/test/src/lib.rs:565:43
[INFO] [stdout]   32:     0x5929fb817a44 - test::run_test::{{closure}}::h4237f6381c45ccb9
[INFO] [stdout]                                at /rustc/90b35a6239c3d8bdabc530a6a0816f7ff89a0aaf/library/test/src/lib.rs:595:41
[INFO] [stdout]   33:     0x5929fb817a44 - std::sys::backtrace::__rust_begin_short_backtrace::h505c97a579eca628
[INFO] [stdout]                                at /rustc/90b35a6239c3d8bdabc530a6a0816f7ff89a0aaf/library/std/src/sys/backtrace.rs:154:18
[INFO] [stdout]   34:     0x5929fb81b10e - std::thread::Builder::spawn_unchecked_::{{closure}}::{{closure}}::h9e86b2e2bc107ea3
[INFO] [stdout]                                at /rustc/90b35a6239c3d8bdabc530a6a0816f7ff89a0aaf/library/std/src/thread/mod.rs:538:17
[INFO] [stdout]   35:     0x5929fb81b10e - <core::panic::unwind_safe::AssertUnwindSafe<F> as core::ops::function::FnOnce<()>>::call_once::h8b06ddb275ff4a25
[INFO] [stdout]                                at /rustc/90b35a6239c3d8bdabc530a6a0816f7ff89a0aaf/library/core/src/panic/unwind_safe.rs:272:9
[INFO] [stdout]   36:     0x5929fb81b10e - std::panicking::try::do_call::hb26ecd7cd9a9355d
[INFO] [stdout]                                at /rustc/90b35a6239c3d8bdabc530a6a0816f7ff89a0aaf/library/std/src/panicking.rs:557:40
[INFO] [stdout]   37:     0x5929fb81b10e - std::panicking::try::h8ddeca9d705f9069
[INFO] [stdout]                                at /rustc/90b35a6239c3d8bdabc530a6a0816f7ff89a0aaf/library/std/src/panicking.rs:520:19
[INFO] [stdout]   38:     0x5929fb81b10e - std::panic::catch_unwind::h49e1c33078844c46
[INFO] [stdout]                                at /rustc/90b35a6239c3d8bdabc530a6a0816f7ff89a0aaf/library/std/src/panic.rs:358:14
[INFO] [stdout]   39:     0x5929fb81b10e - std::thread::Builder::spawn_unchecked_::{{closure}}::h6073db6ff56ad35d
[INFO] [stdout]                                at /rustc/90b35a6239c3d8bdabc530a6a0816f7ff89a0aaf/library/std/src/thread/mod.rs:537:30
[INFO] [stdout]   40:     0x5929fb81b10e - core::ops::function::FnOnce::call_once{{vtable.shim}}::h2c5a5f3779c774f1
[INFO] [stdout]                                at /rustc/90b35a6239c3d8bdabc530a6a0816f7ff89a0aaf/library/core/src/ops/function.rs:250:5
[INFO] [stdout]   41:     0x5929fbb4f43b - <alloc::boxed::Box<F,A> as core::ops::function::FnOnce<Args>>::call_once::hf75717d9f28faebf
[INFO] [stdout]                                at /rustc/90b35a6239c3d8bdabc530a6a0816f7ff89a0aaf/library/alloc/src/boxed.rs:2454:9
[INFO] [stdout]   42:     0x5929fbb4f43b - <alloc::boxed::Box<F,A> as core::ops::function::FnOnce<Args>>::call_once::h7bd883a5f3c5f3c1
[INFO] [stdout]                                at /rustc/90b35a6239c3d8bdabc530a6a0816f7ff89a0aaf/library/alloc/src/boxed.rs:2454:9
[INFO] [stdout]   43:     0x5929fbb4f43b - std::sys::pal::unix::thread::Thread::new::thread_start::hcc78f3943333fa94
[INFO] [stdout]                                at /rustc/90b35a6239c3d8bdabc530a6a0816f7ff89a0aaf/library/std/src/sys/pal/unix/thread.rs:105:17
[INFO] [stdout]   44:     0x758ede7c4ac3 - <unknown>
[INFO] [stdout]   45:     0x758ede855a04 - clone
[INFO] [stdout]   46:                0x0 - <unknown>
[INFO] [stdout] 
[INFO] [stdout] ---- image::tests::test_load_rgba_image stdout ----
[INFO] [stdout] thread 'image::tests::test_load_rgba_image' panicked at src/image.rs:212:68:
[INFO] [stdout] called `Result::unwrap()` on an `Err` value: ImageLoadError { cause: IoError(Os { code: 2, kind: NotFound, message: "No such file or directory" }) }
[INFO] [stdout] stack backtrace:
[INFO] [stdout]    0:     0x5929fbb49bda - std::backtrace_rs::backtrace::libunwind::trace::h5a5b8284f2d0c266
[INFO] [stdout]                                at /rustc/90b35a6239c3d8bdabc530a6a0816f7ff89a0aaf/library/std/src/../../backtrace/src/backtrace/libunwind.rs:116:5
[INFO] [stdout]    1:     0x5929fbb49bda - std::backtrace_rs::backtrace::trace_unsynchronized::h76d4f1c9b0b875e3
[INFO] [stdout]                                at /rustc/90b35a6239c3d8bdabc530a6a0816f7ff89a0aaf/library/std/src/../../backtrace/src/backtrace/mod.rs:66:5
[INFO] [stdout]    2:     0x5929fbb49bda - std::sys::backtrace::_print_fmt::hc4546b8364a537c6
[INFO] [stdout]                                at /rustc/90b35a6239c3d8bdabc530a6a0816f7ff89a0aaf/library/std/src/sys/backtrace.rs:66:9
[INFO] [stdout]    3:     0x5929fbb49bda - <std::sys::backtrace::BacktraceLock::print::DisplayBacktrace as core::fmt::Display>::fmt::h5b6bd5631a6d1f6b
[INFO] [stdout]                                at /rustc/90b35a6239c3d8bdabc530a6a0816f7ff89a0aaf/library/std/src/sys/backtrace.rs:39:26
[INFO] [stdout]    4:     0x5929fbb71c43 - core::fmt::rt::Argument::fmt::h270f6602a2b96f62
[INFO] [stdout]                                at /rustc/90b35a6239c3d8bdabc530a6a0816f7ff89a0aaf/library/core/src/fmt/rt.rs:177:76
[INFO] [stdout]    5:     0x5929fbb71c43 - core::fmt::write::h7550c97b06c86515
[INFO] [stdout]                                at /rustc/90b35a6239c3d8bdabc530a6a0816f7ff89a0aaf/library/core/src/fmt/mod.rs:1186:21
[INFO] [stdout]    6:     0x5929fbb46c43 - std::io::Write::write_fmt::h509ff860e5956e5e
[INFO] [stdout]                                at /rustc/90b35a6239c3d8bdabc530a6a0816f7ff89a0aaf/library/std/src/io/mod.rs:1839:15
[INFO] [stdout]    7:     0x5929fbb49a22 - std::sys::backtrace::BacktraceLock::print::h2395ccd2c84ba3aa
[INFO] [stdout]                                at /rustc/90b35a6239c3d8bdabc530a6a0816f7ff89a0aaf/library/std/src/sys/backtrace.rs:42:9
[INFO] [stdout]    8:     0x5929fbb4b03a - std::panicking::default_hook::{{closure}}::he19d4c7230e07961
[INFO] [stdout]                                at /rustc/90b35a6239c3d8bdabc530a6a0816f7ff89a0aaf/library/std/src/panicking.rs:268:22
[INFO] [stdout]    9:     0x5929fbb4ae44 - std::panicking::default_hook::hf614597d3c67bbdb
[INFO] [stdout]                                at /rustc/90b35a6239c3d8bdabc530a6a0816f7ff89a0aaf/library/std/src/panicking.rs:292:9
[INFO] [stdout]   10:     0x5929fb84e569 - <alloc::boxed::Box<F,A> as core::ops::function::Fn<Args>>::call::h39b51ce4599c23d1
[INFO] [stdout]                                at /rustc/90b35a6239c3d8bdabc530a6a0816f7ff89a0aaf/library/alloc/src/boxed.rs:2468:9
[INFO] [stdout]   11:     0x5929fb84e569 - test::test_main::{{closure}}::he977ae839a582784
[INFO] [stdout]                                at /rustc/90b35a6239c3d8bdabc530a6a0816f7ff89a0aaf/library/test/src/lib.rs:133:21
[INFO] [stdout]   12:     0x5929fbb4b6d8 - <alloc::boxed::Box<F,A> as core::ops::function::Fn<Args>>::call::h9455091b6b06f9fb
[INFO] [stdout]                                at /rustc/90b35a6239c3d8bdabc530a6a0816f7ff89a0aaf/library/alloc/src/boxed.rs:2468:9
[INFO] [stdout]   13:     0x5929fbb4b6d8 - std::panicking::rust_panic_with_hook::h8942133a8b252070
[INFO] [stdout]                                at /rustc/90b35a6239c3d8bdabc530a6a0816f7ff89a0aaf/library/std/src/panicking.rs:809:13
[INFO] [stdout]   14:     0x5929fbb4b49a - std::panicking::begin_panic_handler::{{closure}}::hb5f5963570096b29
[INFO] [stdout]                                at /rustc/90b35a6239c3d8bdabc530a6a0816f7ff89a0aaf/library/std/src/panicking.rs:674:13
[INFO] [stdout]   15:     0x5929fbb4a0b9 - std::sys::backtrace::__rust_end_short_backtrace::h6208cedc1922feda
[INFO] [stdout]                                at /rustc/90b35a6239c3d8bdabc530a6a0816f7ff89a0aaf/library/std/src/sys/backtrace.rs:170:18
[INFO] [stdout]   16:     0x5929fbb4b12c - rust_begin_unwind
[INFO] [stdout]                                at /rustc/90b35a6239c3d8bdabc530a6a0816f7ff89a0aaf/library/std/src/panicking.rs:665:5
[INFO] [stdout]   17:     0x5929fb6b7060 - core::panicking::panic_fmt::h0c3082644d1bf418
[INFO] [stdout]                                at /rustc/90b35a6239c3d8bdabc530a6a0816f7ff89a0aaf/library/core/src/panicking.rs:74:14
[INFO] [stdout]   18:     0x5929fb6b7546 - core::result::unwrap_failed::hd20b4aa073bda1e2
[INFO] [stdout]                                at /rustc/90b35a6239c3d8bdabc530a6a0816f7ff89a0aaf/library/core/src/result.rs:1700:5
[INFO] [stdout]   19:     0x5929fb7c88dc - core::result::Result<T,E>::unwrap::h4d888e2eb81bdac2
[INFO] [stdout]                                at /rustc/90b35a6239c3d8bdabc530a6a0816f7ff89a0aaf/library/core/src/result.rs:1104:23
[INFO] [stdout]   20:     0x5929fb7c88dc - auto_palette::image::tests::test_load_rgba_image::h7ea1cb806cf9ca9d
[INFO] [stdout]                                at /opt/rustwide/workdir/src/image.rs:212:22
[INFO] [stdout]   21:     0x5929fb7c8837 - auto_palette::image::tests::test_load_rgba_image::{{closure}}::hd5ac6a3ef634cae5
[INFO] [stdout]                                at /opt/rustwide/workdir/src/image.rs:210:30
[INFO] [stdout]   22:     0x5929fb71eca6 - core::ops::function::FnOnce::call_once::h0155bee89e396812
[INFO] [stdout]                                at /rustc/90b35a6239c3d8bdabc530a6a0816f7ff89a0aaf/library/core/src/ops/function.rs:250:5
[INFO] [stdout]   23:     0x5929fb852f2b - core::ops::function::FnOnce::call_once::h109cf8051a59b34e
[INFO] [stdout]                                at /rustc/90b35a6239c3d8bdabc530a6a0816f7ff89a0aaf/library/core/src/ops/function.rs:250:5
[INFO] [stdout]   24:     0x5929fb852f2b - test::__rust_begin_short_backtrace::hf4fff89d377446ba
[INFO] [stdout]                                at /rustc/90b35a6239c3d8bdabc530a6a0816f7ff89a0aaf/library/test/src/lib.rs:621:18
[INFO] [stdout]   25:     0x5929fb852767 - test::run_test_in_process::{{closure}}::h0e39181dd7ee5a43
[INFO] [stdout]                                at /rustc/90b35a6239c3d8bdabc530a6a0816f7ff89a0aaf/library/test/src/lib.rs:644:60
[INFO] [stdout]   26:     0x5929fb852767 - <core::panic::unwind_safe::AssertUnwindSafe<F> as core::ops::function::FnOnce<()>>::call_once::hc5a66a30f0bdfd1f
[INFO] [stdout]                                at /rustc/90b35a6239c3d8bdabc530a6a0816f7ff89a0aaf/library/core/src/panic/unwind_safe.rs:272:9
[INFO] [stdout]   27:     0x5929fb852767 - std::panicking::try::do_call::h873b7cf639554a5e
[INFO] [stdout]                                at /rustc/90b35a6239c3d8bdabc530a6a0816f7ff89a0aaf/library/std/src/panicking.rs:557:40
[INFO] [stdout]   28:     0x5929fb852767 - std::panicking::try::hdb19862fad9c8bd1
[INFO] [stdout]                                at /rustc/90b35a6239c3d8bdabc530a6a0816f7ff89a0aaf/library/std/src/panicking.rs:520:19
[INFO] [stdout]   29:     0x5929fb852767 - std::panic::catch_unwind::h281fe732d236d260
[INFO] [stdout]                                at /rustc/90b35a6239c3d8bdabc530a6a0816f7ff89a0aaf/library/std/src/panic.rs:358:14
[INFO] [stdout]   30:     0x5929fb852767 - test::run_test_in_process::h949b6df8457ed338
[INFO] [stdout]                                at /rustc/90b35a6239c3d8bdabc530a6a0816f7ff89a0aaf/library/test/src/lib.rs:644:27
[INFO] [stdout]   31:     0x5929fb852767 - test::run_test::{{closure}}::h52c556a6d4740e10
[INFO] [stdout]                                at /rustc/90b35a6239c3d8bdabc530a6a0816f7ff89a0aaf/library/test/src/lib.rs:565:43
[INFO] [stdout]   32:     0x5929fb817a44 - test::run_test::{{closure}}::h4237f6381c45ccb9
[INFO] [stdout]                                at /rustc/90b35a6239c3d8bdabc530a6a0816f7ff89a0aaf/library/test/src/lib.rs:595:41
[INFO] [stdout]   33:     0x5929fb817a44 - std::sys::backtrace::__rust_begin_short_backtrace::h505c97a579eca628
[INFO] [stdout]                                at /rustc/90b35a6239c3d8bdabc530a6a0816f7ff89a0aaf/library/std/src/sys/backtrace.rs:154:18
[INFO] [stdout]   34:     0x5929fb81b10e - std::thread::Builder::spawn_unchecked_::{{closure}}::{{closure}}::h9e86b2e2bc107ea3
[INFO] [stdout]                                at /rustc/90b35a6239c3d8bdabc530a6a0816f7ff89a0aaf/library/std/src/thread/mod.rs:538:17
[INFO] [stdout]   35:     0x5929fb81b10e - <core::panic::unwind_safe::AssertUnwindSafe<F> as core::ops::function::FnOnce<()>>::call_once::h8b06ddb275ff4a25
[INFO] [stdout]                                at /rustc/90b35a6239c3d8bdabc530a6a0816f7ff89a0aaf/library/core/src/panic/unwind_safe.rs:272:9
[INFO] [stdout]   36:     0x5929fb81b10e - std::panicking::try::do_call::hb26ecd7cd9a9355d
[INFO] [stdout]                                at /rustc/90b35a6239c3d8bdabc530a6a0816f7ff89a0aaf/library/std/src/panicking.rs:557:40
[INFO] [stdout]   37:     0x5929fb81b10e - std::panicking::try::h8ddeca9d705f9069
[INFO] [stdout]                                at /rustc/90b35a6239c3d8bdabc530a6a0816f7ff89a0aaf/library/std/src/panicking.rs:520:19
[INFO] [stdout]   38:     0x5929fb81b10e - std::panic::catch_unwind::h49e1c33078844c46
[INFO] [stdout]                                at /rustc/90b35a6239c3d8bdabc530a6a0816f7ff89a0aaf/library/std/src/panic.rs:358:14
[INFO] [stdout]   39:     0x5929fb81b10e - std::thread::Builder::spawn_unchecked_::{{closure}}::h6073db6ff56ad35d
[INFO] [stdout]                                at /rustc/90b35a6239c3d8bdabc530a6a0816f7ff89a0aaf/library/std/src/thread/mod.rs:537:30
[INFO] [stdout]   40:     0x5929fb81b10e - core::ops::function::FnOnce::call_once{{vtable.shim}}::h2c5a5f3779c774f1
[INFO] [stdout]                                at /rustc/90b35a6239c3d8bdabc530a6a0816f7ff89a0aaf/library/core/src/ops/function.rs:250:5
[INFO] [stdout]   41:     0x5929fbb4f43b - <alloc::boxed::Box<F,A> as core::ops::function::FnOnce<Args>>::call_once::hf75717d9f28faebf
[INFO] [stdout]                                at /rustc/90b35a6239c3d8bdabc530a6a0816f7ff89a0aaf/library/alloc/src/boxed.rs:2454:9
[INFO] [stdout]   42:     0x5929fbb4f43b - <alloc::boxed::Box<F,A> as core::ops::function::FnOnce<Args>>::call_once::h7bd883a5f3c5f3c1
[INFO] [stdout]                                at /rustc/90b35a6239c3d8bdabc530a6a0816f7ff89a0aaf/library/alloc/src/boxed.rs:2454:9
[INFO] [stdout]   43:     0x5929fbb4f43b - std::sys::pal::unix::thread::Thread::new::thread_start::hcc78f3943333fa94
[INFO] [stdout]                                at /rustc/90b35a6239c3d8bdabc530a6a0816f7ff89a0aaf/library/std/src/sys/pal/unix/thread.rs:105:17
[INFO] [stdout]   44:     0x758ede7c4ac3 - <unknown>
[INFO] [stdout]   45:     0x758ede855a04 - clone
[INFO] [stdout]   46:                0x0 - <unknown>
[INFO] [stdout] 
[INFO] [stdout] ---- palette::tests::test_extract stdout ----
[INFO] [stdout] thread 'palette::tests::test_extract' panicked at src/palette.rs:394:72:
[INFO] [stdout] called `Result::unwrap()` on an `Err` value: ImageLoadError { cause: IoError(Os { code: 2, kind: NotFound, message: "No such file or directory" }) }
[INFO] [stdout] stack backtrace:
[INFO] [stdout]    0:     0x5929fbb49bda - std::backtrace_rs::backtrace::libunwind::trace::h5a5b8284f2d0c266
[INFO] [stdout]                                at /rustc/90b35a6239c3d8bdabc530a6a0816f7ff89a0aaf/library/std/src/../../backtrace/src/backtrace/libunwind.rs:116:5
[INFO] [stdout]    1:     0x5929fbb49bda - std::backtrace_rs::backtrace::trace_unsynchronized::h76d4f1c9b0b875e3
[INFO] [stdout]                                at /rustc/90b35a6239c3d8bdabc530a6a0816f7ff89a0aaf/library/std/src/../../backtrace/src/backtrace/mod.rs:66:5
[INFO] [stdout]    2:     0x5929fbb49bda - std::sys::backtrace::_print_fmt::hc4546b8364a537c6
[INFO] [stdout]                                at /rustc/90b35a6239c3d8bdabc530a6a0816f7ff89a0aaf/library/std/src/sys/backtrace.rs:66:9
[INFO] [stdout]    3:     0x5929fbb49bda - <std::sys::backtrace::BacktraceLock::print::DisplayBacktrace as core::fmt::Display>::fmt::h5b6bd5631a6d1f6b
[INFO] [stdout]                                at /rustc/90b35a6239c3d8bdabc530a6a0816f7ff89a0aaf/library/std/src/sys/backtrace.rs:39:26
[INFO] [stdout]    4:     0x5929fbb71c43 - core::fmt::rt::Argument::fmt::h270f6602a2b96f62
[INFO] [stdout]                                at /rustc/90b35a6239c3d8bdabc530a6a0816f7ff89a0aaf/library/core/src/fmt/rt.rs:177:76
[INFO] [stdout]    5:     0x5929fbb71c43 - core::fmt::write::h7550c97b06c86515
[INFO] [stdout]                                at /rustc/90b35a6239c3d8bdabc530a6a0816f7ff89a0aaf/library/core/src/fmt/mod.rs:1186:21
[INFO] [stdout]    6:     0x5929fbb46c43 - std::io::Write::write_fmt::h509ff860e5956e5e
[INFO] [stdout]                                at /rustc/90b35a6239c3d8bdabc530a6a0816f7ff89a0aaf/library/std/src/io/mod.rs:1839:15
[INFO] [stdout]    7:     0x5929fbb49a22 - std::sys::backtrace::BacktraceLock::print::h2395ccd2c84ba3aa
[INFO] [stdout]                                at /rustc/90b35a6239c3d8bdabc530a6a0816f7ff89a0aaf/library/std/src/sys/backtrace.rs:42:9
[INFO] [stdout]    8:     0x5929fbb4b03a - std::panicking::default_hook::{{closure}}::he19d4c7230e07961
[INFO] [stdout]                                at /rustc/90b35a6239c3d8bdabc530a6a0816f7ff89a0aaf/library/std/src/panicking.rs:268:22
[INFO] [stdout]    9:     0x5929fbb4ae44 - std::panicking::default_hook::hf614597d3c67bbdb
[INFO] [stdout]                                at /rustc/90b35a6239c3d8bdabc530a6a0816f7ff89a0aaf/library/std/src/panicking.rs:292:9
[INFO] [stdout]   10:     0x5929fb84e569 - <alloc::boxed::Box<F,A> as core::ops::function::Fn<Args>>::call::h39b51ce4599c23d1
[INFO] [stdout]                                at /rustc/90b35a6239c3d8bdabc530a6a0816f7ff89a0aaf/library/alloc/src/boxed.rs:2468:9
[INFO] [stdout]   11:     0x5929fb84e569 - test::test_main::{{closure}}::he977ae839a582784
[INFO] [stdout]                                at /rustc/90b35a6239c3d8bdabc530a6a0816f7ff89a0aaf/library/test/src/lib.rs:133:21
[INFO] [stdout]   12:     0x5929fbb4b6d8 - <alloc::boxed::Box<F,A> as core::ops::function::Fn<Args>>::call::h9455091b6b06f9fb
[INFO] [stdout]                                at /rustc/90b35a6239c3d8bdabc530a6a0816f7ff89a0aaf/library/alloc/src/boxed.rs:2468:9
[INFO] [stdout]   13:     0x5929fbb4b6d8 - std::panicking::rust_panic_with_hook::h8942133a8b252070
[INFO] [stdout]                                at /rustc/90b35a6239c3d8bdabc530a6a0816f7ff89a0aaf/library/std/src/panicking.rs:809:13
[INFO] [stdout]   14:     0x5929fbb4b49a - std::panicking::begin_panic_handler::{{closure}}::hb5f5963570096b29
[INFO] [stdout]                                at /rustc/90b35a6239c3d8bdabc530a6a0816f7ff89a0aaf/library/std/src/panicking.rs:674:13
[INFO] [stdout]   15:     0x5929fbb4a0b9 - std::sys::backtrace::__rust_end_short_backtrace::h6208cedc1922feda
[INFO] [stdout]                                at /rustc/90b35a6239c3d8bdabc530a6a0816f7ff89a0aaf/library/std/src/sys/backtrace.rs:170:18
[INFO] [stdout]   16:     0x5929fbb4b12c - rust_begin_unwind
[INFO] [stdout]                                at /rustc/90b35a6239c3d8bdabc530a6a0816f7ff89a0aaf/library/std/src/panicking.rs:665:5
[INFO] [stdout]   17:     0x5929fb6b7060 - core::panicking::panic_fmt::h0c3082644d1bf418
[INFO] [stdout]                                at /rustc/90b35a6239c3d8bdabc530a6a0816f7ff89a0aaf/library/core/src/panicking.rs:74:14
[INFO] [stdout]   18:     0x5929fb6b7546 - core::result::unwrap_failed::hd20b4aa073bda1e2
[INFO] [stdout]                                at /rustc/90b35a6239c3d8bdabc530a6a0816f7ff89a0aaf/library/core/src/result.rs:1700:5
[INFO] [stdout]   19:     0x5929fb7cb73f - core::result::Result<T,E>::unwrap::h4d888e2eb81bdac2
[INFO] [stdout]                                at /rustc/90b35a6239c3d8bdabc530a6a0816f7ff89a0aaf/library/core/src/result.rs:1104:23
[INFO] [stdout]   20:     0x5929fb7cb73f - auto_palette::palette::tests::test_extract::hb4eb82350acff6e3
[INFO] [stdout]                                at /opt/rustwide/workdir/src/palette.rs:394:26
[INFO] [stdout]   21:     0x5929fb7cb697 - auto_palette::palette::tests::test_extract::{{closure}}::he517784e4ca72053
[INFO] [stdout]                                at /opt/rustwide/workdir/src/palette.rs:392:22
[INFO] [stdout]   22:     0x5929fb726166 - core::ops::function::FnOnce::call_once::hfc54d16ed7769785
[INFO] [stdout]                                at /rustc/90b35a6239c3d8bdabc530a6a0816f7ff89a0aaf/library/core/src/ops/function.rs:250:5
[INFO] [stdout]   23:     0x5929fb852f2b - core::ops::function::FnOnce::call_once::h109cf8051a59b34e
[INFO] [stdout]                                at /rustc/90b35a6239c3d8bdabc530a6a0816f7ff89a0aaf/library/core/src/ops/function.rs:250:5
[INFO] [stdout]   24:     0x5929fb852f2b - test::__rust_begin_short_backtrace::hf4fff89d377446ba
[INFO] [stdout]                                at /rustc/90b35a6239c3d8bdabc530a6a0816f7ff89a0aaf/library/test/src/lib.rs:621:18
[INFO] [stdout]   25:     0x5929fb852767 - test::run_test_in_process::{{closure}}::h0e39181dd7ee5a43
[INFO] [stdout]                                at /rustc/90b35a6239c3d8bdabc530a6a0816f7ff89a0aaf/library/test/src/lib.rs:644:60
[INFO] [stdout]   26:     0x5929fb852767 - <core::panic::unwind_safe::AssertUnwindSafe<F> as core::ops::function::FnOnce<()>>::call_once::hc5a66a30f0bdfd1f
[INFO] [stdout]                                at /rustc/90b35a6239c3d8bdabc530a6a0816f7ff89a0aaf/library/core/src/panic/unwind_safe.rs:272:9
[INFO] [stdout]   27:     0x5929fb852767 - std::panicking::try::do_call::h873b7cf639554a5e
[INFO] [stdout]                                at /rustc/90b35a6239c3d8bdabc530a6a0816f7ff89a0aaf/library/std/src/panicking.rs:557:40
[INFO] [stdout]   28:     0x5929fb852767 - std::panicking::try::hdb19862fad9c8bd1
[INFO] [stdout]                                at /rustc/90b35a6239c3d8bdabc530a6a0816f7ff89a0aaf/library/std/src/panicking.rs:520:19
[INFO] [stdout]   29:     0x5929fb852767 - std::panic::catch_unwind::h281fe732d236d260
[INFO] [stdout]                                at /rustc/90b35a6239c3d8bdabc530a6a0816f7ff89a0aaf/library/std/src/panic.rs:358:14
[INFO] [stdout]   30:     0x5929fb852767 - test::run_test_in_process::h949b6df8457ed338
[INFO] [stdout]                                at /rustc/90b35a6239c3d8bdabc530a6a0816f7ff89a0aaf/library/test/src/lib.rs:644:27
[INFO] [stdout]   31:     0x5929fb852767 - test::run_test::{{closure}}::h52c556a6d4740e10
[INFO] [stdout]                                at /rustc/90b35a6239c3d8bdabc530a6a0816f7ff89a0aaf/library/test/src/lib.rs:565:43
[INFO] [stdout]   32:     0x5929fb817a44 - test::run_test::{{closure}}::h4237f6381c45ccb9
[INFO] [stdout]                                at /rustc/90b35a6239c3d8bdabc530a6a0816f7ff89a0aaf/library/test/src/lib.rs:595:41
[INFO] [stdout]   33:     0x5929fb817a44 - std::sys::backtrace::__rust_begin_short_backtrace::h505c97a579eca628
[INFO] [stdout]                                at /rustc/90b35a6239c3d8bdabc530a6a0816f7ff89a0aaf/library/std/src/sys/backtrace.rs:154:18
[INFO] [stdout]   34:     0x5929fb81b10e - std::thread::Builder::spawn_unchecked_::{{closure}}::{{closure}}::h9e86b2e2bc107ea3
[INFO] [stdout]                                at /rustc/90b35a6239c3d8bdabc530a6a0816f7ff89a0aaf/library/std/src/thread/mod.rs:538:17
[INFO] [stdout]   35:     0x5929fb81b10e - <core::panic::unwind_safe::AssertUnwindSafe<F> as core::ops::function::FnOnce<()>>::call_once::h8b06ddb275ff4a25
[INFO] [stdout]                                at /rustc/90b35a6239c3d8bdabc530a6a0816f7ff89a0aaf/library/core/src/panic/unwind_safe.rs:272:9
[INFO] [stdout]   36:     0x5929fb81b10e - std::panicking::try::do_call::hb26ecd7cd9a9355d
[INFO] [stdout]                                at /rustc/90b35a6239c3d8bdabc530a6a0816f7ff89a0aaf/library/std/src/panicking.rs:557:40
[INFO] [stdout]   37:     0x5929fb81b10e - std::panicking::try::h8ddeca9d705f9069
[INFO] [stdout]                                at /rustc/90b35a6239c3d8bdabc530a6a0816f7ff89a0aaf/library/std/src/panicking.rs:520:19
[INFO] [stdout]   38:     0x5929fb81b10e - std::panic::catch_unwind::h49e1c33078844c46
[INFO] [stdout]                                at /rustc/90b35a6239c3d8bdabc530a6a0816f7ff89a0aaf/library/std/src/panic.rs:358:14
[INFO] [stdout]   39:     0x5929fb81b10e - std::thread::Builder::spawn_unchecked_::{{closure}}::h6073db6ff56ad35d
[INFO] [stdout]                                at /rustc/90b35a6239c3d8bdabc530a6a0816f7ff89a0aaf/library/std/src/thread/mod.rs:537:30
[INFO] [stdout]   40:     0x5929fb81b10e - core::ops::function::FnOnce::call_once{{vtable.shim}}::h2c5a5f3779c774f1
[INFO] [stdout]                                at /rustc/90b35a6239c3d8bdabc530a6a0816f7ff89a0aaf/library/core/src/ops/function.rs:250:5
[INFO] [stdout]   41:     0x5929fbb4f43b - <alloc::boxed::Box<F,A> as core::ops::function::FnOnce<Args>>::call_once::hf75717d9f28faebf
[INFO] [stdout]                                at /rustc/90b35a6239c3d8bdabc530a6a0816f7ff89a0aaf/library/alloc/src/boxed.rs:2454:9
[INFO] [stdout]   42:     0x5929fbb4f43b - <alloc::boxed::Box<F,A> as core::ops::function::FnOnce<Args>>::call_once::h7bd883a5f3c5f3c1
[INFO] [stdout]                                at /rustc/90b35a6239c3d8bdabc530a6a0816f7ff89a0aaf/library/alloc/src/boxed.rs:2454:9
[INFO] [stdout]   43:     0x5929fbb4f43b - std::sys::pal::unix::thread::Thread::new::thread_start::hcc78f3943333fa94
[INFO] [stdout]                                at /rustc/90b35a6239c3d8bdabc530a6a0816f7ff89a0aaf/library/std/src/sys/pal/unix/thread.rs:105:17
[INFO] [stdout]   44:     0x758ede7c4ac3 - <unknown>
[INFO] [stdout]   45:     0x758ede855a04 - clone
[INFO] [stdout]   46:                0x0 - <unknown>
[INFO] [stdout] 
[INFO] [stdout] ---- palette::tests::test_extract_with_algorithm::case_1_kmeans stdout ----
[INFO] [stdout] thread 'palette::tests::test_extract_with_algorithm::case_1_kmeans' panicked at src/palette.rs:409:72:
[INFO] [stdout] called `Result::unwrap()` on an `Err` value: ImageLoadError { cause: IoError(Os { code: 2, kind: NotFound, message: "No such file or directory" }) }
[INFO] [stdout] stack backtrace:
[INFO] [stdout]    0:     0x5929fbb49bda - std::backtrace_rs::backtrace::libunwind::trace::h5a5b8284f2d0c266
[INFO] [stdout]                                at /rustc/90b35a6239c3d8bdabc530a6a0816f7ff89a0aaf/library/std/src/../../backtrace/src/backtrace/libunwind.rs:116:5
[INFO] [stdout]    1:     0x5929fbb49bda - std::backtrace_rs::backtrace::trace_unsynchronized::h76d4f1c9b0b875e3
[INFO] [stdout]                                at /rustc/90b35a6239c3d8bdabc530a6a0816f7ff89a0aaf/library/std/src/../../backtrace/src/backtrace/mod.rs:66:5
[INFO] [stdout]    2:     0x5929fbb49bda - std::sys::backtrace::_print_fmt::hc4546b8364a537c6
[INFO] [stdout]                                at /rustc/90b35a6239c3d8bdabc530a6a0816f7ff89a0aaf/library/std/src/sys/backtrace.rs:66:9
[INFO] [stdout]    3:     0x5929fbb49bda - <std::sys::backtrace::BacktraceLock::print::DisplayBacktrace as core::fmt::Display>::fmt::h5b6bd5631a6d1f6b
[INFO] [stdout]                                at /rustc/90b35a6239c3d8bdabc530a6a0816f7ff89a0aaf/library/std/src/sys/backtrace.rs:39:26
[INFO] [stdout]    4:     0x5929fbb71c43 - core::fmt::rt::Argument::fmt::h270f6602a2b96f62
[INFO] [stdout]                                at /rustc/90b35a6239c3d8bdabc530a6a0816f7ff89a0aaf/library/core/src/fmt/rt.rs:177:76
[INFO] [stdout]    5:     0x5929fbb71c43 - core::fmt::write::h7550c97b06c86515
[INFO] [stdout]                                at /rustc/90b35a6239c3d8bdabc530a6a0816f7ff89a0aaf/library/core/src/fmt/mod.rs:1186:21
[INFO] [stdout]    6:     0x5929fbb46c43 - std::io::Write::write_fmt::h509ff860e5956e5e
[INFO] [stdout]                                at /rustc/90b35a6239c3d8bdabc530a6a0816f7ff89a0aaf/library/std/src/io/mod.rs:1839:15
[INFO] [stdout]    7:     0x5929fbb49a22 - std::sys::backtrace::BacktraceLock::print::h2395ccd2c84ba3aa
[INFO] [stdout]                                at /rustc/90b35a6239c3d8bdabc530a6a0816f7ff89a0aaf/library/std/src/sys/backtrace.rs:42:9
[INFO] [stdout]    8:     0x5929fbb4b03a - std::panicking::default_hook::{{closure}}::he19d4c7230e07961
[INFO] [stdout]                                at /rustc/90b35a6239c3d8bdabc530a6a0816f7ff89a0aaf/library/std/src/panicking.rs:268:22
[INFO] [stdout]    9:     0x5929fbb4ae44 - std::panicking::default_hook::hf614597d3c67bbdb
[INFO] [stdout]                                at /rustc/90b35a6239c3d8bdabc530a6a0816f7ff89a0aaf/library/std/src/panicking.rs:292:9
[INFO] [stdout]   10:     0x5929fb84e569 - <alloc::boxed::Box<F,A> as core::ops::function::Fn<Args>>::call::h39b51ce4599c23d1
[INFO] [stdout]                                at /rustc/90b35a6239c3d8bdabc530a6a0816f7ff89a0aaf/library/alloc/src/boxed.rs:2468:9
[INFO] [stdout]   11:     0x5929fb84e569 - test::test_main::{{closure}}::he977ae839a582784
[INFO] [stdout]                                at /rustc/90b35a6239c3d8bdabc530a6a0816f7ff89a0aaf/library/test/src/lib.rs:133:21
[INFO] [stdout]   12:     0x5929fbb4b6d8 - <alloc::boxed::Box<F,A> as core::ops::function::Fn<Args>>::call::h9455091b6b06f9fb
[INFO] [stdout]                                at /rustc/90b35a6239c3d8bdabc530a6a0816f7ff89a0aaf/library/alloc/src/boxed.rs:2468:9
[INFO] [stdout]   13:     0x5929fbb4b6d8 - std::panicking::rust_panic_with_hook::h8942133a8b252070
[INFO] [stdout]                                at /rustc/90b35a6239c3d8bdabc530a6a0816f7ff89a0aaf/library/std/src/panicking.rs:809:13
[INFO] [stdout]   14:     0x5929fbb4b49a - std::panicking::begin_panic_handler::{{closure}}::hb5f5963570096b29
[INFO] [stdout]                                at /rustc/90b35a6239c3d8bdabc530a6a0816f7ff89a0aaf/library/std/src/panicking.rs:674:13
[INFO] [stdout]   15:     0x5929fbb4a0b9 - std::sys::backtrace::__rust_end_short_backtrace::h6208cedc1922feda
[INFO] [stdout]                                at /rustc/90b35a6239c3d8bdabc530a6a0816f7ff89a0aaf/library/std/src/sys/backtrace.rs:170:18
[INFO] [stdout]   16:     0x5929fbb4b12c - rust_begin_unwind
[INFO] [stdout]                                at /rustc/90b35a6239c3d8bdabc530a6a0816f7ff89a0aaf/library/std/src/panicking.rs:665:5
[INFO] [stdout]   17:     0x5929fb6b7060 - core::panicking::panic_fmt::h0c3082644d1bf418
[INFO] [stdout]                                at /rustc/90b35a6239c3d8bdabc530a6a0816f7ff89a0aaf/library/core/src/panicking.rs:74:14
[INFO] [stdout]   18:     0x5929fb6b7546 - core::result::unwrap_failed::hd20b4aa073bda1e2
[INFO] [stdout]                                at /rustc/90b35a6239c3d8bdabc530a6a0816f7ff89a0aaf/library/core/src/result.rs:1700:5
[INFO] [stdout]   19:     0x5929fb7cba6f - core::result::Result<T,E>::unwrap::h4d888e2eb81bdac2
[INFO] [stdout]                                at /rustc/90b35a6239c3d8bdabc530a6a0816f7ff89a0aaf/library/core/src/result.rs:1104:23
[INFO] [stdout]   20:     0x5929fb7cba6f - auto_palette::palette::tests::test_extract_with_algorithm::h0c9808675e349a43
[INFO] [stdout]                                at /opt/rustwide/workdir/src/palette.rs:409:26
[INFO] [stdout]   21:     0x5929fb8161b2 - auto_palette::palette::tests::test_extract_with_algorithm::case_1_kmeans::hfa6dafd8edd74502
[INFO] [stdout]                                at /opt/rustwide/workdir/src/palette.rs:403:5
[INFO] [stdout]   22:     0x5929fb816167 - auto_palette::palette::tests::test_extract_with_algorithm::case_1_kmeans::{{closure}}::h36e18188bd33276d
[INFO] [stdout]                                at /opt/rustwide/workdir/src/palette.rs:403:14
[INFO] [stdout]   23:     0x5929fb7211e6 - core::ops::function::FnOnce::call_once::h5408fb2f110d006c
[INFO] [stdout]                                at /rustc/90b35a6239c3d8bdabc530a6a0816f7ff89a0aaf/library/core/src/ops/function.rs:250:5
[INFO] [stdout]   24:     0x5929fb852f2b - core::ops::function::FnOnce::call_once::h109cf8051a59b34e
[INFO] [stdout]                                at /rustc/90b35a6239c3d8bdabc530a6a0816f7ff89a0aaf/library/core/src/ops/function.rs:250:5
[INFO] [stdout]   25:     0x5929fb852f2b - test::__rust_begin_short_backtrace::hf4fff89d377446ba
[INFO] [stdout]                                at /rustc/90b35a6239c3d8bdabc530a6a0816f7ff89a0aaf/library/test/src/lib.rs:621:18
[INFO] [stdout]   26:     0x5929fb852767 - test::run_test_in_process::{{closure}}::h0e39181dd7ee5a43
[INFO] [stdout]                                at /rustc/90b35a6239c3d8bdabc530a6a0816f7ff89a0aaf/library/test/src/lib.rs:644:60
[INFO] [stdout]   27:     0x5929fb852767 - <core::panic::unwind_safe::AssertUnwindSafe<F> as core::ops::function::FnOnce<()>>::call_once::hc5a66a30f0bdfd1f
[INFO] [stdout]                                at /rustc/90b35a6239c3d8bdabc530a6a0816f7ff89a0aaf/library/core/src/panic/unwind_safe.rs:272:9
[INFO] [stdout]   28:     0x5929fb852767 - std::panicking::try::do_call::h873b7cf639554a5e
[INFO] [stdout]                                at /rustc/90b35a6239c3d8bdabc530a6a0816f7ff89a0aaf/library/std/src/panicking.rs:557:40
[INFO] [stdout]   29:     0x5929fb852767 - std::panicking::try::hdb19862fad9c8bd1
[INFO] [stdout]                                at /rustc/90b35a6239c3d8bdabc530a6a0816f7ff89a0aaf/library/std/src/panicking.rs:520:19
[INFO] [stdout]   30:     0x5929fb852767 - std::panic::catch_unwind::h281fe732d236d260
[INFO] [stdout]                                at /rustc/90b35a6239c3d8bdabc530a6a0816f7ff89a0aaf/library/std/src/panic.rs:358:14
[INFO] [stdout]   31:     0x5929fb852767 - test::run_test_in_process::h949b6df8457ed338
[INFO] [stdout]                                at /rustc/90b35a6239c3d8bdabc530a6a0816f7ff89a0aaf/library/test/src/lib.rs:644:27
[INFO] [stdout]   32:     0x5929fb852767 - test::run_test::{{closure}}::h52c556a6d4740e10
[INFO] [stdout]                                at /rustc/90b35a6239c3d8bdabc530a6a0816f7ff89a0aaf/library/test/src/lib.rs:565:43
[INFO] [stdout]   33:     0x5929fb817a44 - test::run_test::{{closure}}::h4237f6381c45ccb9
[INFO] [stdout]                                at /rustc/90b35a6239c3d8bdabc530a6a0816f7ff89a0aaf/library/test/src/lib.rs:595:41
[INFO] [stdout]   34:     0x5929fb817a44 - std::sys::backtrace::__rust_begin_short_backtrace::h505c97a579eca628
[INFO] [stdout]                                at /rustc/90b35a6239c3d8bdabc530a6a0816f7ff89a0aaf/library/std/src/sys/backtrace.rs:154:18
[INFO] [stdout]   35:     0x5929fb81b10e - std::thread::Builder::spawn_unchecked_::{{closure}}::{{closure}}::h9e86b2e2bc107ea3
[INFO] [stdout]                                at /rustc/90b35a6239c3d8bdabc530a6a0816f7ff89a0aaf/library/std/src/thread/mod.rs:538:17
[INFO] [stdout]   36:     0x5929fb81b10e - <core::panic::unwind_safe::AssertUnwindSafe<F> as core::ops::function::FnOnce<()>>::call_once::h8b06ddb275ff4a25
[INFO] [stdout]                                at /rustc/90b35a6239c3d8bdabc530a6a0816f7ff89a0aaf/library/core/src/panic/unwind_safe.rs:272:9
[INFO] [stdout]   37:     0x5929fb81b10e - std::panicking::try::do_call::hb26ecd7cd9a9355d
[INFO] [stdout]                                at /rustc/90b35a6239c3d8bdabc530a6a0816f7ff89a0aaf/library/std/src/panicking.rs:557:40
[INFO] [stdout]   38:     0x5929fb81b10e - std::panicking::try::h8ddeca9d705f9069
[INFO] [stdout]                                at /rustc/90b35a6239c3d8bdabc530a6a0816f7ff89a0aaf/library/std/src/panicking.rs:520:19
[INFO] [stdout]   39:     0x5929fb81b10e - std::panic::catch_unwind::h49e1c33078844c46
[INFO] [stdout]                                at /rustc/90b35a6239c3d8bdabc530a6a0816f7ff89a0aaf/library/std/src/panic.rs:358:14
[INFO] [stdout]   40:     0x5929fb81b10e - std::thread::Builder::spawn_unchecked_::{{closure}}::h6073db6ff56ad35d
[INFO] [stdout]                                at /rustc/90b35a6239c3d8bdabc530a6a0816f7ff89a0aaf/library/std/src/thread/mod.rs:537:30
[INFO] [stdout]   41:     0x5929fb81b10e - core::ops::function::FnOnce::call_once{{vtable.shim}}::h2c5a5f3779c774f1
[INFO] [stdout]                                at /rustc/90b35a6239c3d8bdabc530a6a0816f7ff89a0aaf/library/core/src/ops/function.rs:250:5
[INFO] [stdout]   42:     0x5929fbb4f43b - <alloc::boxed::Box<F,A> as core::ops::function::FnOnce<Args>>::call_once::hf75717d9f28faebf
[INFO] [stdout]                                at /rustc/90b35a6239c3d8bdabc530a6a0816f7ff89a0aaf/library/alloc/src/boxed.rs:2454:9
[INFO] [stdout]   43:     0x5929fbb4f43b - <alloc::boxed::Box<F,A> as core::ops::function::FnOnce<Args>>::call_once::h7bd883a5f3c5f3c1
[INFO] [stdout]                                at /rustc/90b35a6239c3d8bdabc530a6a0816f7ff89a0aaf/library/alloc/src/boxed.rs:2454:9
[INFO] [stdout]   44:     0x5929fbb4f43b - std::sys::pal::unix::thread::Thread::new::thread_start::hcc78f3943333fa94
[INFO] [stdout]                                at /rustc/90b35a6239c3d8bdabc530a6a0816f7ff89a0aaf/library/std/src/sys/pal/unix/thread.rs:105:17
[INFO] [stdout]   45:     0x758ede7c4ac3 - <unknown>
[INFO] [stdout]   46:     0x758ede855a04 - clone
[INFO] [stdout]   47:                0x0 - <unknown>
[INFO] [stdout] 
[INFO] [stdout] ---- palette::tests::test_extract_with_algorithm::case_3_dbscanpp stdout ----
[INFO] [stdout] thread 'palette::tests::test_extract_with_algorithm::case_3_dbscanpp' panicked at src/palette.rs:409:72:
[INFO] [stdout] called `Result::unwrap()` on an `Err` value: ImageLoadError { cause: IoError(Os { code: 2, kind: NotFound, message: "No such file or directory" }) }
[INFO] [stdout] stack backtrace:
[INFO] [stdout]    0:     0x5929fbb49bda - std::backtrace_rs::backtrace::libunwind::trace::h5a5b8284f2d0c266
[INFO] [stdout]                                at /rustc/90b35a6239c3d8bdabc530a6a0816f7ff89a0aaf/library/std/src/../../backtrace/src/backtrace/libunwind.rs:116:5
[INFO] [stdout]    1:     0x5929fbb49bda - std::backtrace_rs::backtrace::trace_unsynchronized::h76d4f1c9b0b875e3
[INFO] [stdout]                                at /rustc/90b35a6239c3d8bdabc530a6a0816f7ff89a0aaf/library/std/src/../../backtrace/src/backtrace/mod.rs:66:5
[INFO] [stdout]    2:     0x5929fbb49bda - std::sys::backtrace::_print_fmt::hc4546b8364a537c6
[INFO] [stdout]                                at /rustc/90b35a6239c3d8bdabc530a6a0816f7ff89a0aaf/library/std/src/sys/backtrace.rs:66:9
[INFO] [stdout]    3:     0x5929fbb49bda - <std::sys::backtrace::BacktraceLock::print::DisplayBacktrace as core::fmt::Display>::fmt::h5b6bd5631a6d1f6b
[INFO] [stdout]                                at /rustc/90b35a6239c3d8bdabc530a6a0816f7ff89a0aaf/library/std/src/sys/backtrace.rs:39:26
[INFO] [stdout]    4:     0x5929fbb71c43 - core::fmt::rt::Argument::fmt::h270f6602a2b96f62
[INFO] [stdout]                                at /rustc/90b35a6239c3d8bdabc530a6a0816f7ff89a0aaf/library/core/src/fmt/rt.rs:177:76
[INFO] [stdout]    5:     0x5929fbb71c43 - core::fmt::write::h7550c97b06c86515
[INFO] [stdout]                                at /rustc/90b35a6239c3d8bdabc530a6a0816f7ff89a0aaf/library/core/src/fmt/mod.rs:1186:21
[INFO] [stdout]    6:     0x5929fbb46c43 - std::io::Write::write_fmt::h509ff860e5956e5e
[INFO] [stdout]                                at /rustc/90b35a6239c3d8bdabc530a6a0816f7ff89a0aaf/library/std/src/io/mod.rs:1839:15
[INFO] [stdout]    7:     0x5929fbb49a22 - std::sys::backtrace::BacktraceLock::print::h2395ccd2c84ba3aa
[INFO] [stdout]                                at /rustc/90b35a6239c3d8bdabc530a6a0816f7ff89a0aaf/library/std/src/sys/backtrace.rs:42:9
[INFO] [stdout]    8:     0x5929fbb4b03a - std::panicking::default_hook::{{closure}}::he19d4c7230e07961
[INFO] [stdout]                                at /rustc/90b35a6239c3d8bdabc530a6a0816f7ff89a0aaf/library/std/src/panicking.rs:268:22
[INFO] [stdout]    9:     0x5929fbb4ae44 - std::panicking::default_hook::hf614597d3c67bbdb
[INFO] [stdout]                                at /rustc/90b35a6239c3d8bdabc530a6a0816f7ff89a0aaf/library/std/src/panicking.rs:292:9
[INFO] [stdout]   10:     0x5929fb84e569 - <alloc::boxed::Box<F,A> as core::ops::function::Fn<Args>>::call::h39b51ce4599c23d1
[INFO] [stdout]                                at /rustc/90b35a6239c3d8bdabc530a6a0816f7ff89a0aaf/library/alloc/src/boxed.rs:2468:9
[INFO] [stdout]   11:     0x5929fb84e569 - test::test_main::{{closure}}::he977ae839a582784
[INFO] [stdout]                                at /rustc/90b35a6239c3d8bdabc530a6a0816f7ff89a0aaf/library/test/src/lib.rs:133:21
[INFO] [stdout]   12:     0x5929fbb4b6d8 - <alloc::boxed::Box<F,A> as core::ops::function::Fn<Args>>::call::h9455091b6b06f9fb
[INFO] [stdout]                                at /rustc/90b35a6239c3d8bdabc530a6a0816f7ff89a0aaf/library/alloc/src/boxed.rs:2468:9
[INFO] [stdout]   13:     0x5929fbb4b6d8 - std::panicking::rust_panic_with_hook::h8942133a8b252070
[INFO] [stdout]                                at /rustc/90b35a6239c3d8bdabc530a6a0816f7ff89a0aaf/library/std/src/panicking.rs:809:13
[INFO] [stdout]   14:     0x5929fbb4b49a - std::panicking::begin_panic_handler::{{closure}}::hb5f5963570096b29
[INFO] [stdout]                                at /rustc/90b35a6239c3d8bdabc530a6a0816f7ff89a0aaf/library/std/src/panicking.rs:674:13
[INFO] [stdout]   15:     0x5929fbb4a0b9 - std::sys::backtrace::__rust_end_short_backtrace::h6208cedc1922feda
[INFO] [stdout]                                at /rustc/90b35a6239c3d8bdabc530a6a0816f7ff89a0aaf/library/std/src/sys/backtrace.rs:170:18
[INFO] [stdout]   16:     0x5929fbb4b12c - rust_begin_unwind
[INFO] [stdout]                                at /rustc/90b35a6239c3d8bdabc530a6a0816f7ff89a0aaf/library/std/src/panicking.rs:665:5
[INFO] [stdout]   17:     0x5929fb6b7060 - core::panicking::panic_fmt::h0c3082644d1bf418
[INFO] [stdout]                                at /rustc/90b35a6239c3d8bdabc530a6a0816f7ff89a0aaf/library/core/src/panicking.rs:74:14
[INFO] [stdout]   18:     0x5929fb6b7546 - core::result::unwrap_failed::hd20b4aa073bda1e2
[INFO] [stdout]                                at /rustc/90b35a6239c3d8bdabc530a6a0816f7ff89a0aaf/library/core/src/result.rs:1700:5
[INFO] [stdout]   19:     0x5929fb7cba6f - core::result::Result<T,E>::unwrap::h4d888e2eb81bdac2
[INFO] [stdout]                                at /rustc/90b35a6239c3d8bdabc530a6a0816f7ff89a0aaf/library/core/src/result.rs:1104:23
[INFO] [stdout]   20:     0x5929fb7cba6f - auto_palette::palette::tests::test_extract_with_algorithm::h0c9808675e349a43
[INFO] [stdout]                                at /opt/rustwide/workdir/src/palette.rs:409:26
[INFO] [stdout]   21:     0x5929fb816292 - auto_palette::palette::tests::test_extract_with_algorithm::case_3_dbscanpp::hcf67cb0296b29330
[INFO] [stdout]                                at /opt/rustwide/workdir/src/palette.rs:403:5
[INFO] [stdout]   22:     0x5929fb816247 - auto_palette::palette::tests::test_extract_with_algorithm::case_3_dbscanpp::{{closure}}::h61ecac0eabd4b750
[INFO] [stdout]                                at /opt/rustwide/workdir/src/palette.rs:403:14
[INFO] [stdout]   23:     0x5929fb723f16 - core::ops::function::FnOnce::call_once::hb4cb3a402d233b7e
[INFO] [stdout]                                at /rustc/90b35a6239c3d8bdabc530a6a0816f7ff89a0aaf/library/core/src/ops/function.rs:250:5
[INFO] [stdout]   24:     0x5929fb852f2b - core::ops::function::FnOnce::call_once::h109cf8051a59b34e
[INFO] [stdout]                                at /rustc/90b35a6239c3d8bdabc530a6a0816f7ff89a0aaf/library/core/src/ops/function.rs:250:5
[INFO] [stdout]   25:     0x5929fb852f2b - test::__rust_begin_short_backtrace::hf4fff89d377446ba
[INFO] [stdout]                                at /rustc/90b35a6239c3d8bdabc530a6a0816f7ff89a0aaf/library/test/src/lib.rs:621:18
[INFO] [stdout]   26:     0x5929fb852767 - test::run_test_in_process::{{closure}}::h0e39181dd7ee5a43
[INFO] [stdout]                                at /rustc/90b35a6239c3d8bdabc530a6a0816f7ff89a0aaf/library/test/src/lib.rs:644:60
[INFO] [stdout]   27:     0x5929fb852767 - <core::panic::unwind_safe::AssertUnwindSafe<F> as core::ops::function::FnOnce<()>>::call_once::hc5a66a30f0bdfd1f
[INFO] [stdout]                                at /rustc/90b35a6239c3d8bdabc530a6a0816f7ff89a0aaf/library/core/src/panic/unwind_safe.rs:272:9
[INFO] [stdout]   28:     0x5929fb852767 - std::panicking::try::do_call::h873b7cf639554a5e
[INFO] [stdout]                                at /rustc/90b35a6239c3d8bdabc530a6a0816f7ff89a0aaf/library/std/src/panicking.rs:557:40
[INFO] [stdout]   29:     0x5929fb852767 - std::panicking::try::hdb19862fad9c8bd1
[INFO] [stdout]                                at /rustc/90b35a6239c3d8bdabc530a6a0816f7ff89a0aaf/library/std/src/panicking.rs:520:19
[INFO] [stdout]   30:     0x5929fb852767 - std::panic::catch_unwind::h281fe732d236d260
[INFO] [stdout]                                at /rustc/90b35a6239c3d8bdabc530a6a0816f7ff89a0aaf/library/std/src/panic.rs:358:14
[INFO] [stdout]   31:     0x5929fb852767 - test::run_test_in_process::h949b6df8457ed338
[INFO] [stdout]                                at /rustc/90b35a6239c3d8bdabc530a6a0816f7ff89a0aaf/library/test/src/lib.rs:644:27
[INFO] [stdout]   32:     0x5929fb852767 - test::run_test::{{closure}}::h52c556a6d4740e10
[INFO] [stdout]                                at /rustc/90b35a6239c3d8bdabc530a6a0816f7ff89a0aaf/library/test/src/lib.rs:565:43
[INFO] [stdout]   33:     0x5929fb817a44 - test::run_test::{{closure}}::h4237f6381c45ccb9
[INFO] [stdout]                                at /rustc/90b35a6239c3d8bdabc530a6a0816f7ff89a0aaf/library/test/src/lib.rs:595:41
[INFO] [stdout]   34:     0x5929fb817a44 - std::sys::backtrace::__rust_begin_short_backtrace::h505c97a579eca628
[INFO] [stdout]                                at /rustc/90b35a6239c3d8bdabc530a6a0816f7ff89a0aaf/library/std/src/sys/backtrace.rs:154:18
[INFO] [stdout]   35:     0x5929fb81b10e - std::thread::Builder::spawn_unchecked_::{{closure}}::{{closure}}::h9e86b2e2bc107ea3
[INFO] [stdout]                                at /rustc/90b35a6239c3d8bdabc530a6a0816f7ff89a0aaf/library/std/src/thread/mod.rs:538:17
[INFO] [stdout]   36:     0x5929fb81b10e - <core::panic::unwind_safe::AssertUnwindSafe<F> as core::ops::function::FnOnce<()>>::call_once::h8b06ddb275ff4a25
[INFO] [stdout]                                at /rustc/90b35a6239c3d8bdabc530a6a0816f7ff89a0aaf/library/core/src/panic/unwind_safe.rs:272:9
[INFO] [stdout]   37:     0x5929fb81b10e - std::panicking::try::do_call::hb26ecd7cd9a9355d
[INFO] [stdout]                                at /rustc/90b35a6239c3d8bdabc530a6a0816f7ff89a0aaf/library/std/src/panicking.rs:557:40
[INFO] [stdout]   38:     0x5929fb81b10e - std::panicking::try::h8ddeca9d705f9069
[INFO] [stdout]                                at /rustc/90b35a6239c3d8bdabc530a6a0816f7ff89a0aaf/library/std/src/panicking.rs:520:19
[INFO] [stdout]   39:     0x5929fb81b10e - std::panic::catch_unwind::h49e1c33078844c46
[INFO] [stdout]                                at /rustc/90b35a6239c3d8bdabc530a6a0816f7ff89a0aaf/library/std/src/panic.rs:358:14
[INFO] [stdout]   40:     0x5929fb81b10e - std::thread::Builder::spawn_unchecked_::{{closure}}::h6073db6ff56ad35d
[INFO] [stdout]                                at /rustc/90b35a6239c3d8bdabc530a6a0816f7ff89a0aaf/library/std/src/thread/mod.rs:537:30
[INFO] [stdout]   41:     0x5929fb81b10e - core::ops::function::FnOnce::call_once{{vtable.shim}}::h2c5a5f3779c774f1
[INFO] [stdout]                                at /rustc/90b35a6239c3d8bdabc530a6a0816f7ff89a0aaf/library/core/src/ops/function.rs:250:5
[INFO] [stdout]   42:     0x5929fbb4f43b - <alloc::boxed::Box<F,A> as core::ops::function::FnOnce<Args>>::call_once::hf75717d9f28faebf
[INFO] [stdout]                                at /rustc/90b35a6239c3d8bdabc530a6a0816f7ff89a0aaf/library/alloc/src/boxed.rs:2454:9
[INFO] [stdout]   43:     0x5929fbb4f43b - <alloc::boxed::Box<F,A> as core::ops::function::FnOnce<Args>>::call_once::h7bd883a5f3c5f3c1
[INFO] [stdout]                                at /rustc/90b35a6239c3d8bdabc530a6a0816f7ff89a0aaf/library/alloc/src/boxed.rs:2454:9
[INFO] [stdout]   44:     0x5929fbb4f43b - std::sys::pal::unix::thread::Thread::new::thread_start::hcc78f3943333fa94
[INFO] [stdout]                                at /rustc/90b35a6239c3d8bdabc530a6a0816f7ff89a0aaf/library/std/src/sys/pal/unix/thread.rs:105:17
[INFO] [stdout]   45:     0x758ede7c4ac3 - <unknown>
[INFO] [stdout]   46:     0x758ede855a04 - clone
[INFO] [stdout]   47:                0x0 - <unknown>
[INFO] [stdout] 
[INFO] [stdout] ---- palette::tests::test_extract_with_algorithm::case_2_dbscan stdout ----
[INFO] [stdout] thread 'palette::tests::test_extract_with_algorithm::case_2_dbscan' panicked at src/palette.rs:409:72:
[INFO] [stdout] called `Result::unwrap()` on an `Err` value: ImageLoadError { cause: IoError(Os { code: 2, kind: NotFound, message: "No such file or directory" }) }
[INFO] [stdout] stack backtrace:
[INFO] [stdout]    0:     0x5929fbb49bda - std::backtrace_rs::backtrace::libunwind::trace::h5a5b8284f2d0c266
[INFO] [stdout]                                at /rustc/90b35a6239c3d8bdabc530a6a0816f7ff89a0aaf/library/std/src/../../backtrace/src/backtrace/libunwind.rs:116:5
[INFO] [stdout]    1:     0x5929fbb49bda - std::backtrace_rs::backtrace::trace_unsynchronized::h76d4f1c9b0b875e3
[INFO] [stdout]                                at /rustc/90b35a6239c3d8bdabc530a6a0816f7ff89a0aaf/library/std/src/../../backtrace/src/backtrace/mod.rs:66:5
[INFO] [stdout]    2:     0x5929fbb49bda - std::sys::backtrace::_print_fmt::hc4546b8364a537c6
[INFO] [stdout]                                at /rustc/90b35a6239c3d8bdabc530a6a0816f7ff89a0aaf/library/std/src/sys/backtrace.rs:66:9
[INFO] [stdout]    3:     0x5929fbb49bda - <std::sys::backtrace::BacktraceLock::print::DisplayBacktrace as core::fmt::Display>::fmt::h5b6bd5631a6d1f6b
[INFO] [stdout]                                at /rustc/90b35a6239c3d8bdabc530a6a0816f7ff89a0aaf/library/std/src/sys/backtrace.rs:39:26
[INFO] [stdout]    4:     0x5929fbb71c43 - core::fmt::rt::Argument::fmt::h270f6602a2b96f62
[INFO] [stdout]                                at /rustc/90b35a6239c3d8bdabc530a6a0816f7ff89a0aaf/library/core/src/fmt/rt.rs:177:76
[INFO] [stdout]    5:     0x5929fbb71c43 - core::fmt::write::h7550c97b06c86515
[INFO] [stdout]                                at /rustc/90b35a6239c3d8bdabc530a6a0816f7ff89a0aaf/library/core/src/fmt/mod.rs:1186:21
[INFO] [stdout]    6:     0x5929fbb46c43 - std::io::Write::write_fmt::h509ff860e5956e5e
[INFO] [stdout]                                at /rustc/90b35a6239c3d8bdabc530a6a0816f7ff89a0aaf/library/std/src/io/mod.rs:1839:15
[INFO] [stdout]    7:     0x5929fbb49a22 - std::sys::backtrace::BacktraceLock::print::h2395ccd2c84ba3aa
[INFO] [stdout]                                at /rustc/90b35a6239c3d8bdabc530a6a0816f7ff89a0aaf/library/std/src/sys/backtrace.rs:42:9
[INFO] [stdout]    8:     0x5929fbb4b03a - std::panicking::default_hook::{{closure}}::he19d4c7230e07961
[INFO] [stdout]                                at /rustc/90b35a6239c3d8bdabc530a6a0816f7ff89a0aaf/library/std/src/panicking.rs:268:22
[INFO] [stdout]    9:     0x5929fbb4ae44 - std::panicking::default_hook::hf614597d3c67bbdb
[INFO] [stdout]                                at /rustc/90b35a6239c3d8bdabc530a6a0816f7ff89a0aaf/library/std/src/panicking.rs:292:9
[INFO] [stdout]   10:     0x5929fb84e569 - <alloc::boxed::Box<F,A> as core::ops::function::Fn<Args>>::call::h39b51ce4599c23d1
[INFO] [stdout]                                at /rustc/90b35a6239c3d8bdabc530a6a0816f7ff89a0aaf/library/alloc/src/boxed.rs:2468:9
[INFO] [stdout]   11:     0x5929fb84e569 - test::test_main::{{closure}}::he977ae839a582784
[INFO] [stdout]                                at /rustc/90b35a6239c3d8bdabc530a6a0816f7ff89a0aaf/library/test/src/lib.rs:133:21
[INFO] [stdout]   12:     0x5929fbb4b6d8 - <alloc::boxed::Box<F,A> as core::ops::function::Fn<Args>>::call::h9455091b6b06f9fb
[INFO] [stdout]                                at /rustc/90b35a6239c3d8bdabc530a6a0816f7ff89a0aaf/library/alloc/src/boxed.rs:2468:9
[INFO] [stdout]   13:     0x5929fbb4b6d8 - std::panicking::rust_panic_with_hook::h8942133a8b252070
[INFO] [stdout]                                at /rustc/90b35a6239c3d8bdabc530a6a0816f7ff89a0aaf/library/std/src/panicking.rs:809:13
[INFO] [stdout]   14:     0x5929fbb4b49a - std::panicking::begin_panic_handler::{{closure}}::hb5f5963570096b29
[INFO] [stdout]                                at /rustc/90b35a6239c3d8bdabc530a6a0816f7ff89a0aaf/library/std/src/panicking.rs:674:13
[INFO] [stdout]   15:     0x5929fbb4a0b9 - std::sys::backtrace::__rust_end_short_backtrace::h6208cedc1922feda
[INFO] [stdout]                                at /rustc/90b35a6239c3d8bdabc530a6a0816f7ff89a0aaf/library/std/src/sys/backtrace.rs:170:18
[INFO] [stdout]   16:     0x5929fbb4b12c - rust_begin_unwind
[INFO] [stdout]                                at /rustc/90b35a6239c3d8bdabc530a6a0816f7ff89a0aaf/library/std/src/panicking.rs:665:5
[INFO] [stdout]   17:     0x5929fb6b7060 - core::panicking::panic_fmt::h0c3082644d1bf418
[INFO] [stdout]                                at /rustc/90b35a6239c3d8bdabc530a6a0816f7ff89a0aaf/library/core/src/panicking.rs:74:14
[INFO] [stdout]   18:     0x5929fb6b7546 - core::result::unwrap_failed::hd20b4aa073bda1e2
[INFO] [stdout]                                at /rustc/90b35a6239c3d8bdabc530a6a0816f7ff89a0aaf/library/core/src/result.rs:1700:5
[INFO] [stdout]   19:     0x5929fb7cba6f - core::result::Result<T,E>::unwrap::h4d888e2eb81bdac2
[INFO] [stdout]                                at /rustc/90b35a6239c3d8bdabc530a6a0816f7ff89a0aaf/library/core/src/result.rs:1104:23
[INFO] [stdout]   20:     0x5929fb7cba6f - auto_palette::palette::tests::test_extract_with_algorithm::h0c9808675e349a43
[INFO] [stdout]                                at /opt/rustwide/workdir/src/palette.rs:409:26
[INFO] [stdout]   21:     0x5929fb816222 - auto_palette::palette::tests::test_extract_with_algorithm::case_2_dbscan::h5266b0f74f9903f2
[INFO] [stdout]                                at /opt/rustwide/workdir/src/palette.rs:403:5
[INFO] [stdout]   22:     0x5929fb8161d7 - auto_palette::palette::tests::test_extract_with_algorithm::case_2_dbscan::{{closure}}::he8d4974bba82a003
[INFO] [stdout]                                at /opt/rustwide/workdir/src/palette.rs:403:14
[INFO] [stdout]   23:     0x5929fb71f0c6 - core::ops::function::FnOnce::call_once::h0bcbbf6522aaa5ec
[INFO] [stdout]                                at /rustc/90b35a6239c3d8bdabc530a6a0816f7ff89a0aaf/library/core/src/ops/function.rs:250:5
[INFO] [stdout]   24:     0x5929fb852f2b - core::ops::function::FnOnce::call_once::h109cf8051a59b34e
[INFO] [stdout]                                at /rustc/90b35a6239c3d8bdabc530a6a0816f7ff89a0aaf/library/core/src/ops/function.rs:250:5
[INFO] [stdout]   25:     0x5929fb852f2b - test::__rust_begin_short_backtrace::hf4fff89d377446ba
[INFO] [stdout]                                at /rustc/90b35a6239c3d8bdabc530a6a0816f7ff89a0aaf/library/test/src/lib.rs:621:18
[INFO] [stdout]   26:     0x5929fb852767 - test::run_test_in_process::{{closure}}::h0e39181dd7ee5a43
[INFO] [stdout]                                at /rustc/90b35a6239c3d8bdabc530a6a0816f7ff89a0aaf/library/test/src/lib.rs:644:60
[INFO] [stdout]   27:     0x5929fb852767 - <core::panic::unwind_safe::AssertUnwindSafe<F> as core::ops::function::FnOnce<()>>::call_once::hc5a66a30f0bdfd1f
[INFO] [stdout]                                at /rustc/90b35a6239c3d8bdabc530a6a0816f7ff89a0aaf/library/core/src/panic/unwind_safe.rs:272:9
[INFO] [stdout]   28:     0x5929fb852767 - std::panicking::try::do_call::h873b7cf639554a5e
[INFO] [stdout]                                at /rustc/90b35a6239c3d8bdabc530a6a0816f7ff89a0aaf/library/std/src/panicking.rs:557:40
[INFO] [stdout]   29:     0x5929fb852767 - std::panicking::try::hdb19862fad9c8bd1
[INFO] [stdout]                                at /rustc/90b35a6239c3d8bdabc530a6a0816f7ff89a0aaf/library/std/src/panicking.rs:520:19
[INFO] [stdout]   30:     0x5929fb852767 - std::panic::catch_unwind::h281fe732d236d260
[INFO] [stdout]                                at /rustc/90b35a6239c3d8bdabc530a6a0816f7ff89a0aaf/library/std/src/panic.rs:358:14
[INFO] [stdout]   31:     0x5929fb852767 - test::run_test_in_process::h949b6df8457ed338
[INFO] [stdout]                                at /rustc/90b35a6239c3d8bdabc530a6a0816f7ff89a0aaf/library/test/src/lib.rs:644:27
[INFO] [stdout]   32:     0x5929fb852767 - test::run_test::{{closure}}::h52c556a6d4740e10
[INFO] [stdout]                                at /rustc/90b35a6239c3d8bdabc530a6a0816f7ff89a0aaf/library/test/src/lib.rs:565:43
[INFO] [stdout]   33:     0x5929fb817a44 - test::run_test::{{closure}}::h4237f6381c45ccb9
[INFO] [stdout]                                at /rustc/90b35a6239c3d8bdabc530a6a0816f7ff89a0aaf/library/test/src/lib.rs:595:41
[INFO] [stdout]   34:     0x5929fb817a44 - std::sys::backtrace::__rust_begin_short_backtrace::h505c97a579eca628
[INFO] [stdout]                                at /rustc/90b35a6239c3d8bdabc530a6a0816f7ff89a0aaf/library/std/src/sys/backtrace.rs:154:18
[INFO] [stdout]   35:     0x5929fb81b10e - std::thread::Builder::spawn_unchecked_::{{closure}}::{{closure}}::h9e86b2e2bc107ea3
[INFO] [stdout]                                at /rustc/90b35a6239c3d8bdabc530a6a0816f7ff89a0aaf/library/std/src/thread/mod.rs:538:17
[INFO] [stdout]   36:     0x5929fb81b10e - <core::panic::unwind_safe::AssertUnwindSafe<F> as core::ops::function::FnOnce<()>>::call_once::h8b06ddb275ff4a25
[INFO] [stdout]                                at /rustc/90b35a6239c3d8bdabc530a6a0816f7ff89a0aaf/library/core/src/panic/unwind_safe.rs:272:9
[INFO] [stdout]   37:     0x5929fb81b10e - std::panicking::try::do_call::hb26ecd7cd9a9355d
[INFO] [stdout]                                at /rustc/90b35a6239c3d8bdabc530a6a0816f7ff89a0aaf/library/std/src/panicking.rs:557:40
[INFO] [stdout]   38:     0x5929fb81b10e - std::panicking::try::h8ddeca9d705f9069
[INFO] [stdout]                                at /rustc/90b35a6239c3d8bdabc530a6a0816f7ff89a0aaf/library/std/src/panicking.rs:520:19
[INFO] [stdout]   39:     0x5929fb81b10e - std::panic::catch_unwind::h49e1c33078844c46
[INFO] [stdout]                                at /rustc/90b35a6239c3d8bdabc530a6a0816f7ff89a0aaf/library/std/src/panic.rs:358:14
[INFO] [stdout]   40:     0x5929fb81b10e - std::thread::Builder::spawn_unchecked_::{{closure}}::h6073db6ff56ad35d
[INFO] [stdout]                                at /rustc/90b35a6239c3d8bdabc530a6a0816f7ff89a0aaf/library/std/src/thread/mod.rs:537:30
[INFO] [stdout]   41:     0x5929fb81b10e - core::ops::function::FnOnce::call_once{{vtable.shim}}::h2c5a5f3779c774f1
[INFO] [stdout]                                at /rustc/90b35a6239c3d8bdabc530a6a0816f7ff89a0aaf/library/core/src/ops/function.rs:250:5
[INFO] [stdout]   42:     0x5929fbb4f43b - <alloc::boxed::Box<F,A> as core::ops::function::FnOnce<Args>>::call_once::hf75717d9f28faebf
[INFO] [stdout]                                at /rustc/90b35a6239c3d8bdabc530a6a0816f7ff89a0aaf/library/alloc/src/boxed.rs:2454:9
[INFO] [stdout]   43:     0x5929fbb4f43b - <alloc::boxed::Box<F,A> as core::ops::function::FnOnce<Args>>::call_once::h7bd883a5f3c5f3c1
[INFO] [stdout]                                at /rustc/90b35a6239c3d8bdabc530a6a0816f7ff89a0aaf/library/alloc/src/boxed.rs:2454:9
[INFO] [stdout]   44:     0x5929fbb4f43b - std::sys::pal::unix::thread::Thread::new::thread_start::hcc78f3943333fa94
[INFO] [stdout]                                at /rustc/90b35a6239c3d8bdabc530a6a0816f7ff89a0aaf/library/std/src/sys/pal/unix/thread.rs:105:17
[INFO] [stdout]   45:     0x758ede7c4ac3 - <unknown>
[INFO] [stdout]   46:     0x758ede855a04 - clone
[INFO] [stdout]   47:                0x0 - <unknown>
[INFO] [stdout] 
[INFO] [stdout] 
[INFO] [stdout] failures:
[INFO] [stdout]     image::tests::test_load_rgb_image
[INFO] [stdout]     image::tests::test_load_rgba_image
[INFO] [stdout]     palette::tests::test_extract
[INFO] [stdout]     palette::tests::test_extract_with_algorithm::case_1_kmeans
[INFO] [stdout]     palette::tests::test_extract_with_algorithm::case_2_dbscan
[INFO] [stdout]     palette::tests::test_extract_with_algorithm::case_3_dbscanpp
[INFO] [stdout] 
[INFO] [stdout] test result: FAILED. 442 passed; 6 failed; 0 ignored; 0 measured; 0 filtered out; finished in 0.20s
[INFO] [stdout] 
[INFO] [stderr] error: test failed, to rerun pass `--lib`
[INFO] running `Command { std: "docker" "inspect" "45ba2e55dabb2649dea7f2ff2a27208cc9f2b366c37419f2d67610d19933d86c", kill_on_drop: false }`
[INFO] running `Command { std: "docker" "rm" "-f" "45ba2e55dabb2649dea7f2ff2a27208cc9f2b366c37419f2d67610d19933d86c", kill_on_drop: false }`
[INFO] [stdout] 45ba2e55dabb2649dea7f2ff2a27208cc9f2b366c37419f2d67610d19933d86c
