[INFO] fetching crate arxiv 1.0.1...
[INFO] testing arxiv-1.0.1 against beta-2024-12-08 for beta-1.84.0-4-retry
[INFO] extracting crate arxiv 1.0.1 into /workspace/builds/worker-2-tc2/source
[INFO] validating manifest of crates.io crate arxiv 1.0.1 on toolchain beta-2024-12-08
[INFO] running `Command { std: CARGO_HOME="/workspace/cargo-home" RUSTUP_HOME="/workspace/rustup-home" "/workspace/cargo-home/bin/cargo" "+beta-2024-12-08" "metadata" "--manifest-path" "Cargo.toml" "--no-deps", kill_on_drop: false }`
[INFO] started tweaking crates.io crate arxiv 1.0.1
[INFO] finished tweaking crates.io crate arxiv 1.0.1
[INFO] tweaked toml for crates.io crate arxiv 1.0.1 written to /workspace/builds/worker-2-tc2/source/Cargo.toml
[INFO] running `Command { std: CARGO_HOME="/workspace/cargo-home" RUSTUP_HOME="/workspace/rustup-home" "/workspace/cargo-home/bin/cargo" "+beta-2024-12-08" "generate-lockfile" "--manifest-path" "Cargo.toml", kill_on_drop: false }`
[INFO] [stderr]     Updating crates.io index
[INFO] [stderr]      Locking 50 packages to latest compatible versions
[INFO] running `Command { std: CARGO_HOME="/workspace/cargo-home" RUSTUP_HOME="/workspace/rustup-home" "/workspace/cargo-home/bin/cargo" "+beta-2024-12-08" "fetch" "--manifest-path" "Cargo.toml", kill_on_drop: false }`
[INFO] running `Command { std: "docker" "create" "-v" "/var/lib/crater-agent-workspace/builds/worker-2-tc2/target:/opt/rustwide/target:rw,Z" "-v" "/var/lib/crater-agent-workspace/builds/worker-2-tc2/source:/opt/rustwide/workdir:ro,Z" "-v" "/var/lib/crater-agent-workspace/cargo-home:/opt/rustwide/cargo-home:ro,Z" "-v" "/var/lib/crater-agent-workspace/rustup-home:/opt/rustwide/rustup-home:ro,Z" "-e" "SOURCE_DIR=/opt/rustwide/workdir" "-e" "CARGO_TARGET_DIR=/opt/rustwide/target" "-e" "CARGO_HOME=/opt/rustwide/cargo-home" "-e" "RUSTUP_HOME=/opt/rustwide/rustup-home" "-w" "/opt/rustwide/workdir" "-m" "1610612736" "--user" "0:0" "--network" "none" "ghcr.io/rust-lang/crates-build-env/linux@sha256:f3a9d4ad9d972b27faf3965f35b62e55ba32bbce8f20bc8fe909558a86702fde" "/opt/rustwide/cargo-home/bin/cargo" "+beta-2024-12-08" "metadata" "--no-deps" "--format-version=1", kill_on_drop: false }`
[INFO] [stdout] 6567cc33d80bf375ffe161779d98ec78774e28770d7f84b3f6ce3b30b870c465
[INFO] running `Command { std: "docker" "start" "-a" "6567cc33d80bf375ffe161779d98ec78774e28770d7f84b3f6ce3b30b870c465", kill_on_drop: false }`
[INFO] running `Command { std: "docker" "inspect" "6567cc33d80bf375ffe161779d98ec78774e28770d7f84b3f6ce3b30b870c465", kill_on_drop: false }`
[INFO] running `Command { std: "docker" "rm" "-f" "6567cc33d80bf375ffe161779d98ec78774e28770d7f84b3f6ce3b30b870c465", kill_on_drop: false }`
[INFO] [stdout] 6567cc33d80bf375ffe161779d98ec78774e28770d7f84b3f6ce3b30b870c465
[INFO] running `Command { std: "docker" "create" "-v" "/var/lib/crater-agent-workspace/builds/worker-2-tc2/target:/opt/rustwide/target:rw,Z" "-v" "/var/lib/crater-agent-workspace/builds/worker-2-tc2/source:/opt/rustwide/workdir:ro,Z" "-v" "/var/lib/crater-agent-workspace/cargo-home:/opt/rustwide/cargo-home:ro,Z" "-v" "/var/lib/crater-agent-workspace/rustup-home:/opt/rustwide/rustup-home:ro,Z" "-e" "SOURCE_DIR=/opt/rustwide/workdir" "-e" "CARGO_TARGET_DIR=/opt/rustwide/target" "-e" "CARGO_INCREMENTAL=0" "-e" "RUST_BACKTRACE=full" "-e" "RUSTFLAGS=--cap-lints=warn" "-e" "RUSTDOCFLAGS=--cap-lints=warn" "-e" "CARGO_HOME=/opt/rustwide/cargo-home" "-e" "RUSTUP_HOME=/opt/rustwide/rustup-home" "-w" "/opt/rustwide/workdir" "-m" "1610612736" "--user" "0:0" "--network" "none" "ghcr.io/rust-lang/crates-build-env/linux@sha256:f3a9d4ad9d972b27faf3965f35b62e55ba32bbce8f20bc8fe909558a86702fde" "/opt/rustwide/cargo-home/bin/cargo" "+beta-2024-12-08" "build" "--frozen" "--message-format=json", kill_on_drop: false }`
[INFO] [stdout] 7f9ce1eb5bbd1727da843cedfe9443f035e887a62c91a24aee32bf14ca9c4fc3
[INFO] running `Command { std: "docker" "start" "-a" "7f9ce1eb5bbd1727da843cedfe9443f035e887a62c91a24aee32bf14ca9c4fc3", kill_on_drop: false }`
[INFO] [stderr]    Compiling proc-macro2 v1.0.92
[INFO] [stderr]    Compiling unicode-ident v1.0.14
[INFO] [stderr]    Compiling stable_deref_trait v1.2.0
[INFO] [stderr]    Compiling litemap v0.7.4
[INFO] [stderr]    Compiling writeable v0.5.5
[INFO] [stderr]    Compiling icu_locid_transform_data v1.5.0
[INFO] [stderr]    Compiling icu_properties_data v1.5.0
[INFO] [stderr]    Compiling write16 v1.0.0
[INFO] [stderr]    Compiling smallvec v1.13.2
[INFO] [stderr]    Compiling icu_normalizer_data v1.5.0
[INFO] [stderr]    Compiling utf8_iter v1.0.4
[INFO] [stderr]    Compiling utf16_iter v1.0.5
[INFO] [stderr]    Compiling percent-encoding v2.3.1
[INFO] [stderr]    Compiling jiff v0.1.15
[INFO] [stderr]    Compiling form_urlencoded v1.2.1
[INFO] [stderr]    Compiling quote v1.0.37
[INFO] [stderr]    Compiling syn v2.0.90
[INFO] [stderr]    Compiling synstructure v0.13.1
[INFO] [stderr]    Compiling zerofrom-derive v0.1.5
[INFO] [stderr]    Compiling yoke-derive v0.7.5
[INFO] [stderr]    Compiling zerovec-derive v0.10.3
[INFO] [stderr]    Compiling displaydoc v0.2.5
[INFO] [stderr]    Compiling icu_provider_macros v1.5.0
[INFO] [stderr]    Compiling zerofrom v0.1.5
[INFO] [stderr]    Compiling yoke v0.7.5
[INFO] [stderr]    Compiling zerovec v0.10.4
[INFO] [stderr]    Compiling tinystr v0.7.6
[INFO] [stderr]    Compiling icu_collections v1.5.0
[INFO] [stderr]    Compiling icu_locid v1.5.0
[INFO] [stderr]    Compiling icu_provider v1.5.0
[INFO] [stderr]    Compiling icu_locid_transform v1.5.0
[INFO] [stderr]    Compiling icu_properties v1.5.1
[INFO] [stderr]    Compiling icu_normalizer v1.5.0
[INFO] [stderr]    Compiling idna_adapter v1.2.0
[INFO] [stderr]    Compiling idna v1.0.3
[INFO] [stderr]    Compiling url v2.5.4
[INFO] [stderr]    Compiling arxiv v1.0.1 (/opt/rustwide/workdir)
[INFO] [stdout] warning: elided lifetime has a name
[INFO] [stdout]    --> src/identifier.rs:152:7
[INFO] [stdout]     |
[INFO] [stdout] 64  | impl<'a> ArticleId<'a> {
[INFO] [stdout]     |      -- lifetime `'a` declared here
[INFO] [stdout] ...
[INFO] [stdout] 152 |     ) -> ArticleIdResult {
[INFO] [stdout]     |          ^^^^^^^^^^^^^^^ this elided lifetime gets resolved as `'a`
[INFO] [stdout]     |
[INFO] [stdout]     = note: `#[warn(elided_named_lifetimes)]` on by default
[INFO] [stdout] 
[INFO] [stdout] 
[INFO] [stdout] warning: elided lifetime has a name
[INFO] [stdout]    --> src/identifier.rs:182:62
[INFO] [stdout]     |
[INFO] [stdout] 64  | impl<'a> ArticleId<'a> {
[INFO] [stdout]     |      -- lifetime `'a` declared here
[INFO] [stdout] ...
[INFO] [stdout] 182 |     pub fn try_latest(year: i16, month: i8, number: &'a str) -> ArticleIdResult {
[INFO] [stdout]     |                                                                 ^^^^^^^^^^^^^^^ this elided lifetime gets resolved as `'a`
[INFO] [stdout] 
[INFO] [stdout] 
[INFO] [stderr]     Finished `dev` profile [unoptimized + debuginfo] target(s) in 17.56s
[INFO] running `Command { std: "docker" "inspect" "7f9ce1eb5bbd1727da843cedfe9443f035e887a62c91a24aee32bf14ca9c4fc3", kill_on_drop: false }`
[INFO] running `Command { std: "docker" "rm" "-f" "7f9ce1eb5bbd1727da843cedfe9443f035e887a62c91a24aee32bf14ca9c4fc3", kill_on_drop: false }`
[INFO] [stdout] 7f9ce1eb5bbd1727da843cedfe9443f035e887a62c91a24aee32bf14ca9c4fc3
[INFO] running `Command { std: "docker" "create" "-v" "/var/lib/crater-agent-workspace/builds/worker-2-tc2/target:/opt/rustwide/target:rw,Z" "-v" "/var/lib/crater-agent-workspace/builds/worker-2-tc2/source:/opt/rustwide/workdir:ro,Z" "-v" "/var/lib/crater-agent-workspace/cargo-home:/opt/rustwide/cargo-home:ro,Z" "-v" "/var/lib/crater-agent-workspace/rustup-home:/opt/rustwide/rustup-home:ro,Z" "-e" "SOURCE_DIR=/opt/rustwide/workdir" "-e" "CARGO_TARGET_DIR=/opt/rustwide/target" "-e" "CARGO_INCREMENTAL=0" "-e" "RUST_BACKTRACE=full" "-e" "RUSTFLAGS=--cap-lints=warn" "-e" "RUSTDOCFLAGS=--cap-lints=warn" "-e" "CARGO_HOME=/opt/rustwide/cargo-home" "-e" "RUSTUP_HOME=/opt/rustwide/rustup-home" "-w" "/opt/rustwide/workdir" "-m" "1610612736" "--user" "0:0" "--network" "none" "ghcr.io/rust-lang/crates-build-env/linux@sha256:f3a9d4ad9d972b27faf3965f35b62e55ba32bbce8f20bc8fe909558a86702fde" "/opt/rustwide/cargo-home/bin/cargo" "+beta-2024-12-08" "test" "--frozen" "--no-run" "--message-format=json", kill_on_drop: false }`
[INFO] [stdout] 54ae36f104c9a205edb24974ed014375c115868a8594b9ccbbed25ff5f01c0b0
[INFO] running `Command { std: "docker" "start" "-a" "54ae36f104c9a205edb24974ed014375c115868a8594b9ccbbed25ff5f01c0b0", kill_on_drop: false }`
[INFO] [stdout] warning: elided lifetime has a name
[INFO] [stdout]    --> src/identifier.rs:152:7
[INFO] [stdout]     |
[INFO] [stdout] 64  | impl<'a> ArticleId<'a> {
[INFO] [stdout]     |      -- lifetime `'a` declared here
[INFO] [stdout] ...
[INFO] [stdout] 152 |     ) -> ArticleIdResult {
[INFO] [stdout]     |          ^^^^^^^^^^^^^^^ this elided lifetime gets resolved as `'a`
[INFO] [stdout]     |
[INFO] [stdout]     = note: `#[warn(elided_named_lifetimes)]` on by default
[INFO] [stdout] 
[INFO] [stdout] 
[INFO] [stdout] warning: elided lifetime has a name
[INFO] [stdout]    --> src/identifier.rs:182:62
[INFO] [stdout]     |
[INFO] [stdout] 64  | impl<'a> ArticleId<'a> {
[INFO] [stdout]     |      -- lifetime `'a` declared here
[INFO] [stdout] ...
[INFO] [stdout] 182 |     pub fn try_latest(year: i16, month: i8, number: &'a str) -> ArticleIdResult {
[INFO] [stdout]     |                                                                 ^^^^^^^^^^^^^^^ this elided lifetime gets resolved as `'a`
[INFO] [stdout] 
[INFO] [stdout] 
[INFO] [stderr]    Compiling arxiv v1.0.1 (/opt/rustwide/workdir)
[INFO] [stdout] warning: elided lifetime has a name
[INFO] [stdout]    --> src/identifier.rs:152:7
[INFO] [stdout]     |
[INFO] [stdout] 64  | impl<'a> ArticleId<'a> {
[INFO] [stdout]     |      -- lifetime `'a` declared here
[INFO] [stdout] ...
[INFO] [stdout] 152 |     ) -> ArticleIdResult {
[INFO] [stdout]     |          ^^^^^^^^^^^^^^^ this elided lifetime gets resolved as `'a`
[INFO] [stdout]     |
[INFO] [stdout]     = note: `#[warn(elided_named_lifetimes)]` on by default
[INFO] [stdout] 
[INFO] [stdout] 
[INFO] [stdout] warning: elided lifetime has a name
[INFO] [stdout]    --> src/identifier.rs:182:62
[INFO] [stdout]     |
[INFO] [stdout] 64  | impl<'a> ArticleId<'a> {
[INFO] [stdout]     |      -- lifetime `'a` declared here
[INFO] [stdout] ...
[INFO] [stdout] 182 |     pub fn try_latest(year: i16, month: i8, number: &'a str) -> ArticleIdResult {
[INFO] [stdout]     |                                                                 ^^^^^^^^^^^^^^^ this elided lifetime gets resolved as `'a`
[INFO] [stdout] 
[INFO] [stdout] 
[INFO] [stderr]     Finished `test` profile [unoptimized + debuginfo] target(s) in 1.60s
[INFO] running `Command { std: "docker" "inspect" "54ae36f104c9a205edb24974ed014375c115868a8594b9ccbbed25ff5f01c0b0", kill_on_drop: false }`
[INFO] running `Command { std: "docker" "rm" "-f" "54ae36f104c9a205edb24974ed014375c115868a8594b9ccbbed25ff5f01c0b0", kill_on_drop: false }`
[INFO] [stdout] 54ae36f104c9a205edb24974ed014375c115868a8594b9ccbbed25ff5f01c0b0
[INFO] running `Command { std: "docker" "create" "-v" "/var/lib/crater-agent-workspace/builds/worker-2-tc2/target:/opt/rustwide/target:rw,Z" "-v" "/var/lib/crater-agent-workspace/builds/worker-2-tc2/source:/opt/rustwide/workdir:ro,Z" "-v" "/var/lib/crater-agent-workspace/cargo-home:/opt/rustwide/cargo-home:ro,Z" "-v" "/var/lib/crater-agent-workspace/rustup-home:/opt/rustwide/rustup-home:ro,Z" "-e" "SOURCE_DIR=/opt/rustwide/workdir" "-e" "CARGO_TARGET_DIR=/opt/rustwide/target" "-e" "CARGO_INCREMENTAL=0" "-e" "RUST_BACKTRACE=full" "-e" "RUSTFLAGS=--cap-lints=warn" "-e" "RUSTDOCFLAGS=--cap-lints=warn" "-e" "CARGO_HOME=/opt/rustwide/cargo-home" "-e" "RUSTUP_HOME=/opt/rustwide/rustup-home" "-w" "/opt/rustwide/workdir" "-m" "1610612736" "--user" "0:0" "--network" "none" "ghcr.io/rust-lang/crates-build-env/linux@sha256:f3a9d4ad9d972b27faf3965f35b62e55ba32bbce8f20bc8fe909558a86702fde" "/opt/rustwide/cargo-home/bin/cargo" "+beta-2024-12-08" "test" "--frozen", kill_on_drop: false }`
[INFO] [stdout] 670e73368d37ba4c5dd1089256c132db392571c3803064c11718d77d0ad73018
[INFO] running `Command { std: "docker" "start" "-a" "670e73368d37ba4c5dd1089256c132db392571c3803064c11718d77d0ad73018", kill_on_drop: false }`
[INFO] [stderr] warning: elided lifetime has a name
[INFO] [stderr]    --> src/identifier.rs:152:7
[INFO] [stderr]     |
[INFO] [stderr] 64  | impl<'a> ArticleId<'a> {
[INFO] [stderr]     |      -- lifetime `'a` declared here
[INFO] [stderr] ...
[INFO] [stderr] 152 |     ) -> ArticleIdResult {
[INFO] [stderr]     |          ^^^^^^^^^^^^^^^ this elided lifetime gets resolved as `'a`
[INFO] [stderr]     |
[INFO] [stderr]     = note: `#[warn(elided_named_lifetimes)]` on by default
[INFO] [stderr] 
[INFO] [stderr] warning: elided lifetime has a name
[INFO] [stderr]    --> src/identifier.rs:182:62
[INFO] [stderr]     |
[INFO] [stderr] 64  | impl<'a> ArticleId<'a> {
[INFO] [stderr]     |      -- lifetime `'a` declared here
[INFO] [stderr] ...
[INFO] [stderr] 182 |     pub fn try_latest(year: i16, month: i8, number: &'a str) -> ArticleIdResult {
[INFO] [stderr]     |                                                                 ^^^^^^^^^^^^^^^ this elided lifetime gets resolved as `'a`
[INFO] [stderr] 
[INFO] [stderr] warning: `arxiv` (lib) generated 2 warnings
[INFO] [stderr] warning: `arxiv` (lib test) generated 2 warnings (2 duplicates)
[INFO] [stderr]     Finished `test` profile [unoptimized + debuginfo] target(s) in 0.05s
[INFO] [stderr]      Running unittests src/lib.rs (/opt/rustwide/target/debug/deps/arxiv-c3156fe1a43e5d60)
[INFO] [stdout] 
[INFO] [stdout] running 27 tests
[INFO] [stdout] test category::tests::display_category ... ok
[INFO] [stdout] test category::tests::group_from_archive ... ok
[INFO] [stdout] test category::tests::parse_archive ... ok
[INFO] [stdout] test category::tests::parse_category_id ... ok
[INFO] [stdout] test category::tests_url_archive::url_from_id ... ok
[INFO] [stdout] test identifier::test_parse_numbervv::is_fine ... ok
[INFO] [stdout] test identifier::tests_parse_err::empty_string ... ok
[INFO] [stdout] test identifier::tests_parse_err::invalid_id ... ok
[INFO] [stdout] test identifier::tests_parse_err::invalid_year ... ok
[INFO] [stdout] test identifier::tests_parse_err::invalid_month ... ok
[INFO] [stdout] test identifier::tests_parse_err::no_numbervv ... ok
[INFO] [stdout] test identifier::tests_parse_ok::with_number_4_digits ... ok
[INFO] [stdout] test identifier::tests_parse_ok::with_number_5_digits ... ok
[INFO] [stdout] test identifier::tests_parse_ok::with_version ... ok
[INFO] [stdout] test identifier::tests_url::url_from_id ... ok
[INFO] [stdout] test stamp::tests_parse_err::parse_stamp_empty ... ok
[INFO] [stdout] test identifier::tests_parse_ok::without_version ... ok
[INFO] [stdout] test stamp::tests_parse_err::parse_stamp_invalid_date_day ... ok
[INFO] [stdout] test stamp::tests_parse_err::parse_stamp_invalid_date_month ... ok
[INFO] [stdout] test stamp::tests_parse_err::parse_stamp_not_enough_components ... ok
[INFO] [stdout] test stamp::tests_parse_err::parse_stamp_invalid_category ... ok
[INFO] [stdout] test stamp::tests::display_stamp ... ok
[INFO] [stdout] test stamp::tests_parse_ok::parse_stamp ... ok
[INFO] [stdout] test identifier::tests_parse_ok::from_readme ... ok
[INFO] [stdout] test identifier::test_display::with_version ... ok
[INFO] [stdout] test identifier::test_display::without_version ... ok
[INFO] [stdout] test stamp::tests_parse_ok::parse_stamp_readme ... ok
[INFO] [stdout] 
[INFO] [stdout] test result: ok. 27 passed; 0 failed; 0 ignored; 0 measured; 0 filtered out; finished in 0.04s
[INFO] [stderr]    Doc-tests arxiv
[INFO] [stdout] 
[INFO] [stdout] 
[INFO] [stdout] running 22 tests
[INFO] [stdout] test src/identifier.rs - identifier::ArticleId<'a>::new (line 84) ... ok
[INFO] [stdout] test src/identifier.rs - identifier::ArticleId<'a>::new_latest (line 108) ... ok
[INFO] [stdout] test src/identifier.rs - identifier::ArticleId<'a>::set_version (line 255) ... FAILED
[INFO] [stdout] test src/category.rs - category::Archive::as_url (line 262) ... FAILED
[INFO] [stdout] test src/identifier.rs - identifier::ArticleId<'a>::as_unique_ident (line 288) ... ok
[INFO] [stdout] test src/identifier.rs - identifier::ArticleId<'a>::number (line 225) ... ok
[INFO] [stdout] test src/category.rs - category::Archive::contains_subjects (line 232) ... ok
[INFO] [stdout] test src/identifier.rs - identifier::ArticleId<'a>::new_versioned (line 126) ... ok
[INFO] [stdout] test src/identifier.rs - identifier::ArticleId<'a>::try_latest (line 175) ... ok
[INFO] [stdout] test src/lib.rs - (line 18) ... ok
[INFO] [stdout] test src/identifier.rs - identifier::ArticleId<'a>::version (line 240) ... ok
[INFO] [stdout] test src/identifier.rs - identifier::ArticleId<'a>::try_new (line 141) ... ok
[INFO] [stdout] test src/category.rs - category::CategoryId<'a>::parse_bracketed (line 73) ... ok
[INFO] [stdout] test src/identifier.rs - identifier::ArticleId<'a>::as_url (line 307) ... ok
[INFO] [stdout] test src/identifier.rs - identifier::ArticleId<'a>::month (line 210) ... ok
[INFO] [stdout] test src/identifier.rs - identifier::ArticleId (line 48) ... ok
[INFO] [stdout] test src/identifier.rs - identifier::ArticleId<'a>::set_latest (line 272) ... ok
[INFO] [stdout] test src/identifier.rs - identifier::ArticleId<'a>::year (line 195) ... ok
[INFO] [stdout] test src/lib.rs - (line 28) ... ok
[INFO] [stdout] test src/stamp.rs - stamp::Stamp<'a>::new (line 54) ... ok
[INFO] [stdout] test src/stamp.rs - stamp::StampError (line 15) ... ok
[INFO] [stdout] test src/lib.rs - (line 7) ... ok
[INFO] [stdout] 
[INFO] [stdout] failures:
[INFO] [stdout] 
[INFO] [stdout] ---- src/identifier.rs - identifier::ArticleId<'a>::set_version (line 255) stdout ----
[INFO] [stdout] error: linking with `cc` failed: exit status: 1
[INFO] [stdout]   |
[INFO] [stdout]   = note: LC_ALL="C" PATH="/opt/rustwide/rustup-home/toolchains/beta-2024-12-08-x86_64-unknown-linux-gnu/lib/rustlib/x86_64-unknown-linux-gnu/bin:/opt/rustwide/cargo-home/bin:/usr/local/sbin:/usr/local/bin:/usr/sbin:/usr/bin:/sbin:/bin" VSLANG="1033" "cc" "-m64" "/tmp/rustc7jIity/symbols.o" "/tmp/rustdoctestCWRRj7/rust_out.rust_out.9242fac72db2cd11-cgu.0.rcgu.o" "/tmp/rustdoctestCWRRj7/rust_out.2hl2tb9xdtge7mguxzn2q1kvi.rcgu.o" "-Wl,--as-needed" "-Wl,-Bstatic" "/opt/rustwide/target/debug/deps/libarxiv-df2491e5e75fc258.rlib" "/opt/rustwide/target/debug/deps/liburl-a676d943841f4a6f.rlib" "/opt/rustwide/target/debug/deps/libidna-c2562fc76146e15e.rlib" "/opt/rustwide/target/debug/deps/libidna_adapter-287bdcc46a14e69b.rlib" "/opt/rustwide/target/debug/deps/libicu_normalizer-7deff6e08e09a602.rlib" "/opt/rustwide/target/debug/deps/libicu_normalizer_data-d3c2725a089a2467.rlib" "/opt/rustwide/target/debug/deps/libwrite16-d15e33f2b3b5e6d8.rlib" "/opt/rustwide/target/debug/deps/libutf8_iter-d5e8daeaacfd8f95.rlib" "/opt/rustwide/target/debug/deps/libutf16_iter-9749a04129eccc81.rlib" "/opt/rustwide/target/debug/deps/libsmallvec-53fd8ee9edcafbcd.rlib" "/opt/rustwide/target/debug/deps/libicu_properties-ac0ad5ea51012884.rlib" "/opt/rustwide/target/debug/deps/libicu_properties_data-8db115c81033ba3a.rlib" "/opt/rustwide/target/debug/deps/libicu_locid_transform-9bb67294349dda70.rlib" "/opt/rustwide/target/debug/deps/libicu_locid_transform_data-b75aeb662448ba61.rlib" "/opt/rustwide/target/debug/deps/libicu_collections-b350a14b4cfd51cc.rlib" "/opt/rustwide/target/debug/deps/libicu_provider-70ae0be0a55eff63.rlib" "/opt/rustwide/target/debug/deps/libicu_locid-16d46d901985ba87.rlib" "/opt/rustwide/target/debug/deps/liblitemap-f4f1c45b9b1b6474.rlib" "/opt/rustwide/target/debug/deps/libtinystr-78418df95369f065.rlib" "/opt/rustwide/target/debug/deps/libzerovec-9afc6b344bfd5437.rlib" "/opt/rustwide/target/debug/deps/libwriteable-d425da3f2cf37998.rlib" "/opt/rustwide/target/debug/deps/libyoke-a6765ba404d5af5f.rlib" "/opt/rustwide/target/debug/deps/libzerofrom-5a402d1ee5177609.rlib" "/opt/rustwide/target/debug/deps/libstable_deref_trait-8e22d1dc883a4bb5.rlib" "/opt/rustwide/target/debug/deps/libform_urlencoded-225480349c93ac62.rlib" "/opt/rustwide/target/debug/deps/libpercent_encoding-0e0b8bd7b8462710.rlib" "/opt/rustwide/target/debug/deps/libjiff-c6dd96c3811fa90d.rlib" "/opt/rustwide/rustup-home/toolchains/beta-2024-12-08-x86_64-unknown-linux-gnu/lib/rustlib/x86_64-unknown-linux-gnu/lib/libstd-02dc84f49135b6b8.rlib" "/opt/rustwide/rustup-home/toolchains/beta-2024-12-08-x86_64-unknown-linux-gnu/lib/rustlib/x86_64-unknown-linux-gnu/lib/libpanic_unwind-a8f45b397fae3f81.rlib" "/opt/rustwide/rustup-home/toolchains/beta-2024-12-08-x86_64-unknown-linux-gnu/lib/rustlib/x86_64-unknown-linux-gnu/lib/libobject-089607133c180609.rlib" "/opt/rustwide/rustup-home/toolchains/beta-2024-12-08-x86_64-unknown-linux-gnu/lib/rustlib/x86_64-unknown-linux-gnu/lib/libmemchr-fc89f091bcd86cbb.rlib" "/opt/rustwide/rustup-home/toolchains/beta-2024-12-08-x86_64-unknown-linux-gnu/lib/rustlib/x86_64-unknown-linux-gnu/lib/libaddr2line-5a60949f01c7340c.rlib" "/opt/rustwide/rustup-home/toolchains/beta-2024-12-08-x86_64-unknown-linux-gnu/lib/rustlib/x86_64-unknown-linux-gnu/lib/libgimli-d29e6a55ca253c8c.rlib" "/opt/rustwide/rustup-home/toolchains/beta-2024-12-08-x86_64-unknown-linux-gnu/lib/rustlib/x86_64-unknown-linux-gnu/lib/librustc_demangle-273c078d5f65de7a.rlib" "/opt/rustwide/rustup-home/toolchains/beta-2024-12-08-x86_64-unknown-linux-gnu/lib/rustlib/x86_64-unknown-linux-gnu/lib/libstd_detect-413c950ffbdd4454.rlib" "/opt/rustwide/rustup-home/toolchains/beta-2024-12-08-x86_64-unknown-linux-gnu/lib/rustlib/x86_64-unknown-linux-gnu/lib/libhashbrown-1853c0976a1d88a6.rlib" "/opt/rustwide/rustup-home/toolchains/beta-2024-12-08-x86_64-unknown-linux-gnu/lib/rustlib/x86_64-unknown-linux-gnu/lib/librustc_std_workspace_alloc-ccb3384ddacb0f9e.rlib" "/opt/rustwide/rustup-home/toolchains/beta-2024-12-08-x86_64-unknown-linux-gnu/lib/rustlib/x86_64-unknown-linux-gnu/lib/libminiz_oxide-0b901dfb0ca849e0.rlib" "/opt/rustwide/rustup-home/toolchains/beta-2024-12-08-x86_64-unknown-linux-gnu/lib/rustlib/x86_64-unknown-linux-gnu/lib/libadler-eebeb8d7c64543ad.rlib" "/opt/rustwide/rustup-home/toolchains/beta-2024-12-08-x86_64-unknown-linux-gnu/lib/rustlib/x86_64-unknown-linux-gnu/lib/libunwind-4723ef81d6079867.rlib" "/opt/rustwide/rustup-home/toolchains/beta-2024-12-08-x86_64-unknown-linux-gnu/lib/rustlib/x86_64-unknown-linux-gnu/lib/libcfg_if-54442f8b422f5a54.rlib" "/opt/rustwide/rustup-home/toolchains/beta-2024-12-08-x86_64-unknown-linux-gnu/lib/rustlib/x86_64-unknown-linux-gnu/lib/liblibc-e0bbe034b5282553.rlib" "/opt/rustwide/rustup-home/toolchains/beta-2024-12-08-x86_64-unknown-linux-gnu/lib/rustlib/x86_64-unknown-linux-gnu/lib/liballoc-d0febb68c1c37b90.rlib" "/opt/rustwide/rustup-home/toolchains/beta-2024-12-08-x86_64-unknown-linux-gnu/lib/rustlib/x86_64-unknown-linux-gnu/lib/librustc_std_workspace_core-4cf833632aafa84c.rlib" "/opt/rustwide/rustup-home/toolchains/beta-2024-12-08-x86_64-unknown-linux-gnu/lib/rustlib/x86_64-unknown-linux-gnu/lib/libcore-65c2c6d2d6ae570b.rlib" "/opt/rustwide/rustup-home/toolchains/beta-2024-12-08-x86_64-unknown-linux-gnu/lib/rustlib/x86_64-unknown-linux-gnu/lib/libcompiler_builtins-97929cee0dcfe424.rlib" "-Wl,-Bdynamic" "-lgcc_s" "-lutil" "-lrt" "-lpthread" "-lm" "-ldl" "-lc" "-Wl,--eh-frame-hdr" "-Wl,-z,noexecstack" "-L" "/opt/rustwide/rustup-home/toolchains/beta-2024-12-08-x86_64-unknown-linux-gnu/lib/rustlib/x86_64-unknown-linux-gnu/lib" "-o" "/tmp/rustdoctestCWRRj7/rust_out" "-Wl,--gc-sections" "-pie" "-Wl,-z,relro,-z,now" "-nodefaultlibs"
[INFO] [stdout]   = note: collect2: fatal error: ld terminated with signal 9 [Killed]
[INFO] [stdout]           compilation terminated.
[INFO] [stdout]           
[INFO] [stdout] 
[INFO] [stdout] error: aborting due to 1 previous error
[INFO] [stdout] 
[INFO] [stdout] Couldn't compile the test.
[INFO] [stdout] ---- src/category.rs - category::Archive::as_url (line 262) stdout ----
[INFO] [stdout] error: linking with `cc` failed: exit status: 1
[INFO] [stdout]   |
[INFO] [stdout]   = note: LC_ALL="C" PATH="/opt/rustwide/rustup-home/toolchains/beta-2024-12-08-x86_64-unknown-linux-gnu/lib/rustlib/x86_64-unknown-linux-gnu/bin:/opt/rustwide/cargo-home/bin:/usr/local/sbin:/usr/local/bin:/usr/sbin:/usr/bin:/sbin:/bin" VSLANG="1033" "cc" "-m64" "/tmp/rustc9wEHC1/symbols.o" "/tmp/rustdoctestnoReAD/rust_out.rust_out.9242fac72db2cd11-cgu.0.rcgu.o" "/tmp/rustdoctestnoReAD/rust_out.2hl2tb9xdtge7mguxzn2q1kvi.rcgu.o" "-Wl,--as-needed" "-Wl,-Bstatic" "/opt/rustwide/target/debug/deps/libarxiv-df2491e5e75fc258.rlib" "/opt/rustwide/target/debug/deps/liburl-a676d943841f4a6f.rlib" "/opt/rustwide/target/debug/deps/libidna-c2562fc76146e15e.rlib" "/opt/rustwide/target/debug/deps/libidna_adapter-287bdcc46a14e69b.rlib" "/opt/rustwide/target/debug/deps/libicu_normalizer-7deff6e08e09a602.rlib" "/opt/rustwide/target/debug/deps/libicu_normalizer_data-d3c2725a089a2467.rlib" "/opt/rustwide/target/debug/deps/libwrite16-d15e33f2b3b5e6d8.rlib" "/opt/rustwide/target/debug/deps/libutf8_iter-d5e8daeaacfd8f95.rlib" "/opt/rustwide/target/debug/deps/libutf16_iter-9749a04129eccc81.rlib" "/opt/rustwide/target/debug/deps/libsmallvec-53fd8ee9edcafbcd.rlib" "/opt/rustwide/target/debug/deps/libicu_properties-ac0ad5ea51012884.rlib" "/opt/rustwide/target/debug/deps/libicu_properties_data-8db115c81033ba3a.rlib" "/opt/rustwide/target/debug/deps/libicu_locid_transform-9bb67294349dda70.rlib" "/opt/rustwide/target/debug/deps/libicu_locid_transform_data-b75aeb662448ba61.rlib" "/opt/rustwide/target/debug/deps/libicu_collections-b350a14b4cfd51cc.rlib" "/opt/rustwide/target/debug/deps/libicu_provider-70ae0be0a55eff63.rlib" "/opt/rustwide/target/debug/deps/libicu_locid-16d46d901985ba87.rlib" "/opt/rustwide/target/debug/deps/liblitemap-f4f1c45b9b1b6474.rlib" "/opt/rustwide/target/debug/deps/libtinystr-78418df95369f065.rlib" "/opt/rustwide/target/debug/deps/libzerovec-9afc6b344bfd5437.rlib" "/opt/rustwide/target/debug/deps/libwriteable-d425da3f2cf37998.rlib" "/opt/rustwide/target/debug/deps/libyoke-a6765ba404d5af5f.rlib" "/opt/rustwide/target/debug/deps/libzerofrom-5a402d1ee5177609.rlib" "/opt/rustwide/target/debug/deps/libstable_deref_trait-8e22d1dc883a4bb5.rlib" "/opt/rustwide/target/debug/deps/libform_urlencoded-225480349c93ac62.rlib" "/opt/rustwide/target/debug/deps/libpercent_encoding-0e0b8bd7b8462710.rlib" "/opt/rustwide/target/debug/deps/libjiff-c6dd96c3811fa90d.rlib" "/opt/rustwide/rustup-home/toolchains/beta-2024-12-08-x86_64-unknown-linux-gnu/lib/rustlib/x86_64-unknown-linux-gnu/lib/libstd-02dc84f49135b6b8.rlib" "/opt/rustwide/rustup-home/toolchains/beta-2024-12-08-x86_64-unknown-linux-gnu/lib/rustlib/x86_64-unknown-linux-gnu/lib/libpanic_unwind-a8f45b397fae3f81.rlib" "/opt/rustwide/rustup-home/toolchains/beta-2024-12-08-x86_64-unknown-linux-gnu/lib/rustlib/x86_64-unknown-linux-gnu/lib/libobject-089607133c180609.rlib" "/opt/rustwide/rustup-home/toolchains/beta-2024-12-08-x86_64-unknown-linux-gnu/lib/rustlib/x86_64-unknown-linux-gnu/lib/libmemchr-fc89f091bcd86cbb.rlib" "/opt/rustwide/rustup-home/toolchains/beta-2024-12-08-x86_64-unknown-linux-gnu/lib/rustlib/x86_64-unknown-linux-gnu/lib/libaddr2line-5a60949f01c7340c.rlib" "/opt/rustwide/rustup-home/toolchains/beta-2024-12-08-x86_64-unknown-linux-gnu/lib/rustlib/x86_64-unknown-linux-gnu/lib/libgimli-d29e6a55ca253c8c.rlib" "/opt/rustwide/rustup-home/toolchains/beta-2024-12-08-x86_64-unknown-linux-gnu/lib/rustlib/x86_64-unknown-linux-gnu/lib/librustc_demangle-273c078d5f65de7a.rlib" "/opt/rustwide/rustup-home/toolchains/beta-2024-12-08-x86_64-unknown-linux-gnu/lib/rustlib/x86_64-unknown-linux-gnu/lib/libstd_detect-413c950ffbdd4454.rlib" "/opt/rustwide/rustup-home/toolchains/beta-2024-12-08-x86_64-unknown-linux-gnu/lib/rustlib/x86_64-unknown-linux-gnu/lib/libhashbrown-1853c0976a1d88a6.rlib" "/opt/rustwide/rustup-home/toolchains/beta-2024-12-08-x86_64-unknown-linux-gnu/lib/rustlib/x86_64-unknown-linux-gnu/lib/librustc_std_workspace_alloc-ccb3384ddacb0f9e.rlib" "/opt/rustwide/rustup-home/toolchains/beta-2024-12-08-x86_64-unknown-linux-gnu/lib/rustlib/x86_64-unknown-linux-gnu/lib/libminiz_oxide-0b901dfb0ca849e0.rlib" "/opt/rustwide/rustup-home/toolchains/beta-2024-12-08-x86_64-unknown-linux-gnu/lib/rustlib/x86_64-unknown-linux-gnu/lib/libadler-eebeb8d7c64543ad.rlib" "/opt/rustwide/rustup-home/toolchains/beta-2024-12-08-x86_64-unknown-linux-gnu/lib/rustlib/x86_64-unknown-linux-gnu/lib/libunwind-4723ef81d6079867.rlib" "/opt/rustwide/rustup-home/toolchains/beta-2024-12-08-x86_64-unknown-linux-gnu/lib/rustlib/x86_64-unknown-linux-gnu/lib/libcfg_if-54442f8b422f5a54.rlib" "/opt/rustwide/rustup-home/toolchains/beta-2024-12-08-x86_64-unknown-linux-gnu/lib/rustlib/x86_64-unknown-linux-gnu/lib/liblibc-e0bbe034b5282553.rlib" "/opt/rustwide/rustup-home/toolchains/beta-2024-12-08-x86_64-unknown-linux-gnu/lib/rustlib/x86_64-unknown-linux-gnu/lib/liballoc-d0febb68c1c37b90.rlib" "/opt/rustwide/rustup-home/toolchains/beta-2024-12-08-x86_64-unknown-linux-gnu/lib/rustlib/x86_64-unknown-linux-gnu/lib/librustc_std_workspace_core-4cf833632aafa84c.rlib" "/opt/rustwide/rustup-home/toolchains/beta-2024-12-08-x86_64-unknown-linux-gnu/lib/rustlib/x86_64-unknown-linux-gnu/lib/libcore-65c2c6d2d6ae570b.rlib" "/opt/rustwide/rustup-home/toolchains/beta-2024-12-08-x86_64-unknown-linux-gnu/lib/rustlib/x86_64-unknown-linux-gnu/lib/libcompiler_builtins-97929cee0dcfe424.rlib" "-Wl,-Bdynamic" "-lgcc_s" "-lutil" "-lrt" "-lpthread" "-lm" "-ldl" "-lc" "-Wl,--eh-frame-hdr" "-Wl,-z,noexecstack" "-L" "/opt/rustwide/rustup-home/toolchains/beta-2024-12-08-x86_64-unknown-linux-gnu/lib/rustlib/x86_64-unknown-linux-gnu/lib" "-o" "/tmp/rustdoctestnoReAD/rust_out" "-Wl,--gc-sections" "-pie" "-Wl,-z,relro,-z,now" "-nodefaultlibs"
[INFO] [stdout]   = note: collect2: fatal error: ld terminated with signal 9 [Killed]
[INFO] [stdout]           compilation terminated.
[INFO] [stdout]           
[INFO] [stdout] 
[INFO] [stdout] error: aborting due to 1 previous error
[INFO] [stdout] 
[INFO] [stdout] Couldn't compile the test.
[INFO] [stdout] 
[INFO] [stdout] failures:
[INFO] [stdout]     src/category.rs - category::Archive::as_url (line 262)
[INFO] [stdout]     src/identifier.rs - identifier::ArticleId<'a>::set_version (line 255)
[INFO] [stdout] 
[INFO] [stdout] test result: FAILED. 20 passed; 2 failed; 0 ignored; 0 measured; 0 filtered out; finished in 8.42s
[INFO] [stdout] 
[INFO] [stderr] error: doctest failed, to rerun pass `--doc`
[INFO] running `Command { std: "docker" "inspect" "670e73368d37ba4c5dd1089256c132db392571c3803064c11718d77d0ad73018", kill_on_drop: false }`
[INFO] running `Command { std: "docker" "rm" "-f" "670e73368d37ba4c5dd1089256c132db392571c3803064c11718d77d0ad73018", kill_on_drop: false }`
[INFO] [stdout] 670e73368d37ba4c5dd1089256c132db392571c3803064c11718d77d0ad73018
