[INFO] fetching crate actix-web-flash-messages 0.5.0...
[INFO] testing actix-web-flash-messages-0.5.0 against 1.83.0 for beta-1.84.0-4-retry
[INFO] extracting crate actix-web-flash-messages 0.5.0 into /workspace/builds/worker-2-tc1/source
[INFO] validating manifest of crates.io crate actix-web-flash-messages 0.5.0 on toolchain 1.83.0
[INFO] running `Command { std: CARGO_HOME="/workspace/cargo-home" RUSTUP_HOME="/workspace/rustup-home" "/workspace/cargo-home/bin/cargo" "+1.83.0" "metadata" "--manifest-path" "Cargo.toml" "--no-deps", kill_on_drop: false }`
[INFO] started tweaking crates.io crate actix-web-flash-messages 0.5.0
[INFO] removed 0 missing tests
[INFO] finished tweaking crates.io crate actix-web-flash-messages 0.5.0
[INFO] tweaked toml for crates.io crate actix-web-flash-messages 0.5.0 written to /workspace/builds/worker-2-tc1/source/Cargo.toml
[INFO] running `Command { std: CARGO_HOME="/workspace/cargo-home" RUSTUP_HOME="/workspace/rustup-home" "/workspace/cargo-home/bin/cargo" "+1.83.0" "generate-lockfile" "--manifest-path" "Cargo.toml", kill_on_drop: false }`
[INFO] [stderr]     Blocking waiting for file lock on package cache
[INFO] [stderr]     Updating crates.io index
[INFO] [stderr]     Blocking waiting for file lock on package cache
[INFO] [stderr]      Locking 168 packages to latest compatible versions
[INFO] [stderr]       Adding thiserror v1.0.69 (available: v2.0.7)
[INFO] running `Command { std: CARGO_HOME="/workspace/cargo-home" RUSTUP_HOME="/workspace/rustup-home" "/workspace/cargo-home/bin/cargo" "+1.83.0" "fetch" "--manifest-path" "Cargo.toml", kill_on_drop: false }`
[INFO] [stderr]     Blocking waiting for file lock on package cache
[INFO] [stderr]     Blocking waiting for file lock on package cache
[INFO] [stderr]  Downloading crates ...
[INFO] [stderr]   Downloaded actix-session v0.10.1
[INFO] running `Command { std: "docker" "create" "-v" "/var/lib/crater-agent-workspace/builds/worker-2-tc1/target:/opt/rustwide/target:rw,Z" "-v" "/var/lib/crater-agent-workspace/builds/worker-2-tc1/source:/opt/rustwide/workdir:ro,Z" "-v" "/var/lib/crater-agent-workspace/cargo-home:/opt/rustwide/cargo-home:ro,Z" "-v" "/var/lib/crater-agent-workspace/rustup-home:/opt/rustwide/rustup-home:ro,Z" "-e" "SOURCE_DIR=/opt/rustwide/workdir" "-e" "CARGO_TARGET_DIR=/opt/rustwide/target" "-e" "CARGO_HOME=/opt/rustwide/cargo-home" "-e" "RUSTUP_HOME=/opt/rustwide/rustup-home" "-w" "/opt/rustwide/workdir" "-m" "1610612736" "--user" "0:0" "--network" "none" "ghcr.io/rust-lang/crates-build-env/linux@sha256:f3a9d4ad9d972b27faf3965f35b62e55ba32bbce8f20bc8fe909558a86702fde" "/opt/rustwide/cargo-home/bin/cargo" "+1.83.0" "metadata" "--no-deps" "--format-version=1", kill_on_drop: false }`
[INFO] [stdout] c1717a049a8d40eb40959acca8da68fba305cc293177d451e9abd451086f889b
[INFO] running `Command { std: "docker" "start" "-a" "c1717a049a8d40eb40959acca8da68fba305cc293177d451e9abd451086f889b", kill_on_drop: false }`
[INFO] running `Command { std: "docker" "inspect" "c1717a049a8d40eb40959acca8da68fba305cc293177d451e9abd451086f889b", kill_on_drop: false }`
[INFO] running `Command { std: "docker" "rm" "-f" "c1717a049a8d40eb40959acca8da68fba305cc293177d451e9abd451086f889b", kill_on_drop: false }`
[INFO] [stdout] c1717a049a8d40eb40959acca8da68fba305cc293177d451e9abd451086f889b
[INFO] running `Command { std: "docker" "create" "-v" "/var/lib/crater-agent-workspace/builds/worker-2-tc1/target:/opt/rustwide/target:rw,Z" "-v" "/var/lib/crater-agent-workspace/builds/worker-2-tc1/source:/opt/rustwide/workdir:ro,Z" "-v" "/var/lib/crater-agent-workspace/cargo-home:/opt/rustwide/cargo-home:ro,Z" "-v" "/var/lib/crater-agent-workspace/rustup-home:/opt/rustwide/rustup-home:ro,Z" "-e" "SOURCE_DIR=/opt/rustwide/workdir" "-e" "CARGO_TARGET_DIR=/opt/rustwide/target" "-e" "CARGO_INCREMENTAL=0" "-e" "RUST_BACKTRACE=full" "-e" "RUSTFLAGS=--cap-lints=warn" "-e" "RUSTDOCFLAGS=--cap-lints=warn" "-e" "CARGO_HOME=/opt/rustwide/cargo-home" "-e" "RUSTUP_HOME=/opt/rustwide/rustup-home" "-w" "/opt/rustwide/workdir" "-m" "1610612736" "--user" "0:0" "--network" "none" "ghcr.io/rust-lang/crates-build-env/linux@sha256:f3a9d4ad9d972b27faf3965f35b62e55ba32bbce8f20bc8fe909558a86702fde" "/opt/rustwide/cargo-home/bin/cargo" "+1.83.0" "build" "--frozen" "--message-format=json", kill_on_drop: false }`
[INFO] [stdout] 433667181b271f0c479453d74b23e2c81d03f351d22f2614e4f8c3f7d13cf36b
[INFO] running `Command { std: "docker" "start" "-a" "433667181b271f0c479453d74b23e2c81d03f351d22f2614e4f8c3f7d13cf36b", kill_on_drop: false }`
[INFO] [stderr]    Compiling proc-macro2 v1.0.92
[INFO] [stderr]    Compiling unicode-ident v1.0.14
[INFO] [stderr]    Compiling libc v0.2.168
[INFO] [stderr]    Compiling cfg-if v1.0.0
[INFO] [stderr]    Compiling version_check v0.9.5
[INFO] [stderr]    Compiling typenum v1.17.0
[INFO] [stderr]    Compiling autocfg v1.4.0
[INFO] [stderr]    Compiling smallvec v1.13.2
[INFO] [stderr]    Compiling stable_deref_trait v1.2.0
[INFO] [stderr]    Compiling pin-project-lite v0.2.15
[INFO] [stderr]    Compiling subtle v2.6.1
[INFO] [stderr]    Compiling parking_lot_core v0.9.10
[INFO] [stderr]    Compiling log v0.4.22
[INFO] [stderr]    Compiling bytes v1.9.0
[INFO] [stderr]    Compiling scopeguard v1.2.0
[INFO] [stderr]    Compiling futures-core v0.3.31
[INFO] [stderr]    Compiling once_cell v1.20.2
[INFO] [stderr]    Compiling itoa v1.0.14
[INFO] [stderr]    Compiling cpufeatures v0.2.16
[INFO] [stderr]    Compiling writeable v0.5.5
[INFO] [stderr]    Compiling litemap v0.7.4
[INFO] [stderr]    Compiling futures-sink v0.3.31
[INFO] [stderr]    Compiling byteorder v1.5.0
[INFO] [stderr]    Compiling icu_locid_transform_data v1.5.0
[INFO] [stderr]    Compiling serde v1.0.216
[INFO] [stderr]    Compiling tracing-core v0.1.33
[INFO] [stderr]    Compiling icu_properties_data v1.5.0
[INFO] [stderr]    Compiling paste v1.0.15
[INFO] [stderr]    Compiling percent-encoding v2.3.1
[INFO] [stderr]    Compiling utf8_iter v1.0.4
[INFO] [stderr]    Compiling futures-task v0.3.31
[INFO] [stderr]    Compiling pin-utils v0.1.0
[INFO] [stderr]    Compiling generic-array v0.14.7
[INFO] [stderr]    Compiling local-waker v0.1.4
[INFO] [stderr]    Compiling utf16_iter v1.0.5
[INFO] [stderr]    Compiling write16 v1.0.0
[INFO] [stderr]    Compiling fnv v1.0.7
[INFO] [stderr]    Compiling opaque-debug v0.3.1
[INFO] [stderr]    Compiling icu_normalizer_data v1.5.0
[INFO] [stderr]    Compiling futures-util v0.3.31
[INFO] [stderr]    Compiling ahash v0.8.11
[INFO] [stderr]    Compiling http v0.2.12
[INFO] [stderr]    Compiling equivalent v1.0.1
[INFO] [stderr]    Compiling powerfmt v0.2.0
[INFO] [stderr]    Compiling hashbrown v0.15.2
[INFO] [stderr]    Compiling memchr v2.7.4
[INFO] [stderr]    Compiling time-core v0.1.2
[INFO] [stderr]    Compiling num-conv v0.1.0
[INFO] [stderr]    Compiling httparse v1.9.5
[INFO] [stderr]    Compiling form_urlencoded v1.2.1
[INFO] [stderr]    Compiling lock_api v0.4.12
[INFO] [stderr]    Compiling slab v0.4.9
[INFO] [stderr]    Compiling tracing v0.1.41
[INFO] [stderr]    Compiling time-macros v0.2.19
[INFO] [stderr]    Compiling deranged v0.3.11
[INFO] [stderr]    Compiling actix-utils v3.0.1
[INFO] [stderr]    Compiling cookie v0.16.2
[INFO] [stderr]    Compiling bytestring v1.4.0
[INFO] [stderr]    Compiling ryu v1.0.18
[INFO] [stderr]    Compiling quote v1.0.37
[INFO] [stderr]    Compiling bitflags v2.6.0
[INFO] [stderr]    Compiling serde_json v1.0.133
[INFO] [stderr]    Compiling syn v2.0.90
[INFO] [stderr]    Compiling convert_case v0.4.0
[INFO] [stderr]    Compiling actix-service v2.0.2
[INFO] [stderr]    Compiling local-channel v0.1.5
[INFO] [stderr]    Compiling encoding_rs v0.8.35
[INFO] [stderr]    Compiling anyhow v1.0.94
[INFO] [stderr]    Compiling thiserror v1.0.69
[INFO] [stderr]    Compiling language-tags v0.3.2
[INFO] [stderr]    Compiling mime v0.3.17
[INFO] [stderr]    Compiling base64 v0.22.1
[INFO] [stderr]    Compiling getrandom v0.2.15
[INFO] [stderr]    Compiling signal-hook-registry v1.4.2
[INFO] [stderr]    Compiling socket2 v0.5.8
[INFO] [stderr]    Compiling mio v1.0.3
[INFO] [stderr]    Compiling indexmap v2.7.0
[INFO] [stderr]    Compiling regex-lite v0.1.6
[INFO] [stderr]    Compiling rand_core v0.6.4
[INFO] [stderr]    Compiling httpdate v1.0.3
[INFO] [stderr]    Compiling parking_lot v0.12.3
[INFO] [stderr]    Compiling base64 v0.20.0
[INFO] [stderr]    Compiling impl-more v0.1.8
[INFO] [stderr]    Compiling crypto-common v0.1.6
[INFO] [stderr]    Compiling block-buffer v0.10.4
[INFO] [stderr]    Compiling tokio v1.42.0
[INFO] [stderr]    Compiling inout v0.1.3
[INFO] [stderr]    Compiling digest v0.10.7
[INFO] [stderr]    Compiling cipher v0.4.4
[INFO] [stderr]    Compiling universal-hash v0.5.1
[INFO] [stderr]    Compiling aead v0.5.2
[INFO] [stderr]    Compiling aes v0.8.4
[INFO] [stderr]    Compiling ctr v0.9.2
[INFO] [stderr]    Compiling polyval v0.6.2
[INFO] [stderr]    Compiling hmac v0.12.1
[INFO] [stderr]    Compiling sha1 v0.10.6
[INFO] [stderr]    Compiling sha2 v0.10.8
[INFO] [stderr]    Compiling ghash v0.5.1
[INFO] [stderr]    Compiling hkdf v0.12.4
[INFO] [stderr]    Compiling time v0.3.37
[INFO] [stderr]    Compiling aes-gcm v0.10.3
[INFO] [stderr]    Compiling synstructure v0.13.1
[INFO] [stderr]    Compiling zerofrom-derive v0.1.5
[INFO] [stderr]    Compiling yoke-derive v0.7.5
[INFO] [stderr]    Compiling zerovec-derive v0.10.3
[INFO] [stderr]    Compiling displaydoc v0.2.5
[INFO] [stderr]    Compiling zerocopy-derive v0.7.35
[INFO] [stderr]    Compiling icu_provider_macros v1.5.0
[INFO] [stderr]    Compiling serde_derive v1.0.216
[INFO] [stderr]    Compiling actix-macros v0.2.4
[INFO] [stderr]    Compiling derive_more v0.99.18
[INFO] [stderr]    Compiling thiserror-impl v1.0.69
[INFO] [stderr]    Compiling tokio-util v0.7.13
[INFO] [stderr]    Compiling actix-rt v2.10.0
[INFO] [stderr]    Compiling actix-codec v0.5.2
[INFO] [stderr]    Compiling h2 v0.3.26
[INFO] [stderr]    Compiling actix-server v2.5.0
[INFO] [stderr]    Compiling zerocopy v0.7.35
[INFO] [stderr]    Compiling zerofrom v0.1.5
[INFO] [stderr]    Compiling yoke v0.7.5
[INFO] [stderr]    Compiling zerovec v0.10.4
[INFO] [stderr]    Compiling ppv-lite86 v0.2.20
[INFO] [stderr]    Compiling rand_chacha v0.3.1
[INFO] [stderr]    Compiling rand v0.8.5
[INFO] [stderr]    Compiling tinystr v0.7.6
[INFO] [stderr]    Compiling icu_collections v1.5.0
[INFO] [stderr]    Compiling icu_locid v1.5.0
[INFO] [stderr]    Compiling icu_provider v1.5.0
[INFO] [stderr]    Compiling actix-http v3.9.0
[INFO] [stderr]    Compiling icu_locid_transform v1.5.0
[INFO] [stderr]    Compiling icu_properties v1.5.1
[INFO] [stderr]    Compiling actix-router v0.5.3
[INFO] [stderr]    Compiling serde_urlencoded v0.7.1
[INFO] [stderr]    Compiling icu_normalizer v1.5.0
[INFO] [stderr]    Compiling idna_adapter v1.2.0
[INFO] [stderr]    Compiling idna v1.0.3
[INFO] [stderr]    Compiling url v2.5.4
[INFO] [stderr]    Compiling actix-web v4.9.0
[INFO] [stderr]    Compiling actix-web-flash-messages v0.5.0 (/opt/rustwide/workdir)
[INFO] [stderr]     Finished `dev` profile [unoptimized + debuginfo] target(s) in 1m 03s
[INFO] running `Command { std: "docker" "inspect" "433667181b271f0c479453d74b23e2c81d03f351d22f2614e4f8c3f7d13cf36b", kill_on_drop: false }`
[INFO] running `Command { std: "docker" "rm" "-f" "433667181b271f0c479453d74b23e2c81d03f351d22f2614e4f8c3f7d13cf36b", kill_on_drop: false }`
[INFO] [stdout] 433667181b271f0c479453d74b23e2c81d03f351d22f2614e4f8c3f7d13cf36b
[INFO] running `Command { std: "docker" "create" "-v" "/var/lib/crater-agent-workspace/builds/worker-2-tc1/target:/opt/rustwide/target:rw,Z" "-v" "/var/lib/crater-agent-workspace/builds/worker-2-tc1/source:/opt/rustwide/workdir:ro,Z" "-v" "/var/lib/crater-agent-workspace/cargo-home:/opt/rustwide/cargo-home:ro,Z" "-v" "/var/lib/crater-agent-workspace/rustup-home:/opt/rustwide/rustup-home:ro,Z" "-e" "SOURCE_DIR=/opt/rustwide/workdir" "-e" "CARGO_TARGET_DIR=/opt/rustwide/target" "-e" "CARGO_INCREMENTAL=0" "-e" "RUST_BACKTRACE=full" "-e" "RUSTFLAGS=--cap-lints=warn" "-e" "RUSTDOCFLAGS=--cap-lints=warn" "-e" "CARGO_HOME=/opt/rustwide/cargo-home" "-e" "RUSTUP_HOME=/opt/rustwide/rustup-home" "-w" "/opt/rustwide/workdir" "-m" "1610612736" "--user" "0:0" "--network" "none" "ghcr.io/rust-lang/crates-build-env/linux@sha256:f3a9d4ad9d972b27faf3965f35b62e55ba32bbce8f20bc8fe909558a86702fde" "/opt/rustwide/cargo-home/bin/cargo" "+1.83.0" "test" "--frozen" "--no-run" "--message-format=json", kill_on_drop: false }`
[INFO] [stdout] 1f97884c6f9a582cd933a1ecf410a9194cef3366d0725a574c502be0805e6048
[INFO] running `Command { std: "docker" "start" "-a" "1f97884c6f9a582cd933a1ecf410a9194cef3366d0725a574c502be0805e6048", kill_on_drop: false }`
[INFO] [stderr]    Compiling http v1.2.0
[INFO] [stderr]    Compiling unicode-xid v0.2.6
[INFO] [stderr]    Compiling derive_more-impl v1.0.0
[INFO] [stderr]    Compiling actix-tls v3.4.0
[INFO] [stderr]    Compiling awc v3.5.1
[INFO] [stderr]    Compiling actix-http-test v3.2.0
[INFO] [stderr]    Compiling actix-test v0.1.5
[INFO] [stderr]    Compiling derive_more v1.0.0
[INFO] [stderr]    Compiling actix-session v0.10.1
[INFO] [stderr]    Compiling actix-web-flash-messages v0.5.0 (/opt/rustwide/workdir)
[INFO] [stdout] warning: unused imports: `Key` and `SameSite`
[INFO] [stdout]  --> tests/tests.rs:1:25
[INFO] [stdout]   |
[INFO] [stdout] 1 | use actix_web::cookie::{Key, SameSite};
[INFO] [stdout]   |                         ^^^  ^^^^^^^^
[INFO] [stdout]   |
[INFO] [stdout]   = note: `#[warn(unused_imports)]` on by default
[INFO] [stdout] 
[INFO] [stdout] 
[INFO] [stdout] warning: unused import: `actix_web::web::resource`
[INFO] [stdout]  --> tests/tests.rs:2:5
[INFO] [stdout]   |
[INFO] [stdout] 2 | use actix_web::web::resource;
[INFO] [stdout]   |     ^^^^^^^^^^^^^^^^^^^^^^^^
[INFO] [stdout] 
[INFO] [stdout] 
[INFO] [stdout] warning: unused imports: `App` and `web`
[INFO] [stdout]  --> tests/tests.rs:3:17
[INFO] [stdout]   |
[INFO] [stdout] 3 | use actix_web::{web, App, HttpResponse, Responder};
[INFO] [stdout]   |                 ^^^  ^^^
[INFO] [stdout] 
[INFO] [stdout] 
[INFO] [stdout] warning: unused import: `FlashMessagesFramework`
[INFO] [stdout]  --> tests/tests.rs:4:46
[INFO] [stdout]   |
[INFO] [stdout] 4 | use actix_web_flash_messages::{FlashMessage, FlashMessagesFramework, IncomingFlashMessages};
[INFO] [stdout]   |                                              ^^^^^^^^^^^^^^^^^^^^^^
[INFO] [stdout] 
[INFO] [stdout] 
[INFO] [stdout] warning: function `show` is never used
[INFO] [stdout]  --> tests/tests.rs:7:10
[INFO] [stdout]   |
[INFO] [stdout] 7 | async fn show(messages: IncomingFlashMessages) -> impl Responder {
[INFO] [stdout]   |          ^^^^
[INFO] [stdout]   |
[INFO] [stdout]   = note: `#[warn(dead_code)]` on by default
[INFO] [stdout] 
[INFO] [stdout] 
[INFO] [stdout] warning: function `set` is never used
[INFO] [stdout]   --> tests/tests.rs:15:10
[INFO] [stdout]    |
[INFO] [stdout] 15 | async fn set() -> impl Responder {
[INFO] [stdout]    |          ^^^
[INFO] [stdout] 
[INFO] [stdout] 
[INFO] [stderr]     Finished `test` profile [unoptimized + debuginfo] target(s) in 8.70s
[INFO] running `Command { std: "docker" "inspect" "1f97884c6f9a582cd933a1ecf410a9194cef3366d0725a574c502be0805e6048", kill_on_drop: false }`
[INFO] running `Command { std: "docker" "rm" "-f" "1f97884c6f9a582cd933a1ecf410a9194cef3366d0725a574c502be0805e6048", kill_on_drop: false }`
[INFO] [stdout] 1f97884c6f9a582cd933a1ecf410a9194cef3366d0725a574c502be0805e6048
[INFO] running `Command { std: "docker" "create" "-v" "/var/lib/crater-agent-workspace/builds/worker-2-tc1/target:/opt/rustwide/target:rw,Z" "-v" "/var/lib/crater-agent-workspace/builds/worker-2-tc1/source:/opt/rustwide/workdir:ro,Z" "-v" "/var/lib/crater-agent-workspace/cargo-home:/opt/rustwide/cargo-home:ro,Z" "-v" "/var/lib/crater-agent-workspace/rustup-home:/opt/rustwide/rustup-home:ro,Z" "-e" "SOURCE_DIR=/opt/rustwide/workdir" "-e" "CARGO_TARGET_DIR=/opt/rustwide/target" "-e" "CARGO_INCREMENTAL=0" "-e" "RUST_BACKTRACE=full" "-e" "RUSTFLAGS=--cap-lints=warn" "-e" "RUSTDOCFLAGS=--cap-lints=warn" "-e" "CARGO_HOME=/opt/rustwide/cargo-home" "-e" "RUSTUP_HOME=/opt/rustwide/rustup-home" "-w" "/opt/rustwide/workdir" "-m" "1610612736" "--user" "0:0" "--network" "none" "ghcr.io/rust-lang/crates-build-env/linux@sha256:f3a9d4ad9d972b27faf3965f35b62e55ba32bbce8f20bc8fe909558a86702fde" "/opt/rustwide/cargo-home/bin/cargo" "+1.83.0" "test" "--frozen", kill_on_drop: false }`
[INFO] [stdout] d11f97c99ffd3ce96aa83a65d6c3fd1da33baab4e0e3301e1c0f89fbf30f8c48
[INFO] running `Command { std: "docker" "start" "-a" "d11f97c99ffd3ce96aa83a65d6c3fd1da33baab4e0e3301e1c0f89fbf30f8c48", kill_on_drop: false }`
[INFO] [stderr] warning: unused imports: `Key` and `SameSite`
[INFO] [stderr]  --> tests/tests.rs:1:25
[INFO] [stderr]   |
[INFO] [stderr] 1 | use actix_web::cookie::{Key, SameSite};
[INFO] [stderr]   |                         ^^^  ^^^^^^^^
[INFO] [stderr]   |
[INFO] [stderr]   = note: `#[warn(unused_imports)]` on by default
[INFO] [stderr] 
[INFO] [stderr] warning: unused import: `actix_web::web::resource`
[INFO] [stderr]  --> tests/tests.rs:2:5
[INFO] [stderr]   |
[INFO] [stderr] 2 | use actix_web::web::resource;
[INFO] [stderr]   |     ^^^^^^^^^^^^^^^^^^^^^^^^
[INFO] [stderr] 
[INFO] [stderr] warning: unused imports: `App` and `web`
[INFO] [stderr]  --> tests/tests.rs:3:17
[INFO] [stderr]   |
[INFO] [stderr] 3 | use actix_web::{web, App, HttpResponse, Responder};
[INFO] [stderr]   |                 ^^^  ^^^
[INFO] [stderr] 
[INFO] [stderr] warning: unused import: `FlashMessagesFramework`
[INFO] [stderr]  --> tests/tests.rs:4:46
[INFO] [stderr]   |
[INFO] [stderr] 4 | use actix_web_flash_messages::{FlashMessage, FlashMessagesFramework, IncomingFlashMessages};
[INFO] [stderr]   |                                              ^^^^^^^^^^^^^^^^^^^^^^
[INFO] [stderr] 
[INFO] [stderr] warning: function `show` is never used
[INFO] [stderr]  --> tests/tests.rs:7:10
[INFO] [stderr]   |
[INFO] [stderr] 7 | async fn show(messages: IncomingFlashMessages) -> impl Responder {
[INFO] [stderr]   |          ^^^^
[INFO] [stderr]   |
[INFO] [stderr]   = note: `#[warn(dead_code)]` on by default
[INFO] [stderr] 
[INFO] [stderr] warning: function `set` is never used
[INFO] [stderr]   --> tests/tests.rs:15:10
[INFO] [stderr]    |
[INFO] [stderr] 15 | async fn set() -> impl Responder {
[INFO] [stderr]    |          ^^^
[INFO] [stderr] 
[INFO] [stderr] warning: `actix-web-flash-messages` (test "tests") generated 6 warnings (run `cargo fix --test "tests"` to apply 4 suggestions)
[INFO] [stderr]     Finished `test` profile [unoptimized + debuginfo] target(s) in 0.20s
[INFO] [stderr]      Running unittests src/lib.rs (/opt/rustwide/target/debug/deps/actix_web_flash_messages-af910b115e8c97f1)
[INFO] [stdout] 
[INFO] [stdout] running 0 tests
[INFO] [stdout] 
[INFO] [stdout] test result: ok. 0 passed; 0 failed; 0 ignored; 0 measured; 0 filtered out; finished in 0.00s
[INFO] [stdout] 
[INFO] [stderr]      Running tests/tests.rs (/opt/rustwide/target/debug/deps/tests-2ba357e2cba3d302)
[INFO] [stdout] 
[INFO] [stdout] running 0 tests
[INFO] [stdout] 
[INFO] [stdout] test result: ok. 0 passed; 0 failed; 0 ignored; 0 measured; 0 filtered out; finished in 0.00s
[INFO] [stdout] 
[INFO] [stderr]    Doc-tests actix_web_flash_messages
[INFO] [stdout] 
[INFO] [stdout] running 7 tests
[INFO] [stdout] test src/../crate_readme.md - (line 95) ... FAILED
[INFO] [stdout] test src/../crate_readme.md - (line 155) ... FAILED
[INFO] [stdout] test src/../crate_readme.md - (line 120) ... FAILED
[INFO] [stdout] test src/builder.rs - builder::FlashMessagesFramework (line 10) ... FAILED
[INFO] [stdout] test src/../crate_readme.md - (line 8) ... FAILED
[INFO] [stdout] test src/incoming.rs - incoming::IncomingFlashMessages (line 10) ... FAILED
[INFO] [stdout] test src/builder.rs - builder::FlashMessagesFrameworkBuilder::minimum_level (line 65) ... FAILED
[INFO] [stdout] 
[INFO] [stdout] failures:
[INFO] [stdout] 
[INFO] [stdout] ---- src/../crate_readme.md - (line 95) stdout ----
[INFO] [stdout] error[E0432]: unresolved import `actix_web_flash_messages::storage::CookieMessageStore`
[INFO] [stdout]  --> src/../crate_readme.md:97:56
[INFO] [stdout]   |
[INFO] [stdout] 4 | use actix_web_flash_messages::{FlashMessagesFramework, storage::CookieMessageStore};
[INFO] [stdout]   |                                                        ^^^^^^^^^------------------
[INFO] [stdout]   |                                                        |        |
[INFO] [stdout]   |                                                        |        help: a similar name exists in the module: `FlashMessageStore`
[INFO] [stdout]   |                                                        no `CookieMessageStore` in `storage`
[INFO] [stdout]   |
[INFO] [stdout] note: found an item that was configured out
[INFO] [stdout]  --> /opt/rustwide/workdir/src/storage/mod.rs:5:19
[INFO] [stdout]   |
[INFO] [stdout] 5 | pub use cookies::{CookieMessageStore, CookieMessageStoreBuilder};
[INFO] [stdout]   |                   ^^^^^^^^^^^^^^^^^^
[INFO] [stdout] note: the item is gated behind the `cookies` feature
[INFO] [stdout]  --> /opt/rustwide/workdir/src/storage/mod.rs:4:7
[INFO] [stdout]   |
[INFO] [stdout] 4 | #[cfg(feature = "cookies")]
[INFO] [stdout]   |       ^^^^^^^^^^^^^^^^^^^
[INFO] [stdout] 
[INFO] [stdout] error[E0433]: failed to resolve: could not find `main` in `actix_web`
[INFO] [stdout]    --> src/../crate_readme.md:101:14
[INFO] [stdout]     |
[INFO] [stdout] 8   | #[actix_web::main]
[INFO] [stdout]     |              ^^^^ could not find `main` in `actix_web`
[INFO] [stdout]     |
[INFO] [stdout] note: found an item that was configured out
[INFO] [stdout]    --> /opt/rustwide/cargo-home/registry/src/index.crates.io-6f17d22bba15001f/actix-web-4.9.0/src/lib.rs:134:19
[INFO] [stdout]     |
[INFO] [stdout] 134 | codegen_reexport!(main);
[INFO] [stdout]     |                   ^^^^
[INFO] [stdout] note: the item is gated behind the `macros` feature
[INFO] [stdout]    --> /opt/rustwide/cargo-home/registry/src/index.crates.io-6f17d22bba15001f/actix-web-4.9.0/src/lib.rs:134:1
[INFO] [stdout]     |
[INFO] [stdout] 134 | codegen_reexport!(main);
[INFO] [stdout]     | ^^^^^^^^^^^^^^^^^^^^^^^
[INFO] [stdout]     = note: this error originates in the macro `codegen_reexport` (in Nightly builds, run with -Z macro-backtrace for more info)
[INFO] [stdout] 
[INFO] [stdout] error[E0752]: `main` function is not allowed to be `async`
[INFO] [stdout]  --> src/../crate_readme.md:102:1
[INFO] [stdout]   |
[INFO] [stdout] 9 | async fn main() {
[INFO] [stdout]   | ^^^^^^^^^^^^^^^ `main` function is not allowed to be `async`
[INFO] [stdout] 
[INFO] [stdout] error: aborting due to 3 previous errors
[INFO] [stdout] 
[INFO] [stdout] Some errors have detailed explanations: E0432, E0433, E0752.
[INFO] [stdout] For more information about an error, try `rustc --explain E0432`.
[INFO] [stdout] Couldn't compile the test.
[INFO] [stdout] ---- src/../crate_readme.md - (line 155) stdout ----
[INFO] [stdout] error[E0432]: unresolved import `actix_web_flash_messages::storage::CookieMessageStore`
[INFO] [stdout]  --> src/../crate_readme.md:157:63
[INFO] [stdout]   |
[INFO] [stdout] 4 | use actix_web_flash_messages::{FlashMessagesFramework, Level, storage::CookieMessageStore};
[INFO] [stdout]   |                                                               ^^^^^^^^^------------------
[INFO] [stdout]   |                                                               |        |
[INFO] [stdout]   |                                                               |        help: a similar name exists in the module: `FlashMessageStore`
[INFO] [stdout]   |                                                               no `CookieMessageStore` in `storage`
[INFO] [stdout]   |
[INFO] [stdout] note: found an item that was configured out
[INFO] [stdout]  --> /opt/rustwide/workdir/src/storage/mod.rs:5:19
[INFO] [stdout]   |
[INFO] [stdout] 5 | pub use cookies::{CookieMessageStore, CookieMessageStoreBuilder};
[INFO] [stdout]   |                   ^^^^^^^^^^^^^^^^^^
[INFO] [stdout] note: the item is gated behind the `cookies` feature
[INFO] [stdout]  --> /opt/rustwide/workdir/src/storage/mod.rs:4:7
[INFO] [stdout]   |
[INFO] [stdout] 4 | #[cfg(feature = "cookies")]
[INFO] [stdout]   |       ^^^^^^^^^^^^^^^^^^^
[INFO] [stdout] 
[INFO] [stdout] error[E0433]: failed to resolve: could not find `main` in `actix_web`
[INFO] [stdout]    --> src/../crate_readme.md:165:14
[INFO] [stdout]     |
[INFO] [stdout] 12  | #[actix_web::main]
[INFO] [stdout]     |              ^^^^ could not find `main` in `actix_web`
[INFO] [stdout]     |
[INFO] [stdout] note: found an item that was configured out
[INFO] [stdout]    --> /opt/rustwide/cargo-home/registry/src/index.crates.io-6f17d22bba15001f/actix-web-4.9.0/src/lib.rs:134:19
[INFO] [stdout]     |
[INFO] [stdout] 134 | codegen_reexport!(main);
[INFO] [stdout]     |                   ^^^^
[INFO] [stdout] note: the item is gated behind the `macros` feature
[INFO] [stdout]    --> /opt/rustwide/cargo-home/registry/src/index.crates.io-6f17d22bba15001f/actix-web-4.9.0/src/lib.rs:134:1
[INFO] [stdout]     |
[INFO] [stdout] 134 | codegen_reexport!(main);
[INFO] [stdout]     | ^^^^^^^^^^^^^^^^^^^^^^^
[INFO] [stdout]     = note: this error originates in the macro `codegen_reexport` (in Nightly builds, run with -Z macro-backtrace for more info)
[INFO] [stdout] 
[INFO] [stdout] error[E0752]: `main` function is not allowed to be `async`
[INFO] [stdout]   --> src/../crate_readme.md:166:1
[INFO] [stdout]    |
[INFO] [stdout] 13 | async fn main() {
[INFO] [stdout]    | ^^^^^^^^^^^^^^^ `main` function is not allowed to be `async`
[INFO] [stdout] 
[INFO] [stdout] error: aborting due to 3 previous errors
[INFO] [stdout] 
[INFO] [stdout] Some errors have detailed explanations: E0432, E0433, E0752.
[INFO] [stdout] For more information about an error, try `rustc --explain E0432`.
[INFO] [stdout] Couldn't compile the test.
[INFO] [stdout] ---- src/../crate_readme.md - (line 120) stdout ----
[INFO] [stdout] error[E0432]: unresolved import `actix_web::get`
[INFO] [stdout]    --> src/../crate_readme.md:122:42
[INFO] [stdout]     |
[INFO] [stdout] 5   | use actix_web::{Responder, HttpResponse, get};
[INFO] [stdout]     |                                          ^^^ no `get` in the root
[INFO] [stdout]     |
[INFO] [stdout] note: found an item that was configured out
[INFO] [stdout]    --> /opt/rustwide/cargo-home/registry/src/index.crates.io-6f17d22bba15001f/actix-web-4.9.0/src/lib.rs:139:19
[INFO] [stdout]     |
[INFO] [stdout] 139 | codegen_reexport!(get);
[INFO] [stdout]     |                   ^^^
[INFO] [stdout] note: the item is gated behind the `macros` feature
[INFO] [stdout]    --> /opt/rustwide/cargo-home/registry/src/index.crates.io-6f17d22bba15001f/actix-web-4.9.0/src/lib.rs:139:1
[INFO] [stdout]     |
[INFO] [stdout] 139 | codegen_reexport!(get);
[INFO] [stdout]     | ^^^^^^^^^^^^^^^^^^^^^^
[INFO] [stdout]     = note: this error originates in the macro `codegen_reexport` (in Nightly builds, run with -Z macro-backtrace for more info)
[INFO] [stdout] 
[INFO] [stdout] error: aborting due to 1 previous error
[INFO] [stdout] 
[INFO] [stdout] For more information about this error, try `rustc --explain E0432`.
[INFO] [stdout] Couldn't compile the test.
[INFO] [stdout] ---- src/builder.rs - builder::FlashMessagesFramework (line 10) stdout ----
[INFO] [stdout] error[E0432]: unresolved import `actix_web_flash_messages::storage::CookieMessageStore`
[INFO] [stdout]  --> src/builder.rs:12:56
[INFO] [stdout]   |
[INFO] [stdout] 4 | use actix_web_flash_messages::{FlashMessagesFramework, storage::CookieMessageStore};
[INFO] [stdout]   |                                                        ^^^^^^^^^------------------
[INFO] [stdout]   |                                                        |        |
[INFO] [stdout]   |                                                        |        help: a similar name exists in the module: `FlashMessageStore`
[INFO] [stdout]   |                                                        no `CookieMessageStore` in `storage`
[INFO] [stdout]   |
[INFO] [stdout] note: found an item that was configured out
[INFO] [stdout]  --> /opt/rustwide/workdir/src/storage/mod.rs:5:19
[INFO] [stdout]   |
[INFO] [stdout] 5 | pub use cookies::{CookieMessageStore, CookieMessageStoreBuilder};
[INFO] [stdout]   |                   ^^^^^^^^^^^^^^^^^^
[INFO] [stdout] note: the item is gated behind the `cookies` feature
[INFO] [stdout]  --> /opt/rustwide/workdir/src/storage/mod.rs:4:7
[INFO] [stdout]   |
[INFO] [stdout] 4 | #[cfg(feature = "cookies")]
[INFO] [stdout]   |       ^^^^^^^^^^^^^^^^^^^
[INFO] [stdout] 
[INFO] [stdout] error[E0433]: failed to resolve: could not find `main` in `actix_web`
[INFO] [stdout]    --> src/builder.rs:15:14
[INFO] [stdout]     |
[INFO] [stdout] 7   | #[actix_web::main]
[INFO] [stdout]     |              ^^^^ could not find `main` in `actix_web`
[INFO] [stdout]     |
[INFO] [stdout] note: found an item that was configured out
[INFO] [stdout]    --> /opt/rustwide/cargo-home/registry/src/index.crates.io-6f17d22bba15001f/actix-web-4.9.0/src/lib.rs:134:19
[INFO] [stdout]     |
[INFO] [stdout] 134 | codegen_reexport!(main);
[INFO] [stdout]     |                   ^^^^
[INFO] [stdout] note: the item is gated behind the `macros` feature
[INFO] [stdout]    --> /opt/rustwide/cargo-home/registry/src/index.crates.io-6f17d22bba15001f/actix-web-4.9.0/src/lib.rs:134:1
[INFO] [stdout]     |
[INFO] [stdout] 134 | codegen_reexport!(main);
[INFO] [stdout]     | ^^^^^^^^^^^^^^^^^^^^^^^
[INFO] [stdout]     = note: this error originates in the macro `codegen_reexport` (in Nightly builds, run with -Z macro-backtrace for more info)
[INFO] [stdout] 
[INFO] [stdout] error[E0752]: `main` function is not allowed to be `async`
[INFO] [stdout]  --> src/builder.rs:16:1
[INFO] [stdout]   |
[INFO] [stdout] 8 | async fn main() {
[INFO] [stdout]   | ^^^^^^^^^^^^^^^ `main` function is not allowed to be `async`
[INFO] [stdout] 
[INFO] [stdout] error: aborting due to 3 previous errors
[INFO] [stdout] 
[INFO] [stdout] Some errors have detailed explanations: E0432, E0433, E0752.
[INFO] [stdout] For more information about an error, try `rustc --explain E0432`.
[INFO] [stdout] Couldn't compile the test.
[INFO] [stdout] ---- src/../crate_readme.md - (line 8) stdout ----
[INFO] [stdout] error[E0432]: unresolved import `actix_web::get`
[INFO] [stdout]    --> src/../crate_readme.md:10:42
[INFO] [stdout]     |
[INFO] [stdout] 5   | use actix_web::{Responder, HttpResponse, get,http};
[INFO] [stdout]     |                                          ^^^ no `get` in the root
[INFO] [stdout]     |
[INFO] [stdout] note: found an item that was configured out
[INFO] [stdout]    --> /opt/rustwide/cargo-home/registry/src/index.crates.io-6f17d22bba15001f/actix-web-4.9.0/src/lib.rs:139:19
[INFO] [stdout]     |
[INFO] [stdout] 139 | codegen_reexport!(get);
[INFO] [stdout]     |                   ^^^
[INFO] [stdout] note: the item is gated behind the `macros` feature
[INFO] [stdout]    --> /opt/rustwide/cargo-home/registry/src/index.crates.io-6f17d22bba15001f/actix-web-4.9.0/src/lib.rs:139:1
[INFO] [stdout]     |
[INFO] [stdout] 139 | codegen_reexport!(get);
[INFO] [stdout]     | ^^^^^^^^^^^^^^^^^^^^^^
[INFO] [stdout]     = note: this error originates in the macro `codegen_reexport` (in Nightly builds, run with -Z macro-backtrace for more info)
[INFO] [stdout] 
[INFO] [stdout] error: aborting due to 1 previous error
[INFO] [stdout] 
[INFO] [stdout] For more information about this error, try `rustc --explain E0432`.
[INFO] [stdout] Couldn't compile the test.
[INFO] [stdout] ---- src/incoming.rs - incoming::IncomingFlashMessages (line 10) stdout ----
[INFO] [stdout] error[E0432]: unresolved import `actix_web::get`
[INFO] [stdout]    --> src/incoming.rs:12:42
[INFO] [stdout]     |
[INFO] [stdout] 5   | use actix_web::{Responder, HttpResponse, get};
[INFO] [stdout]     |                                          ^^^ no `get` in the root
[INFO] [stdout]     |
[INFO] [stdout] note: found an item that was configured out
[INFO] [stdout]    --> /opt/rustwide/cargo-home/registry/src/index.crates.io-6f17d22bba15001f/actix-web-4.9.0/src/lib.rs:139:19
[INFO] [stdout]     |
[INFO] [stdout] 139 | codegen_reexport!(get);
[INFO] [stdout]     |                   ^^^
[INFO] [stdout] note: the item is gated behind the `macros` feature
[INFO] [stdout]    --> /opt/rustwide/cargo-home/registry/src/index.crates.io-6f17d22bba15001f/actix-web-4.9.0/src/lib.rs:139:1
[INFO] [stdout]     |
[INFO] [stdout] 139 | codegen_reexport!(get);
[INFO] [stdout]     | ^^^^^^^^^^^^^^^^^^^^^^
[INFO] [stdout]     = note: this error originates in the macro `codegen_reexport` (in Nightly builds, run with -Z macro-backtrace for more info)
[INFO] [stdout] 
[INFO] [stdout] error: aborting due to 1 previous error
[INFO] [stdout] 
[INFO] [stdout] For more information about this error, try `rustc --explain E0432`.
[INFO] [stdout] Couldn't compile the test.
[INFO] [stdout] ---- src/builder.rs - builder::FlashMessagesFrameworkBuilder::minimum_level (line 65) stdout ----
[INFO] [stdout] error[E0432]: unresolved import `actix_web_flash_messages::storage::CookieMessageStore`
[INFO] [stdout]  --> src/builder.rs:67:63
[INFO] [stdout]   |
[INFO] [stdout] 4 | use actix_web_flash_messages::{FlashMessagesFramework, Level, storage::CookieMessageStore};
[INFO] [stdout]   |                                                               ^^^^^^^^^------------------
[INFO] [stdout]   |                                                               |        |
[INFO] [stdout]   |                                                               |        help: a similar name exists in the module: `FlashMessageStore`
[INFO] [stdout]   |                                                               no `CookieMessageStore` in `storage`
[INFO] [stdout]   |
[INFO] [stdout] note: found an item that was configured out
[INFO] [stdout]  --> /opt/rustwide/workdir/src/storage/mod.rs:5:19
[INFO] [stdout]   |
[INFO] [stdout] 5 | pub use cookies::{CookieMessageStore, CookieMessageStoreBuilder};
[INFO] [stdout]   |                   ^^^^^^^^^^^^^^^^^^
[INFO] [stdout] note: the item is gated behind the `cookies` feature
[INFO] [stdout]  --> /opt/rustwide/workdir/src/storage/mod.rs:4:7
[INFO] [stdout]   |
[INFO] [stdout] 4 | #[cfg(feature = "cookies")]
[INFO] [stdout]   |       ^^^^^^^^^^^^^^^^^^^
[INFO] [stdout] 
[INFO] [stdout] error[E0433]: failed to resolve: could not find `main` in `actix_web`
[INFO] [stdout]    --> src/builder.rs:75:14
[INFO] [stdout]     |
[INFO] [stdout] 12  | #[actix_web::main]
[INFO] [stdout]     |              ^^^^ could not find `main` in `actix_web`
[INFO] [stdout]     |
[INFO] [stdout] note: found an item that was configured out
[INFO] [stdout]    --> /opt/rustwide/cargo-home/registry/src/index.crates.io-6f17d22bba15001f/actix-web-4.9.0/src/lib.rs:134:19
[INFO] [stdout]     |
[INFO] [stdout] 134 | codegen_reexport!(main);
[INFO] [stdout]     |                   ^^^^
[INFO] [stdout] note: the item is gated behind the `macros` feature
[INFO] [stdout]    --> /opt/rustwide/cargo-home/registry/src/index.crates.io-6f17d22bba15001f/actix-web-4.9.0/src/lib.rs:134:1
[INFO] [stdout]     |
[INFO] [stdout] 134 | codegen_reexport!(main);
[INFO] [stdout]     | ^^^^^^^^^^^^^^^^^^^^^^^
[INFO] [stdout]     = note: this error originates in the macro `codegen_reexport` (in Nightly builds, run with -Z macro-backtrace for more info)
[INFO] [stdout] 
[INFO] [stdout] error[E0752]: `main` function is not allowed to be `async`
[INFO] [stdout]   --> src/builder.rs:76:1
[INFO] [stdout]    |
[INFO] [stdout] 13 | async fn main() {
[INFO] [stdout]    | ^^^^^^^^^^^^^^^ `main` function is not allowed to be `async`
[INFO] [stdout] 
[INFO] [stdout] error: aborting due to 3 previous errors
[INFO] [stdout] 
[INFO] [stdout] Some errors have detailed explanations: E0432, E0433, E0752.
[INFO] [stdout] For more information about an error, try `rustc --explain E0432`.
[INFO] [stdout] Couldn't compile the test.
[INFO] [stdout] 
[INFO] [stdout] failures:
[INFO] [stdout]     src/../crate_readme.md - (line 120)
[INFO] [stdout]     src/../crate_readme.md - (line 155)
[INFO] [stdout]     src/../crate_readme.md - (line 8)
[INFO] [stdout]     src/../crate_readme.md - (line 95)
[INFO] [stdout]     src/builder.rs - builder::FlashMessagesFramework (line 10)
[INFO] [stdout]     src/builder.rs - builder::FlashMessagesFrameworkBuilder::minimum_level (line 65)
[INFO] [stdout]     src/incoming.rs - incoming::IncomingFlashMessages (line 10)
[INFO] [stdout] 
[INFO] [stdout] test result: FAILED. 0 passed; 7 failed; 0 ignored; 0 measured; 0 filtered out; finished in 0.47s
[INFO] [stdout] 
[INFO] [stderr] error: doctest failed, to rerun pass `--doc`
[INFO] running `Command { std: "docker" "inspect" "d11f97c99ffd3ce96aa83a65d6c3fd1da33baab4e0e3301e1c0f89fbf30f8c48", kill_on_drop: false }`
[INFO] running `Command { std: "docker" "rm" "-f" "d11f97c99ffd3ce96aa83a65d6c3fd1da33baab4e0e3301e1c0f89fbf30f8c48", kill_on_drop: false }`
[INFO] [stdout] d11f97c99ffd3ce96aa83a65d6c3fd1da33baab4e0e3301e1c0f89fbf30f8c48
