[INFO] fetching crate AmanitaMuscaria 0.0.5...
[INFO] testing AmanitaMuscaria-0.0.5 against beta-2024-12-08 for beta-1.84.0-4-retry
[INFO] extracting crate AmanitaMuscaria 0.0.5 into /workspace/builds/worker-2-tc2/source
[INFO] validating manifest of crates.io crate AmanitaMuscaria 0.0.5 on toolchain beta-2024-12-08
[INFO] running `Command { std: CARGO_HOME="/workspace/cargo-home" RUSTUP_HOME="/workspace/rustup-home" "/workspace/cargo-home/bin/cargo" "+beta-2024-12-08" "metadata" "--manifest-path" "Cargo.toml" "--no-deps", kill_on_drop: false }`
[INFO] started tweaking crates.io crate AmanitaMuscaria 0.0.5
[INFO] finished tweaking crates.io crate AmanitaMuscaria 0.0.5
[INFO] tweaked toml for crates.io crate AmanitaMuscaria 0.0.5 written to /workspace/builds/worker-2-tc2/source/Cargo.toml
[INFO] crate crates.io crate AmanitaMuscaria 0.0.5 already has a lockfile, it will not be regenerated
[INFO] running `Command { std: CARGO_HOME="/workspace/cargo-home" RUSTUP_HOME="/workspace/rustup-home" "/workspace/cargo-home/bin/cargo" "+beta-2024-12-08" "fetch" "--manifest-path" "Cargo.toml", kill_on_drop: false }`
[INFO] running `Command { std: "docker" "create" "-v" "/var/lib/crater-agent-workspace/builds/worker-2-tc2/target:/opt/rustwide/target:rw,Z" "-v" "/var/lib/crater-agent-workspace/builds/worker-2-tc2/source:/opt/rustwide/workdir:ro,Z" "-v" "/var/lib/crater-agent-workspace/cargo-home:/opt/rustwide/cargo-home:ro,Z" "-v" "/var/lib/crater-agent-workspace/rustup-home:/opt/rustwide/rustup-home:ro,Z" "-e" "SOURCE_DIR=/opt/rustwide/workdir" "-e" "CARGO_TARGET_DIR=/opt/rustwide/target" "-e" "CARGO_HOME=/opt/rustwide/cargo-home" "-e" "RUSTUP_HOME=/opt/rustwide/rustup-home" "-w" "/opt/rustwide/workdir" "-m" "1610612736" "--user" "0:0" "--network" "none" "ghcr.io/rust-lang/crates-build-env/linux@sha256:f3a9d4ad9d972b27faf3965f35b62e55ba32bbce8f20bc8fe909558a86702fde" "/opt/rustwide/cargo-home/bin/cargo" "+beta-2024-12-08" "metadata" "--no-deps" "--format-version=1", kill_on_drop: false }`
[INFO] [stdout] 49fc081a42ae0f99cd4fc4d0083e0e98d5ea5e101b36955089eb562100542db7
[INFO] running `Command { std: "docker" "start" "-a" "49fc081a42ae0f99cd4fc4d0083e0e98d5ea5e101b36955089eb562100542db7", kill_on_drop: false }`
[INFO] running `Command { std: "docker" "inspect" "49fc081a42ae0f99cd4fc4d0083e0e98d5ea5e101b36955089eb562100542db7", kill_on_drop: false }`
[INFO] running `Command { std: "docker" "rm" "-f" "49fc081a42ae0f99cd4fc4d0083e0e98d5ea5e101b36955089eb562100542db7", kill_on_drop: false }`
[INFO] [stdout] 49fc081a42ae0f99cd4fc4d0083e0e98d5ea5e101b36955089eb562100542db7
[INFO] running `Command { std: "docker" "create" "-v" "/var/lib/crater-agent-workspace/builds/worker-2-tc2/target:/opt/rustwide/target:rw,Z" "-v" "/var/lib/crater-agent-workspace/builds/worker-2-tc2/source:/opt/rustwide/workdir:ro,Z" "-v" "/var/lib/crater-agent-workspace/cargo-home:/opt/rustwide/cargo-home:ro,Z" "-v" "/var/lib/crater-agent-workspace/rustup-home:/opt/rustwide/rustup-home:ro,Z" "-e" "SOURCE_DIR=/opt/rustwide/workdir" "-e" "CARGO_TARGET_DIR=/opt/rustwide/target" "-e" "CARGO_INCREMENTAL=0" "-e" "RUST_BACKTRACE=full" "-e" "RUSTFLAGS=--cap-lints=warn" "-e" "RUSTDOCFLAGS=--cap-lints=warn" "-e" "CARGO_HOME=/opt/rustwide/cargo-home" "-e" "RUSTUP_HOME=/opt/rustwide/rustup-home" "-w" "/opt/rustwide/workdir" "-m" "1610612736" "--user" "0:0" "--network" "none" "ghcr.io/rust-lang/crates-build-env/linux@sha256:f3a9d4ad9d972b27faf3965f35b62e55ba32bbce8f20bc8fe909558a86702fde" "/opt/rustwide/cargo-home/bin/cargo" "+beta-2024-12-08" "build" "--frozen" "--message-format=json", kill_on_drop: false }`
[INFO] [stdout] f5bf5b97359c5f11fbc987beae7595ccd0a83253f17acbe09ff428d18a48769d
[INFO] running `Command { std: "docker" "start" "-a" "f5bf5b97359c5f11fbc987beae7595ccd0a83253f17acbe09ff428d18a48769d", kill_on_drop: false }`
[INFO] [stderr]    Compiling libc v0.2.109
[INFO] [stderr]    Compiling cfg-if v1.0.0
[INFO] [stderr]    Compiling proc-macro2 v1.0.33
[INFO] [stderr]    Compiling unicode-xid v0.2.2
[INFO] [stderr]    Compiling syn v1.0.82
[INFO] [stderr]    Compiling version_check v0.9.3
[INFO] [stderr]    Compiling typenum v1.14.0
[INFO] [stderr]    Compiling subtle v2.4.1
[INFO] [stderr]    Compiling autocfg v1.0.1
[INFO] [stderr]    Compiling byteorder v1.4.3
[INFO] [stderr]    Compiling serde_derive v1.0.131
[INFO] [stderr]    Compiling radium v0.6.2
[INFO] [stderr]    Compiling generic-array v0.14.4
[INFO] [stderr]    Compiling serde v1.0.131
[INFO] [stderr]    Compiling crossbeam-utils v0.8.5
[INFO] [stderr]    Compiling getrandom v0.1.16
[INFO] [stderr]    Compiling memoffset v0.6.5
[INFO] [stderr]    Compiling tap v1.0.1
[INFO] [stderr]    Compiling lazy_static v1.4.0
[INFO] [stderr]    Compiling wyz v0.4.0
[INFO] [stderr]    Compiling crossbeam-epoch v0.9.5
[INFO] [stderr]    Compiling ppv-lite86 v0.2.15
[INFO] [stderr]    Compiling funty v1.2.0
[INFO] [stderr]    Compiling quote v1.0.10
[INFO] [stderr]    Compiling getrandom v0.2.3
[INFO] [stderr]    Compiling jobserver v0.1.24
[INFO] [stderr]    Compiling rand_core v0.6.3
[INFO] [stderr]    Compiling cc v1.0.72
[INFO] [stderr]    Compiling cpufeatures v0.2.1
[INFO] [stderr]    Compiling rand_core v0.5.1
[INFO] [stderr]    Compiling bitvec v0.22.3
[INFO] [stderr]    Compiling rayon-core v1.9.1
[INFO] [stderr]    Compiling scopeguard v1.1.0
[INFO] [stderr]    Compiling opaque-debug v0.3.0
[INFO] [stderr]    Compiling rand_chacha v0.2.2
[INFO] [stderr]    Compiling digest v0.9.0
[INFO] [stderr]    Compiling block-buffer v0.9.0
[INFO] [stderr]    Compiling crypto-mac v0.11.1
[INFO] [stderr]    Compiling sha2 v0.9.8
[INFO] [stderr]    Compiling crossbeam-deque v0.8.1
[INFO] [stderr]    Compiling crypto-mac v0.8.0
[INFO] [stderr]    Compiling crossbeam-channel v0.5.1
[INFO] [stderr]    Compiling num_cpus v1.13.0
[INFO] [stderr]    Compiling rayon v1.5.1
[INFO] [stderr]    Compiling arrayvec v0.4.12
[INFO] [stderr]    Compiling anyhow v1.0.51
[INFO] [stderr]    Compiling tinyvec_macros v0.1.0
[INFO] [stderr]    Compiling pqcrypto-internals v0.2.3
[INFO] [stderr]    Compiling glob v0.3.0
[INFO] [stderr]    Compiling tinyvec v1.5.1
[INFO] [stderr]    Compiling rand v0.7.3
[INFO] [stderr]    Compiling pqcrypto-falcon v0.2.10
[INFO] [stderr]    Compiling hmac v0.11.0
[INFO] [stderr]    Compiling keccak v0.1.0
[INFO] [stderr]    Compiling nodrop v0.1.14
[INFO] [stderr]    Compiling signature v1.5.0
[INFO] [stderr]    Compiling subtle-ng v2.5.0
[INFO] [stderr]    Compiling log v0.4.14
[INFO] [stderr]    Compiling either v1.6.1
[INFO] [stderr]    Compiling ed25519 v1.3.0
[INFO] [stderr]    Compiling hkdf v0.11.0
[INFO] [stderr]    Compiling synstructure v0.12.6
[INFO] [stderr]    Compiling ff v0.11.0
[INFO] [stderr]    Compiling unicode-normalization v0.1.19
[INFO] [stderr]    Compiling group v0.11.0
[INFO] [stderr]    Compiling pairing v0.21.0
[INFO] [stderr]    Compiling bls12_381 v0.6.0
[INFO] [stderr]    Compiling hmac v0.8.1
[INFO] [stderr]    Compiling pbkdf2 v0.4.0
[INFO] [stderr]    Compiling rand_chacha v0.3.1
[INFO] [stderr]    Compiling arrayvec v0.7.2
[INFO] [stderr]    Compiling pqcrypto-traits v0.3.4
[INFO] [stderr]    Compiling once_cell v1.8.0
[INFO] [stderr]    Compiling rustc-hash v1.1.0
[INFO] [stderr]    Compiling constant_time_eq v0.1.5
[INFO] [stderr]    Compiling arrayref v0.3.6
[INFO] [stderr]    Compiling blake2-rfc v0.2.18
[INFO] [stderr]    Compiling rand v0.8.4
[INFO] [stderr]    Compiling hex v0.4.3
[INFO] [stderr]    Compiling base32 v0.4.0
[INFO] [stderr]    Compiling base64 v0.13.0
[INFO] [stderr]    Compiling zeroize_derive v1.2.2
[INFO] [stderr]    Compiling thiserror-impl v1.0.30
[INFO] [stderr]    Compiling bs58 v0.4.0
[INFO] [stdout] error: couldn't create a temp dir: No space left on device (os error 28) at path "/opt/rustwide/target/debug/deps/rmetaVDrg4K"
[INFO] [stdout] 
[INFO] [stdout] 
[INFO] [stderr] error: could not compile `rand` (lib) due to 1 previous error
[INFO] [stderr] warning: build failed, waiting for other jobs to finish...
[INFO] [stderr] rustc-LLVM ERROR: IO failure on output stream: No space left on device
[INFO] [stderr] error: could not compile `bls12_381` (lib)
[INFO] [stderr] 
[INFO] [stderr] Caused by:
[INFO] [stderr]   No space left on device (os error 28)
[INFO] [stderr] 
[INFO] [stderr] Caused by:
[INFO] [stderr]   failed to parse process output: `/opt/rustwide/rustup-home/toolchains/beta-2024-12-08-x86_64-unknown-linux-gnu/bin/rustc --crate-name bls12_381 --edition=2018 /opt/rustwide/cargo-home/registry/src/index.crates.io-6f17d22bba15001f/bls12_381-0.6.0/src/lib.rs --error-format=json --json=diagnostic-rendered-ansi,artifacts,future-incompat --crate-type lib --emit=dep-info,metadata,link -C embed-bitcode=no -C debuginfo=2 --cfg 'feature="alloc"' --cfg 'feature="bits"' --cfg 'feature="default"' --cfg 'feature="digest"' --cfg 'feature="experimental"' --cfg 'feature="group"' --cfg 'feature="groups"' --cfg 'feature="pairing"' --cfg 'feature="pairings"' --check-cfg 'cfg(docsrs)' --check-cfg 'cfg(feature, values("alloc", "bits", "default", "digest", "experimental", "group", "groups", "nightly", "pairing", "pairings", "zeroize"))' -C metadata=08a6f761e3fbd4f7 -C extra-filename=-08a6f761e3fbd4f7 --out-dir /opt/rustwide/target/debug/deps -L dependency=/opt/rustwide/target/debug/deps --extern digest=/opt/rustwide/target/debug/deps/libdigest-dfe153c9a72ce0db.rmeta --extern ff=/opt/rustwide/target/debug/deps/libff-258691e88db734ca.rmeta --extern group=/opt/rustwide/target/debug/deps/libgroup-8c0a8c9c20e4bbfa.rmeta --extern pairing=/opt/rustwide/target/debug/deps/libpairing-32b374c051329c10.rmeta --extern rand_core=/opt/rustwide/target/debug/deps/librand_core-8497b2784a92a621.rmeta --extern subtle=/opt/rustwide/target/debug/deps/libsubtle-0edaccf6c176ff22.rmeta --cap-lints allow --cap-lints=warn` (exit status: 101)
[INFO] [stderr] warning: pqcrypto-internals@0.2.3: cfiles/nistseedexpander.c:103:1: fatal error: error writing to /tmp/ccoQCOUG.s: No space left on device
[INFO] [stderr] warning: pqcrypto-internals@0.2.3:   103 | }
[INFO] [stderr] warning: pqcrypto-internals@0.2.3:       | ^
[INFO] [stderr] warning: pqcrypto-internals@0.2.3: compilation terminated.
[INFO] [stderr] warning: pqcrypto-internals@0.2.3: cfiles/sp800-185.c:156:1: fatal error: error writing to /tmp/ccGnvCjr.s: No space left on device
[INFO] [stderr] warning: pqcrypto-internals@0.2.3:   156 | }
[INFO] [stderr] warning: pqcrypto-internals@0.2.3:       | ^
[INFO] [stderr] warning: pqcrypto-internals@0.2.3: compilation terminated.
[INFO] [stderr] warning: pqcrypto-internals@0.2.3: cfiles/sha2.c:737:1: fatal error: error writing to /tmp/ccY0aS42.s: No space left on device
[INFO] [stderr] warning: pqcrypto-internals@0.2.3:   737 | }
[INFO] [stderr] warning: pqcrypto-internals@0.2.3:       | ^
[INFO] [stderr] warning: pqcrypto-internals@0.2.3: compilation terminated.
[INFO] [stderr] error: failed to run custom build command for `pqcrypto-internals v0.2.3`
[INFO] [stderr] note: To improve backtraces for build dependencies, set the CARGO_PROFILE_DEV_BUILD_OVERRIDE_DEBUG=true environment variable to enable debug information generation.
[INFO] [stderr] 
[INFO] [stderr] Caused by:
[INFO] [stderr]   process didn't exit successfully: `/opt/rustwide/target/debug/build/pqcrypto-internals-8fc32acc7e3a055c/build-script-build` (exit status: 1)
[INFO] [stderr]   --- stdout
[INFO] [stderr]   cargo:includepath=/opt/rustwide/cargo-home/registry/src/index.crates.io-6f17d22bba15001f/pqcrypto-internals-0.2.3/include
[INFO] [stderr]   TARGET = Some("x86_64-unknown-linux-gnu")
[INFO] [stderr]   OPT_LEVEL = Some("0")
[INFO] [stderr]   HOST = Some("x86_64-unknown-linux-gnu")
[INFO] [stderr]   CC_x86_64-unknown-linux-gnu = None
[INFO] [stderr]   CC_x86_64_unknown_linux_gnu = None
[INFO] [stderr]   HOST_CC = None
[INFO] [stderr]   CC = None
[INFO] [stderr]   CFLAGS_x86_64-unknown-linux-gnu = None
[INFO] [stderr]   CFLAGS_x86_64_unknown_linux_gnu = None
[INFO] [stderr]   HOST_CFLAGS = None
[INFO] [stderr]   CFLAGS = None
[INFO] [stderr]   CRATE_CC_NO_DEFAULTS = None
[INFO] [stderr]   DEBUG = Some("true")
[INFO] [stderr]   CARGO_CFG_TARGET_FEATURE = Some("fxsr,sse,sse2")
[INFO] [stderr]   running: "cc" "-O0" "-ffunction-sections" "-fdata-sections" "-fPIC" "-g" "-fno-omit-frame-pointer" "-m64" "-I" "/opt/rustwide/cargo-home/registry/src/index.crates.io-6f17d22bba15001f/pqcrypto-internals-0.2.3/include" "-Wall" "-Wextra" "-o" "/opt/rustwide/target/debug/build/pqcrypto-internals-29a683dcbd293fff/out/cfiles/fips202.o" "-c" "cfiles/fips202.c"
[INFO] [stderr]   exit status: 0
[INFO] [stderr]   running: "cc" "-O0" "-ffunction-sections" "-fdata-sections" "-fPIC" "-g" "-fno-omit-frame-pointer" "-m64" "-I" "/opt/rustwide/cargo-home/registry/src/index.crates.io-6f17d22bba15001f/pqcrypto-internals-0.2.3/include" "-Wall" "-Wextra" "-o" "/opt/rustwide/target/debug/build/pqcrypto-internals-29a683dcbd293fff/out/cfiles/aes.o" "-c" "cfiles/aes.c"
[INFO] [stderr]   exit status: 0
[INFO] [stderr]   running: "cc" "-O0" "-ffunction-sections" "-fdata-sections" "-fPIC" "-g" "-fno-omit-frame-pointer" "-m64" "-I" "/opt/rustwide/cargo-home/registry/src/index.crates.io-6f17d22bba15001f/pqcrypto-internals-0.2.3/include" "-Wall" "-Wextra" "-o" "/opt/rustwide/target/debug/build/pqcrypto-internals-29a683dcbd293fff/out/cfiles/sha2.o" "-c" "cfiles/sha2.c"
[INFO] [stderr]   running: "cc" "-O0" "-ffunction-sections" "-fdata-sections" "-fPIC" "-g" "-fno-omit-frame-pointer" "-m64" "-I" "/opt/rustwide/cargo-home/registry/src/index.crates.io-6f17d22bba15001f/pqcrypto-internals-0.2.3/include" "-Wall" "-Wextra" "-o" "/opt/rustwide/target/debug/build/pqcrypto-internals-29a683dcbd293fff/out/cfiles/nistseedexpander.o" "-c" "cfiles/nistseedexpander.c"
[INFO] [stderr]   cargo:warning=cfiles/nistseedexpander.c:103:1: fatal error: error writing to /tmp/ccoQCOUG.s: No space left on device
[INFO] [stderr]   cargo:warning=  103 | }
[INFO] [stderr]   cargo:warning=      | ^
[INFO] [stderr]   cargo:warning=compilation terminated.
[INFO] [stderr]   exit status: 1
[INFO] [stderr]   running: "cc" "-O0" "-ffunction-sections" "-fdata-sections" "-fPIC" "-g" "-fno-omit-frame-pointer" "-m64" "-I" "/opt/rustwide/cargo-home/registry/src/index.crates.io-6f17d22bba15001f/pqcrypto-internals-0.2.3/include" "-Wall" "-Wextra" "-o" "/opt/rustwide/target/debug/build/pqcrypto-internals-29a683dcbd293fff/out/cfiles/sp800-185.o" "-c" "cfiles/sp800-185.c"
[INFO] [stderr]   cargo:warning=cfiles/sp800-185.c:156:1: fatal error: error writing to /tmp/ccGnvCjr.s: No space left on device
[INFO] [stderr]   cargo:warning=  156 | }
[INFO] [stderr]   cargo:warning=      | ^
[INFO] [stderr]   cargo:warning=compilation terminated.
[INFO] [stderr]   exit status: 1
[INFO] [stderr]   cargo:warning=cfiles/sha2.c:737:1: fatal error: error writing to /tmp/ccY0aS42.s: No space left on device
[INFO] [stderr]   cargo:warning=  737 | }
[INFO] [stderr]   cargo:warning=      | ^
[INFO] [stderr]   cargo:warning=compilation terminated.
[INFO] [stderr]   exit status: 1
[INFO] [stderr] 
[INFO] [stderr]   --- stderr
[INFO] [stderr] 
[INFO] [stderr] 
[INFO] [stderr]   error occurred: Command "cc" "-O0" "-ffunction-sections" "-fdata-sections" "-fPIC" "-g" "-fno-omit-frame-pointer" "-m64" "-I" "/opt/rustwide/cargo-home/registry/src/index.crates.io-6f17d22bba15001f/pqcrypto-internals-0.2.3/include" "-Wall" "-Wextra" "-o" "/opt/rustwide/target/debug/build/pqcrypto-internals-29a683dcbd293fff/out/cfiles/sha2.o" "-c" "cfiles/sha2.c" with args "cc" did not execute successfully (status code exit status: 1).
[INFO] [stderr] 
[INFO] [stderr] 
[INFO] [stdout] error: linking with `cc` failed: exit status: 1
[INFO] [stdout]   |
[INFO] [stdout]   = note: LC_ALL="C" PATH="/opt/rustwide/rustup-home/toolchains/beta-2024-12-08-x86_64-unknown-linux-gnu/lib/rustlib/x86_64-unknown-linux-gnu/bin:/opt/rustwide/cargo-home/bin:/usr/local/sbin:/usr/local/bin:/usr/sbin:/usr/bin:/sbin:/bin" VSLANG="1033" "cc" "-Wl,--version-script=/tmp/rustcRT80D0/list" "-Wl,--no-undefined-version" "-m64" "/tmp/rustcRT80D0/symbols.o" "/opt/rustwide/target/debug/deps/zeroize_derive-3a2004d30e41cf02.zeroize_derive.18e05f48310ea5e0-cgu.0.rcgu.o" "/opt/rustwide/target/debug/deps/zeroize_derive-3a2004d30e41cf02.zeroize_derive.18e05f48310ea5e0-cgu.1.rcgu.o" "/opt/rustwide/target/debug/deps/zeroize_derive-3a2004d30e41cf02.zeroize_derive.18e05f48310ea5e0-cgu.2.rcgu.o" "/opt/rustwide/target/debug/deps/zeroize_derive-3a2004d30e41cf02.ac920x0z9jo9v70d4uysygv1k.rcgu.rmeta" "/opt/rustwide/target/debug/deps/zeroize_derive-3a2004d30e41cf02.96zxl2rqz1rbh99ebhn3bsh12.rcgu.o" "-Wl,--as-needed" "-Wl,-Bstatic" "/opt/rustwide/target/debug/deps/libsynstructure-7bde5072255cd764.rlib" "/opt/rustwide/target/debug/deps/libsyn-cfa3d3c314793d04.rlib" "/opt/rustwide/target/debug/deps/libquote-88b8bf5333af2aa1.rlib" "/opt/rustwide/target/debug/deps/libproc_macro2-f82c77868ddfecc9.rlib" "/opt/rustwide/target/debug/deps/libunicode_xid-689b0d4d7c113eab.rlib" "/opt/rustwide/rustup-home/toolchains/beta-2024-12-08-x86_64-unknown-linux-gnu/lib/rustlib/x86_64-unknown-linux-gnu/lib/libproc_macro-bcafc4e6921040d1.rlib" "/opt/rustwide/rustup-home/toolchains/beta-2024-12-08-x86_64-unknown-linux-gnu/lib/rustlib/x86_64-unknown-linux-gnu/lib/libstd-02dc84f49135b6b8.rlib" "/opt/rustwide/rustup-home/toolchains/beta-2024-12-08-x86_64-unknown-linux-gnu/lib/rustlib/x86_64-unknown-linux-gnu/lib/libpanic_unwind-a8f45b397fae3f81.rlib" "/opt/rustwide/rustup-home/toolchains/beta-2024-12-08-x86_64-unknown-linux-gnu/lib/rustlib/x86_64-unknown-linux-gnu/lib/libobject-089607133c180609.rlib" "/opt/rustwide/rustup-home/toolchains/beta-2024-12-08-x86_64-unknown-linux-gnu/lib/rustlib/x86_64-unknown-linux-gnu/lib/libmemchr-fc89f091bcd86cbb.rlib" "/opt/rustwide/rustup-home/toolchains/beta-2024-12-08-x86_64-unknown-linux-gnu/lib/rustlib/x86_64-unknown-linux-gnu/lib/libaddr2line-5a60949f01c7340c.rlib" "/opt/rustwide/rustup-home/toolchains/beta-2024-12-08-x86_64-unknown-linux-gnu/lib/rustlib/x86_64-unknown-linux-gnu/lib/libgimli-d29e6a55ca253c8c.rlib" "/opt/rustwide/rustup-home/toolchains/beta-2024-12-08-x86_64-unknown-linux-gnu/lib/rustlib/x86_64-unknown-linux-gnu/lib/librustc_demangle-273c078d5f65de7a.rlib" "/opt/rustwide/rustup-home/toolchains/beta-2024-12-08-x86_64-unknown-linux-gnu/lib/rustlib/x86_64-unknown-linux-gnu/lib/libstd_detect-413c950ffbdd4454.rlib" "/opt/rustwide/rustup-home/toolchains/beta-2024-12-08-x86_64-unknown-linux-gnu/lib/rustlib/x86_64-unknown-linux-gnu/lib/libhashbrown-1853c0976a1d88a6.rlib" "/opt/rustwide/rustup-home/toolchains/beta-2024-12-08-x86_64-unknown-linux-gnu/lib/rustlib/x86_64-unknown-linux-gnu/lib/librustc_std_workspace_alloc-ccb3384ddacb0f9e.rlib" "/opt/rustwide/rustup-home/toolchains/beta-2024-12-08-x86_64-unknown-linux-gnu/lib/rustlib/x86_64-unknown-linux-gnu/lib/libminiz_oxide-0b901dfb0ca849e0.rlib" "/opt/rustwide/rustup-home/toolchains/beta-2024-12-08-x86_64-unknown-linux-gnu/lib/rustlib/x86_64-unknown-linux-gnu/lib/libadler-eebeb8d7c64543ad.rlib" "/opt/rustwide/rustup-home/toolchains/beta-2024-12-08-x86_64-unknown-linux-gnu/lib/rustlib/x86_64-unknown-linux-gnu/lib/libunwind-4723ef81d6079867.rlib" "/opt/rustwide/rustup-home/toolchains/beta-2024-12-08-x86_64-unknown-linux-gnu/lib/rustlib/x86_64-unknown-linux-gnu/lib/libcfg_if-54442f8b422f5a54.rlib" "/opt/rustwide/rustup-home/toolchains/beta-2024-12-08-x86_64-unknown-linux-gnu/lib/rustlib/x86_64-unknown-linux-gnu/lib/liblibc-e0bbe034b5282553.rlib" "/opt/rustwide/rustup-home/toolchains/beta-2024-12-08-x86_64-unknown-linux-gnu/lib/rustlib/x86_64-unknown-linux-gnu/lib/liballoc-d0febb68c1c37b90.rlib" "/opt/rustwide/rustup-home/toolchains/beta-2024-12-08-x86_64-unknown-linux-gnu/lib/rustlib/x86_64-unknown-linux-gnu/lib/librustc_std_workspace_core-4cf833632aafa84c.rlib" "/opt/rustwide/rustup-home/toolchains/beta-2024-12-08-x86_64-unknown-linux-gnu/lib/rustlib/x86_64-unknown-linux-gnu/lib/libcore-65c2c6d2d6ae570b.rlib" "/opt/rustwide/rustup-home/toolchains/beta-2024-12-08-x86_64-unknown-linux-gnu/lib/rustlib/x86_64-unknown-linux-gnu/lib/libcompiler_builtins-97929cee0dcfe424.rlib" "-Wl,-Bdynamic" "-lgcc_s" "-lutil" "-lrt" "-lpthread" "-lm" "-ldl" "-lc" "-Wl,--eh-frame-hdr" "-Wl,-z,noexecstack" "-L" "/opt/rustwide/rustup-home/toolchains/beta-2024-12-08-x86_64-unknown-linux-gnu/lib/rustlib/x86_64-unknown-linux-gnu/lib" "-o" "/opt/rustwide/target/debug/deps/libzeroize_derive-3a2004d30e41cf02.so" "-Wl,--gc-sections" "-shared" "-Wl,-z,relro,-z,now" "-nodefaultlibs"
[INFO] [stdout]   = note: /usr/bin/ld: final link failed: No space left on device
[INFO] [stdout]           collect2: error: ld returned 1 exit status
[INFO] [stdout]           
[INFO] [stdout] 
[INFO] [stdout] 
[INFO] [stderr] error: could not compile `zeroize_derive` (lib) due to 1 previous error
[INFO] [stderr] rustc-LLVM ERROR: IO failure on output stream: No space left on device
[INFO] [stderr] error: could not compile `thiserror-impl` (lib)
[INFO] [stderr] 
[INFO] [stderr] Caused by:
[INFO] [stderr]   No space left on device (os error 28)
[INFO] [stderr] 
[INFO] [stderr] Caused by:
[INFO] [stderr]   failed to parse process output: `/opt/rustwide/rustup-home/toolchains/beta-2024-12-08-x86_64-unknown-linux-gnu/bin/rustc --crate-name thiserror_impl --edition=2018 /opt/rustwide/cargo-home/registry/src/index.crates.io-6f17d22bba15001f/thiserror-impl-1.0.30/src/lib.rs --error-format=json --json=diagnostic-rendered-ansi,artifacts,future-incompat --crate-type proc-macro --emit=dep-info,link -C prefer-dynamic -C embed-bitcode=no --check-cfg 'cfg(docsrs)' --check-cfg 'cfg(feature, values())' -C metadata=f60b1774effda73c -C extra-filename=-f60b1774effda73c --out-dir /opt/rustwide/target/debug/deps -L dependency=/opt/rustwide/target/debug/deps --extern proc_macro2=/opt/rustwide/target/debug/deps/libproc_macro2-f82c77868ddfecc9.rlib --extern quote=/opt/rustwide/target/debug/deps/libquote-88b8bf5333af2aa1.rlib --extern syn=/opt/rustwide/target/debug/deps/libsyn-cfa3d3c314793d04.rlib --extern proc_macro --cap-lints allow --cap-lints=warn` (exit status: 101)
[INFO] [stdout] error: failed to write to `/opt/rustwide/target/debug/deps/rmeta3jj8GT/lib.rmeta`: No space left on device (os error 28)
[INFO] [stdout] 
[INFO] [stdout] 
[INFO] [stderr] error: could not compile `rayon` (lib) due to 1 previous error
[INFO] running `Command { std: "docker" "inspect" "f5bf5b97359c5f11fbc987beae7595ccd0a83253f17acbe09ff428d18a48769d", kill_on_drop: false }`
[INFO] running `Command { std: "docker" "rm" "-f" "f5bf5b97359c5f11fbc987beae7595ccd0a83253f17acbe09ff428d18a48769d", kill_on_drop: false }`
[INFO] [stdout] f5bf5b97359c5f11fbc987beae7595ccd0a83253f17acbe09ff428d18a48769d
