[INFO] cloning repository https://github.com/zhenxiaoyuan/bevy_snake
[INFO] running `Command { std: "git" "-c" "credential.helper=" "-c" "credential.helper=/workspace/cargo-home/bin/git-credential-null" "clone" "--bare" "https://github.com/zhenxiaoyuan/bevy_snake" "/workspace/cache/git-repos/https%3A%2F%2Fgithub.com%2Fzhenxiaoyuan%2Fbevy_snake", kill_on_drop: false }`
[INFO] [stderr] Cloning into bare repository '/workspace/cache/git-repos/https%3A%2F%2Fgithub.com%2Fzhenxiaoyuan%2Fbevy_snake'...
[INFO] running `Command { std: "git" "rev-parse" "HEAD", kill_on_drop: false }`
[INFO] [stdout] 54e2d018b5b6560472eb4af23e537bdb8667a17e
[INFO] testing zhenxiaoyuan/bevy_snake against beta-2024-12-08 for beta-1.84.0-4-retry
[INFO] running `Command { std: "git" "clone" "/workspace/cache/git-repos/https%3A%2F%2Fgithub.com%2Fzhenxiaoyuan%2Fbevy_snake" "/workspace/builds/worker-5-tc2/source", kill_on_drop: false }`
[INFO] [stderr] Cloning into '/workspace/builds/worker-5-tc2/source'...
[INFO] [stderr] done.
[INFO] validating manifest of git repo https://github.com/zhenxiaoyuan/bevy_snake on toolchain beta-2024-12-08
[INFO] running `Command { std: CARGO_HOME="/workspace/cargo-home" RUSTUP_HOME="/workspace/rustup-home" "/workspace/cargo-home/bin/cargo" "+beta-2024-12-08" "metadata" "--manifest-path" "Cargo.toml" "--no-deps", kill_on_drop: false }`
[INFO] started tweaking git repo https://github.com/zhenxiaoyuan/bevy_snake
[INFO] finished tweaking git repo https://github.com/zhenxiaoyuan/bevy_snake
[INFO] tweaked toml for git repo https://github.com/zhenxiaoyuan/bevy_snake written to /workspace/builds/worker-5-tc2/source/Cargo.toml
[INFO] crate git repo https://github.com/zhenxiaoyuan/bevy_snake already has a lockfile, it will not be regenerated
[INFO] running `Command { std: CARGO_HOME="/workspace/cargo-home" RUSTUP_HOME="/workspace/rustup-home" "/workspace/cargo-home/bin/cargo" "+beta-2024-12-08" "fetch" "--manifest-path" "Cargo.toml", kill_on_drop: false }`
[INFO] running `Command { std: "docker" "create" "-v" "/var/lib/crater-agent-workspace/builds/worker-5-tc2/target:/opt/rustwide/target:rw,Z" "-v" "/var/lib/crater-agent-workspace/builds/worker-5-tc2/source:/opt/rustwide/workdir:ro,Z" "-v" "/var/lib/crater-agent-workspace/cargo-home:/opt/rustwide/cargo-home:ro,Z" "-v" "/var/lib/crater-agent-workspace/rustup-home:/opt/rustwide/rustup-home:ro,Z" "-e" "SOURCE_DIR=/opt/rustwide/workdir" "-e" "CARGO_TARGET_DIR=/opt/rustwide/target" "-e" "CARGO_HOME=/opt/rustwide/cargo-home" "-e" "RUSTUP_HOME=/opt/rustwide/rustup-home" "-w" "/opt/rustwide/workdir" "-m" "1610612736" "--user" "0:0" "--network" "none" "ghcr.io/rust-lang/crates-build-env/linux@sha256:f3a9d4ad9d972b27faf3965f35b62e55ba32bbce8f20bc8fe909558a86702fde" "/opt/rustwide/cargo-home/bin/cargo" "+beta-2024-12-08" "metadata" "--no-deps" "--format-version=1", kill_on_drop: false }`
[INFO] [stdout] bfd1c366382fb0babd73eb0b4794c91ee6d6a9bba4783f042cc6a9811d05d905
[INFO] running `Command { std: "docker" "start" "-a" "bfd1c366382fb0babd73eb0b4794c91ee6d6a9bba4783f042cc6a9811d05d905", kill_on_drop: false }`
[INFO] running `Command { std: "docker" "inspect" "bfd1c366382fb0babd73eb0b4794c91ee6d6a9bba4783f042cc6a9811d05d905", kill_on_drop: false }`
[INFO] running `Command { std: "docker" "rm" "-f" "bfd1c366382fb0babd73eb0b4794c91ee6d6a9bba4783f042cc6a9811d05d905", kill_on_drop: false }`
[INFO] [stdout] bfd1c366382fb0babd73eb0b4794c91ee6d6a9bba4783f042cc6a9811d05d905
[INFO] running `Command { std: "docker" "create" "-v" "/var/lib/crater-agent-workspace/builds/worker-5-tc2/target:/opt/rustwide/target:rw,Z" "-v" "/var/lib/crater-agent-workspace/builds/worker-5-tc2/source:/opt/rustwide/workdir:ro,Z" "-v" "/var/lib/crater-agent-workspace/cargo-home:/opt/rustwide/cargo-home:ro,Z" "-v" "/var/lib/crater-agent-workspace/rustup-home:/opt/rustwide/rustup-home:ro,Z" "-e" "SOURCE_DIR=/opt/rustwide/workdir" "-e" "CARGO_TARGET_DIR=/opt/rustwide/target" "-e" "CARGO_INCREMENTAL=0" "-e" "RUST_BACKTRACE=full" "-e" "RUSTFLAGS=--cap-lints=warn" "-e" "RUSTDOCFLAGS=--cap-lints=warn" "-e" "CARGO_HOME=/opt/rustwide/cargo-home" "-e" "RUSTUP_HOME=/opt/rustwide/rustup-home" "-w" "/opt/rustwide/workdir" "-m" "1610612736" "--user" "0:0" "--network" "none" "ghcr.io/rust-lang/crates-build-env/linux@sha256:f3a9d4ad9d972b27faf3965f35b62e55ba32bbce8f20bc8fe909558a86702fde" "/opt/rustwide/cargo-home/bin/cargo" "+beta-2024-12-08" "build" "--frozen" "--message-format=json", kill_on_drop: false }`
[INFO] [stdout] 7385248cc98298ab007ceb6585a95c444eec880992d01213c22764068524644c
[INFO] running `Command { std: "docker" "start" "-a" "7385248cc98298ab007ceb6585a95c444eec880992d01213c22764068524644c", kill_on_drop: false }`
[INFO] [stderr]    Compiling libc v0.2.82
[INFO] [stderr]    Compiling proc-macro2 v1.0.24
[INFO] [stderr]    Compiling unicode-xid v0.2.1
[INFO] [stderr]    Compiling syn v1.0.58
[INFO] [stderr]    Compiling serde_derive v1.0.119
[INFO] [stderr]    Compiling serde v1.0.119
[INFO] [stderr]    Compiling cfg-if v1.0.0
[INFO] [stderr]    Compiling bitflags v1.2.1
[INFO] [stderr]    Compiling lazy_static v1.4.0
[INFO] [stderr]    Compiling autocfg v1.0.1
[INFO] [stderr]    Compiling cfg-if v0.1.10
[INFO] [stderr]    Compiling memchr v2.3.4
[INFO] [stderr]    Compiling pin-project-lite v0.2.4
[INFO] [stderr]    Compiling futures-core v0.3.12
[INFO] [stderr]    Compiling getrandom v0.2.1
[INFO] [stderr]    Compiling version_check v0.9.2
[INFO] [stderr]    Compiling tracing-core v0.1.17
[INFO] [stderr]    Compiling instant v0.1.9
[INFO] [stderr]    Compiling once_cell v1.5.2
[INFO] [stderr]    Compiling log v0.4.13
[INFO] [stderr]    Compiling futures-io v0.3.12
[INFO] [stderr]    Compiling scopeguard v1.1.0
[INFO] [stderr]    Compiling getrandom v0.1.16
[INFO] [stderr]    Compiling lock_api v0.4.2
[INFO] [stderr]    Compiling cache-padded v1.1.1
[INFO] [stderr]    Compiling ahash v0.6.2
[INFO] [stderr]    Compiling fastrand v1.4.0
[INFO] [stderr]    Compiling concurrent-queue v1.2.2
[INFO] [stderr]    Compiling waker-fn v1.1.0
[INFO] [stderr]    Compiling parking v2.0.0
[INFO] [stderr]    Compiling quote v1.0.8
[INFO] [stderr]    Compiling num-traits v0.2.14
[INFO] [stderr]    Compiling futures-lite v1.11.3
[INFO] [stderr]    Compiling event-listener v2.5.1
[INFO] [stderr]    Compiling ppv-lite86 v0.2.10
[INFO] [stderr]    Compiling async-task v4.0.3
[INFO] [stderr]    Compiling pkg-config v0.3.19
[INFO] [stderr]    Compiling vec-arena v1.0.0
[INFO] [stderr]    Compiling async-channel v1.5.1
[INFO] [stderr]    Compiling Inflector v0.11.4
[INFO] [stderr]    Compiling downcast-rs v1.2.0
[INFO] [stderr]    Compiling fixedbitset v0.3.1
[INFO] [stderr]    Compiling glam v0.11.3
[INFO] [stderr]    Compiling byteorder v1.4.2
[INFO] [stderr]    Compiling slab v0.4.2
[INFO] [stderr]    Compiling maybe-uninit v2.0.0
[INFO] [stderr]    Compiling rand_core v0.5.1
[INFO] [stderr]    Compiling num_cpus v1.13.0
[INFO] [stderr]    Compiling jobserver v0.1.21
[INFO] [stderr]    Compiling iovec v0.1.4
[INFO] [stderr]    Compiling rand_chacha v0.2.2
[INFO] [stderr]    Compiling cc v1.0.66
[INFO] [stderr]    Compiling net2 v0.2.37
[INFO] [stderr]    Compiling num-integer v0.1.44
[INFO] [stderr]    Compiling crossbeam-utils v0.7.2
[INFO] [stderr]    Compiling lazycell v1.3.0
[INFO] [stderr]    Compiling async-executor v1.4.0
[INFO] [stderr]    Compiling rand v0.7.3
[INFO] [stderr]    Compiling bevy_tasks v0.4.0
[INFO] [stderr]    Compiling mio v0.6.23
[INFO] [stderr]    Compiling inotify-sys v0.1.5
[INFO] [stderr]    Compiling anyhow v1.0.38
[INFO] [stderr]    Compiling same-file v1.0.6
[INFO] [stderr]    Compiling walkdir v2.3.1
[INFO] [stderr]    Compiling crossbeam-channel v0.4.4
[INFO] [stderr]    Compiling inotify v0.8.3
[INFO] [stderr]    Compiling spirv_headers v1.5.0
[INFO] [stderr]    Compiling filetime v0.2.13
[INFO] [stderr]    Compiling adler32 v1.2.0
[INFO] [stderr]    Compiling crc32fast v1.2.1
[INFO] [stderr]    Compiling mio-extras v2.0.6
[INFO] [stderr]    Compiling base64 v0.13.0
[INFO] [stderr]    Compiling anymap v0.12.1
[INFO] [stderr]    Compiling raw-window-handle v0.3.3
[INFO] [stderr]    Compiling num-iter v0.1.42
[INFO] [stderr]    Compiling notify v5.0.0-pre.4
[INFO] [stderr]    Compiling num-rational v0.3.2
[INFO] [stderr]    Compiling miniz_oxide v0.3.7
[INFO] [stderr]    Compiling deflate v0.8.6
[INFO] [stderr]    Compiling spirv-reflect v0.2.3
[INFO] [stderr]    Compiling bevy-glsl-to-spirv v0.2.1
[INFO] [stderr]    Compiling scoped_threadpool v0.1.9
[INFO] [stderr]    Compiling proc-macro-hack v0.5.19
[INFO] [stderr]    Compiling png v0.16.8
[INFO] [stderr]    Compiling color_quant v1.1.0
[INFO] [stderr]    Compiling bytemuck v1.5.0
[INFO] [stderr]    Compiling ryu v1.0.5
[INFO] [stderr]    Compiling gfx-hal v0.6.0
[INFO] [stderr]    Compiling hex v0.4.2
[INFO] [stderr]    Compiling proc-macro-nested v0.1.7
[INFO] [stderr]    Compiling image v0.23.12
[INFO] [stderr]    Compiling serde_json v1.0.61
[INFO] [stderr]    Compiling fxhash v0.2.1
[INFO] [stderr]    Compiling x11 v2.18.2
[INFO] [stderr]    Compiling alsa-sys v0.3.1
[INFO] [stderr]    Compiling libloading v0.6.7
[INFO] [stderr]    Compiling nix v0.15.0
[INFO] [stderr]    Compiling futures-sink v0.3.12
[INFO] [stderr]    Compiling itoa v0.4.7
[INFO] [stderr]    Compiling futures-channel v0.3.12
[INFO] [stderr]    Compiling minimp3-sys v0.3.2
[INFO] [stderr]    Compiling libudev-sys v0.1.4
[INFO] [stderr]    Compiling x11-dl v2.18.5
[INFO] [stderr]    Compiling futures-task v0.3.12
[INFO] [stderr]    Compiling nix v0.18.0
[INFO] [stderr]    Compiling arrayvec v0.5.2
[INFO] [stderr]    Compiling ttf-parser v0.9.0
[INFO] [stderr]    Compiling regex-syntax v0.6.22
[INFO] [stderr]    Compiling pin-utils v0.1.0
[INFO] [stderr]    Compiling bit-vec v0.6.3
[INFO] [stderr]    Compiling void v1.0.2
[INFO] [stderr]    Compiling bit-set v0.5.2
[INFO] [stderr]    Compiling ash v0.31.0
[INFO] [stderr]    Compiling euclid v0.22.1
[INFO] [stderr]    Compiling owned_ttf_parser v0.9.0
[INFO] [stderr]    Compiling inplace_it v0.3.2
[INFO] [stderr]    Compiling cpal v0.13.1
[INFO] [stderr]    Compiling inflections v1.1.1
[INFO] [stderr]    Compiling thiserror-impl v1.0.23
[INFO] [stderr]    Compiling tracing-attributes v0.1.11
[INFO] [stderr]    Compiling futures-macro v0.3.12
[INFO] [stderr]    Compiling ab_glyph_rasterizer v0.1.4
[INFO] [stderr]    Compiling svg_fmt v0.4.1
[INFO] [stderr]    Compiling libm v0.1.4
[INFO] [stderr]    Compiling thiserror v1.0.23
[INFO] [stderr]    Compiling naga v0.2.0
[INFO] [stderr]    Compiling guillotiere v0.6.0
[INFO] [stderr]    Compiling ab_glyph v0.2.7
[INFO] [stderr]    Compiling tracing v0.1.22
[INFO] [stderr]    Compiling futures-util v0.3.12
[INFO] [stderr]    Compiling alsa v0.4.3
[INFO] [stderr]    Compiling gltf-derive v0.15.2
[INFO] [stderr]    Compiling regex-automata v0.1.9
[INFO] [stderr]    Compiling gfx-backend-empty v0.6.0
[INFO] [stderr]    Compiling gfx-descriptor v0.2.0
[INFO] [stderr]    Compiling gfx-memory v0.2.2
[INFO] [stderr]    Compiling approx v0.4.0
[INFO] [stderr]    Compiling time v0.1.43
[INFO] [stderr]    Compiling slice-deque v0.3.0
[INFO] [stderr]    Compiling aho-corasick v0.7.15
[INFO] [stderr]    Compiling wgpu-types v0.6.1
[INFO] [stderr]    Compiling thread_local v1.1.0
[INFO] [stderr]    Compiling vec_map v0.8.2
[INFO] [stderr]    Compiling copyless v0.1.5
[INFO] [stderr]    Compiling percent-encoding v2.1.0
[INFO] [stderr]    Compiling rectangle-pack v0.2.0
[INFO] [stderr]    Compiling futures-executor v0.3.12
[INFO] [stderr]    Compiling xi-unicode v0.3.0
[INFO] [stderr]    Compiling futures v0.3.12
[INFO] [stderr]    Compiling glyph_brush_layout v0.2.1
[INFO] [stderr]    Compiling chrono v0.4.19
[INFO] [stderr]    Compiling matchers v0.0.1
[INFO] [stderr]    Compiling tracing-log v0.1.1
[INFO] [stderr]    Compiling regex v1.4.3
[INFO] [stderr]    Compiling sharded-slab v0.1.1
[INFO] [stderr]    Compiling typed-arena v2.0.1
[INFO] [stderr]    Compiling ansi_term v0.12.1
[INFO] [stderr]    Compiling fnv v1.0.7
[INFO] [stderr]    Compiling stretch v0.3.2
[INFO] [stderr]    Compiling base64 v0.12.3
[INFO] [stderr]    Compiling minimp3 v0.5.1
[INFO] [stderr]    Compiling rodio v0.13.0
[INFO] [stderr]    Compiling smallvec v1.6.1
[INFO] [stderr]    Compiling toml v0.5.8
[INFO] [stderr]    Compiling uuid v0.8.2
[INFO] [stderr]    Compiling erased-serde v0.3.13
[INFO] [stderr]    Compiling ron v0.6.4
[INFO] [stderr]    Compiling parking_lot_core v0.8.2
[INFO] [stderr]    Compiling parking_lot v0.11.1
[INFO] [stderr]    Compiling bevy_utils v0.4.0
[INFO] [stderr]    Compiling hexasphere v3.1.0
[INFO] [stderr]    Compiling gfx-backend-vulkan v0.6.5
[INFO] [stderr]    Compiling find-crate v0.6.3
[INFO] [stderr]    Compiling winit v0.24.0
[INFO] [stderr]    Compiling gilrs-core v0.3.0
[INFO] [stderr]    Compiling tracing-serde v0.1.2
[INFO] [stderr]    Compiling bevy_ecs_macros v0.4.0
[INFO] [stderr]    Compiling bevy_derive v0.4.0
[INFO] [stderr]    Compiling bevy_reflect_derive v0.4.0
[INFO] [stderr]    Compiling gilrs v0.8.0
[INFO] [stderr]    Compiling wgpu-core v0.6.5
[INFO] [stderr]    Compiling gltf-json v0.15.2
[INFO] [stderr] rustc-LLVM ERROR: IO failure on output stream: No space left on device
[INFO] [stdout] error: linking with `cc` failed: exit status: 1
[INFO] [stdout]   |
[INFO] [stdout]   = note: LC_ALL="C" PATH="/opt/rustwide/rustup-home/toolchains/beta-2024-12-08-x86_64-unknown-linux-gnu/lib/rustlib/x86_64-unknown-linux-gnu/bin:/opt/rustwide/cargo-home/bin:/usr/local/sbin:/usr/local/bin:/usr/sbin:/usr/bin:/sbin:/bin" VSLANG="1033" "cc" "-Wl,--version-script=/tmp/rustcZKDjq4/list" "-Wl,--no-undefined-version" "-m64" "/tmp/rustcZKDjq4/symbols.o" "/opt/rustwide/target/debug/deps/bevy_ecs_macros-43e5773be59bdc94.bevy_ecs_macros.382a25c66f83ca5b-cgu.0.rcgu.o" "/opt/rustwide/target/debug/deps/bevy_ecs_macros-43e5773be59bdc94.bevy_ecs_macros.382a25c66f83ca5b-cgu.1.rcgu.o" "/opt/rustwide/target/debug/deps/bevy_ecs_macros-43e5773be59bdc94.bevy_ecs_macros.382a25c66f83ca5b-cgu.2.rcgu.o" "/opt/rustwide/target/debug/deps/bevy_ecs_macros-43e5773be59bdc94.bevy_ecs_macros.382a25c66f83ca5b-cgu.3.rcgu.o" "/opt/rustwide/target/debug/deps/bevy_ecs_macros-43e5773be59bdc94.bevy_ecs_macros.382a25c66f83ca5b-cgu.4.rcgu.o" "/opt/rustwide/target/debug/deps/bevy_ecs_macros-43e5773be59bdc94.4458eps2z81wjy1vgwx8a71rk.rcgu.rmeta" "/opt/rustwide/target/debug/deps/bevy_ecs_macros-43e5773be59bdc94.en90h829azfts45xnc6dstw3x.rcgu.o" "-Wl,--as-needed" "-Wl,-Bstatic" "/opt/rustwide/target/debug/deps/libsyn-495d38bfcb447e65.rlib" "/opt/rustwide/target/debug/deps/libquote-2b09be9990b4e16e.rlib" "/opt/rustwide/target/debug/deps/libproc_macro2-50b3e3bcea02b510.rlib" "/opt/rustwide/target/debug/deps/libunicode_xid-03b6fa6e40b206a2.rlib" "/opt/rustwide/target/debug/deps/libfind_crate-06e55f086832dbf8.rlib" "/opt/rustwide/target/debug/deps/libtoml-06ccbc18b797f8d8.rlib" "/opt/rustwide/target/debug/deps/libserde-6bee60cd5bab5a87.rlib" "/opt/rustwide/rustup-home/toolchains/beta-2024-12-08-x86_64-unknown-linux-gnu/lib/rustlib/x86_64-unknown-linux-gnu/lib/libproc_macro-bcafc4e6921040d1.rlib" "/opt/rustwide/rustup-home/toolchains/beta-2024-12-08-x86_64-unknown-linux-gnu/lib/rustlib/x86_64-unknown-linux-gnu/lib/libstd-02dc84f49135b6b8.rlib" "/opt/rustwide/rustup-home/toolchains/beta-2024-12-08-x86_64-unknown-linux-gnu/lib/rustlib/x86_64-unknown-linux-gnu/lib/libpanic_unwind-a8f45b397fae3f81.rlib" "/opt/rustwide/rustup-home/toolchains/beta-2024-12-08-x86_64-unknown-linux-gnu/lib/rustlib/x86_64-unknown-linux-gnu/lib/libobject-089607133c180609.rlib" "/opt/rustwide/rustup-home/toolchains/beta-2024-12-08-x86_64-unknown-linux-gnu/lib/rustlib/x86_64-unknown-linux-gnu/lib/libmemchr-fc89f091bcd86cbb.rlib" "/opt/rustwide/rustup-home/toolchains/beta-2024-12-08-x86_64-unknown-linux-gnu/lib/rustlib/x86_64-unknown-linux-gnu/lib/libaddr2line-5a60949f01c7340c.rlib" "/opt/rustwide/rustup-home/toolchains/beta-2024-12-08-x86_64-unknown-linux-gnu/lib/rustlib/x86_64-unknown-linux-gnu/lib/libgimli-d29e6a55ca253c8c.rlib" "/opt/rustwide/rustup-home/toolchains/beta-2024-12-08-x86_64-unknown-linux-gnu/lib/rustlib/x86_64-unknown-linux-gnu/lib/librustc_demangle-273c078d5f65de7a.rlib" "/opt/rustwide/rustup-home/toolchains/beta-2024-12-08-x86_64-unknown-linux-gnu/lib/rustlib/x86_64-unknown-linux-gnu/lib/libstd_detect-413c950ffbdd4454.rlib" "/opt/rustwide/rustup-home/toolchains/beta-2024-12-08-x86_64-unknown-linux-gnu/lib/rustlib/x86_64-unknown-linux-gnu/lib/libhashbrown-1853c0976a1d88a6.rlib" "/opt/rustwide/rustup-home/toolchains/beta-2024-12-08-x86_64-unknown-linux-gnu/lib/rustlib/x86_64-unknown-linux-gnu/lib/librustc_std_workspace_alloc-ccb3384ddacb0f9e.rlib" "/opt/rustwide/rustup-home/toolchains/beta-2024-12-08-x86_64-unknown-linux-gnu/lib/rustlib/x86_64-unknown-linux-gnu/lib/libminiz_oxide-0b901dfb0ca849e0.rlib" "/opt/rustwide/rustup-home/toolchains/beta-2024-12-08-x86_64-unknown-linux-gnu/lib/rustlib/x86_64-unknown-linux-gnu/lib/libadler-eebeb8d7c64543ad.rlib" "/opt/rustwide/rustup-home/toolchains/beta-2024-12-08-x86_64-unknown-linux-gnu/lib/rustlib/x86_64-unknown-linux-gnu/lib/libunwind-4723ef81d6079867.rlib" "/opt/rustwide/rustup-home/toolchains/beta-2024-12-08-x86_64-unknown-linux-gnu/lib/rustlib/x86_64-unknown-linux-gnu/lib/libcfg_if-54442f8b422f5a54.rlib" "/opt/rustwide/rustup-home/toolchains/beta-2024-12-08-x86_64-unknown-linux-gnu/lib/rustlib/x86_64-unknown-linux-gnu/lib/liblibc-e0bbe034b5282553.rlib" "/opt/rustwide/rustup-home/toolchains/beta-2024-12-08-x86_64-unknown-linux-gnu/lib/rustlib/x86_64-unknown-linux-gnu/lib/liballoc-d0febb68c1c37b90.rlib" "/opt/rustwide/rustup-home/toolchains/beta-2024-12-08-x86_64-unknown-linux-gnu/lib/rustlib/x86_64-unknown-linux-gnu/lib/librustc_std_workspace_core-4cf833632aafa84c.rlib" "/opt/rustwide/rustup-home/toolchains/beta-2024-12-08-x86_64-unknown-linux-gnu/lib/rustlib/x86_64-unknown-linux-gnu/lib/libcore-65c2c6d2d6ae570b.rlib" "/opt/rustwide/rustup-home/toolchains/beta-2024-12-08-x86_64-unknown-linux-gnu/lib/rustlib/x86_64-unknown-linux-gnu/lib/libcompiler_builtins-97929cee0dcfe424.rlib" "-Wl,-Bdynamic" "-lgcc_s" "-lutil" "-lrt" "-lpthread" "-lm" "-ldl" "-lc" "-Wl,--eh-frame-hdr" "-Wl,-z,noexecstack" "-L" "/opt/rustwide/rustup-home/toolchains/beta-2024-12-08-x86_64-unknown-linux-gnu/lib/rustlib/x86_64-unknown-linux-gnu/lib" "-o" "/opt/rustwide/target/debug/deps/libbevy_ecs_macros-43e5773be59bdc94.so" "-Wl,--gc-sections" "-shared" "-Wl,-z,relro,-z,now" "-nodefaultlibs"
[INFO] [stdout]   = note: /usr/bin/ld: final link failed: No space left on device
[INFO] [stdout]           collect2: error: ld returned 1 exit status
[INFO] [stdout]           
[INFO] [stdout] 
[INFO] [stdout] 
[INFO] [stderr] error: could not compile `gfx-backend-vulkan` (lib)
[INFO] [stderr] 
[INFO] [stderr] Caused by:
[INFO] [stderr]   process didn't exit successfully: `/opt/rustwide/rustup-home/toolchains/beta-2024-12-08-x86_64-unknown-linux-gnu/bin/rustc --crate-name gfx_backend_vulkan --edition=2018 /opt/rustwide/cargo-home/registry/src/index.crates.io-6f17d22bba15001f/gfx-backend-vulkan-0.6.5/src/lib.rs --error-format=json --json=diagnostic-rendered-ansi,artifacts,future-incompat --crate-type lib --emit=dep-info,metadata,link -C embed-bitcode=no -C debuginfo=2 --cfg 'feature="default"' --cfg 'feature="x11"' --check-cfg 'cfg(docsrs)' --check-cfg 'cfg(feature, values("default", "shared_library", "use-rtld-next", "x11", "xcb"))' -C metadata=d32e489e831d0c91 -C extra-filename=-d32e489e831d0c91 --out-dir /opt/rustwide/target/debug/deps -L dependency=/opt/rustwide/target/debug/deps --extern arrayvec=/opt/rustwide/target/debug/deps/libarrayvec-75060192f0e3d452.rmeta --extern ash=/opt/rustwide/target/debug/deps/libash-40287329212a0465.rmeta --extern byteorder=/opt/rustwide/target/debug/deps/libbyteorder-98a6adb9ab8075d5.rmeta --extern hal=/opt/rustwide/target/debug/deps/libgfx_hal-c0d5a4a678aa1501.rmeta --extern inplace_it=/opt/rustwide/target/debug/deps/libinplace_it-7aecfff3e1151759.rmeta --extern lazy_static=/opt/rustwide/target/debug/deps/liblazy_static-efa3519517df6cf0.rmeta --extern log=/opt/rustwide/target/debug/deps/liblog-8b1f2821e310a07a.rmeta --extern raw_window_handle=/opt/rustwide/target/debug/deps/libraw_window_handle-9ad42d1c53749d86.rmeta --extern smallvec=/opt/rustwide/target/debug/deps/libsmallvec-0b1c496dd6061a51.rmeta --extern x11=/opt/rustwide/target/debug/deps/libx11-16e275587db1bfae.rmeta --cap-lints allow --cap-lints=warn -L native=/usr/lib/x86_64-linux-gnu` (exit status: 101)
[INFO] [stderr] warning: build failed, waiting for other jobs to finish...
[INFO] [stderr] error: could not compile `bevy_ecs_macros` (lib) due to 1 previous error
[INFO] [stderr] rustc-LLVM ERROR: IO failure on output stream: No space left on device
[INFO] [stdout] error: linking with `cc` failed: exit status: 1
[INFO] [stdout]   |
[INFO] [stdout]   = note: LC_ALL="C" PATH="/opt/rustwide/rustup-home/toolchains/beta-2024-12-08-x86_64-unknown-linux-gnu/lib/rustlib/x86_64-unknown-linux-gnu/bin:/opt/rustwide/cargo-home/bin:/usr/local/sbin:/usr/local/bin:/usr/sbin:/usr/bin:/sbin:/bin" VSLANG="1033" "cc" "-Wl,--version-script=/tmp/rustczaPLeh/list" "-Wl,--no-undefined-version" "-m64" "/tmp/rustczaPLeh/symbols.o" "/opt/rustwide/target/debug/deps/bevy_derive-2fb90efdc5859c28.bevy_derive.f30afff877c1c17-cgu.0.rcgu.o" "/opt/rustwide/target/debug/deps/bevy_derive-2fb90efdc5859c28.bevy_derive.f30afff877c1c17-cgu.1.rcgu.o" "/opt/rustwide/target/debug/deps/bevy_derive-2fb90efdc5859c28.bevy_derive.f30afff877c1c17-cgu.2.rcgu.o" "/opt/rustwide/target/debug/deps/bevy_derive-2fb90efdc5859c28.bevy_derive.f30afff877c1c17-cgu.3.rcgu.o" "/opt/rustwide/target/debug/deps/bevy_derive-2fb90efdc5859c28.bevy_derive.f30afff877c1c17-cgu.4.rcgu.o" "/opt/rustwide/target/debug/deps/bevy_derive-2fb90efdc5859c28.9o3avveyfiurar2d9q5ag9s3z.rcgu.rmeta" "/opt/rustwide/target/debug/deps/bevy_derive-2fb90efdc5859c28.2iczi7ldwfmcykg7f0fxzkh4a.rcgu.o" "-Wl,--as-needed" "-Wl,-Bstatic" "/opt/rustwide/target/debug/deps/libinflector-17fbf5b40d547555.rlib" "/opt/rustwide/target/debug/deps/libfind_crate-06e55f086832dbf8.rlib" "/opt/rustwide/target/debug/deps/libtoml-06ccbc18b797f8d8.rlib" "/opt/rustwide/target/debug/deps/libserde-6bee60cd5bab5a87.rlib" "/opt/rustwide/target/debug/deps/libsyn-495d38bfcb447e65.rlib" "/opt/rustwide/target/debug/deps/libquote-2b09be9990b4e16e.rlib" "/opt/rustwide/target/debug/deps/libproc_macro2-50b3e3bcea02b510.rlib" "/opt/rustwide/target/debug/deps/libunicode_xid-03b6fa6e40b206a2.rlib" "/opt/rustwide/rustup-home/toolchains/beta-2024-12-08-x86_64-unknown-linux-gnu/lib/rustlib/x86_64-unknown-linux-gnu/lib/libproc_macro-bcafc4e6921040d1.rlib" "/opt/rustwide/rustup-home/toolchains/beta-2024-12-08-x86_64-unknown-linux-gnu/lib/rustlib/x86_64-unknown-linux-gnu/lib/libstd-02dc84f49135b6b8.rlib" "/opt/rustwide/rustup-home/toolchains/beta-2024-12-08-x86_64-unknown-linux-gnu/lib/rustlib/x86_64-unknown-linux-gnu/lib/libpanic_unwind-a8f45b397fae3f81.rlib" "/opt/rustwide/rustup-home/toolchains/beta-2024-12-08-x86_64-unknown-linux-gnu/lib/rustlib/x86_64-unknown-linux-gnu/lib/libobject-089607133c180609.rlib" "/opt/rustwide/rustup-home/toolchains/beta-2024-12-08-x86_64-unknown-linux-gnu/lib/rustlib/x86_64-unknown-linux-gnu/lib/libmemchr-fc89f091bcd86cbb.rlib" "/opt/rustwide/rustup-home/toolchains/beta-2024-12-08-x86_64-unknown-linux-gnu/lib/rustlib/x86_64-unknown-linux-gnu/lib/libaddr2line-5a60949f01c7340c.rlib" "/opt/rustwide/rustup-home/toolchains/beta-2024-12-08-x86_64-unknown-linux-gnu/lib/rustlib/x86_64-unknown-linux-gnu/lib/libgimli-d29e6a55ca253c8c.rlib" "/opt/rustwide/rustup-home/toolchains/beta-2024-12-08-x86_64-unknown-linux-gnu/lib/rustlib/x86_64-unknown-linux-gnu/lib/librustc_demangle-273c078d5f65de7a.rlib" "/opt/rustwide/rustup-home/toolchains/beta-2024-12-08-x86_64-unknown-linux-gnu/lib/rustlib/x86_64-unknown-linux-gnu/lib/libstd_detect-413c950ffbdd4454.rlib" "/opt/rustwide/rustup-home/toolchains/beta-2024-12-08-x86_64-unknown-linux-gnu/lib/rustlib/x86_64-unknown-linux-gnu/lib/libhashbrown-1853c0976a1d88a6.rlib" "/opt/rustwide/rustup-home/toolchains/beta-2024-12-08-x86_64-unknown-linux-gnu/lib/rustlib/x86_64-unknown-linux-gnu/lib/librustc_std_workspace_alloc-ccb3384ddacb0f9e.rlib" "/opt/rustwide/rustup-home/toolchains/beta-2024-12-08-x86_64-unknown-linux-gnu/lib/rustlib/x86_64-unknown-linux-gnu/lib/libminiz_oxide-0b901dfb0ca849e0.rlib" "/opt/rustwide/rustup-home/toolchains/beta-2024-12-08-x86_64-unknown-linux-gnu/lib/rustlib/x86_64-unknown-linux-gnu/lib/libadler-eebeb8d7c64543ad.rlib" "/opt/rustwide/rustup-home/toolchains/beta-2024-12-08-x86_64-unknown-linux-gnu/lib/rustlib/x86_64-unknown-linux-gnu/lib/libunwind-4723ef81d6079867.rlib" "/opt/rustwide/rustup-home/toolchains/beta-2024-12-08-x86_64-unknown-linux-gnu/lib/rustlib/x86_64-unknown-linux-gnu/lib/libcfg_if-54442f8b422f5a54.rlib" "/opt/rustwide/rustup-home/toolchains/beta-2024-12-08-x86_64-unknown-linux-gnu/lib/rustlib/x86_64-unknown-linux-gnu/lib/liblibc-e0bbe034b5282553.rlib" "/opt/rustwide/rustup-home/toolchains/beta-2024-12-08-x86_64-unknown-linux-gnu/lib/rustlib/x86_64-unknown-linux-gnu/lib/liballoc-d0febb68c1c37b90.rlib" "/opt/rustwide/rustup-home/toolchains/beta-2024-12-08-x86_64-unknown-linux-gnu/lib/rustlib/x86_64-unknown-linux-gnu/lib/librustc_std_workspace_core-4cf833632aafa84c.rlib" "/opt/rustwide/rustup-home/toolchains/beta-2024-12-08-x86_64-unknown-linux-gnu/lib/rustlib/x86_64-unknown-linux-gnu/lib/libcore-65c2c6d2d6ae570b.rlib" "/opt/rustwide/rustup-home/toolchains/beta-2024-12-08-x86_64-unknown-linux-gnu/lib/rustlib/x86_64-unknown-linux-gnu/lib/libcompiler_builtins-97929cee0dcfe424.rlib" "-Wl,-Bdynamic" "-lgcc_s" "-lutil" "-lrt" "-lpthread" "-lm" "-ldl" "-lc" "-Wl,--eh-frame-hdr" "-Wl,-z,noexecstack" "-L" "/opt/rustwide/rustup-home/toolchains/beta-2024-12-08-x86_64-unknown-linux-gnu/lib/rustlib/x86_64-unknown-linux-gnu/lib" "-o" "/opt/rustwide/target/debug/deps/libbevy_derive-2fb90efdc5859c28.so" "-Wl,--gc-sections" "-shared" "-Wl,-z,relro,-z,now" "-nodefaultlibs"
[INFO] [stdout]   = note: /usr/bin/ld: final link failed: No space left on device
[INFO] [stdout]           collect2: error: ld returned 1 exit status
[INFO] [stdout]           
[INFO] [stdout] 
[INFO] [stdout] 
[INFO] [stderr] error: could not compile `bevy_derive` (lib) due to 1 previous error
[INFO] [stderr] error: could not compile `winit` (lib)
[INFO] [stderr] 
[INFO] [stderr] Caused by:
[INFO] [stderr]   No space left on device (os error 28)
[INFO] [stderr] 
[INFO] [stderr] Caused by:
[INFO] [stderr]   failed to parse process output: `/opt/rustwide/rustup-home/toolchains/beta-2024-12-08-x86_64-unknown-linux-gnu/bin/rustc --crate-name winit --edition=2018 /opt/rustwide/cargo-home/registry/src/index.crates.io-6f17d22bba15001f/winit-0.24.0/src/lib.rs --error-format=json --json=diagnostic-rendered-ansi,artifacts,future-incompat --crate-type lib --emit=dep-info,metadata,link -C embed-bitcode=no -C debuginfo=2 --cfg 'feature="mio"' --cfg 'feature="mio-extras"' --cfg 'feature="parking_lot"' --cfg 'feature="percent-encoding"' --cfg 'feature="wasm-bindgen"' --cfg 'feature="web-sys"' --cfg 'feature="web_sys"' --cfg 'feature="x11"' --cfg 'feature="x11-dl"' --check-cfg 'cfg(docsrs)' --check-cfg 'cfg(feature, values("default", "mio", "mio-extras", "parking_lot", "percent-encoding", "sctk", "serde", "std_web", "stdweb", "wasm-bindgen", "wayland", "wayland-client", "web-sys", "web_sys", "x11", "x11-dl"))' -C metadata=f4c240a0c2ef3fb2 -C extra-filename=-f4c240a0c2ef3fb2 --out-dir /opt/rustwide/target/debug/deps -L dependency=/opt/rustwide/target/debug/deps --extern bitflags=/opt/rustwide/target/debug/deps/libbitflags-53f2c2e16beb276c.rmeta --extern instant=/opt/rustwide/target/debug/deps/libinstant-cd6e24807608022e.rmeta --extern lazy_static=/opt/rustwide/target/debug/deps/liblazy_static-efa3519517df6cf0.rmeta --extern libc=/opt/rustwide/target/debug/deps/liblibc-036ccb6e14591aea.rmeta --extern log=/opt/rustwide/target/debug/deps/liblog-8b1f2821e310a07a.rmeta --extern mio=/opt/rustwide/target/debug/deps/libmio-8dd82ab79f9851ce.rmeta --extern mio_extras=/opt/rustwide/target/debug/deps/libmio_extras-13d2647e3c5f2194.rmeta --extern parking_lot=/opt/rustwide/target/debug/deps/libparking_lot-5a7043cf93c94506.rmeta --extern percent_encoding=/opt/rustwide/target/debug/deps/libpercent_encoding-d421ee550bd528ce.rmeta --extern raw_window_handle=/opt/rustwide/target/debug/deps/libraw_window_handle-9ad42d1c53749d86.rmeta --extern x11_dl=/opt/rustwide/target/debug/deps/libx11_dl-a489dff0397295e8.rmeta --cap-lints allow --cap-lints=warn` (exit status: 101)
[INFO] [stderr] rustc-LLVM ERROR: IO failure on output stream: No space left on device
[INFO] [stderr] error: could not compile `gilrs` (lib)
[INFO] [stderr] 
[INFO] [stderr] Caused by:
[INFO] [stderr]   No space left on device (os error 28)
[INFO] [stderr] 
[INFO] [stderr] Caused by:
[INFO] [stderr]   failed to parse process output: `/opt/rustwide/rustup-home/toolchains/beta-2024-12-08-x86_64-unknown-linux-gnu/bin/rustc --crate-name gilrs --edition=2018 /opt/rustwide/cargo-home/registry/src/index.crates.io-6f17d22bba15001f/gilrs-0.8.0/src/lib.rs --error-format=json --json=diagnostic-rendered-ansi,artifacts,future-incompat --crate-type lib --emit=dep-info,metadata,link -C embed-bitcode=no -C debuginfo=2 --check-cfg 'cfg(docsrs)' --check-cfg 'cfg(feature, values("serde", "serde-serialize"))' -C metadata=36bcd4bcb6bf2faf -C extra-filename=-36bcd4bcb6bf2faf --out-dir /opt/rustwide/target/debug/deps -L dependency=/opt/rustwide/target/debug/deps --extern fnv=/opt/rustwide/target/debug/deps/libfnv-953831fe314029b4.rmeta --extern gilrs_core=/opt/rustwide/target/debug/deps/libgilrs_core-f1f471bc2926e9b3.rmeta --extern log=/opt/rustwide/target/debug/deps/liblog-8b1f2821e310a07a.rmeta --extern uuid=/opt/rustwide/target/debug/deps/libuuid-3d2d56bda55de240.rmeta --extern vec_map=/opt/rustwide/target/debug/deps/libvec_map-5b55b3a0782d93d8.rmeta --cap-lints allow --cap-lints=warn -L native=/usr/lib/x86_64-linux-gnu` (exit status: 101)
[INFO] [stdout] error: error writing dependencies to `/opt/rustwide/target/debug/deps/gltf_json-b878093f7ad99ad1.d`: No space left on device (os error 28)
[INFO] [stdout] 
[INFO] [stdout] 
[INFO] [stderr] error: could not compile `gltf-json` (lib) due to 1 previous error
[INFO] [stdout] error: linking with `cc` failed: exit status: 1
[INFO] [stdout]   |
[INFO] [stdout]   = note: LC_ALL="C" PATH="/opt/rustwide/rustup-home/toolchains/beta-2024-12-08-x86_64-unknown-linux-gnu/lib/rustlib/x86_64-unknown-linux-gnu/bin:/opt/rustwide/cargo-home/bin:/usr/local/sbin:/usr/local/bin:/usr/sbin:/usr/bin:/sbin:/bin" VSLANG="1033" "cc" "-Wl,--version-script=/tmp/rustcyeOduw/list" "-Wl,--no-undefined-version" "-m64" "/tmp/rustcyeOduw/symbols.o" "/opt/rustwide/target/debug/deps/bevy_reflect_derive-c247ef115e006ad1.bevy_reflect_derive.65118247d952762c-cgu.0.rcgu.o" "/opt/rustwide/target/debug/deps/bevy_reflect_derive-c247ef115e006ad1.bevy_reflect_derive.65118247d952762c-cgu.1.rcgu.o" "/opt/rustwide/target/debug/deps/bevy_reflect_derive-c247ef115e006ad1.bevy_reflect_derive.65118247d952762c-cgu.2.rcgu.o" "/opt/rustwide/target/debug/deps/bevy_reflect_derive-c247ef115e006ad1.bevy_reflect_derive.65118247d952762c-cgu.3.rcgu.o" "/opt/rustwide/target/debug/deps/bevy_reflect_derive-c247ef115e006ad1.bevy_reflect_derive.65118247d952762c-cgu.4.rcgu.o" "/opt/rustwide/target/debug/deps/bevy_reflect_derive-c247ef115e006ad1.18e1kbhajhm59wv9gamfaazi5.rcgu.rmeta" "/opt/rustwide/target/debug/deps/bevy_reflect_derive-c247ef115e006ad1.eo6b7iwp3ftet45j8j68u2nu8.rcgu.o" "-Wl,--as-needed" "-Wl,-Bstatic" "/opt/rustwide/target/debug/deps/libuuid-3d2d56bda55de240.rlib" "/opt/rustwide/target/debug/deps/libgetrandom-0a72ce625e5ff465.rlib" "/opt/rustwide/target/debug/deps/liblibc-036ccb6e14591aea.rlib" "/opt/rustwide/target/debug/deps/libcfg_if-a3e7e701fcd1f47b.rlib" "/opt/rustwide/target/debug/deps/libsyn-495d38bfcb447e65.rlib" "/opt/rustwide/target/debug/deps/libquote-2b09be9990b4e16e.rlib" "/opt/rustwide/target/debug/deps/libproc_macro2-50b3e3bcea02b510.rlib" "/opt/rustwide/target/debug/deps/libunicode_xid-03b6fa6e40b206a2.rlib" "/opt/rustwide/target/debug/deps/libfind_crate-06e55f086832dbf8.rlib" "/opt/rustwide/target/debug/deps/libtoml-06ccbc18b797f8d8.rlib" "/opt/rustwide/target/debug/deps/libserde-6bee60cd5bab5a87.rlib" "/opt/rustwide/rustup-home/toolchains/beta-2024-12-08-x86_64-unknown-linux-gnu/lib/rustlib/x86_64-unknown-linux-gnu/lib/libproc_macro-bcafc4e6921040d1.rlib" "/opt/rustwide/rustup-home/toolchains/beta-2024-12-08-x86_64-unknown-linux-gnu/lib/rustlib/x86_64-unknown-linux-gnu/lib/libstd-02dc84f49135b6b8.rlib" "/opt/rustwide/rustup-home/toolchains/beta-2024-12-08-x86_64-unknown-linux-gnu/lib/rustlib/x86_64-unknown-linux-gnu/lib/libpanic_unwind-a8f45b397fae3f81.rlib" "/opt/rustwide/rustup-home/toolchains/beta-2024-12-08-x86_64-unknown-linux-gnu/lib/rustlib/x86_64-unknown-linux-gnu/lib/libobject-089607133c180609.rlib" "/opt/rustwide/rustup-home/toolchains/beta-2024-12-08-x86_64-unknown-linux-gnu/lib/rustlib/x86_64-unknown-linux-gnu/lib/libmemchr-fc89f091bcd86cbb.rlib" "/opt/rustwide/rustup-home/toolchains/beta-2024-12-08-x86_64-unknown-linux-gnu/lib/rustlib/x86_64-unknown-linux-gnu/lib/libaddr2line-5a60949f01c7340c.rlib" "/opt/rustwide/rustup-home/toolchains/beta-2024-12-08-x86_64-unknown-linux-gnu/lib/rustlib/x86_64-unknown-linux-gnu/lib/libgimli-d29e6a55ca253c8c.rlib" "/opt/rustwide/rustup-home/toolchains/beta-2024-12-08-x86_64-unknown-linux-gnu/lib/rustlib/x86_64-unknown-linux-gnu/lib/librustc_demangle-273c078d5f65de7a.rlib" "/opt/rustwide/rustup-home/toolchains/beta-2024-12-08-x86_64-unknown-linux-gnu/lib/rustlib/x86_64-unknown-linux-gnu/lib/libstd_detect-413c950ffbdd4454.rlib" "/opt/rustwide/rustup-home/toolchains/beta-2024-12-08-x86_64-unknown-linux-gnu/lib/rustlib/x86_64-unknown-linux-gnu/lib/libhashbrown-1853c0976a1d88a6.rlib" "/opt/rustwide/rustup-home/toolchains/beta-2024-12-08-x86_64-unknown-linux-gnu/lib/rustlib/x86_64-unknown-linux-gnu/lib/librustc_std_workspace_alloc-ccb3384ddacb0f9e.rlib" "/opt/rustwide/rustup-home/toolchains/beta-2024-12-08-x86_64-unknown-linux-gnu/lib/rustlib/x86_64-unknown-linux-gnu/lib/libminiz_oxide-0b901dfb0ca849e0.rlib" "/opt/rustwide/rustup-home/toolchains/beta-2024-12-08-x86_64-unknown-linux-gnu/lib/rustlib/x86_64-unknown-linux-gnu/lib/libadler-eebeb8d7c64543ad.rlib" "/opt/rustwide/rustup-home/toolchains/beta-2024-12-08-x86_64-unknown-linux-gnu/lib/rustlib/x86_64-unknown-linux-gnu/lib/libunwind-4723ef81d6079867.rlib" "/opt/rustwide/rustup-home/toolchains/beta-2024-12-08-x86_64-unknown-linux-gnu/lib/rustlib/x86_64-unknown-linux-gnu/lib/libcfg_if-54442f8b422f5a54.rlib" "/opt/rustwide/rustup-home/toolchains/beta-2024-12-08-x86_64-unknown-linux-gnu/lib/rustlib/x86_64-unknown-linux-gnu/lib/liblibc-e0bbe034b5282553.rlib" "/opt/rustwide/rustup-home/toolchains/beta-2024-12-08-x86_64-unknown-linux-gnu/lib/rustlib/x86_64-unknown-linux-gnu/lib/liballoc-d0febb68c1c37b90.rlib" "/opt/rustwide/rustup-home/toolchains/beta-2024-12-08-x86_64-unknown-linux-gnu/lib/rustlib/x86_64-unknown-linux-gnu/lib/librustc_std_workspace_core-4cf833632aafa84c.rlib" "/opt/rustwide/rustup-home/toolchains/beta-2024-12-08-x86_64-unknown-linux-gnu/lib/rustlib/x86_64-unknown-linux-gnu/lib/libcore-65c2c6d2d6ae570b.rlib" "/opt/rustwide/rustup-home/toolchains/beta-2024-12-08-x86_64-unknown-linux-gnu/lib/rustlib/x86_64-unknown-linux-gnu/lib/libcompiler_builtins-97929cee0dcfe424.rlib" "-Wl,-Bdynamic" "-lgcc_s" "-lutil" "-lrt" "-lpthread" "-lm" "-ldl" "-lc" "-Wl,--eh-frame-hdr" "-Wl,-z,noexecstack" "-L" "/opt/rustwide/rustup-home/toolchains/beta-2024-12-08-x86_64-unknown-linux-gnu/lib/rustlib/x86_64-unknown-linux-gnu/lib" "-o" "/opt/rustwide/target/debug/deps/libbevy_reflect_derive-c247ef115e006ad1.so" "-Wl,--gc-sections" "-shared" "-Wl,-z,relro,-z,now" "-nodefaultlibs"
[INFO] [stdout]   = note: /usr/bin/ld: final link failed: No space left on device
[INFO] [stdout]           collect2: error: ld returned 1 exit status
[INFO] [stdout]           
[INFO] [stdout] 
[INFO] [stdout] 
[INFO] [stderr] error: could not compile `bevy_reflect_derive` (lib) due to 1 previous error
[INFO] running `Command { std: "docker" "inspect" "7385248cc98298ab007ceb6585a95c444eec880992d01213c22764068524644c", kill_on_drop: false }`
[INFO] running `Command { std: "docker" "rm" "-f" "7385248cc98298ab007ceb6585a95c444eec880992d01213c22764068524644c", kill_on_drop: false }`
[INFO] [stdout] 7385248cc98298ab007ceb6585a95c444eec880992d01213c22764068524644c
