[INFO] cloning repository https://github.com/xentoshi/prediction-market
[INFO] running `Command { std: "git" "-c" "credential.helper=" "-c" "credential.helper=/workspace/cargo-home/bin/git-credential-null" "clone" "--bare" "https://github.com/xentoshi/prediction-market" "/workspace/cache/git-repos/https%3A%2F%2Fgithub.com%2Fxentoshi%2Fprediction-market", kill_on_drop: false }`
[INFO] [stderr] Cloning into bare repository '/workspace/cache/git-repos/https%3A%2F%2Fgithub.com%2Fxentoshi%2Fprediction-market'...
[INFO] running `Command { std: "git" "rev-parse" "HEAD", kill_on_drop: false }`
[INFO] [stdout] 98c0313d36c08074c04c635e42bd82a53427be8c
[INFO] testing xentoshi/prediction-market against beta-2024-12-08 for beta-1.84.0-4-retry
[INFO] running `Command { std: "git" "clone" "/workspace/cache/git-repos/https%3A%2F%2Fgithub.com%2Fxentoshi%2Fprediction-market" "/workspace/builds/worker-1-tc2/source", kill_on_drop: false }`
[INFO] [stderr] Cloning into '/workspace/builds/worker-1-tc2/source'...
[INFO] [stderr] done.
[INFO] validating manifest of git repo https://github.com/xentoshi/prediction-market on toolchain beta-2024-12-08
[INFO] running `Command { std: CARGO_HOME="/workspace/cargo-home" RUSTUP_HOME="/workspace/rustup-home" "/workspace/cargo-home/bin/cargo" "+beta-2024-12-08" "metadata" "--manifest-path" "Cargo.toml" "--no-deps", kill_on_drop: false }`
[INFO] started tweaking git repo https://github.com/xentoshi/prediction-market
[INFO] finished tweaking git repo https://github.com/xentoshi/prediction-market
[INFO] tweaked toml for git repo https://github.com/xentoshi/prediction-market written to /workspace/builds/worker-1-tc2/source/Cargo.toml
[INFO] crate git repo https://github.com/xentoshi/prediction-market already has a lockfile, it will not be regenerated
[INFO] running `Command { std: CARGO_HOME="/workspace/cargo-home" RUSTUP_HOME="/workspace/rustup-home" "/workspace/cargo-home/bin/cargo" "+beta-2024-12-08" "fetch" "--manifest-path" "Cargo.toml", kill_on_drop: false }`
[INFO] running `Command { std: "docker" "create" "-v" "/var/lib/crater-agent-workspace/builds/worker-1-tc2/target:/opt/rustwide/target:rw,Z" "-v" "/var/lib/crater-agent-workspace/builds/worker-1-tc2/source:/opt/rustwide/workdir:ro,Z" "-v" "/var/lib/crater-agent-workspace/cargo-home:/opt/rustwide/cargo-home:ro,Z" "-v" "/var/lib/crater-agent-workspace/rustup-home:/opt/rustwide/rustup-home:ro,Z" "-e" "SOURCE_DIR=/opt/rustwide/workdir" "-e" "CARGO_TARGET_DIR=/opt/rustwide/target" "-e" "CARGO_HOME=/opt/rustwide/cargo-home" "-e" "RUSTUP_HOME=/opt/rustwide/rustup-home" "-w" "/opt/rustwide/workdir" "-m" "1610612736" "--user" "0:0" "--network" "none" "ghcr.io/rust-lang/crates-build-env/linux@sha256:f3a9d4ad9d972b27faf3965f35b62e55ba32bbce8f20bc8fe909558a86702fde" "/opt/rustwide/cargo-home/bin/cargo" "+beta-2024-12-08" "metadata" "--no-deps" "--format-version=1", kill_on_drop: false }`
[INFO] [stdout] 46cdb45efca7147ebcb26d37f603a1a6951163b03f9e014bfadbd916e4368634
[INFO] running `Command { std: "docker" "start" "-a" "46cdb45efca7147ebcb26d37f603a1a6951163b03f9e014bfadbd916e4368634", kill_on_drop: false }`
[INFO] running `Command { std: "docker" "inspect" "46cdb45efca7147ebcb26d37f603a1a6951163b03f9e014bfadbd916e4368634", kill_on_drop: false }`
[INFO] running `Command { std: "docker" "rm" "-f" "46cdb45efca7147ebcb26d37f603a1a6951163b03f9e014bfadbd916e4368634", kill_on_drop: false }`
[INFO] [stdout] 46cdb45efca7147ebcb26d37f603a1a6951163b03f9e014bfadbd916e4368634
[INFO] running `Command { std: "docker" "create" "-v" "/var/lib/crater-agent-workspace/builds/worker-1-tc2/target:/opt/rustwide/target:rw,Z" "-v" "/var/lib/crater-agent-workspace/builds/worker-1-tc2/source:/opt/rustwide/workdir:ro,Z" "-v" "/var/lib/crater-agent-workspace/cargo-home:/opt/rustwide/cargo-home:ro,Z" "-v" "/var/lib/crater-agent-workspace/rustup-home:/opt/rustwide/rustup-home:ro,Z" "-e" "SOURCE_DIR=/opt/rustwide/workdir" "-e" "CARGO_TARGET_DIR=/opt/rustwide/target" "-e" "CARGO_INCREMENTAL=0" "-e" "RUST_BACKTRACE=full" "-e" "RUSTFLAGS=--cap-lints=warn" "-e" "RUSTDOCFLAGS=--cap-lints=warn" "-e" "CARGO_HOME=/opt/rustwide/cargo-home" "-e" "RUSTUP_HOME=/opt/rustwide/rustup-home" "-w" "/opt/rustwide/workdir" "-m" "1610612736" "--user" "0:0" "--network" "none" "ghcr.io/rust-lang/crates-build-env/linux@sha256:f3a9d4ad9d972b27faf3965f35b62e55ba32bbce8f20bc8fe909558a86702fde" "/opt/rustwide/cargo-home/bin/cargo" "+beta-2024-12-08" "build" "--frozen" "--message-format=json", kill_on_drop: false }`
[INFO] [stdout] 2a800971552bcc0fa8907dd74466504012094261f0d117527a253903841d7695
[INFO] running `Command { std: "docker" "start" "-a" "2a800971552bcc0fa8907dd74466504012094261f0d117527a253903841d7695", kill_on_drop: false }`
[INFO] [stderr]    Compiling proc-macro2 v1.0.86
[INFO] [stderr]    Compiling unicode-ident v1.0.12
[INFO] [stderr]    Compiling version_check v0.9.5
[INFO] [stderr]    Compiling typenum v1.17.0
[INFO] [stderr]    Compiling cfg-if v1.0.0
[INFO] [stderr]    Compiling serde v1.0.209
[INFO] [stderr]    Compiling syn v1.0.109
[INFO] [stderr]    Compiling libc v0.2.158
[INFO] [stderr]    Compiling autocfg v1.3.0
[INFO] [stderr]    Compiling subtle v2.6.1
[INFO] [stderr]    Compiling generic-array v0.14.7
[INFO] [stderr]    Compiling byteorder v1.5.0
[INFO] [stderr]    Compiling once_cell v1.19.0
[INFO] [stderr]    Compiling cpufeatures v0.2.13
[INFO] [stderr]    Compiling anyhow v1.0.86
[INFO] [stderr]    Compiling thiserror v1.0.63
[INFO] [stderr]    Compiling serde_json v1.0.127
[INFO] [stderr]    Compiling ryu v1.0.18
[INFO] [stderr]    Compiling memchr v2.7.4
[INFO] [stderr]    Compiling itoa v1.0.11
[INFO] [stderr]    Compiling num-traits v0.2.19
[INFO] [stderr]    Compiling semver v1.0.23
[INFO] [stderr]    Compiling unicode-segmentation v1.11.0
[INFO] [stderr]    Compiling quote v1.0.37
[INFO] [stderr]    Compiling syn v2.0.76
[INFO] [stderr]    Compiling heck v0.3.3
[INFO] [stderr]    Compiling either v1.13.0
[INFO] [stderr]    Compiling crunchy v0.2.2
[INFO] [stderr]    Compiling rustc_version v0.4.1
[INFO] [stderr]    Compiling getrandom v0.2.15
[INFO] [stderr]    Compiling ahash v0.8.11
[INFO] [stderr]    Compiling rand_core v0.6.4
[INFO] [stderr]    Compiling block-buffer v0.10.4
[INFO] [stderr]    Compiling crypto-common v0.1.6
[INFO] [stderr]    Compiling getrandom v0.1.16
[INFO] [stderr]    Compiling digest v0.10.7
[INFO] [stderr]    Compiling crossbeam-utils v0.8.20
[INFO] [stderr]    Compiling bs58 v0.5.1
[INFO] [stderr]    Compiling num-integer v0.1.46
[INFO] [stderr]    Compiling sha2 v0.10.8
[INFO] [stderr]    Compiling paste v1.0.15
[INFO] [stderr]    Compiling num-bigint v0.4.6
[INFO] [stderr]    Compiling digest v0.9.0
[INFO] [stderr]    Compiling proc-macro-error-attr v1.0.4
[INFO] [stderr]    Compiling wasm-bindgen-shared v0.2.93
[INFO] [stderr]    Compiling jobserver v0.1.32
[INFO] [stderr]    Compiling shlex v1.3.0
[INFO] [stderr]    Compiling crossbeam-epoch v0.9.18
[INFO] [stderr]    Compiling libsecp256k1-core v0.2.2
[INFO] [stderr]    Compiling rand_core v0.5.1
[INFO] [stderr]    Compiling cc v1.1.15
[INFO] [stderr]    Compiling itertools v0.10.5
[INFO] [stderr]    Compiling proc-macro-error v1.0.4
[INFO] [stderr]    Compiling equivalent v1.0.1
[INFO] [stderr]    Compiling hashbrown v0.14.5
[INFO] [stderr]    Compiling rayon-core v1.12.1
[INFO] [stderr]    Compiling crossbeam-deque v0.8.5
[INFO] [stderr]    Compiling ahash v0.7.8
[INFO] [stderr]    Compiling indexmap v2.4.0
[INFO] [stderr]    Compiling feature-probe v0.1.1
[INFO] [stderr]    Compiling winnow v0.6.18
[INFO] [stderr]    Compiling log v0.4.22
[INFO] [stderr]    Compiling bumpalo v3.16.0
[INFO] [stderr]    Compiling toml_datetime v0.6.8
[INFO] [stderr]    Compiling bv v0.11.1
[INFO] [stderr]    Compiling libsecp256k1-gen-ecmult v0.2.1
[INFO] [stderr]    Compiling libsecp256k1-gen-genmult v0.2.1
[INFO] [stderr]    Compiling solana-frozen-abi-macro v1.18.22
[INFO] [stderr]    Compiling bitmaps v2.1.0
[INFO] [stderr]    Compiling im v15.1.0
[INFO] [stderr]    Compiling cfg_aliases v0.2.1
[INFO] [stderr]    Compiling tinyvec_macros v0.1.1
[INFO] [stderr]    Compiling rustversion v1.0.17
[INFO] [stderr]    Compiling borsh-derive-internal v0.10.3
[INFO] [stderr]    Compiling wasm-bindgen-backend v0.2.93
[INFO] [stderr]    Compiling opaque-debug v0.3.1
[INFO] [stderr]    Compiling rayon v1.10.0
[INFO] [stderr]    Compiling borsh-schema-derive-internal v0.10.3
[INFO] [stderr]    Compiling sized-chunks v0.6.5
[INFO] [stderr]    Compiling borsh-schema-derive-internal v0.9.3
[INFO] [stderr]    Compiling borsh-derive-internal v0.9.3
[INFO] [stderr]    Compiling tinyvec v1.8.0
[INFO] [stderr]    Compiling borsh v1.5.1
[INFO] [stderr]    Compiling libsecp256k1 v0.6.0
[INFO] [stderr]    Compiling blake3 v1.5.1
[INFO] [stderr]    Compiling wasm-bindgen-macro-support v0.2.93
[INFO] [stderr]    Compiling toml_edit v0.22.20
[INFO] [stderr]    Compiling rand_xoshiro v0.6.0
[INFO] [stderr]    Compiling solana-frozen-abi v1.18.22
[INFO] [stderr]    Compiling memoffset v0.9.1
[INFO] [stderr]    Compiling wasm-bindgen v0.2.93
[INFO] [stderr]    Compiling bs58 v0.4.0
[INFO] [stderr]    Compiling arrayref v0.3.8
[INFO] [stderr]    Compiling serde_derive v1.0.209
[INFO] [stderr]    Compiling zerocopy-derive v0.7.35
[INFO] [stderr]    Compiling thiserror-impl v1.0.63
[INFO] [stderr]    Compiling zeroize_derive v1.4.2
[INFO] [stderr]    Compiling syn_derive v0.1.8
[INFO] [stderr]    Compiling ark-serialize-derive v0.4.2
[INFO] [stderr]    Compiling derivative v2.2.0
[INFO] [stderr]    Compiling ark-ff-asm v0.4.2
[INFO] [stderr]    Compiling ark-ff-macros v0.4.2
[INFO] [stderr]    Compiling wasm-bindgen-macro v0.2.93
[INFO] [stderr]    Compiling zeroize v1.3.0
[INFO] [stderr]    Compiling proc-macro-crate v3.2.0
[INFO] [stderr]    Compiling zerocopy v0.7.35
[INFO] [stderr]    Compiling bytemuck_derive v1.7.1
[INFO] [stderr]    Compiling hashbrown v0.11.2
[INFO] [stderr]    Compiling ppv-lite86 v0.2.20
[INFO] [stderr]    Compiling hashbrown v0.13.2
[INFO] [stderr]    Compiling unicode-normalization v0.1.23
[INFO] [stderr]    Compiling rand_chacha v0.3.1
[INFO] [stderr]    Compiling rand_chacha v0.2.2
[INFO] [stderr]    Compiling rand v0.8.5
[INFO] [stderr]    Compiling borsh-derive v1.5.1
[INFO] [stderr]    Compiling rand v0.7.3
[INFO] [stderr]    Compiling solana-program v1.18.22
[INFO] [stderr]    Compiling memmap2 v0.5.10
[INFO] [stderr]    Compiling lazy_static v1.5.0
[INFO] [stderr]    Compiling base64 v0.12.3
[INFO] [stderr]    Compiling keccak v0.1.5
[INFO] [stderr]    Compiling ark-std v0.4.0
[INFO] [stderr]    Compiling rustc-hash v1.1.0
[INFO] [stderr]    Compiling constant_time_eq v0.3.1
[INFO] [stderr]    Compiling arrayvec v0.7.6
[INFO] [stderr]    Compiling solana-sdk-macro v1.18.22
[INFO] [stderr]    Compiling bytemuck v1.17.1
[INFO] [stderr]    Compiling num-derive v0.4.2
[INFO] [stderr]    Compiling base64 v0.21.7
[INFO] [stderr]    Compiling anchor-derive-space v0.30.1
[INFO] [stderr] rustc-LLVM ERROR: IO failure on output stream: No space left on device
[INFO] [stderr] error: could not compile `solana-sdk-macro` (lib)
[INFO] [stderr] 
[INFO] [stderr] Caused by:
[INFO] [stderr]   process didn't exit successfully: `/opt/rustwide/rustup-home/toolchains/beta-2024-12-08-x86_64-unknown-linux-gnu/bin/rustc --crate-name solana_sdk_macro --edition=2021 /opt/rustwide/cargo-home/registry/src/index.crates.io-6f17d22bba15001f/solana-sdk-macro-1.18.22/src/lib.rs --error-format=json --json=diagnostic-rendered-ansi,artifacts,future-incompat --crate-type proc-macro --emit=dep-info,link -C prefer-dynamic -C embed-bitcode=no --check-cfg 'cfg(docsrs)' --check-cfg 'cfg(feature, values())' -C metadata=eacf357516ff7f88 -C extra-filename=-eacf357516ff7f88 --out-dir /opt/rustwide/target/debug/deps -L dependency=/opt/rustwide/target/debug/deps --extern bs58=/opt/rustwide/target/debug/deps/libbs58-5df4082cdc088375.rlib --extern proc_macro2=/opt/rustwide/target/debug/deps/libproc_macro2-0e894d3bfe2c0546.rlib --extern quote=/opt/rustwide/target/debug/deps/libquote-f7846d4f0cc9b390.rlib --extern rustversion=/opt/rustwide/target/debug/deps/librustversion-d83b536f5a67fdca.so --extern syn=/opt/rustwide/target/debug/deps/libsyn-74710039710628c7.rlib --extern proc_macro --cap-lints allow --cap-lints=warn` (exit status: 101)
[INFO] [stderr] warning: build failed, waiting for other jobs to finish...
[INFO] [stdout] error: linking with `cc` failed: exit status: 1
[INFO] [stdout]   |
[INFO] [stdout]   = note: LC_ALL="C" PATH="/opt/rustwide/rustup-home/toolchains/beta-2024-12-08-x86_64-unknown-linux-gnu/lib/rustlib/x86_64-unknown-linux-gnu/bin:/opt/rustwide/cargo-home/bin:/usr/local/sbin:/usr/local/bin:/usr/sbin:/usr/bin:/sbin:/bin" VSLANG="1033" "cc" "-Wl,--version-script=/tmp/rustcOEvATj/list" "-Wl,--no-undefined-version" "-m64" "/tmp/rustcOEvATj/symbols.o" "/opt/rustwide/target/debug/deps/serde_derive-7952cf7833667dd4.serde_derive.386200b93b6bb9f1-cgu.00.rcgu.o" "/opt/rustwide/target/debug/deps/serde_derive-7952cf7833667dd4.serde_derive.386200b93b6bb9f1-cgu.01.rcgu.o" "/opt/rustwide/target/debug/deps/serde_derive-7952cf7833667dd4.serde_derive.386200b93b6bb9f1-cgu.02.rcgu.o" "/opt/rustwide/target/debug/deps/serde_derive-7952cf7833667dd4.serde_derive.386200b93b6bb9f1-cgu.03.rcgu.o" "/opt/rustwide/target/debug/deps/serde_derive-7952cf7833667dd4.serde_derive.386200b93b6bb9f1-cgu.04.rcgu.o" "/opt/rustwide/target/debug/deps/serde_derive-7952cf7833667dd4.serde_derive.386200b93b6bb9f1-cgu.05.rcgu.o" "/opt/rustwide/target/debug/deps/serde_derive-7952cf7833667dd4.serde_derive.386200b93b6bb9f1-cgu.06.rcgu.o" "/opt/rustwide/target/debug/deps/serde_derive-7952cf7833667dd4.serde_derive.386200b93b6bb9f1-cgu.07.rcgu.o" "/opt/rustwide/target/debug/deps/serde_derive-7952cf7833667dd4.serde_derive.386200b93b6bb9f1-cgu.08.rcgu.o" "/opt/rustwide/target/debug/deps/serde_derive-7952cf7833667dd4.serde_derive.386200b93b6bb9f1-cgu.09.rcgu.o" "/opt/rustwide/target/debug/deps/serde_derive-7952cf7833667dd4.serde_derive.386200b93b6bb9f1-cgu.10.rcgu.o" "/opt/rustwide/target/debug/deps/serde_derive-7952cf7833667dd4.serde_derive.386200b93b6bb9f1-cgu.11.rcgu.o" "/opt/rustwide/target/debug/deps/serde_derive-7952cf7833667dd4.serde_derive.386200b93b6bb9f1-cgu.12.rcgu.o" "/opt/rustwide/target/debug/deps/serde_derive-7952cf7833667dd4.serde_derive.386200b93b6bb9f1-cgu.13.rcgu.o" "/opt/rustwide/target/debug/deps/serde_derive-7952cf7833667dd4.serde_derive.386200b93b6bb9f1-cgu.14.rcgu.o" "/opt/rustwide/target/debug/deps/serde_derive-7952cf7833667dd4.serde_derive.386200b93b6bb9f1-cgu.15.rcgu.o" "/opt/rustwide/target/debug/deps/serde_derive-7952cf7833667dd4.4lnn09bqpi2nr0ouqv1kh6wsj.rcgu.rmeta" "/opt/rustwide/target/debug/deps/serde_derive-7952cf7833667dd4.6x1dt9ikbndmap7olyxst0iah.rcgu.o" "-Wl,--as-needed" "-Wl,-Bstatic" "/opt/rustwide/target/debug/deps/libsyn-74710039710628c7.rlib" "/opt/rustwide/target/debug/deps/libquote-f7846d4f0cc9b390.rlib" "/opt/rustwide/target/debug/deps/libproc_macro2-0e894d3bfe2c0546.rlib" "/opt/rustwide/target/debug/deps/libunicode_ident-7fd07629a75cbaef.rlib" "/opt/rustwide/rustup-home/toolchains/beta-2024-12-08-x86_64-unknown-linux-gnu/lib/rustlib/x86_64-unknown-linux-gnu/lib/libproc_macro-bcafc4e6921040d1.rlib" "/opt/rustwide/rustup-home/toolchains/beta-2024-12-08-x86_64-unknown-linux-gnu/lib/rustlib/x86_64-unknown-linux-gnu/lib/libstd-02dc84f49135b6b8.rlib" "/opt/rustwide/rustup-home/toolchains/beta-2024-12-08-x86_64-unknown-linux-gnu/lib/rustlib/x86_64-unknown-linux-gnu/lib/libpanic_unwind-a8f45b397fae3f81.rlib" "/opt/rustwide/rustup-home/toolchains/beta-2024-12-08-x86_64-unknown-linux-gnu/lib/rustlib/x86_64-unknown-linux-gnu/lib/libobject-089607133c180609.rlib" "/opt/rustwide/rustup-home/toolchains/beta-2024-12-08-x86_64-unknown-linux-gnu/lib/rustlib/x86_64-unknown-linux-gnu/lib/libmemchr-fc89f091bcd86cbb.rlib" "/opt/rustwide/rustup-home/toolchains/beta-2024-12-08-x86_64-unknown-linux-gnu/lib/rustlib/x86_64-unknown-linux-gnu/lib/libaddr2line-5a60949f01c7340c.rlib" "/opt/rustwide/rustup-home/toolchains/beta-2024-12-08-x86_64-unknown-linux-gnu/lib/rustlib/x86_64-unknown-linux-gnu/lib/libgimli-d29e6a55ca253c8c.rlib" "/opt/rustwide/rustup-home/toolchains/beta-2024-12-08-x86_64-unknown-linux-gnu/lib/rustlib/x86_64-unknown-linux-gnu/lib/librustc_demangle-273c078d5f65de7a.rlib" "/opt/rustwide/rustup-home/toolchains/beta-2024-12-08-x86_64-unknown-linux-gnu/lib/rustlib/x86_64-unknown-linux-gnu/lib/libstd_detect-413c950ffbdd4454.rlib" "/opt/rustwide/rustup-home/toolchains/beta-2024-12-08-x86_64-unknown-linux-gnu/lib/rustlib/x86_64-unknown-linux-gnu/lib/libhashbrown-1853c0976a1d88a6.rlib" "/opt/rustwide/rustup-home/toolchains/beta-2024-12-08-x86_64-unknown-linux-gnu/lib/rustlib/x86_64-unknown-linux-gnu/lib/librustc_std_workspace_alloc-ccb3384ddacb0f9e.rlib" "/opt/rustwide/rustup-home/toolchains/beta-2024-12-08-x86_64-unknown-linux-gnu/lib/rustlib/x86_64-unknown-linux-gnu/lib/libminiz_oxide-0b901dfb0ca849e0.rlib" "/opt/rustwide/rustup-home/toolchains/beta-2024-12-08-x86_64-unknown-linux-gnu/lib/rustlib/x86_64-unknown-linux-gnu/lib/libadler-eebeb8d7c64543ad.rlib" "/opt/rustwide/rustup-home/toolchains/beta-2024-12-08-x86_64-unknown-linux-gnu/lib/rustlib/x86_64-unknown-linux-gnu/lib/libunwind-4723ef81d6079867.rlib" "/opt/rustwide/rustup-home/toolchains/beta-2024-12-08-x86_64-unknown-linux-gnu/lib/rustlib/x86_64-unknown-linux-gnu/lib/libcfg_if-54442f8b422f5a54.rlib" "/opt/rustwide/rustup-home/toolchains/beta-2024-12-08-x86_64-unknown-linux-gnu/lib/rustlib/x86_64-unknown-linux-gnu/lib/liblibc-e0bbe034b5282553.rlib" "/opt/rustwide/rustup-home/toolchains/beta-2024-12-08-x86_64-unknown-linux-gnu/lib/rustlib/x86_64-unknown-linux-gnu/lib/liballoc-d0febb68c1c37b90.rlib" "/opt/rustwide/rustup-home/toolchains/beta-2024-12-08-x86_64-unknown-linux-gnu/lib/rustlib/x86_64-unknown-linux-gnu/lib/librustc_std_workspace_core-4cf833632aafa84c.rlib" "/opt/rustwide/rustup-home/toolchains/beta-2024-12-08-x86_64-unknown-linux-gnu/lib/rustlib/x86_64-unknown-linux-gnu/lib/libcore-65c2c6d2d6ae570b.rlib" "/opt/rustwide/rustup-home/toolchains/beta-2024-12-08-x86_64-unknown-linux-gnu/lib/rustlib/x86_64-unknown-linux-gnu/lib/libcompiler_builtins-97929cee0dcfe424.rlib" "-Wl,-Bdynamic" "-lgcc_s" "-lutil" "-lrt" "-lpthread" "-lm" "-ldl" "-lc" "-Wl,--eh-frame-hdr" "-Wl,-z,noexecstack" "-L" "/opt/rustwide/rustup-home/toolchains/beta-2024-12-08-x86_64-unknown-linux-gnu/lib/rustlib/x86_64-unknown-linux-gnu/lib" "-o" "/opt/rustwide/target/debug/deps/libserde_derive-7952cf7833667dd4.so" "-Wl,--gc-sections" "-shared" "-Wl,-z,relro,-z,now" "-nodefaultlibs"
[INFO] [stdout]   = note: /usr/bin/ld: final link failed: No space left on device
[INFO] [stdout]           collect2: error: ld returned 1 exit status
[INFO] [stdout]           
[INFO] [stdout] 
[INFO] [stdout] 
[INFO] [stderr] error: could not compile `serde_derive` (lib) due to 1 previous error
[INFO] [stderr] rustc-LLVM ERROR: IO failure on output stream: No space left on device
[INFO] [stderr] error: could not compile `num-derive` (lib)
[INFO] [stderr] 
[INFO] [stderr] Caused by:
[INFO] [stderr]   No space left on device (os error 28)
[INFO] [stderr] 
[INFO] [stderr] Caused by:
[INFO] [stderr]   failed to parse process output: `/opt/rustwide/rustup-home/toolchains/beta-2024-12-08-x86_64-unknown-linux-gnu/bin/rustc --crate-name num_derive --edition=2021 /opt/rustwide/cargo-home/registry/src/index.crates.io-6f17d22bba15001f/num-derive-0.4.2/src/lib.rs --error-format=json --json=diagnostic-rendered-ansi,artifacts,future-incompat --crate-type proc-macro --emit=dep-info,link -C prefer-dynamic -C embed-bitcode=no --check-cfg 'cfg(docsrs)' --check-cfg 'cfg(feature, values())' -C metadata=8943801dbba20d1d -C extra-filename=-8943801dbba20d1d --out-dir /opt/rustwide/target/debug/deps -L dependency=/opt/rustwide/target/debug/deps --extern proc_macro2=/opt/rustwide/target/debug/deps/libproc_macro2-0e894d3bfe2c0546.rlib --extern quote=/opt/rustwide/target/debug/deps/libquote-f7846d4f0cc9b390.rlib --extern syn=/opt/rustwide/target/debug/deps/libsyn-74710039710628c7.rlib --extern proc_macro --cap-lints allow --cap-lints=warn` (exit status: 101)
[INFO] [stdout] error: linking with `cc` failed: exit status: 1
[INFO] [stdout]   |
[INFO] [stdout]   = note: LC_ALL="C" PATH="/opt/rustwide/rustup-home/toolchains/beta-2024-12-08-x86_64-unknown-linux-gnu/lib/rustlib/x86_64-unknown-linux-gnu/bin:/opt/rustwide/cargo-home/bin:/usr/local/sbin:/usr/local/bin:/usr/sbin:/usr/bin:/sbin:/bin" VSLANG="1033" "cc" "-Wl,--version-script=/tmp/rustcDyq2xR/list" "-Wl,--no-undefined-version" "-m64" "/tmp/rustcDyq2xR/symbols.o" "/opt/rustwide/target/debug/deps/anchor_derive_space-8e4a134e708b0806.anchor_derive_space.e434d7f5f785f424-cgu.0.rcgu.o" "/opt/rustwide/target/debug/deps/anchor_derive_space-8e4a134e708b0806.anchor_derive_space.e434d7f5f785f424-cgu.1.rcgu.o" "/opt/rustwide/target/debug/deps/anchor_derive_space-8e4a134e708b0806.anchor_derive_space.e434d7f5f785f424-cgu.2.rcgu.o" "/opt/rustwide/target/debug/deps/anchor_derive_space-8e4a134e708b0806.c4bk0eov0od8ese7qyqd0t5xo.rcgu.rmeta" "/opt/rustwide/target/debug/deps/anchor_derive_space-8e4a134e708b0806.55hdizse1j1vv4w59e9mlr94r.rcgu.o" "-Wl,--as-needed" "-Wl,-Bstatic" "/opt/rustwide/target/debug/deps/libsyn-f0c22127393349a3.rlib" "/opt/rustwide/target/debug/deps/libquote-f7846d4f0cc9b390.rlib" "/opt/rustwide/target/debug/deps/libproc_macro2-0e894d3bfe2c0546.rlib" "/opt/rustwide/target/debug/deps/libunicode_ident-7fd07629a75cbaef.rlib" "/opt/rustwide/rustup-home/toolchains/beta-2024-12-08-x86_64-unknown-linux-gnu/lib/rustlib/x86_64-unknown-linux-gnu/lib/libproc_macro-bcafc4e6921040d1.rlib" "/opt/rustwide/rustup-home/toolchains/beta-2024-12-08-x86_64-unknown-linux-gnu/lib/rustlib/x86_64-unknown-linux-gnu/lib/libstd-02dc84f49135b6b8.rlib" "/opt/rustwide/rustup-home/toolchains/beta-2024-12-08-x86_64-unknown-linux-gnu/lib/rustlib/x86_64-unknown-linux-gnu/lib/libpanic_unwind-a8f45b397fae3f81.rlib" "/opt/rustwide/rustup-home/toolchains/beta-2024-12-08-x86_64-unknown-linux-gnu/lib/rustlib/x86_64-unknown-linux-gnu/lib/libobject-089607133c180609.rlib" "/opt/rustwide/rustup-home/toolchains/beta-2024-12-08-x86_64-unknown-linux-gnu/lib/rustlib/x86_64-unknown-linux-gnu/lib/libmemchr-fc89f091bcd86cbb.rlib" "/opt/rustwide/rustup-home/toolchains/beta-2024-12-08-x86_64-unknown-linux-gnu/lib/rustlib/x86_64-unknown-linux-gnu/lib/libaddr2line-5a60949f01c7340c.rlib" "/opt/rustwide/rustup-home/toolchains/beta-2024-12-08-x86_64-unknown-linux-gnu/lib/rustlib/x86_64-unknown-linux-gnu/lib/libgimli-d29e6a55ca253c8c.rlib" "/opt/rustwide/rustup-home/toolchains/beta-2024-12-08-x86_64-unknown-linux-gnu/lib/rustlib/x86_64-unknown-linux-gnu/lib/librustc_demangle-273c078d5f65de7a.rlib" "/opt/rustwide/rustup-home/toolchains/beta-2024-12-08-x86_64-unknown-linux-gnu/lib/rustlib/x86_64-unknown-linux-gnu/lib/libstd_detect-413c950ffbdd4454.rlib" "/opt/rustwide/rustup-home/toolchains/beta-2024-12-08-x86_64-unknown-linux-gnu/lib/rustlib/x86_64-unknown-linux-gnu/lib/libhashbrown-1853c0976a1d88a6.rlib" "/opt/rustwide/rustup-home/toolchains/beta-2024-12-08-x86_64-unknown-linux-gnu/lib/rustlib/x86_64-unknown-linux-gnu/lib/librustc_std_workspace_alloc-ccb3384ddacb0f9e.rlib" "/opt/rustwide/rustup-home/toolchains/beta-2024-12-08-x86_64-unknown-linux-gnu/lib/rustlib/x86_64-unknown-linux-gnu/lib/libminiz_oxide-0b901dfb0ca849e0.rlib" "/opt/rustwide/rustup-home/toolchains/beta-2024-12-08-x86_64-unknown-linux-gnu/lib/rustlib/x86_64-unknown-linux-gnu/lib/libadler-eebeb8d7c64543ad.rlib" "/opt/rustwide/rustup-home/toolchains/beta-2024-12-08-x86_64-unknown-linux-gnu/lib/rustlib/x86_64-unknown-linux-gnu/lib/libunwind-4723ef81d6079867.rlib" "/opt/rustwide/rustup-home/toolchains/beta-2024-12-08-x86_64-unknown-linux-gnu/lib/rustlib/x86_64-unknown-linux-gnu/lib/libcfg_if-54442f8b422f5a54.rlib" "/opt/rustwide/rustup-home/toolchains/beta-2024-12-08-x86_64-unknown-linux-gnu/lib/rustlib/x86_64-unknown-linux-gnu/lib/liblibc-e0bbe034b5282553.rlib" "/opt/rustwide/rustup-home/toolchains/beta-2024-12-08-x86_64-unknown-linux-gnu/lib/rustlib/x86_64-unknown-linux-gnu/lib/liballoc-d0febb68c1c37b90.rlib" "/opt/rustwide/rustup-home/toolchains/beta-2024-12-08-x86_64-unknown-linux-gnu/lib/rustlib/x86_64-unknown-linux-gnu/lib/librustc_std_workspace_core-4cf833632aafa84c.rlib" "/opt/rustwide/rustup-home/toolchains/beta-2024-12-08-x86_64-unknown-linux-gnu/lib/rustlib/x86_64-unknown-linux-gnu/lib/libcore-65c2c6d2d6ae570b.rlib" "/opt/rustwide/rustup-home/toolchains/beta-2024-12-08-x86_64-unknown-linux-gnu/lib/rustlib/x86_64-unknown-linux-gnu/lib/libcompiler_builtins-97929cee0dcfe424.rlib" "-Wl,-Bdynamic" "-lgcc_s" "-lutil" "-lrt" "-lpthread" "-lm" "-ldl" "-lc" "-Wl,--eh-frame-hdr" "-Wl,-z,noexecstack" "-L" "/opt/rustwide/rustup-home/toolchains/beta-2024-12-08-x86_64-unknown-linux-gnu/lib/rustlib/x86_64-unknown-linux-gnu/lib" "-o" "/opt/rustwide/target/debug/deps/libanchor_derive_space-8e4a134e708b0806.so" "-Wl,--gc-sections" "-shared" "-Wl,-z,relro,-z,now" "-nodefaultlibs"
[INFO] [stdout]   = note: /usr/bin/ld: final link failed: No space left on device
[INFO] [stdout]           collect2: error: ld returned 1 exit status
[INFO] [stdout]           
[INFO] [stdout] 
[INFO] [stdout] 
[INFO] [stderr] error: could not compile `anchor-derive-space` (lib) due to 1 previous error
[INFO] [stdout] error: failed to write to `/opt/rustwide/target/debug/deps/rmetaXn3YD6/lib.rmeta`: No space left on device (os error 28)
[INFO] [stdout] 
[INFO] [stdout] 
[INFO] [stderr] error: could not compile `wasm-bindgen` (lib) due to 1 previous error
[INFO] [stdout] error: linking with `cc` failed: exit status: 1
[INFO] [stdout]   |
[INFO] [stdout]   = note: LC_ALL="C" PATH="/opt/rustwide/rustup-home/toolchains/beta-2024-12-08-x86_64-unknown-linux-gnu/lib/rustlib/x86_64-unknown-linux-gnu/bin:/opt/rustwide/cargo-home/bin:/usr/local/sbin:/usr/local/bin:/usr/sbin:/usr/bin:/sbin:/bin" VSLANG="1033" "cc" "-Wl,--version-script=/tmp/rustceU3diS/list" "-Wl,--no-undefined-version" "-m64" "/tmp/rustceU3diS/symbols.o" "/opt/rustwide/target/debug/deps/borsh_derive-2126465de7222a0d.borsh_derive.4ce302707b0ed103-cgu.00.rcgu.o" "/opt/rustwide/target/debug/deps/borsh_derive-2126465de7222a0d.borsh_derive.4ce302707b0ed103-cgu.01.rcgu.o" "/opt/rustwide/target/debug/deps/borsh_derive-2126465de7222a0d.borsh_derive.4ce302707b0ed103-cgu.02.rcgu.o" "/opt/rustwide/target/debug/deps/borsh_derive-2126465de7222a0d.borsh_derive.4ce302707b0ed103-cgu.03.rcgu.o" "/opt/rustwide/target/debug/deps/borsh_derive-2126465de7222a0d.borsh_derive.4ce302707b0ed103-cgu.04.rcgu.o" "/opt/rustwide/target/debug/deps/borsh_derive-2126465de7222a0d.borsh_derive.4ce302707b0ed103-cgu.05.rcgu.o" "/opt/rustwide/target/debug/deps/borsh_derive-2126465de7222a0d.borsh_derive.4ce302707b0ed103-cgu.06.rcgu.o" "/opt/rustwide/target/debug/deps/borsh_derive-2126465de7222a0d.borsh_derive.4ce302707b0ed103-cgu.07.rcgu.o" "/opt/rustwide/target/debug/deps/borsh_derive-2126465de7222a0d.borsh_derive.4ce302707b0ed103-cgu.08.rcgu.o" "/opt/rustwide/target/debug/deps/borsh_derive-2126465de7222a0d.borsh_derive.4ce302707b0ed103-cgu.09.rcgu.o" "/opt/rustwide/target/debug/deps/borsh_derive-2126465de7222a0d.borsh_derive.4ce302707b0ed103-cgu.10.rcgu.o" "/opt/rustwide/target/debug/deps/borsh_derive-2126465de7222a0d.borsh_derive.4ce302707b0ed103-cgu.11.rcgu.o" "/opt/rustwide/target/debug/deps/borsh_derive-2126465de7222a0d.borsh_derive.4ce302707b0ed103-cgu.12.rcgu.o" "/opt/rustwide/target/debug/deps/borsh_derive-2126465de7222a0d.borsh_derive.4ce302707b0ed103-cgu.13.rcgu.o" "/opt/rustwide/target/debug/deps/borsh_derive-2126465de7222a0d.borsh_derive.4ce302707b0ed103-cgu.14.rcgu.o" "/opt/rustwide/target/debug/deps/borsh_derive-2126465de7222a0d.borsh_derive.4ce302707b0ed103-cgu.15.rcgu.o" "/opt/rustwide/target/debug/deps/borsh_derive-2126465de7222a0d.3y1z7tumxy7794aom4tr47xsk.rcgu.rmeta" "/opt/rustwide/target/debug/deps/borsh_derive-2126465de7222a0d.dz2yd24jzcw11i3z0t4n0c4va.rcgu.o" "-Wl,--as-needed" "-Wl,-Bstatic" "/opt/rustwide/target/debug/deps/libproc_macro_crate-a3c5412b4fbe1527.rlib" "/opt/rustwide/target/debug/deps/libtoml_edit-cbdd48267624e722.rlib" "/opt/rustwide/target/debug/deps/libindexmap-0a8d6902b9dee2af.rlib" "/opt/rustwide/target/debug/deps/libequivalent-e2bd74631d7719bb.rlib" "/opt/rustwide/target/debug/deps/libhashbrown-feadebb8ef182da7.rlib" "/opt/rustwide/target/debug/deps/libwinnow-927e6c36d95c7139.rlib" "/opt/rustwide/target/debug/deps/libtoml_datetime-09048014e9621b55.rlib" "/opt/rustwide/target/debug/deps/libonce_cell-334d739f4e3a4961.rlib" "/opt/rustwide/target/debug/deps/libsyn-74710039710628c7.rlib" "/opt/rustwide/target/debug/deps/libquote-f7846d4f0cc9b390.rlib" "/opt/rustwide/target/debug/deps/libproc_macro2-0e894d3bfe2c0546.rlib" "/opt/rustwide/target/debug/deps/libunicode_ident-7fd07629a75cbaef.rlib" "/opt/rustwide/rustup-home/toolchains/beta-2024-12-08-x86_64-unknown-linux-gnu/lib/rustlib/x86_64-unknown-linux-gnu/lib/libproc_macro-bcafc4e6921040d1.rlib" "/opt/rustwide/rustup-home/toolchains/beta-2024-12-08-x86_64-unknown-linux-gnu/lib/rustlib/x86_64-unknown-linux-gnu/lib/libstd-02dc84f49135b6b8.rlib" "/opt/rustwide/rustup-home/toolchains/beta-2024-12-08-x86_64-unknown-linux-gnu/lib/rustlib/x86_64-unknown-linux-gnu/lib/libpanic_unwind-a8f45b397fae3f81.rlib" "/opt/rustwide/rustup-home/toolchains/beta-2024-12-08-x86_64-unknown-linux-gnu/lib/rustlib/x86_64-unknown-linux-gnu/lib/libobject-089607133c180609.rlib" "/opt/rustwide/rustup-home/toolchains/beta-2024-12-08-x86_64-unknown-linux-gnu/lib/rustlib/x86_64-unknown-linux-gnu/lib/libmemchr-fc89f091bcd86cbb.rlib" "/opt/rustwide/rustup-home/toolchains/beta-2024-12-08-x86_64-unknown-linux-gnu/lib/rustlib/x86_64-unknown-linux-gnu/lib/libaddr2line-5a60949f01c7340c.rlib" "/opt/rustwide/rustup-home/toolchains/beta-2024-12-08-x86_64-unknown-linux-gnu/lib/rustlib/x86_64-unknown-linux-gnu/lib/libgimli-d29e6a55ca253c8c.rlib" "/opt/rustwide/rustup-home/toolchains/beta-2024-12-08-x86_64-unknown-linux-gnu/lib/rustlib/x86_64-unknown-linux-gnu/lib/librustc_demangle-273c078d5f65de7a.rlib" "/opt/rustwide/rustup-home/toolchains/beta-2024-12-08-x86_64-unknown-linux-gnu/lib/rustlib/x86_64-unknown-linux-gnu/lib/libstd_detect-413c950ffbdd4454.rlib" "/opt/rustwide/rustup-home/toolchains/beta-2024-12-08-x86_64-unknown-linux-gnu/lib/rustlib/x86_64-unknown-linux-gnu/lib/libhashbrown-1853c0976a1d88a6.rlib" "/opt/rustwide/rustup-home/toolchains/beta-2024-12-08-x86_64-unknown-linux-gnu/lib/rustlib/x86_64-unknown-linux-gnu/lib/librustc_std_workspace_alloc-ccb3384ddacb0f9e.rlib" "/opt/rustwide/rustup-home/toolchains/beta-2024-12-08-x86_64-unknown-linux-gnu/lib/rustlib/x86_64-unknown-linux-gnu/lib/libminiz_oxide-0b901dfb0ca849e0.rlib" "/opt/rustwide/rustup-home/toolchains/beta-2024-12-08-x86_64-unknown-linux-gnu/lib/rustlib/x86_64-unknown-linux-gnu/lib/libadler-eebeb8d7c64543ad.rlib" "/opt/rustwide/rustup-home/toolchains/beta-2024-12-08-x86_64-unknown-linux-gnu/lib/rustlib/x86_64-unknown-linux-gnu/lib/libunwind-4723ef81d6079867.rlib" "/opt/rustwide/rustup-home/toolchains/beta-2024-12-08-x86_64-unknown-linux-gnu/lib/rustlib/x86_64-unknown-linux-gnu/lib/libcfg_if-54442f8b422f5a54.rlib" "/opt/rustwide/rustup-home/toolchains/beta-2024-12-08-x86_64-unknown-linux-gnu/lib/rustlib/x86_64-unknown-linux-gnu/lib/liblibc-e0bbe034b5282553.rlib" "/opt/rustwide/rustup-home/toolchains/beta-2024-12-08-x86_64-unknown-linux-gnu/lib/rustlib/x86_64-unknown-linux-gnu/lib/liballoc-d0febb68c1c37b90.rlib" "/opt/rustwide/rustup-home/toolchains/beta-2024-12-08-x86_64-unknown-linux-gnu/lib/rustlib/x86_64-unknown-linux-gnu/lib/librustc_std_workspace_core-4cf833632aafa84c.rlib" "/opt/rustwide/rustup-home/toolchains/beta-2024-12-08-x86_64-unknown-linux-gnu/lib/rustlib/x86_64-unknown-linux-gnu/lib/libcore-65c2c6d2d6ae570b.rlib" "/opt/rustwide/rustup-home/toolchains/beta-2024-12-08-x86_64-unknown-linux-gnu/lib/rustlib/x86_64-unknown-linux-gnu/lib/libcompiler_builtins-97929cee0dcfe424.rlib" "-Wl,-Bdynamic" "-lgcc_s" "-lutil" "-lrt" "-lpthread" "-lm" "-ldl" "-lc" "-Wl,--eh-frame-hdr" "-Wl,-z,noexecstack" "-L" "/opt/rustwide/rustup-home/toolchains/beta-2024-12-08-x86_64-unknown-linux-gnu/lib/rustlib/x86_64-unknown-linux-gnu/lib" "-o" "/opt/rustwide/target/debug/deps/libborsh_derive-2126465de7222a0d.so" "-Wl,--gc-sections" "-shared" "-Wl,-z,relro,-z,now" "-nodefaultlibs"
[INFO] [stdout]   = note: /usr/bin/ld: final link failed: No space left on device
[INFO] [stdout]           collect2: error: ld returned 1 exit status
[INFO] [stdout]           
[INFO] [stdout] 
[INFO] [stdout] 
[INFO] [stderr] error: could not compile `borsh-derive` (lib) due to 1 previous error
[INFO] running `Command { std: "docker" "inspect" "2a800971552bcc0fa8907dd74466504012094261f0d117527a253903841d7695", kill_on_drop: false }`
[INFO] running `Command { std: "docker" "rm" "-f" "2a800971552bcc0fa8907dd74466504012094261f0d117527a253903841d7695", kill_on_drop: false }`
[INFO] [stdout] 2a800971552bcc0fa8907dd74466504012094261f0d117527a253903841d7695
