[INFO] cloning repository https://github.com/vporton/joining-proxy-rust
[INFO] running `Command { std: "git" "-c" "credential.helper=" "-c" "credential.helper=/workspace/cargo-home/bin/git-credential-null" "clone" "--bare" "https://github.com/vporton/joining-proxy-rust" "/workspace/cache/git-repos/https%3A%2F%2Fgithub.com%2Fvporton%2Fjoining-proxy-rust", kill_on_drop: false }`
[INFO] [stderr] Cloning into bare repository '/workspace/cache/git-repos/https%3A%2F%2Fgithub.com%2Fvporton%2Fjoining-proxy-rust'...
[INFO] running `Command { std: "git" "rev-parse" "HEAD", kill_on_drop: false }`
[INFO] [stdout] 1a5d3997cd8319905d61313bbe4e8856788612ec
[INFO] testing vporton/joining-proxy-rust against 1.83.0 for beta-1.84.0-4-retry
[INFO] running `Command { std: "git" "clone" "/workspace/cache/git-repos/https%3A%2F%2Fgithub.com%2Fvporton%2Fjoining-proxy-rust" "/workspace/builds/worker-1-tc1/source", kill_on_drop: false }`
[INFO] [stderr] Cloning into '/workspace/builds/worker-1-tc1/source'...
[INFO] [stderr] done.
[INFO] validating manifest of git repo https://github.com/vporton/joining-proxy-rust on toolchain 1.83.0
[INFO] running `Command { std: CARGO_HOME="/workspace/cargo-home" RUSTUP_HOME="/workspace/rustup-home" "/workspace/cargo-home/bin/cargo" "+1.83.0" "metadata" "--manifest-path" "Cargo.toml" "--no-deps", kill_on_drop: false }`
[INFO] started tweaking git repo https://github.com/vporton/joining-proxy-rust
[INFO] finished tweaking git repo https://github.com/vporton/joining-proxy-rust
[INFO] tweaked toml for git repo https://github.com/vporton/joining-proxy-rust written to /workspace/builds/worker-1-tc1/source/Cargo.toml
[INFO] crate git repo https://github.com/vporton/joining-proxy-rust already has a lockfile, it will not be regenerated
[INFO] running `Command { std: CARGO_HOME="/workspace/cargo-home" RUSTUP_HOME="/workspace/rustup-home" "/workspace/cargo-home/bin/cargo" "+1.83.0" "fetch" "--manifest-path" "Cargo.toml", kill_on_drop: false }`
[INFO] [stderr]     Updating crates.io index
[INFO] [stderr]     Blocking waiting for file lock on package cache
[INFO] [stderr]  Downloading crates ...
[INFO] [stderr]   Downloaded like-shell v0.2.8
[INFO] [stderr]   Downloaded ic-transport-types v0.36.0
[INFO] [stderr]   Downloaded ic-certification v2.5.0
[INFO] [stderr]   Downloaded ic-agent v0.36.0
[INFO] [stderr]   Downloaded candid v0.10.8
[INFO] [stderr]   Downloaded actix-web v4.6.0
[INFO] [stderr]   Downloaded actix-http v3.7.0
[INFO] [stderr]   Downloaded aws-lc-rs v1.7.2
[INFO] [stderr]   Downloaded rustls v0.23.8
[INFO] [stderr]   Downloaded aws-lc-sys v0.17.0
[INFO] running `Command { std: "docker" "create" "-v" "/var/lib/crater-agent-workspace/builds/worker-1-tc1/target:/opt/rustwide/target:rw,Z" "-v" "/var/lib/crater-agent-workspace/builds/worker-1-tc1/source:/opt/rustwide/workdir:ro,Z" "-v" "/var/lib/crater-agent-workspace/cargo-home:/opt/rustwide/cargo-home:ro,Z" "-v" "/var/lib/crater-agent-workspace/rustup-home:/opt/rustwide/rustup-home:ro,Z" "-e" "SOURCE_DIR=/opt/rustwide/workdir" "-e" "CARGO_TARGET_DIR=/opt/rustwide/target" "-e" "CARGO_HOME=/opt/rustwide/cargo-home" "-e" "RUSTUP_HOME=/opt/rustwide/rustup-home" "-w" "/opt/rustwide/workdir" "-m" "1610612736" "--user" "0:0" "--network" "none" "ghcr.io/rust-lang/crates-build-env/linux@sha256:f3a9d4ad9d972b27faf3965f35b62e55ba32bbce8f20bc8fe909558a86702fde" "/opt/rustwide/cargo-home/bin/cargo" "+1.83.0" "metadata" "--no-deps" "--format-version=1", kill_on_drop: false }`
[INFO] [stdout] 0a1647a091d82bcce9158360b557f168e1263b1f145d9f9b2beb63285d5ebc58
[INFO] running `Command { std: "docker" "start" "-a" "0a1647a091d82bcce9158360b557f168e1263b1f145d9f9b2beb63285d5ebc58", kill_on_drop: false }`
[INFO] running `Command { std: "docker" "inspect" "0a1647a091d82bcce9158360b557f168e1263b1f145d9f9b2beb63285d5ebc58", kill_on_drop: false }`
[INFO] running `Command { std: "docker" "rm" "-f" "0a1647a091d82bcce9158360b557f168e1263b1f145d9f9b2beb63285d5ebc58", kill_on_drop: false }`
[INFO] [stdout] 0a1647a091d82bcce9158360b557f168e1263b1f145d9f9b2beb63285d5ebc58
[INFO] running `Command { std: "docker" "create" "-v" "/var/lib/crater-agent-workspace/builds/worker-1-tc1/target:/opt/rustwide/target:rw,Z" "-v" "/var/lib/crater-agent-workspace/builds/worker-1-tc1/source:/opt/rustwide/workdir:ro,Z" "-v" "/var/lib/crater-agent-workspace/cargo-home:/opt/rustwide/cargo-home:ro,Z" "-v" "/var/lib/crater-agent-workspace/rustup-home:/opt/rustwide/rustup-home:ro,Z" "-e" "SOURCE_DIR=/opt/rustwide/workdir" "-e" "CARGO_TARGET_DIR=/opt/rustwide/target" "-e" "CARGO_INCREMENTAL=0" "-e" "RUST_BACKTRACE=full" "-e" "RUSTFLAGS=--cap-lints=warn" "-e" "RUSTDOCFLAGS=--cap-lints=warn" "-e" "CARGO_HOME=/opt/rustwide/cargo-home" "-e" "RUSTUP_HOME=/opt/rustwide/rustup-home" "-w" "/opt/rustwide/workdir" "-m" "1610612736" "--user" "0:0" "--network" "none" "ghcr.io/rust-lang/crates-build-env/linux@sha256:f3a9d4ad9d972b27faf3965f35b62e55ba32bbce8f20bc8fe909558a86702fde" "/opt/rustwide/cargo-home/bin/cargo" "+1.83.0" "build" "--frozen" "--message-format=json", kill_on_drop: false }`
[INFO] [stdout] b4588beb67d266a0b72c723e14452c1ac8939839b970367c06e24059210ad0cc
[INFO] running `Command { std: "docker" "start" "-a" "b4588beb67d266a0b72c723e14452c1ac8939839b970367c06e24059210ad0cc", kill_on_drop: false }`
[INFO] [stderr]    Compiling libc v0.2.155
[INFO] [stderr]    Compiling proc-macro2 v1.0.82
[INFO] [stderr]    Compiling unicode-ident v1.0.12
[INFO] [stderr]    Compiling cfg-if v1.0.0
[INFO] [stderr]    Compiling once_cell v1.19.0
[INFO] [stderr]    Compiling version_check v0.9.4
[INFO] [stderr]    Compiling autocfg v1.3.0
[INFO] [stderr]    Compiling subtle v2.5.0
[INFO] [stderr]    Compiling pin-project-lite v0.2.14
[INFO] [stderr]    Compiling typenum v1.17.0
[INFO] [stderr]    Compiling bytes v1.6.0
[INFO] [stderr]    Compiling log v0.4.21
[INFO] [stderr]    Compiling parking_lot_core v0.9.10
[INFO] [stderr]    Compiling generic-array v0.14.7
[INFO] [stderr]    Compiling lock_api v0.4.12
[INFO] [stderr]    Compiling scopeguard v1.2.0
[INFO] [stderr]    Compiling smallvec v1.13.2
[INFO] [stderr]    Compiling const-oid v0.9.6
[INFO] [stderr]    Compiling itoa v1.0.11
[INFO] [stderr]    Compiling futures-core v0.3.30
[INFO] [stderr]    Compiling serde v1.0.203
[INFO] [stderr]    Compiling memchr v2.7.2
[INFO] [stderr]    Compiling futures-sink v0.3.30
[INFO] [stderr]    Compiling pkg-config v0.3.30
[INFO] [stderr]    Compiling paste v1.0.15
[INFO] [stderr]    Compiling fs_extra v1.3.0
[INFO] [stderr]    Compiling quote v1.0.36
[INFO] [stderr]    Compiling syn v2.0.63
[INFO] [stderr]    Compiling ahash v0.8.11
[INFO] [stderr]    Compiling jobserver v0.1.31
[INFO] [stderr]    Compiling getrandom v0.2.15
[INFO] [stderr]    Compiling rand_core v0.6.4
[INFO] [stderr]    Compiling signal-hook-registry v1.4.2
[INFO] [stderr]    Compiling cc v1.0.97
[INFO] [stderr]    Compiling parking_lot v0.12.2
[INFO] [stderr]    Compiling mio v0.8.11
[INFO] [stderr]    Compiling socket2 v0.5.7
[INFO] [stderr]    Compiling num_cpus v1.16.0
[INFO] [stderr]    Compiling dunce v1.0.4
[INFO] [stderr]    Compiling fnv v1.0.7
[INFO] [stderr]    Compiling slab v0.4.9
[INFO] [stderr]    Compiling tracing-core v0.1.32
[INFO] [stderr]    Compiling zerocopy v0.7.34
[INFO] [stderr]    Compiling allocator-api2 v0.2.18
[INFO] [stderr]    Compiling aws-lc-rs v1.7.2
[INFO] [stderr]    Compiling cpufeatures v0.2.12
[INFO] [stderr]    Compiling futures-task v0.3.30
[INFO] [stderr]    Compiling tracing v0.1.40
[INFO] [stderr]    Compiling cmake v0.1.50
[INFO] [stderr]    Compiling hashbrown v0.14.5
[INFO] [stderr]    Compiling pin-utils v0.1.0
[INFO] [stderr]    Compiling futures-io v0.3.30
[INFO] [stderr]    Compiling untrusted v0.9.0
[INFO] [stderr]    Compiling equivalent v1.0.1
[INFO] [stderr]    Compiling rustls-pki-types v1.7.0
[INFO] [stderr]    Compiling spin v0.9.8
[INFO] [stderr]    Compiling mirai-annotations v1.12.0
[INFO] [stderr]    Compiling base64ct v1.6.0
[INFO] [stderr]    Compiling vcpkg v0.2.15
[INFO] [stderr]    Compiling httparse v1.8.0
[INFO] [stderr]    Compiling bitflags v2.5.0
[INFO] [stderr]    Compiling syn v1.0.109
[INFO] [stderr]    Compiling thiserror v1.0.61
[INFO] [stderr]    Compiling pem-rfc7468 v0.7.0
[INFO] [stderr]    Compiling regex-syntax v0.8.3
[INFO] [stderr]    Compiling indexmap v2.2.6
[INFO] [stderr]    Compiling crc32fast v1.4.0
[INFO] [stderr]    Compiling aws-lc-sys v0.17.0
[INFO] [stderr]    Compiling ring v0.17.8
[INFO] [stderr]    Compiling openssl-sys v0.9.102
[INFO] [stderr]    Compiling http v1.1.0
[INFO] [stderr]    Compiling crossbeam-utils v0.8.19
[INFO] [stderr]    Compiling percent-encoding v2.3.1
[INFO] [stderr]    Compiling num-traits v0.2.19
[INFO] [stderr]    Compiling tinyvec_macros v0.1.1
[INFO] [stderr]    Compiling tinyvec v1.6.0
[INFO] [stderr]    Compiling http-body v1.0.0
[INFO] [stderr]    Compiling zstd-sys v2.0.10+zstd.1.5.6
[INFO] [stderr]    Compiling ff v0.13.0
[INFO] [stderr]    Compiling openssl v0.10.64
[INFO] [stderr]    Compiling powerfmt v0.2.0
[INFO] [stderr]    Compiling anyhow v1.0.86
[INFO] [stderr]    Compiling ppv-lite86 v0.2.17
[INFO] [stderr]    Compiling base16ct v0.2.0
[INFO] [stderr]    Compiling foreign-types-shared v0.1.1
[INFO] [stderr]    Compiling num-conv v0.1.0
[INFO] [stderr]    Compiling try-lock v0.2.5
[INFO] [stderr]    Compiling time-core v0.1.2
[INFO] [stderr]    Compiling want v0.3.1
[INFO] [stderr]    Compiling time-macros v0.2.18
[INFO] [stderr]    Compiling rand_chacha v0.3.1
[INFO] [stderr]    Compiling foreign-types v0.3.2
[INFO] [stderr]    Compiling zeroize_derive v1.4.2
[INFO] [stderr]    Compiling tokio-macros v2.2.0
[INFO] [stderr]    Compiling serde_derive v1.0.203
[INFO] [stderr]    Compiling futures-macro v0.3.30
[INFO] [stderr]    Compiling zeroize v1.7.0
[INFO] [stderr]    Compiling tokio v1.37.0
[INFO] [stderr]    Compiling block-buffer v0.10.4
[INFO] [stderr]    Compiling crypto-common v0.1.6
[INFO] [stderr]    Compiling futures-util v0.3.30
[INFO] [stderr]    Compiling digest v0.10.7
[INFO] [stderr]    Compiling der v0.7.9
[INFO] [stderr]    Compiling thiserror-impl v1.0.61
[INFO] [stderr]    Compiling spki v0.7.3
[INFO] [stderr]    Compiling pkcs8 v0.10.2
[INFO] [stderr]    Compiling sha2 v0.10.8
[INFO] [stderr]    Compiling pin-project-internal v1.1.5
[INFO] [stderr]    Compiling sec1 v0.7.3
[INFO] [stderr]    Compiling crypto-bigint v0.5.5
[INFO] [stderr]    Compiling digest v0.9.0
[INFO] [stderr]    Compiling openssl-macros v0.1.1
[INFO] [stderr]    Compiling deranged v0.3.11
[INFO] [stderr]    Compiling group v0.13.0
[INFO] [stderr]    Compiling unicode-normalization v0.1.23
[INFO] [stderr]    Compiling pin-project v1.1.5
[INFO] [stderr]    Compiling form_urlencoded v1.2.1
[INFO] [stderr]    Compiling tokio-util v0.7.11
[INFO] [stderr]    Compiling psm v0.1.21
[INFO] [stderr]    Compiling h2 v0.4.4
[INFO] [stderr]    Compiling http v0.2.12
[INFO] [stderr]    Compiling aho-corasick v1.1.3
[INFO] [stderr]    Compiling futures-channel v0.3.30
[INFO] [stderr]    Compiling native-tls v0.2.11
[INFO] [stderr]    Compiling rustls v0.22.4
[INFO] [stderr]    Compiling serde_json v1.0.117
[INFO] [stderr]    Compiling unicode-bidi v0.3.15
[INFO] [stderr]    Compiling ryu v1.0.18
[INFO] [stderr]    Compiling base64 v0.22.1
[INFO] [stderr]    Compiling lazy_static v1.4.0
[INFO] [stderr]    Compiling local-waker v0.1.4
[INFO] [stderr]    Compiling tower-service v0.3.2
[INFO] [stderr]    Compiling tower-layer v0.3.2
[INFO] [stderr]    Compiling rustls v0.23.8
[INFO] [stderr]    Compiling rustversion v1.0.17
[INFO] [stderr]    Compiling tower v0.4.13
[INFO] [stderr]    Compiling idna v0.5.0
[INFO] [stderr]    Compiling regex-automata v0.4.6
[INFO] [stderr]    Compiling num-integer v0.1.46
[INFO] [stderr]    Compiling elliptic-curve v0.13.8
[INFO] [stderr]    Compiling actix-rt v2.9.0
[INFO] [stderr]    Compiling time v0.3.36
[INFO] [stderr]    Compiling hyper v1.3.1
[INFO] [stderr]    Compiling hmac v0.12.1
[INFO] [stderr]    Compiling rand v0.8.5
[INFO] [stderr]    Compiling stacker v0.1.15
[INFO] [stderr]    Compiling ff v0.12.1
[INFO] [stderr]    Compiling bytestring v1.3.1
[INFO] [stderr]    Compiling encoding_rs v0.8.34
[INFO] [stderr]    Compiling utf8parse v0.2.1
[INFO] [stderr]    Compiling either v1.11.0
[INFO] [stderr]    Compiling openssl-probe v0.1.5
[INFO] [stderr]    Compiling byteorder v1.5.0
[INFO] [stderr]    Compiling zstd-safe v7.1.0
[INFO] [stderr]    Compiling hex v0.4.3
[INFO] [stderr]    Compiling mime v0.3.17
[INFO] [stderr]    Compiling alloc-no-stdlib v2.0.4
[INFO] [stderr]    Compiling alloc-stdlib v0.2.2
[INFO] [stderr]    Compiling binread_derive v2.1.0
[INFO] [stderr]    Compiling anstyle-parse v0.2.4
[INFO] [stderr]    Compiling group v0.12.1
[INFO] [stderr]    Compiling hyper-util v0.1.3
[INFO] [stderr]    Compiling rfc6979 v0.4.0
[INFO] [stderr]    Compiling regex v1.10.4
[INFO] [stderr]    Compiling num-bigint v0.4.5
[INFO] [stderr]    Compiling url v2.5.0
[INFO] [stderr]    Compiling actix-utils v3.0.1
[INFO] [stderr]    Compiling serde_urlencoded v0.7.1
[INFO] [stderr]    Compiling serde_bytes v0.11.14
[INFO] [stderr]    Compiling signature v2.2.0
[INFO] [stderr]    Compiling block-buffer v0.9.0
[INFO] [stderr]    Compiling concurrent-queue v2.5.0
[INFO] [stderr]    Compiling actix-service v2.0.2
[INFO] [stderr]    Compiling arrayvec v0.5.2
[INFO] [stderr]    Compiling parking v2.2.0
[INFO] [stderr]    Compiling data-encoding v2.6.0
[INFO] [stderr]    Compiling anstyle v1.0.7
[INFO] [stderr]    Compiling regex-lite v0.1.5
[INFO] [stderr]    Compiling opaque-debug v0.3.1
[INFO] [stderr]    Compiling typed-arena v2.0.2
[INFO] [stderr]    Compiling colorchoice v1.0.1
[INFO] [stderr]    Compiling unicode-width v0.1.12
[INFO] [stderr]    Compiling is_terminal_polyfill v1.70.0
[INFO] [stderr]    Compiling anstyle-query v1.0.3
[INFO] [stderr]    Compiling adler v1.0.2
[INFO] [stderr]    Compiling anstream v0.6.14
[INFO] [stderr]    Compiling pretty v0.12.3
[INFO] [stderr]    Compiling miniz_oxide v0.7.2
[INFO] [stderr]    Compiling ic_principal v0.1.1
[INFO] [stderr]    Compiling sha2 v0.9.9
[INFO] [stderr]    Compiling event-listener v4.0.3
[INFO] [stderr]    Compiling binread v2.2.0
[INFO] [stderr]    Compiling ecdsa v0.16.9
[INFO] [stderr]    Compiling pairing v0.22.0
[INFO] [stderr]    Compiling tokio-native-tls v0.3.1
[INFO] [stderr]    Compiling brotli-decompressor v4.0.0
[INFO] [stderr]    Compiling rustls-pemfile v2.1.2
[INFO] [stderr]    Compiling candid_derive v0.6.6
[INFO] [stderr]    Compiling http-body-util v0.1.1
[INFO] [stderr]    Compiling cookie v0.16.2
[INFO] [stderr]    Compiling instant v0.1.12
[INFO] [stderr]    Compiling subtle-ng v2.5.0
[INFO] [stderr]    Compiling leb128 v0.2.5
[INFO] [stderr]    Compiling impl-more v0.1.6
[INFO] [stderr]    Compiling convert_case v0.4.0
[INFO] [stderr]    Compiling curve25519-dalek-ng v4.1.1
[INFO] [stderr]    Compiling derive_more v0.99.17
[INFO] [stderr]    Compiling brotli v6.0.0
[INFO] [stderr]    Compiling hyper-tls v0.6.0
[INFO] [stderr]    Compiling candid v0.10.8
[INFO] [stderr]    Compiling zstd v0.13.1
[INFO] [stderr]    Compiling bls12_381 v0.7.1
[INFO] [stderr]    Compiling event-listener-strategy v0.4.0
[INFO] [stderr]    Compiling flate2 v1.0.30
[INFO] [stderr]    Compiling ic-certification v2.5.0
[INFO] [stderr]    Compiling primeorder v0.13.6
[INFO] [stderr]    Compiling local-channel v0.1.5
[INFO] [stderr]    Compiling toml_datetime v0.6.6
[INFO] [stderr]    Compiling serde_spanned v0.6.6
[INFO] [stderr]    Compiling h2 v0.3.26
[INFO] [stderr]    Compiling actix-codec v0.5.2
[INFO] [stderr]    Compiling sha1 v0.10.6
[INFO] [stderr]    Compiling actix-macros v0.2.4
[INFO] [stderr]    Compiling actix-router v0.5.3
[INFO] [stderr]    Compiling serde_repr v0.1.19
[INFO] [stderr]    Compiling webpki-roots v0.26.1
[INFO] [stderr]    Compiling winnow v0.6.8
[INFO] [stderr]    Compiling clap_lex v0.7.0
[INFO] [stderr]    Compiling base64 v0.21.7
[INFO] [stderr]    Compiling ipnet v2.9.0
[INFO] [stderr]    Compiling language-tags v0.3.2
[INFO] [stderr]    Compiling httpdate v1.0.3
[INFO] [stderr]    Compiling half v1.8.3
[INFO] [stderr]    Compiling sync_wrapper v0.1.2
[INFO] [stderr]    Compiling heck v0.5.0
[INFO] [stderr]    Compiling strsim v0.11.1
[INFO] [stderr]    Compiling clap_derive v4.5.5
[INFO] [stderr]    Compiling toml_edit v0.22.13
[INFO] [stderr]    Compiling clap_builder v4.5.6
[INFO] [stderr]    Compiling serde_cbor v0.11.2
[INFO] [stderr]    Compiling pem v2.0.1
[INFO] [stderr]    Compiling ic-transport-types v0.36.0
[INFO] [stderr]    Compiling actix-web-codegen v4.2.2
[INFO] [stderr]    Compiling p256 v0.13.2
[INFO] [stderr]    Compiling ic-verify-bls-signature v0.1.0
[INFO] [stderr]    Compiling async-lock v3.3.0
[INFO] [stderr]    Compiling ed25519-consensus v2.1.0
[INFO] [stderr]    Compiling backoff v0.4.0
[INFO] [stderr]    Compiling cached v0.46.1
[INFO] [stderr]    Compiling k256 v0.13.3
[INFO] [stderr]    Compiling actix-server v2.3.0
[INFO] [stderr]    Compiling simple_asn1 v0.6.2
[INFO] [stderr]    Compiling env_filter v0.1.0
[INFO] [stderr]    Compiling rustls-webpki v0.101.7
[INFO] [stderr]    Compiling rand v0.4.6
[INFO] [stderr]    Compiling remove_dir_all v0.5.3
[INFO] [stderr]    Compiling humantime v2.1.0
[INFO] [stderr]    Compiling rangemap v1.5.1
[INFO] [stderr]    Compiling env_logger v0.11.3
[INFO] [stderr]    Compiling tempdir v0.3.7
[INFO] [stderr]    Compiling clap v4.5.6
[INFO] [stderr]    Compiling actix_derive v0.6.1
[INFO] [stderr]    Compiling crossbeam-channel v0.5.12
[INFO] [stderr]    Compiling like-shell v0.2.8
[INFO] [stderr]    Compiling toml v0.8.13
[INFO] [stderr]    Compiling async-trait v0.1.80
[INFO] [stderr]    Compiling actix v0.13.3
[INFO] [stderr]    Compiling rustls-webpki v0.102.4
[INFO] [stderr]    Compiling tokio-rustls v0.25.0
[INFO] [stderr]    Compiling hyper-rustls v0.26.0
[INFO] [stderr]    Compiling reqwest v0.12.4
[INFO] [stderr]    Compiling tokio-rustls v0.26.0
[INFO] [stderr]    Compiling actix-tls v3.4.0
[INFO] [stderr]    Compiling ic-agent v0.36.0
[INFO] [stderr]    Compiling actix-http v3.7.0
[INFO] [stderr]    Compiling e2e v0.1.0 (/opt/rustwide/workdir/test/e2e)
[INFO] [stderr]    Compiling actix-web v4.6.0
[INFO] [stderr]    Compiling join-proxy v0.0.1 (/opt/rustwide/workdir/proxy)
[INFO] [stderr]    Compiling test-server v0.1.0 (/opt/rustwide/workdir/test/test-server)
[INFO] [stderr]     Finished `dev` profile [unoptimized + debuginfo] target(s) in 5m 40s
[INFO] running `Command { std: "docker" "inspect" "b4588beb67d266a0b72c723e14452c1ac8939839b970367c06e24059210ad0cc", kill_on_drop: false }`
[INFO] running `Command { std: "docker" "rm" "-f" "b4588beb67d266a0b72c723e14452c1ac8939839b970367c06e24059210ad0cc", kill_on_drop: false }`
[INFO] [stdout] b4588beb67d266a0b72c723e14452c1ac8939839b970367c06e24059210ad0cc
[INFO] running `Command { std: "docker" "create" "-v" "/var/lib/crater-agent-workspace/builds/worker-1-tc1/target:/opt/rustwide/target:rw,Z" "-v" "/var/lib/crater-agent-workspace/builds/worker-1-tc1/source:/opt/rustwide/workdir:ro,Z" "-v" "/var/lib/crater-agent-workspace/cargo-home:/opt/rustwide/cargo-home:ro,Z" "-v" "/var/lib/crater-agent-workspace/rustup-home:/opt/rustwide/rustup-home:ro,Z" "-e" "SOURCE_DIR=/opt/rustwide/workdir" "-e" "CARGO_TARGET_DIR=/opt/rustwide/target" "-e" "CARGO_INCREMENTAL=0" "-e" "RUST_BACKTRACE=full" "-e" "RUSTFLAGS=--cap-lints=warn" "-e" "RUSTDOCFLAGS=--cap-lints=warn" "-e" "CARGO_HOME=/opt/rustwide/cargo-home" "-e" "RUSTUP_HOME=/opt/rustwide/rustup-home" "-w" "/opt/rustwide/workdir" "-m" "1610612736" "--user" "0:0" "--network" "none" "ghcr.io/rust-lang/crates-build-env/linux@sha256:f3a9d4ad9d972b27faf3965f35b62e55ba32bbce8f20bc8fe909558a86702fde" "/opt/rustwide/cargo-home/bin/cargo" "+1.83.0" "test" "--frozen" "--no-run" "--message-format=json", kill_on_drop: false }`
[INFO] [stdout] 52af90b689ac6ace8efbfc9ff12d97e727052fdc62cefdd888a4147654a8d3b2
[INFO] running `Command { std: "docker" "start" "-a" "52af90b689ac6ace8efbfc9ff12d97e727052fdc62cefdd888a4147654a8d3b2", kill_on_drop: false }`
[INFO] [stderr]    Compiling e2e v0.1.0 (/opt/rustwide/workdir/test/e2e)
[INFO] [stderr]    Compiling join-proxy v0.0.1 (/opt/rustwide/workdir/proxy)
[INFO] [stderr]    Compiling test-server v0.1.0 (/opt/rustwide/workdir/test/test-server)
[INFO] [stderr]     Finished `test` profile [unoptimized + debuginfo] target(s) in 10.74s
[INFO] running `Command { std: "docker" "inspect" "52af90b689ac6ace8efbfc9ff12d97e727052fdc62cefdd888a4147654a8d3b2", kill_on_drop: false }`
[INFO] running `Command { std: "docker" "rm" "-f" "52af90b689ac6ace8efbfc9ff12d97e727052fdc62cefdd888a4147654a8d3b2", kill_on_drop: false }`
[INFO] [stdout] 52af90b689ac6ace8efbfc9ff12d97e727052fdc62cefdd888a4147654a8d3b2
[INFO] running `Command { std: "docker" "create" "-v" "/var/lib/crater-agent-workspace/builds/worker-1-tc1/target:/opt/rustwide/target:rw,Z" "-v" "/var/lib/crater-agent-workspace/builds/worker-1-tc1/source:/opt/rustwide/workdir:ro,Z" "-v" "/var/lib/crater-agent-workspace/cargo-home:/opt/rustwide/cargo-home:ro,Z" "-v" "/var/lib/crater-agent-workspace/rustup-home:/opt/rustwide/rustup-home:ro,Z" "-e" "SOURCE_DIR=/opt/rustwide/workdir" "-e" "CARGO_TARGET_DIR=/opt/rustwide/target" "-e" "CARGO_INCREMENTAL=0" "-e" "RUST_BACKTRACE=full" "-e" "RUSTFLAGS=--cap-lints=warn" "-e" "RUSTDOCFLAGS=--cap-lints=warn" "-e" "CARGO_HOME=/opt/rustwide/cargo-home" "-e" "RUSTUP_HOME=/opt/rustwide/rustup-home" "-w" "/opt/rustwide/workdir" "-m" "1610612736" "--user" "0:0" "--network" "none" "ghcr.io/rust-lang/crates-build-env/linux@sha256:f3a9d4ad9d972b27faf3965f35b62e55ba32bbce8f20bc8fe909558a86702fde" "/opt/rustwide/cargo-home/bin/cargo" "+1.83.0" "test" "--frozen", kill_on_drop: false }`
[INFO] [stdout] 0c7c0cf01c1209d09adae9e73c75accf721f8282c272aae986cfbe8bd19c27e4
[INFO] running `Command { std: "docker" "start" "-a" "0c7c0cf01c1209d09adae9e73c75accf721f8282c272aae986cfbe8bd19c27e4", kill_on_drop: false }`
[INFO] [stderr]     Finished `test` profile [unoptimized + debuginfo] target(s) in 0.45s
[INFO] [stderr]      Running unittests src/lib.rs (/opt/rustwide/target/debug/deps/e2e-7ce18d69e9b21b8b)
[INFO] [stdout] 
[INFO] [stdout] running 3 tests
[INFO] [stdout] test tests::test_port_443 ... FAILED
[INFO] [stdout] test tests::test_loading_new ... FAILED
[INFO] [stdout] test tests::test_artificial_delay ... FAILED
[INFO] [stdout] 
[INFO] [stdout] failures:
[INFO] [stdout] 
[INFO] [stdout] ---- tests::test_port_443 stdout ----
[INFO] [stdout] Error: Running test HTTPS server
[INFO] [stdout] 
[INFO] [stdout] Caused by:
[INFO] [stdout]     No such file or directory (os error 2)
[INFO] [stdout] 
[INFO] [stdout] Stack backtrace:
[INFO] [stdout]    0: <E as anyhow::context::ext::StdError>::ext_context
[INFO] [stdout]              at /opt/rustwide/cargo-home/registry/src/index.crates.io-6f17d22bba15001f/anyhow-1.0.86/src/backtrace.rs:27:14
[INFO] [stdout]    1: anyhow::context::<impl anyhow::Context<T,E> for core::result::Result<T,E>>::context
[INFO] [stdout]              at /opt/rustwide/cargo-home/registry/src/index.crates.io-6f17d22bba15001f/anyhow-1.0.86/src/context.rs:54:31
[INFO] [stdout]    2: e2e::tests::MyTest::new::{{closure}}
[INFO] [stdout]              at /opt/rustwide/workdir/test/e2e/src/lib.rs:126:30
[INFO] [stdout]    3: e2e::tests::test_port_443::{{closure}}
[INFO] [stdout]              at /opt/rustwide/workdir/test/e2e/src/lib.rs:215:36
[INFO] [stdout]    4: <core::pin::Pin<P> as core::future::future::Future>::poll
[INFO] [stdout]              at /rustc/90b35a6239c3d8bdabc530a6a0816f7ff89a0aaf/library/core/src/future/future.rs:123:9
[INFO] [stdout]    5: <core::pin::Pin<P> as core::future::future::Future>::poll
[INFO] [stdout]              at /rustc/90b35a6239c3d8bdabc530a6a0816f7ff89a0aaf/library/core/src/future/future.rs:123:9
[INFO] [stdout]    6: tokio::runtime::scheduler::current_thread::CoreGuard::block_on::{{closure}}::{{closure}}::{{closure}}
[INFO] [stdout]              at /opt/rustwide/cargo-home/registry/src/index.crates.io-6f17d22bba15001f/tokio-1.37.0/src/runtime/scheduler/current_thread/mod.rs:659:57
[INFO] [stdout]    7: tokio::runtime::coop::with_budget
[INFO] [stdout]              at /opt/rustwide/cargo-home/registry/src/index.crates.io-6f17d22bba15001f/tokio-1.37.0/src/runtime/coop.rs:107:5
[INFO] [stdout]    8: tokio::runtime::coop::budget
[INFO] [stdout]              at /opt/rustwide/cargo-home/registry/src/index.crates.io-6f17d22bba15001f/tokio-1.37.0/src/runtime/coop.rs:73:5
[INFO] [stdout]    9: tokio::runtime::scheduler::current_thread::CoreGuard::block_on::{{closure}}::{{closure}}
[INFO] [stdout]              at /opt/rustwide/cargo-home/registry/src/index.crates.io-6f17d22bba15001f/tokio-1.37.0/src/runtime/scheduler/current_thread/mod.rs:659:25
[INFO] [stdout]   10: tokio::runtime::scheduler::current_thread::Context::enter
[INFO] [stdout]              at /opt/rustwide/cargo-home/registry/src/index.crates.io-6f17d22bba15001f/tokio-1.37.0/src/runtime/scheduler/current_thread/mod.rs:404:19
[INFO] [stdout]   11: tokio::runtime::scheduler::current_thread::CoreGuard::block_on::{{closure}}
[INFO] [stdout]              at /opt/rustwide/cargo-home/registry/src/index.crates.io-6f17d22bba15001f/tokio-1.37.0/src/runtime/scheduler/current_thread/mod.rs:658:36
[INFO] [stdout]   12: tokio::runtime::scheduler::current_thread::CoreGuard::enter::{{closure}}
[INFO] [stdout]              at /opt/rustwide/cargo-home/registry/src/index.crates.io-6f17d22bba15001f/tokio-1.37.0/src/runtime/scheduler/current_thread/mod.rs:737:68
[INFO] [stdout]   13: tokio::runtime::context::scoped::Scoped<T>::set
[INFO] [stdout]              at /opt/rustwide/cargo-home/registry/src/index.crates.io-6f17d22bba15001f/tokio-1.37.0/src/runtime/context/scoped.rs:40:9
[INFO] [stdout]   14: tokio::runtime::context::set_scheduler::{{closure}}
[INFO] [stdout]              at /opt/rustwide/cargo-home/registry/src/index.crates.io-6f17d22bba15001f/tokio-1.37.0/src/runtime/context.rs:176:26
[INFO] [stdout]   15: std::thread::local::LocalKey<T>::try_with
[INFO] [stdout]              at /rustc/90b35a6239c3d8bdabc530a6a0816f7ff89a0aaf/library/std/src/thread/local.rs:283:12
[INFO] [stdout]   16: std::thread::local::LocalKey<T>::with
[INFO] [stdout]              at /rustc/90b35a6239c3d8bdabc530a6a0816f7ff89a0aaf/library/std/src/thread/local.rs:260:9
[INFO] [stdout]   17: tokio::runtime::context::set_scheduler
[INFO] [stdout]              at /opt/rustwide/cargo-home/registry/src/index.crates.io-6f17d22bba15001f/tokio-1.37.0/src/runtime/context.rs:176:9
[INFO] [stdout]   18: tokio::runtime::scheduler::current_thread::CoreGuard::enter
[INFO] [stdout]              at /opt/rustwide/cargo-home/registry/src/index.crates.io-6f17d22bba15001f/tokio-1.37.0/src/runtime/scheduler/current_thread/mod.rs:737:27
[INFO] [stdout]   19: tokio::runtime::scheduler::current_thread::CoreGuard::block_on
[INFO] [stdout]              at /opt/rustwide/cargo-home/registry/src/index.crates.io-6f17d22bba15001f/tokio-1.37.0/src/runtime/scheduler/current_thread/mod.rs:646:19
[INFO] [stdout]   20: tokio::runtime::scheduler::current_thread::CurrentThread::block_on::{{closure}}
[INFO] [stdout]              at /opt/rustwide/cargo-home/registry/src/index.crates.io-6f17d22bba15001f/tokio-1.37.0/src/runtime/scheduler/current_thread/mod.rs:175:28
[INFO] [stdout]   21: tokio::runtime::context::runtime::enter_runtime
[INFO] [stdout]              at /opt/rustwide/cargo-home/registry/src/index.crates.io-6f17d22bba15001f/tokio-1.37.0/src/runtime/context/runtime.rs:65:16
[INFO] [stdout]   22: tokio::runtime::scheduler::current_thread::CurrentThread::block_on
[INFO] [stdout]              at /opt/rustwide/cargo-home/registry/src/index.crates.io-6f17d22bba15001f/tokio-1.37.0/src/runtime/scheduler/current_thread/mod.rs:167:9
[INFO] [stdout]   23: tokio::runtime::runtime::Runtime::block_on
[INFO] [stdout]              at /opt/rustwide/cargo-home/registry/src/index.crates.io-6f17d22bba15001f/tokio-1.37.0/src/runtime/runtime.rs:349:47
[INFO] [stdout]   24: e2e::tests::test_port_443
[INFO] [stdout]              at /opt/rustwide/workdir/test/e2e/src/lib.rs:247:9
[INFO] [stdout]   25: e2e::tests::test_port_443::{{closure}}
[INFO] [stdout]              at /opt/rustwide/workdir/test/e2e/src/lib.rs:214:33
[INFO] [stdout]   26: core::ops::function::FnOnce::call_once
[INFO] [stdout]              at /rustc/90b35a6239c3d8bdabc530a6a0816f7ff89a0aaf/library/core/src/ops/function.rs:250:5
[INFO] [stdout]   27: core::ops::function::FnOnce::call_once
[INFO] [stdout]              at /rustc/90b35a6239c3d8bdabc530a6a0816f7ff89a0aaf/library/core/src/ops/function.rs:250:5
[INFO] [stdout]   28: test::__rust_begin_short_backtrace
[INFO] [stdout]              at /rustc/90b35a6239c3d8bdabc530a6a0816f7ff89a0aaf/library/test/src/lib.rs:621:18
[INFO] [stdout]   29: test::run_test_in_process::{{closure}}
[INFO] [stdout]              at /rustc/90b35a6239c3d8bdabc530a6a0816f7ff89a0aaf/library/test/src/lib.rs:644:60
[INFO] [stdout]   30: <core::panic::unwind_safe::AssertUnwindSafe<F> as core::ops::function::FnOnce<()>>::call_once
[INFO] [stdout]              at /rustc/90b35a6239c3d8bdabc530a6a0816f7ff89a0aaf/library/core/src/panic/unwind_safe.rs:272:9
[INFO] [stdout]   31: std::panicking::try::do_call
[INFO] [stdout]              at /rustc/90b35a6239c3d8bdabc530a6a0816f7ff89a0aaf/library/std/src/panicking.rs:557:40
[INFO] [stdout]   32: std::panicking::try
[INFO] [stdout]              at /rustc/90b35a6239c3d8bdabc530a6a0816f7ff89a0aaf/library/std/src/panicking.rs:520:19
[INFO] [stdout]   33: std::panic::catch_unwind
[INFO] [stdout]              at /rustc/90b35a6239c3d8bdabc530a6a0816f7ff89a0aaf/library/std/src/panic.rs:358:14
[INFO] [stdout]   34: test::run_test_in_process
[INFO] [stdout]              at /rustc/90b35a6239c3d8bdabc530a6a0816f7ff89a0aaf/library/test/src/lib.rs:644:27
[INFO] [stdout]   35: test::run_test::{{closure}}
[INFO] [stdout]              at /rustc/90b35a6239c3d8bdabc530a6a0816f7ff89a0aaf/library/test/src/lib.rs:565:43
[INFO] [stdout]   36: test::run_test::{{closure}}
[INFO] [stdout]              at /rustc/90b35a6239c3d8bdabc530a6a0816f7ff89a0aaf/library/test/src/lib.rs:595:41
[INFO] [stdout]   37: std::sys::backtrace::__rust_begin_short_backtrace
[INFO] [stdout]              at /rustc/90b35a6239c3d8bdabc530a6a0816f7ff89a0aaf/library/std/src/sys/backtrace.rs:154:18
[INFO] [stdout]   38: std::thread::Builder::spawn_unchecked_::{{closure}}::{{closure}}
[INFO] [stdout]              at /rustc/90b35a6239c3d8bdabc530a6a0816f7ff89a0aaf/library/std/src/thread/mod.rs:538:17
[INFO] [stdout]   39: <core::panic::unwind_safe::AssertUnwindSafe<F> as core::ops::function::FnOnce<()>>::call_once
[INFO] [stdout]              at /rustc/90b35a6239c3d8bdabc530a6a0816f7ff89a0aaf/library/core/src/panic/unwind_safe.rs:272:9
[INFO] [stdout]   40: std::panicking::try::do_call
[INFO] [stdout]              at /rustc/90b35a6239c3d8bdabc530a6a0816f7ff89a0aaf/library/std/src/panicking.rs:557:40
[INFO] [stdout]   41: std::panicking::try
[INFO] [stdout]              at /rustc/90b35a6239c3d8bdabc530a6a0816f7ff89a0aaf/library/std/src/panicking.rs:520:19
[INFO] [stdout]   42: std::panic::catch_unwind
[INFO] [stdout]              at /rustc/90b35a6239c3d8bdabc530a6a0816f7ff89a0aaf/library/std/src/panic.rs:358:14
[INFO] [stdout]   43: std::thread::Builder::spawn_unchecked_::{{closure}}
[INFO] [stdout]              at /rustc/90b35a6239c3d8bdabc530a6a0816f7ff89a0aaf/library/std/src/thread/mod.rs:537:30
[INFO] [stdout]   44: core::ops::function::FnOnce::call_once{{vtable.shim}}
[INFO] [stdout]              at /rustc/90b35a6239c3d8bdabc530a6a0816f7ff89a0aaf/library/core/src/ops/function.rs:250:5
[INFO] [stdout]   45: <alloc::boxed::Box<F,A> as core::ops::function::FnOnce<Args>>::call_once
[INFO] [stdout]              at /rustc/90b35a6239c3d8bdabc530a6a0816f7ff89a0aaf/library/alloc/src/boxed.rs:2454:9
[INFO] [stdout]   46: <alloc::boxed::Box<F,A> as core::ops::function::FnOnce<Args>>::call_once
[INFO] [stdout]              at /rustc/90b35a6239c3d8bdabc530a6a0816f7ff89a0aaf/library/alloc/src/boxed.rs:2454:9
[INFO] [stdout]   47: std::sys::pal::unix::thread::Thread::new::thread_start
[INFO] [stdout]              at /rustc/90b35a6239c3d8bdabc530a6a0816f7ff89a0aaf/library/std/src/sys/pal/unix/thread.rs:105:17
[INFO] [stdout]   48: <unknown>
[INFO] [stdout]   49: clone
[INFO] [stdout] 
[INFO] [stdout] ---- tests::test_loading_new stdout ----
[INFO] [stdout] Error: Running test HTTPS server
[INFO] [stdout] 
[INFO] [stdout] Caused by:
[INFO] [stdout]     No such file or directory (os error 2)
[INFO] [stdout] 
[INFO] [stdout] Stack backtrace:
[INFO] [stdout]    0: <E as anyhow::context::ext::StdError>::ext_context
[INFO] [stdout]              at /opt/rustwide/cargo-home/registry/src/index.crates.io-6f17d22bba15001f/anyhow-1.0.86/src/backtrace.rs:27:14
[INFO] [stdout]    1: anyhow::context::<impl anyhow::Context<T,E> for core::result::Result<T,E>>::context
[INFO] [stdout]              at /opt/rustwide/cargo-home/registry/src/index.crates.io-6f17d22bba15001f/anyhow-1.0.86/src/context.rs:54:31
[INFO] [stdout]    2: e2e::tests::MyTest::new::{{closure}}
[INFO] [stdout]              at /opt/rustwide/workdir/test/e2e/src/lib.rs:126:30
[INFO] [stdout]    3: e2e::tests::test_loading_new::{{closure}}
[INFO] [stdout]              at /opt/rustwide/workdir/test/e2e/src/lib.rs:171:36
[INFO] [stdout]    4: <core::pin::Pin<P> as core::future::future::Future>::poll
[INFO] [stdout]              at /rustc/90b35a6239c3d8bdabc530a6a0816f7ff89a0aaf/library/core/src/future/future.rs:123:9
[INFO] [stdout]    5: <core::pin::Pin<P> as core::future::future::Future>::poll
[INFO] [stdout]              at /rustc/90b35a6239c3d8bdabc530a6a0816f7ff89a0aaf/library/core/src/future/future.rs:123:9
[INFO] [stdout]    6: tokio::runtime::scheduler::current_thread::CoreGuard::block_on::{{closure}}::{{closure}}::{{closure}}
[INFO] [stdout]              at /opt/rustwide/cargo-home/registry/src/index.crates.io-6f17d22bba15001f/tokio-1.37.0/src/runtime/scheduler/current_thread/mod.rs:659:57
[INFO] [stdout]    7: tokio::runtime::coop::with_budget
[INFO] [stdout]              at /opt/rustwide/cargo-home/registry/src/index.crates.io-6f17d22bba15001f/tokio-1.37.0/src/runtime/coop.rs:107:5
[INFO] [stdout]    8: tokio::runtime::coop::budget
[INFO] [stdout]              at /opt/rustwide/cargo-home/registry/src/index.crates.io-6f17d22bba15001f/tokio-1.37.0/src/runtime/coop.rs:73:5
[INFO] [stdout]    9: tokio::runtime::scheduler::current_thread::CoreGuard::block_on::{{closure}}::{{closure}}
[INFO] [stdout]              at /opt/rustwide/cargo-home/registry/src/index.crates.io-6f17d22bba15001f/tokio-1.37.0/src/runtime/scheduler/current_thread/mod.rs:659:25
[INFO] [stdout]   10: tokio::runtime::scheduler::current_thread::Context::enter
[INFO] [stdout]              at /opt/rustwide/cargo-home/registry/src/index.crates.io-6f17d22bba15001f/tokio-1.37.0/src/runtime/scheduler/current_thread/mod.rs:404:19
[INFO] [stdout]   11: tokio::runtime::scheduler::current_thread::CoreGuard::block_on::{{closure}}
[INFO] [stdout]              at /opt/rustwide/cargo-home/registry/src/index.crates.io-6f17d22bba15001f/tokio-1.37.0/src/runtime/scheduler/current_thread/mod.rs:658:36
[INFO] [stdout]   12: tokio::runtime::scheduler::current_thread::CoreGuard::enter::{{closure}}
[INFO] [stdout]              at /opt/rustwide/cargo-home/registry/src/index.crates.io-6f17d22bba15001f/tokio-1.37.0/src/runtime/scheduler/current_thread/mod.rs:737:68
[INFO] [stdout]   13: tokio::runtime::context::scoped::Scoped<T>::set
[INFO] [stdout]              at /opt/rustwide/cargo-home/registry/src/index.crates.io-6f17d22bba15001f/tokio-1.37.0/src/runtime/context/scoped.rs:40:9
[INFO] [stdout]   14: tokio::runtime::context::set_scheduler::{{closure}}
[INFO] [stdout]              at /opt/rustwide/cargo-home/registry/src/index.crates.io-6f17d22bba15001f/tokio-1.37.0/src/runtime/context.rs:176:26
[INFO] [stdout]   15: std::thread::local::LocalKey<T>::try_with
[INFO] [stdout]              at /rustc/90b35a6239c3d8bdabc530a6a0816f7ff89a0aaf/library/std/src/thread/local.rs:283:12
[INFO] [stdout]   16: std::thread::local::LocalKey<T>::with
[INFO] [stdout]              at /rustc/90b35a6239c3d8bdabc530a6a0816f7ff89a0aaf/library/std/src/thread/local.rs:260:9
[INFO] [stdout]   17: tokio::runtime::context::set_scheduler
[INFO] [stdout]              at /opt/rustwide/cargo-home/registry/src/index.crates.io-6f17d22bba15001f/tokio-1.37.0/src/runtime/context.rs:176:9
[INFO] [stdout]   18: tokio::runtime::scheduler::current_thread::CoreGuard::enter
[INFO] [stdout]              at /opt/rustwide/cargo-home/registry/src/index.crates.io-6f17d22bba15001f/tokio-1.37.0/src/runtime/scheduler/current_thread/mod.rs:737:27
[INFO] [stdout]   19: tokio::runtime::scheduler::current_thread::CoreGuard::block_on
[INFO] [stdout]              at /opt/rustwide/cargo-home/registry/src/index.crates.io-6f17d22bba15001f/tokio-1.37.0/src/runtime/scheduler/current_thread/mod.rs:646:19
[INFO] [stdout]   20: tokio::runtime::scheduler::current_thread::CurrentThread::block_on::{{closure}}
[INFO] [stdout]              at /opt/rustwide/cargo-home/registry/src/index.crates.io-6f17d22bba15001f/tokio-1.37.0/src/runtime/scheduler/current_thread/mod.rs:175:28
[INFO] [stdout]   21: tokio::runtime::context::runtime::enter_runtime
[INFO] [stdout]              at /opt/rustwide/cargo-home/registry/src/index.crates.io-6f17d22bba15001f/tokio-1.37.0/src/runtime/context/runtime.rs:65:16
[INFO] [stdout]   22: tokio::runtime::scheduler::current_thread::CurrentThread::block_on
[INFO] [stdout]              at /opt/rustwide/cargo-home/registry/src/index.crates.io-6f17d22bba15001f/tokio-1.37.0/src/runtime/scheduler/current_thread/mod.rs:167:9
[INFO] [stdout]   23: tokio::runtime::runtime::Runtime::block_on
[INFO] [stdout]              at /opt/rustwide/cargo-home/registry/src/index.crates.io-6f17d22bba15001f/tokio-1.37.0/src/runtime/runtime.rs:349:47
[INFO] [stdout]   24: e2e::tests::test_loading_new
[INFO] [stdout]              at /opt/rustwide/workdir/test/e2e/src/lib.rs:210:9
[INFO] [stdout]   25: e2e::tests::test_loading_new::{{closure}}
[INFO] [stdout]              at /opt/rustwide/workdir/test/e2e/src/lib.rs:170:36
[INFO] [stdout]   26: core::ops::function::FnOnce::call_once
[INFO] [stdout]              at /rustc/90b35a6239c3d8bdabc530a6a0816f7ff89a0aaf/library/core/src/ops/function.rs:250:5
[INFO] [stdout]   27: core::ops::function::FnOnce::call_once
[INFO] [stdout]              at /rustc/90b35a6239c3d8bdabc530a6a0816f7ff89a0aaf/library/core/src/ops/function.rs:250:5
[INFO] [stdout]   28: test::__rust_begin_short_backtrace
[INFO] [stdout]              at /rustc/90b35a6239c3d8bdabc530a6a0816f7ff89a0aaf/library/test/src/lib.rs:621:18
[INFO] [stdout]   29: test::run_test_in_process::{{closure}}
[INFO] [stdout]              at /rustc/90b35a6239c3d8bdabc530a6a0816f7ff89a0aaf/library/test/src/lib.rs:644:60
[INFO] [stdout]   30: <core::panic::unwind_safe::AssertUnwindSafe<F> as core::ops::function::FnOnce<()>>::call_once
[INFO] [stdout]              at /rustc/90b35a6239c3d8bdabc530a6a0816f7ff89a0aaf/library/core/src/panic/unwind_safe.rs:272:9
[INFO] [stdout]   31: std::panicking::try::do_call
[INFO] [stdout]              at /rustc/90b35a6239c3d8bdabc530a6a0816f7ff89a0aaf/library/std/src/panicking.rs:557:40
[INFO] [stdout]   32: std::panicking::try
[INFO] [stdout]              at /rustc/90b35a6239c3d8bdabc530a6a0816f7ff89a0aaf/library/std/src/panicking.rs:520:19
[INFO] [stdout]   33: std::panic::catch_unwind
[INFO] [stdout]              at /rustc/90b35a6239c3d8bdabc530a6a0816f7ff89a0aaf/library/std/src/panic.rs:358:14
[INFO] [stdout]   34: test::run_test_in_process
[INFO] [stdout]              at /rustc/90b35a6239c3d8bdabc530a6a0816f7ff89a0aaf/library/test/src/lib.rs:644:27
[INFO] [stdout]   35: test::run_test::{{closure}}
[INFO] [stdout]              at /rustc/90b35a6239c3d8bdabc530a6a0816f7ff89a0aaf/library/test/src/lib.rs:565:43
[INFO] [stdout]   36: test::run_test::{{closure}}
[INFO] [stdout]              at /rustc/90b35a6239c3d8bdabc530a6a0816f7ff89a0aaf/library/test/src/lib.rs:595:41
[INFO] [stdout]   37: std::sys::backtrace::__rust_begin_short_backtrace
[INFO] [stdout]              at /rustc/90b35a6239c3d8bdabc530a6a0816f7ff89a0aaf/library/std/src/sys/backtrace.rs:154:18
[INFO] [stdout]   38: std::thread::Builder::spawn_unchecked_::{{closure}}::{{closure}}
[INFO] [stdout]              at /rustc/90b35a6239c3d8bdabc530a6a0816f7ff89a0aaf/library/std/src/thread/mod.rs:538:17
[INFO] [stdout]   39: <core::panic::unwind_safe::AssertUnwindSafe<F> as core::ops::function::FnOnce<()>>::call_once
[INFO] [stdout]              at /rustc/90b35a6239c3d8bdabc530a6a0816f7ff89a0aaf/library/core/src/panic/unwind_safe.rs:272:9
[INFO] [stdout]   40: std::panicking::try::do_call
[INFO] [stdout]              at /rustc/90b35a6239c3d8bdabc530a6a0816f7ff89a0aaf/library/std/src/panicking.rs:557:40
[INFO] [stdout]   41: std::panicking::try
[INFO] [stdout]              at /rustc/90b35a6239c3d8bdabc530a6a0816f7ff89a0aaf/library/std/src/panicking.rs:520:19
[INFO] [stdout]   42: std::panic::catch_unwind
[INFO] [stdout]              at /rustc/90b35a6239c3d8bdabc530a6a0816f7ff89a0aaf/library/std/src/panic.rs:358:14
[INFO] [stdout]   43: std::thread::Builder::spawn_unchecked_::{{closure}}
[INFO] [stdout]              at /rustc/90b35a6239c3d8bdabc530a6a0816f7ff89a0aaf/library/std/src/thread/mod.rs:537:30
[INFO] [stdout]   44: core::ops::function::FnOnce::call_once{{vtable.shim}}
[INFO] [stdout]              at /rustc/90b35a6239c3d8bdabc530a6a0816f7ff89a0aaf/library/core/src/ops/function.rs:250:5
[INFO] [stdout]   45: <alloc::boxed::Box<F,A> as core::ops::function::FnOnce<Args>>::call_once
[INFO] [stdout]              at /rustc/90b35a6239c3d8bdabc530a6a0816f7ff89a0aaf/library/alloc/src/boxed.rs:2454:9
[INFO] [stdout]   46: <alloc::boxed::Box<F,A> as core::ops::function::FnOnce<Args>>::call_once
[INFO] [stdout]              at /rustc/90b35a6239c3d8bdabc530a6a0816f7ff89a0aaf/library/alloc/src/boxed.rs:2454:9
[INFO] [stdout]   47: std::sys::pal::unix::thread::Thread::new::thread_start
[INFO] [stdout]              at /rustc/90b35a6239c3d8bdabc530a6a0816f7ff89a0aaf/library/std/src/sys/pal/unix/thread.rs:105:17
[INFO] [stdout]   48: <unknown>
[INFO] [stdout]   49: clone
[INFO] [stdout] 
[INFO] [stdout] ---- tests::test_artificial_delay stdout ----
[INFO] [stdout] Error: Running test HTTPS server
[INFO] [stdout] 
[INFO] [stdout] Caused by:
[INFO] [stdout]     No such file or directory (os error 2)
[INFO] [stdout] 
[INFO] [stdout] Stack backtrace:
[INFO] [stdout]    0: <E as anyhow::context::ext::StdError>::ext_context
[INFO] [stdout]              at /opt/rustwide/cargo-home/registry/src/index.crates.io-6f17d22bba15001f/anyhow-1.0.86/src/backtrace.rs:27:14
[INFO] [stdout]    1: anyhow::context::<impl anyhow::Context<T,E> for core::result::Result<T,E>>::context
[INFO] [stdout]              at /opt/rustwide/cargo-home/registry/src/index.crates.io-6f17d22bba15001f/anyhow-1.0.86/src/context.rs:54:31
[INFO] [stdout]    2: e2e::tests::MyTest::new::{{closure}}
[INFO] [stdout]              at /opt/rustwide/workdir/test/e2e/src/lib.rs:126:30
[INFO] [stdout]    3: e2e::tests::test_artificial_delay::{{closure}}
[INFO] [stdout]              at /opt/rustwide/workdir/test/e2e/src/lib.rs:141:40
[INFO] [stdout]    4: <core::pin::Pin<P> as core::future::future::Future>::poll
[INFO] [stdout]              at /rustc/90b35a6239c3d8bdabc530a6a0816f7ff89a0aaf/library/core/src/future/future.rs:123:9
[INFO] [stdout]    5: <core::pin::Pin<P> as core::future::future::Future>::poll
[INFO] [stdout]              at /rustc/90b35a6239c3d8bdabc530a6a0816f7ff89a0aaf/library/core/src/future/future.rs:123:9
[INFO] [stdout]    6: tokio::runtime::scheduler::current_thread::CoreGuard::block_on::{{closure}}::{{closure}}::{{closure}}
[INFO] [stdout]              at /opt/rustwide/cargo-home/registry/src/index.crates.io-6f17d22bba15001f/tokio-1.37.0/src/runtime/scheduler/current_thread/mod.rs:659:57
[INFO] [stdout]    7: tokio::runtime::coop::with_budget
[INFO] [stdout]              at /opt/rustwide/cargo-home/registry/src/index.crates.io-6f17d22bba15001f/tokio-1.37.0/src/runtime/coop.rs:107:5
[INFO] [stdout]    8: tokio::runtime::coop::budget
[INFO] [stdout]              at /opt/rustwide/cargo-home/registry/src/index.crates.io-6f17d22bba15001f/tokio-1.37.0/src/runtime/coop.rs:73:5
[INFO] [stdout]    9: tokio::runtime::scheduler::current_thread::CoreGuard::block_on::{{closure}}::{{closure}}
[INFO] [stdout]              at /opt/rustwide/cargo-home/registry/src/index.crates.io-6f17d22bba15001f/tokio-1.37.0/src/runtime/scheduler/current_thread/mod.rs:659:25
[INFO] [stdout]   10: tokio::runtime::scheduler::current_thread::Context::enter
[INFO] [stdout]              at /opt/rustwide/cargo-home/registry/src/index.crates.io-6f17d22bba15001f/tokio-1.37.0/src/runtime/scheduler/current_thread/mod.rs:404:19
[INFO] [stdout]   11: tokio::runtime::scheduler::current_thread::CoreGuard::block_on::{{closure}}
[INFO] [stdout]              at /opt/rustwide/cargo-home/registry/src/index.crates.io-6f17d22bba15001f/tokio-1.37.0/src/runtime/scheduler/current_thread/mod.rs:658:36
[INFO] [stdout]   12: tokio::runtime::scheduler::current_thread::CoreGuard::enter::{{closure}}
[INFO] [stdout]              at /opt/rustwide/cargo-home/registry/src/index.crates.io-6f17d22bba15001f/tokio-1.37.0/src/runtime/scheduler/current_thread/mod.rs:737:68
[INFO] [stdout]   13: tokio::runtime::context::scoped::Scoped<T>::set
[INFO] [stdout]              at /opt/rustwide/cargo-home/registry/src/index.crates.io-6f17d22bba15001f/tokio-1.37.0/src/runtime/context/scoped.rs:40:9
[INFO] [stdout]   14: tokio::runtime::context::set_scheduler::{{closure}}
[INFO] [stdout]              at /opt/rustwide/cargo-home/registry/src/index.crates.io-6f17d22bba15001f/tokio-1.37.0/src/runtime/context.rs:176:26
[INFO] [stdout]   15: std::thread::local::LocalKey<T>::try_with
[INFO] [stdout]              at /rustc/90b35a6239c3d8bdabc530a6a0816f7ff89a0aaf/library/std/src/thread/local.rs:283:12
[INFO] [stdout]   16: std::thread::local::LocalKey<T>::with
[INFO] [stdout]              at /rustc/90b35a6239c3d8bdabc530a6a0816f7ff89a0aaf/library/std/src/thread/local.rs:260:9
[INFO] [stdout]   17: tokio::runtime::context::set_scheduler
[INFO] [stdout]              at /opt/rustwide/cargo-home/registry/src/index.crates.io-6f17d22bba15001f/tokio-1.37.0/src/runtime/context.rs:176:9
[INFO] [stdout]   18: tokio::runtime::scheduler::current_thread::CoreGuard::enter
[INFO] [stdout]              at /opt/rustwide/cargo-home/registry/src/index.crates.io-6f17d22bba15001f/tokio-1.37.0/src/runtime/scheduler/current_thread/mod.rs:737:27
[INFO] [stdout]   19: tokio::runtime::scheduler::current_thread::CoreGuard::block_on
[INFO] [stdout]              at /opt/rustwide/cargo-home/registry/src/index.crates.io-6f17d22bba15001f/tokio-1.37.0/src/runtime/scheduler/current_thread/mod.rs:646:19
[INFO] [stdout]   20: tokio::runtime::scheduler::current_thread::CurrentThread::block_on::{{closure}}
[INFO] [stdout]              at /opt/rustwide/cargo-home/registry/src/index.crates.io-6f17d22bba15001f/tokio-1.37.0/src/runtime/scheduler/current_thread/mod.rs:175:28
[INFO] [stdout]   21: tokio::runtime::context::runtime::enter_runtime
[INFO] [stdout]              at /opt/rustwide/cargo-home/registry/src/index.crates.io-6f17d22bba15001f/tokio-1.37.0/src/runtime/context/runtime.rs:65:16
[INFO] [stdout]   22: tokio::runtime::scheduler::current_thread::CurrentThread::block_on
[INFO] [stdout]              at /opt/rustwide/cargo-home/registry/src/index.crates.io-6f17d22bba15001f/tokio-1.37.0/src/runtime/scheduler/current_thread/mod.rs:167:9
[INFO] [stdout]   23: tokio::runtime::runtime::Runtime::block_on
[INFO] [stdout]              at /opt/rustwide/cargo-home/registry/src/index.crates.io-6f17d22bba15001f/tokio-1.37.0/src/runtime/runtime.rs:349:47
[INFO] [stdout]   24: e2e::tests::test_artificial_delay
[INFO] [stdout]              at /opt/rustwide/workdir/test/e2e/src/lib.rs:140:9
[INFO] [stdout]   25: e2e::tests::test_artificial_delay::{{closure}}
[INFO] [stdout]              at /opt/rustwide/workdir/test/e2e/src/lib.rs:139:41
[INFO] [stdout]   26: core::ops::function::FnOnce::call_once
[INFO] [stdout]              at /rustc/90b35a6239c3d8bdabc530a6a0816f7ff89a0aaf/library/core/src/ops/function.rs:250:5
[INFO] [stdout]   27: core::ops::function::FnOnce::call_once
[INFO] [stdout]              at /rustc/90b35a6239c3d8bdabc530a6a0816f7ff89a0aaf/library/core/src/ops/function.rs:250:5
[INFO] [stdout]   28: test::__rust_begin_short_backtrace
[INFO] [stdout]              at /rustc/90b35a6239c3d8bdabc530a6a0816f7ff89a0aaf/library/test/src/lib.rs:621:18
[INFO] [stdout]   29: test::run_test_in_process::{{closure}}
[INFO] [stdout]              at /rustc/90b35a6239c3d8bdabc530a6a0816f7ff89a0aaf/library/test/src/lib.rs:644:60
[INFO] [stdout]   30: <core::panic::unwind_safe::AssertUnwindSafe<F> as core::ops::function::FnOnce<()>>::call_once
[INFO] [stdout]              at /rustc/90b35a6239c3d8bdabc530a6a0816f7ff89a0aaf/library/core/src/panic/unwind_safe.rs:272:9
[INFO] [stdout]   31: std::panicking::try::do_call
[INFO] [stdout]              at /rustc/90b35a6239c3d8bdabc530a6a0816f7ff89a0aaf/library/std/src/panicking.rs:557:40
[INFO] [stdout]   32: std::panicking::try
[INFO] [stdout]              at /rustc/90b35a6239c3d8bdabc530a6a0816f7ff89a0aaf/library/std/src/panicking.rs:520:19
[INFO] [stdout]   33: std::panic::catch_unwind
[INFO] [stdout]              at /rustc/90b35a6239c3d8bdabc530a6a0816f7ff89a0aaf/library/std/src/panic.rs:358:14
[INFO] [stdout]   34: test::run_test_in_process
[INFO] [stdout]              at /rustc/90b35a6239c3d8bdabc530a6a0816f7ff89a0aaf/library/test/src/lib.rs:644:27
[INFO] [stdout]   35: test::run_test::{{closure}}
[INFO] [stdout]              at /rustc/90b35a6239c3d8bdabc530a6a0816f7ff89a0aaf/library/test/src/lib.rs:565:43
[INFO] [stdout]   36: test::run_test::{{closure}}
[INFO] [stdout]              at /rustc/90b35a6239c3d8bdabc530a6a0816f7ff89a0aaf/library/test/src/lib.rs:595:41
[INFO] [stdout]   37: std::sys::backtrace::__rust_begin_short_backtrace
[INFO] [stdout]              at /rustc/90b35a6239c3d8bdabc530a6a0816f7ff89a0aaf/library/std/src/sys/backtrace.rs:154:18
[INFO] [stdout]   38: std::thread::Builder::spawn_unchecked_::{{closure}}::{{closure}}
[INFO] [stdout]              at /rustc/90b35a6239c3d8bdabc530a6a0816f7ff89a0aaf/library/std/src/thread/mod.rs:538:17
[INFO] [stdout]   39: <core::panic::unwind_safe::AssertUnwindSafe<F> as core::ops::function::FnOnce<()>>::call_once
[INFO] [stdout]              at /rustc/90b35a6239c3d8bdabc530a6a0816f7ff89a0aaf/library/core/src/panic/unwind_safe.rs:272:9
[INFO] [stdout]   40: std::panicking::try::do_call
[INFO] [stdout]              at /rustc/90b35a6239c3d8bdabc530a6a0816f7ff89a0aaf/library/std/src/panicking.rs:557:40
[INFO] [stdout]   41: std::panicking::try
[INFO] [stdout]              at /rustc/90b35a6239c3d8bdabc530a6a0816f7ff89a0aaf/library/std/src/panicking.rs:520:19
[INFO] [stdout]   42: std::panic::catch_unwind
[INFO] [stdout]              at /rustc/90b35a6239c3d8bdabc530a6a0816f7ff89a0aaf/library/std/src/panic.rs:358:14
[INFO] [stdout]   43: std::thread::Builder::spawn_unchecked_::{{closure}}
[INFO] [stdout]              at /rustc/90b35a6239c3d8bdabc530a6a0816f7ff89a0aaf/library/std/src/thread/mod.rs:537:30
[INFO] [stdout]   44: core::ops::function::FnOnce::call_once{{vtable.shim}}
[INFO] [stdout]              at /rustc/90b35a6239c3d8bdabc530a6a0816f7ff89a0aaf/library/core/src/ops/function.rs:250:5
[INFO] [stdout]   45: <alloc::boxed::Box<F,A> as core::ops::function::FnOnce<Args>>::call_once
[INFO] [stdout]              at /rustc/90b35a6239c3d8bdabc530a6a0816f7ff89a0aaf/library/alloc/src/boxed.rs:2454:9
[INFO] [stdout]   46: <alloc::boxed::Box<F,A> as core::ops::function::FnOnce<Args>>::call_once
[INFO] [stdout]              at /rustc/90b35a6239c3d8bdabc530a6a0816f7ff89a0aaf/library/alloc/src/boxed.rs:2454:9
[INFO] [stdout]   47: std::sys::pal::unix::thread::Thread::new::thread_start
[INFO] [stdout]              at /rustc/90b35a6239c3d8bdabc530a6a0816f7ff89a0aaf/library/std/src/sys/pal/unix/thread.rs:105:17
[INFO] [stdout]   48: <unknown>
[INFO] [stdout]   49: clone
[INFO] [stdout] 
[INFO] [stdout] 
[INFO] [stdout] failures:
[INFO] [stdout]     tests::test_artificial_delay
[INFO] [stdout]     tests::test_loading_new
[INFO] [stdout]     tests::test_port_443
[INFO] [stdout] 
[INFO] [stdout] test result: FAILED. 0 passed; 3 failed; 0 ignored; 0 measured; 0 filtered out; finished in 0.13s
[INFO] [stdout] 
[INFO] [stderr] error: test failed, to rerun pass `-p e2e --lib`
[INFO] running `Command { std: "docker" "inspect" "0c7c0cf01c1209d09adae9e73c75accf721f8282c272aae986cfbe8bd19c27e4", kill_on_drop: false }`
[INFO] running `Command { std: "docker" "rm" "-f" "0c7c0cf01c1209d09adae9e73c75accf721f8282c272aae986cfbe8bd19c27e4", kill_on_drop: false }`
[INFO] [stdout] 0c7c0cf01c1209d09adae9e73c75accf721f8282c272aae986cfbe8bd19c27e4
