[INFO] cloning repository https://github.com/victorshevtsov/try-actions
[INFO] running `Command { std: "git" "-c" "credential.helper=" "-c" "credential.helper=/workspace/cargo-home/bin/git-credential-null" "clone" "--bare" "https://github.com/victorshevtsov/try-actions" "/workspace/cache/git-repos/https%3A%2F%2Fgithub.com%2Fvictorshevtsov%2Ftry-actions", kill_on_drop: false }`
[INFO] [stderr] Cloning into bare repository '/workspace/cache/git-repos/https%3A%2F%2Fgithub.com%2Fvictorshevtsov%2Ftry-actions'...
[INFO] running `Command { std: "git" "rev-parse" "HEAD", kill_on_drop: false }`
[INFO] [stdout] 8811ae8f26c7be880a65c043c000760122ef7264
[INFO] testing victorshevtsov/try-actions against beta-2024-12-08 for beta-1.84.0-4-retry
[INFO] running `Command { std: "git" "clone" "/workspace/cache/git-repos/https%3A%2F%2Fgithub.com%2Fvictorshevtsov%2Ftry-actions" "/workspace/builds/worker-6-tc2/source", kill_on_drop: false }`
[INFO] [stderr] Cloning into '/workspace/builds/worker-6-tc2/source'...
[INFO] [stderr] done.
[INFO] validating manifest of git repo https://github.com/victorshevtsov/try-actions on toolchain beta-2024-12-08
[INFO] running `Command { std: CARGO_HOME="/workspace/cargo-home" RUSTUP_HOME="/workspace/rustup-home" "/workspace/cargo-home/bin/cargo" "+beta-2024-12-08" "metadata" "--manifest-path" "Cargo.toml" "--no-deps", kill_on_drop: false }`
[INFO] started tweaking git repo https://github.com/victorshevtsov/try-actions
[INFO] finished tweaking git repo https://github.com/victorshevtsov/try-actions
[INFO] tweaked toml for git repo https://github.com/victorshevtsov/try-actions written to /workspace/builds/worker-6-tc2/source/Cargo.toml
[INFO] crate git repo https://github.com/victorshevtsov/try-actions already has a lockfile, it will not be regenerated
[INFO] running `Command { std: CARGO_HOME="/workspace/cargo-home" RUSTUP_HOME="/workspace/rustup-home" "/workspace/cargo-home/bin/cargo" "+beta-2024-12-08" "fetch" "--manifest-path" "Cargo.toml", kill_on_drop: false }`
[INFO] [stderr]     Blocking waiting for file lock on package cache
[INFO] running `Command { std: "docker" "create" "-v" "/var/lib/crater-agent-workspace/builds/worker-6-tc2/target:/opt/rustwide/target:rw,Z" "-v" "/var/lib/crater-agent-workspace/builds/worker-6-tc2/source:/opt/rustwide/workdir:ro,Z" "-v" "/var/lib/crater-agent-workspace/cargo-home:/opt/rustwide/cargo-home:ro,Z" "-v" "/var/lib/crater-agent-workspace/rustup-home:/opt/rustwide/rustup-home:ro,Z" "-e" "SOURCE_DIR=/opt/rustwide/workdir" "-e" "CARGO_TARGET_DIR=/opt/rustwide/target" "-e" "CARGO_HOME=/opt/rustwide/cargo-home" "-e" "RUSTUP_HOME=/opt/rustwide/rustup-home" "-w" "/opt/rustwide/workdir" "-m" "1610612736" "--user" "0:0" "--network" "none" "ghcr.io/rust-lang/crates-build-env/linux@sha256:f3a9d4ad9d972b27faf3965f35b62e55ba32bbce8f20bc8fe909558a86702fde" "/opt/rustwide/cargo-home/bin/cargo" "+beta-2024-12-08" "metadata" "--no-deps" "--format-version=1", kill_on_drop: false }`
[INFO] [stdout] 18cd355b622c61afa43c96d2320f59817d1f717adaf69fc903e3d1e2cbdb7f56
[INFO] running `Command { std: "docker" "start" "-a" "18cd355b622c61afa43c96d2320f59817d1f717adaf69fc903e3d1e2cbdb7f56", kill_on_drop: false }`
[INFO] running `Command { std: "docker" "inspect" "18cd355b622c61afa43c96d2320f59817d1f717adaf69fc903e3d1e2cbdb7f56", kill_on_drop: false }`
[INFO] running `Command { std: "docker" "rm" "-f" "18cd355b622c61afa43c96d2320f59817d1f717adaf69fc903e3d1e2cbdb7f56", kill_on_drop: false }`
[INFO] [stdout] 18cd355b622c61afa43c96d2320f59817d1f717adaf69fc903e3d1e2cbdb7f56
[INFO] running `Command { std: "docker" "create" "-v" "/var/lib/crater-agent-workspace/builds/worker-6-tc2/target:/opt/rustwide/target:rw,Z" "-v" "/var/lib/crater-agent-workspace/builds/worker-6-tc2/source:/opt/rustwide/workdir:ro,Z" "-v" "/var/lib/crater-agent-workspace/cargo-home:/opt/rustwide/cargo-home:ro,Z" "-v" "/var/lib/crater-agent-workspace/rustup-home:/opt/rustwide/rustup-home:ro,Z" "-e" "SOURCE_DIR=/opt/rustwide/workdir" "-e" "CARGO_TARGET_DIR=/opt/rustwide/target" "-e" "CARGO_INCREMENTAL=0" "-e" "RUST_BACKTRACE=full" "-e" "RUSTFLAGS=--cap-lints=warn" "-e" "RUSTDOCFLAGS=--cap-lints=warn" "-e" "CARGO_HOME=/opt/rustwide/cargo-home" "-e" "RUSTUP_HOME=/opt/rustwide/rustup-home" "-w" "/opt/rustwide/workdir" "-m" "1610612736" "--user" "0:0" "--network" "none" "ghcr.io/rust-lang/crates-build-env/linux@sha256:f3a9d4ad9d972b27faf3965f35b62e55ba32bbce8f20bc8fe909558a86702fde" "/opt/rustwide/cargo-home/bin/cargo" "+beta-2024-12-08" "build" "--frozen" "--message-format=json", kill_on_drop: false }`
[INFO] [stdout] 23c641372141e5b605dde0668911999114d530d630bf9a83c45f8883d65cfdd7
[INFO] running `Command { std: "docker" "start" "-a" "23c641372141e5b605dde0668911999114d530d630bf9a83c45f8883d65cfdd7", kill_on_drop: false }`
[INFO] [stderr]    Compiling libc v0.2.155
[INFO] [stderr]    Compiling once_cell v1.19.0
[INFO] [stderr]    Compiling cfg-if v1.0.0
[INFO] [stderr]    Compiling log v0.4.22
[INFO] [stderr]    Compiling proc-macro2 v1.0.86
[INFO] [stderr]    Compiling unicode-ident v1.0.12
[INFO] [stderr]    Compiling autocfg v1.3.0
[INFO] [stderr]    Compiling pin-project-lite v0.2.14
[INFO] [stderr]    Compiling smallvec v1.13.2
[INFO] [stderr]    Compiling either v1.13.0
[INFO] [stderr]    Compiling serde v1.0.203
[INFO] [stderr]    Compiling equivalent v1.0.1
[INFO] [stderr]    Compiling hashbrown v0.14.5
[INFO] [stderr]    Compiling crossbeam-utils v0.8.20
[INFO] [stderr]    Compiling version_check v0.9.4
[INFO] [stderr]    Compiling pkg-config v0.3.30
[INFO] [stderr]    Compiling bytes v1.6.0
[INFO] [stderr]    Compiling indexmap v2.2.6
[INFO] [stderr]    Compiling futures-core v0.3.30
[INFO] [stderr]    Compiling jobserver v0.1.31
[INFO] [stderr]    Compiling cc v1.0.104
[INFO] [stderr]    Compiling quote v1.0.36
[INFO] [stderr]    Compiling lock_api v0.4.12
[INFO] [stderr]    Compiling memchr v2.7.4
[INFO] [stderr]    Compiling syn v2.0.68
[INFO] [stderr]    Compiling parking_lot_core v0.9.10
[INFO] [stderr]    Compiling getrandom v0.2.15
[INFO] [stderr]    Compiling anyhow v1.0.86
[INFO] [stderr]    Compiling futures-sink v0.3.30
[INFO] [stderr]    Compiling rayon-core v1.12.1
[INFO] [stderr]    Compiling crossbeam-epoch v0.9.18
[INFO] [stderr]    Compiling scopeguard v1.2.0
[INFO] [stderr]    Compiling crossbeam-deque v0.8.5
[INFO] [stderr]    Compiling heck v0.5.0
[INFO] [stderr]    Compiling parking_lot v0.12.3
[INFO] [stderr]    Compiling crossbeam-channel v0.5.13
[INFO] [stderr]    Compiling crossbeam-queue v0.3.11
[INFO] [stderr]    Compiling mio v0.8.11
[INFO] [stderr]    Compiling signal-hook-registry v1.4.2
[INFO] [stderr]    Compiling socket2 v0.5.7
[INFO] [stderr]    Compiling slab v0.4.9
[INFO] [stderr]    Compiling typenum v1.17.0
[INFO] [stderr]    Compiling target-lexicon v0.12.14
[INFO] [stderr]    Compiling itoa v1.0.11
[INFO] [stderr]    Compiling tokio v1.38.0
[INFO] [stderr]    Compiling rayon v1.10.0
[INFO] [stderr]    Compiling crossbeam v0.8.4
[INFO] [stderr]    Compiling serde_spanned v0.6.6
[INFO] [stderr]    Compiling toml_datetime v0.6.6
[INFO] [stderr]    Compiling generic-array v0.14.7
[INFO] [stderr]    Compiling itertools v0.12.1
[INFO] [stderr]    Compiling same-file v1.0.6
[INFO] [stderr]    Compiling winnow v0.6.13
[INFO] [stderr]    Compiling walkdir v2.5.0
[INFO] [stderr]    Compiling ring v0.17.8
[INFO] [stderr]    Compiling zstd-sys v2.0.12+zstd.1.5.6
[INFO] [stderr]    Compiling futures-channel v0.3.30
[INFO] [stderr]    Compiling tracing-core v0.1.32
[INFO] [stderr]    Compiling futures-task v0.3.30
[INFO] [stderr]    Compiling pin-utils v0.1.0
[INFO] [stderr]    Compiling futures-io v0.3.30
[INFO] [stderr]    Compiling rustix v0.38.34
[INFO] [stderr]    Compiling tracing v0.1.40
[INFO] [stderr]    Compiling jwalk v0.8.1
[INFO] [stderr]    Compiling toml_edit v0.22.14
[INFO] [stderr]    Compiling dircpy v0.3.16
[INFO] [stderr]    Compiling cfg-expr v0.15.8
[INFO] [stderr]    Compiling version-compare v0.2.0
[INFO] [stderr]    Compiling linux-raw-sys v0.4.14
[INFO] [stderr]    Compiling regex-syntax v0.8.4
[INFO] [stderr]    Compiling bitflags v2.6.0
[INFO] [stderr]    Compiling paste v1.0.15
[INFO] [stderr]    Compiling prettyplease v0.2.20
[INFO] [stderr]    Compiling percent-encoding v2.3.1
[INFO] [stderr]    Compiling zeromq-src v0.2.6+4.3.4
[INFO] [stderr]    Compiling untrusted v0.9.0
[INFO] [stderr]    Compiling tinyvec_macros v0.1.1
[INFO] [stderr]    Compiling fixedbitset v0.4.2
[INFO] [stderr]    Compiling regex-automata v0.4.7
[INFO] [stderr]    Compiling futures-macro v0.3.30
[INFO] [stderr]    Compiling prost-derive v0.12.6
[INFO] [stderr]    Compiling toml v0.8.14
[INFO] [stderr]    Compiling futures-util v0.3.30
[INFO] [stderr]    Compiling system-deps v6.2.2
[INFO] [stderr]    Compiling alloc-no-stdlib v2.0.4
[INFO] [stderr]    Compiling local-waker v0.1.4
[INFO] [stderr]    Compiling fastrand v2.1.0
[INFO] [stderr]    Compiling spin v0.9.8
[INFO] [stderr]    Compiling fnv v1.0.7
[INFO] [stderr]    Compiling zstd-safe v7.2.0
[INFO] [stderr]    Compiling prost v0.12.6
[INFO] [stderr]    Compiling tempfile v3.10.1
[INFO] [stderr]    Compiling http v0.2.12
[INFO] [stderr]    Compiling alloc-stdlib v0.2.2
[INFO] [stderr]    Compiling zmq-sys v0.12.0
[INFO] [stderr]    Compiling regex v1.10.5
[INFO] [stderr]    Compiling tokio-util v0.7.11
[INFO] [stderr]    Compiling prost-types v0.12.6
[INFO] [stderr]    Compiling petgraph v0.6.5
[INFO] [stderr]    Compiling tinyvec v1.7.0
[INFO] [stderr]    Compiling crypto-common v0.1.6
[INFO] [stderr]    Compiling block-buffer v0.10.4
[INFO] [stderr]    Compiling aho-corasick v1.1.3
[INFO] [stderr]    Compiling rand_core v0.6.4
[INFO] [stderr]    Compiling ahash v0.8.11
[INFO] [stderr]    Compiling num-conv v0.1.0
[INFO] [stderr]    Compiling httparse v1.9.4
[INFO] [stderr]    Compiling ppv-lite86 v0.2.17
[INFO] [stderr]    Compiling adler v1.0.2
[INFO] [stderr]    Compiling powerfmt v0.2.0
[INFO] [stderr]    Compiling regex-lite v0.1.6
[INFO] [stderr]    Compiling time-core v0.1.2
[INFO] [stderr]    Compiling multimap v0.10.0
[INFO] [stderr]    Compiling time-macros v0.2.18
[INFO] [stderr]    Compiling deranged v0.3.11
[INFO] [stderr]    Compiling prost-build v0.12.6
[INFO] [stderr]    Compiling rand_chacha v0.3.1
[INFO] [stderr]    Compiling miniz_oxide v0.7.4
[INFO] [stderr]    Compiling digest v0.10.7
[INFO] [stderr]    Compiling actix-service v2.0.2
[INFO] [stderr]    Compiling unicode-normalization v0.1.23
[INFO] [stderr]    Compiling brotli-decompressor v4.0.1
[INFO] [stderr]    Compiling actix-utils v3.0.1
[INFO] [stderr]    Compiling actix-rt v2.10.0
[INFO] [stderr]    Compiling form_urlencoded v1.2.1
[INFO] [stderr]    Compiling bytestring v1.3.1
[INFO] [stderr]    Compiling cookie v0.16.2
[INFO] [stderr]    Compiling crc32fast v1.4.2
[INFO] [stderr]    Compiling ryu v1.0.18
[INFO] [stderr]    Compiling zerocopy v0.7.35
[INFO] [stderr]    Compiling serde_json v1.0.120
[INFO] [stderr]    Compiling convert_case v0.4.0
[INFO] [stderr]    Compiling unicode-bidi v0.3.15
[INFO] [stderr]    Compiling cpufeatures v0.2.12
[INFO] [stderr]    Compiling rustls v0.21.12
[INFO] [stderr]    Compiling sha1 v0.10.6
[INFO] [stderr]    Compiling derive_more v0.99.18
[INFO] [stderr]    Compiling actix-codec v0.5.2
[INFO] [stderr]    Compiling idna v0.5.0
[INFO] [stderr]    Compiling flate2 v1.0.30
[INFO] [stderr]    Compiling brotli v6.0.0
[INFO] [stderr]    Compiling actix-router v0.5.3
[INFO] [stderr]    Compiling time v0.3.36
[INFO] [stderr]    Compiling protobuf-zmq-rust-generator v0.1.1
[INFO] [stderr]    Compiling rand v0.8.5
[INFO] [stderr]    Compiling h2 v0.3.26
[INFO] [stderr]    Compiling zstd v0.13.2
[INFO] [stderr]    Compiling rustls-webpki v0.101.7
[INFO] [stderr]    Compiling sct v0.7.1
[INFO] [stderr]    Compiling local-channel v0.1.5
[INFO] [stderr]    Compiling pathsearch v0.2.0
[INFO] [stderr]    Compiling encoding_rs v0.8.34
[INFO] [stderr]    Compiling base64 v0.22.1
[INFO] [stderr]    Compiling language-tags v0.3.2
[INFO] [stderr]    Compiling zmq v0.10.0
[INFO] [stderr]    Compiling mime v0.3.17
[INFO] [stderr]    Compiling httpdate v1.0.3
[INFO] [stderr]    Compiling try-actions v0.1.0 (/opt/rustwide/workdir)
[INFO] [stdout] warning: unused import: `protobuf_zmq_rust_generator::ZmqServerGenerator`
[INFO] [stdout]  --> build.rs:2:5
[INFO] [stdout]   |
[INFO] [stdout] 2 | use protobuf_zmq_rust_generator::ZmqServerGenerator;
[INFO] [stdout]   |     ^^^^^^^^^^^^^^^^^^^^^^^^^^^^^^^^^^^^^^^^^^^^^^^
[INFO] [stdout]   |
[INFO] [stdout]   = note: `#[warn(unused_imports)]` on by default
[INFO] [stdout] 
[INFO] [stdout] 
[INFO] [stderr]    Compiling actix-web-codegen v4.3.0
[INFO] [stderr]    Compiling url v2.5.2
[INFO] [stderr]    Compiling serde_urlencoded v0.7.1
[INFO] [stderr]    Compiling actix-server v2.4.0
[INFO] [stderr]    Compiling futures-executor v0.3.30
[INFO] [stderr]    Compiling actix-macros v0.2.4
[INFO] [stderr]    Compiling bitflags v1.3.2
[INFO] [stderr]    Compiling futures v0.3.30
[INFO] [stderr] warning: try-actions@0.1.0: Found protoc compiler at /usr/bin/protoc
[INFO] [stderr]    Compiling tokio-rustls v0.24.1
[INFO] [stderr]    Compiling actix-http v3.8.0
[INFO] [stderr]    Compiling actix-web v4.8.0
[INFO] [stderr] warning: zmq-sys@0.12.0: /opt/rustwide/cargo-home/registry/src/index.crates.io-6f17d22bba15001f/zeromq-src-0.2.6+4.3.4/vendor/src/ip.cpp: In function 'void zmq::set_socket_priority(zmq::fd_t, int)':
[INFO] [stderr] warning: zmq-sys@0.12.0: /opt/rustwide/cargo-home/registry/src/index.crates.io-6f17d22bba15001f/zeromq-src-0.2.6+4.3.4/vendor/src/ip.cpp:233:37: warning: unused parameter 's_' [-Wunused-parameter]
[INFO] [stderr] warning: zmq-sys@0.12.0:   233 | void zmq::set_socket_priority (fd_t s_, int priority_)
[INFO] [stderr] warning: zmq-sys@0.12.0:       |                                ~~~~~^~
[INFO] [stderr] warning: zmq-sys@0.12.0: /opt/rustwide/cargo-home/registry/src/index.crates.io-6f17d22bba15001f/zeromq-src-0.2.6+4.3.4/vendor/src/ip.cpp:233:45: warning: unused parameter 'priority_' [-Wunused-parameter]
[INFO] [stderr] warning: zmq-sys@0.12.0:   233 | void zmq::set_socket_priority (fd_t s_, int priority_)
[INFO] [stderr] warning: zmq-sys@0.12.0:       |                                         ~~~~^~~~~~~~~
[INFO] [stderr] warning: zmq-sys@0.12.0: /opt/rustwide/cargo-home/registry/src/index.crates.io-6f17d22bba15001f/zeromq-src-0.2.6+4.3.4/vendor/src/session_base.cpp: In member function 'void zmq::session_base_t::engine_error(bool, zmq::i_engine::error_reason_t)':
[INFO] [stderr] warning: zmq-sys@0.12.0: /opt/rustwide/cargo-home/registry/src/index.crates.io-6f17d22bba15001f/zeromq-src-0.2.6+4.3.4/vendor/src/session_base.cpp:453:46: warning: unused parameter 'handshaked_' [-Wunused-parameter]
[INFO] [stderr] warning: zmq-sys@0.12.0:   453 | void zmq::session_base_t::engine_error (bool handshaked_,
[INFO] [stderr] warning: zmq-sys@0.12.0:       |                                         ~~~~~^~~~~~~~~~~
[INFO] [stderr] warning: zmq-sys@0.12.0: /opt/rustwide/cargo-home/registry/src/index.crates.io-6f17d22bba15001f/zeromq-src-0.2.6+4.3.4/vendor/src/session_base.cpp:481:13: warning: this statement may fall through [-Wimplicit-fallthrough=]
[INFO] [stderr] warning: zmq-sys@0.12.0:   481 |             if (_active) {
[INFO] [stderr] warning: zmq-sys@0.12.0:       |             ^~
[INFO] [stderr] warning: zmq-sys@0.12.0: /opt/rustwide/cargo-home/registry/src/index.crates.io-6f17d22bba15001f/zeromq-src-0.2.6+4.3.4/vendor/src/session_base.cpp:486:9: note: here
[INFO] [stderr] warning: zmq-sys@0.12.0:   486 |         case i_engine::protocol_error:
[INFO] [stderr] warning: zmq-sys@0.12.0:       |         ^~~~
[INFO] [stderr] warning: zmq-sys@0.12.0: In file included from /opt/rustwide/cargo-home/registry/src/index.crates.io-6f17d22bba15001f/zeromq-src-0.2.6+4.3.4/vendor/src/tipc_address.hpp:33,
[INFO] [stderr] warning: zmq-sys@0.12.0:                  from /opt/rustwide/cargo-home/registry/src/index.crates.io-6f17d22bba15001f/zeromq-src-0.2.6+4.3.4/vendor/src/tipc_address.cpp:32:
[INFO] [stderr] warning: zmq-sys@0.12.0: /usr/include/c++/11/string:113:1: fatal error: error writing to /tmp/cc6PUoRl.s: No space left on device
[INFO] [stderr] warning: zmq-sys@0.12.0:   113 | } // namespace std
[INFO] [stderr] warning: zmq-sys@0.12.0:       | ^
[INFO] [stderr] warning: zmq-sys@0.12.0: compilation terminated.
[INFO] [stderr] warning: zmq-sys@0.12.0: /opt/rustwide/cargo-home/registry/src/index.crates.io-6f17d22bba15001f/zeromq-src-0.2.6+4.3.4/vendor/src/stream.cpp:291:1: fatal error: error writing to /tmp/cc8n64OA.s: No space left on device
[INFO] [stderr] warning: zmq-sys@0.12.0:   291 | }
[INFO] [stderr] warning: zmq-sys@0.12.0:       | ^
[INFO] [stderr] warning: zmq-sys@0.12.0: compilation terminated.
[INFO] [stderr] warning: zmq-sys@0.12.0: ToolExecError: Command "c++" "-O0" "-ffunction-sections" "-fdata-sections" "-fPIC" "-gdwarf-4" "-fno-omit-frame-pointer" "-m64" "-I" "/opt/rustwide/cargo-home/registry/src/index.crates.io-6f17d22bba15001f/zeromq-src-0.2.6+4.3.4/vendor/include" "-I" "/opt/rustwide/cargo-home/registry/src/index.crates.io-6f17d22bba15001f/zeromq-src-0.2.6+4.3.4/vendor/src" "-I" "/opt/rustwide/cargo-home/registry/src/index.crates.io-6f17d22bba15001f/zeromq-src-0.2.6+4.3.4/vendor/src" "-I" "/opt/rustwide/cargo-home/registry/src/index.crates.io-6f17d22bba15001f/zeromq-src-0.2.6+4.3.4/vendor/external/sha1" "-I" "/opt/rustwide/target/debug/build/zmq-sys-055d47bf589ef045/out" "-Wall" "-Wextra" "-DZMQ_BUILD_TESTS=OFF" "-DZMQ_USE_CV_IMPL_STL11=1" "-DZMQ_STATIC=1" "-DZMQ_USE_BUILTIN_SHA1=1" "-DZMQ_HAVE_WS=1" "-DZMQ_IOTHREAD_POLLER_USE_EPOLL=1" "-DZMQ_POLL_BASED_ON_POLL=1" "-DZMQ_HAVE_IPC=1" "-DHAVE_STRNLEN=1" "-DZMQ_HAVE_UIO=1" "-o" "/opt/rustwide/target/debug/build/zmq-sys-055d47bf589ef045/out/lib/eabcc89cc7b79605-stream.o" "-c" "/opt/rustwide/cargo-home/registry/src/index.crates.io-6f17d22bba15001f/zeromq-src-0.2.6+4.3.4/vendor/src/stream.cpp" with args c++ did not execute successfully (status code exit status: 1).
[INFO] [stderr] warning: zmq-sys@0.12.0: ToolExecError: Command "c++" "-O0" "-ffunction-sections" "-fdata-sections" "-fPIC" "-gdwarf-4" "-fno-omit-frame-pointer" "-m64" "-I" "/opt/rustwide/cargo-home/registry/src/index.crates.io-6f17d22bba15001f/zeromq-src-0.2.6+4.3.4/vendor/include" "-I" "/opt/rustwide/cargo-home/registry/src/index.crates.io-6f17d22bba15001f/zeromq-src-0.2.6+4.3.4/vendor/src" "-I" "/opt/rustwide/cargo-home/registry/src/index.crates.io-6f17d22bba15001f/zeromq-src-0.2.6+4.3.4/vendor/src" "-I" "/opt/rustwide/cargo-home/registry/src/index.crates.io-6f17d22bba15001f/zeromq-src-0.2.6+4.3.4/vendor/external/sha1" "-I" "/opt/rustwide/target/debug/build/zmq-sys-055d47bf589ef045/out" "-Wall" "-Wextra" "-DZMQ_BUILD_TESTS=OFF" "-DZMQ_USE_CV_IMPL_STL11=1" "-DZMQ_STATIC=1" "-DZMQ_USE_BUILTIN_SHA1=1" "-DZMQ_HAVE_WS=1" "-DZMQ_IOTHREAD_POLLER_USE_EPOLL=1" "-DZMQ_POLL_BASED_ON_POLL=1" "-DZMQ_HAVE_IPC=1" "-DHAVE_STRNLEN=1" "-DZMQ_HAVE_UIO=1" "-o" "/opt/rustwide/target/debug/build/zmq-sys-055d47bf589ef045/out/lib/eabcc89cc7b79605-tipc_address.o" "-c" "/opt/rustwide/cargo-home/registry/src/index.crates.io-6f17d22bba15001f/zeromq-src-0.2.6+4.3.4/vendor/src/tipc_address.cpp" with args c++ did not execute successfully (status code exit status: 1).
[INFO] [stderr] warning: zmq-sys@0.12.0: /opt/rustwide/cargo-home/registry/src/index.crates.io-6f17d22bba15001f/zeromq-src-0.2.6+4.3.4/vendor/src/zmtp_engine.cpp: In member function 'bool zmq::zmtp_engine_t::handshake_v3_x(bool)':
[INFO] [stderr] warning: zmq-sys@0.12.0: /opt/rustwide/cargo-home/registry/src/index.crates.io-6f17d22bba15001f/zeromq-src-0.2.6+4.3.4/vendor/src/zmtp_engine.cpp:345:53: warning: unused parameter 'downgrade_sub_' [-Wunused-parameter]
[INFO] [stderr] warning: zmq-sys@0.12.0:   345 | bool zmq::zmtp_engine_t::handshake_v3_x (const bool downgrade_sub_)
[INFO] [stderr] warning: zmq-sys@0.12.0:       |                                          ~~~~~~~~~~~^~~~~~~~~~~~~~
[INFO] [stderr] error: failed to run custom build command for `zmq-sys v0.12.0`
[INFO] [stderr] note: To improve backtraces for build dependencies, set the CARGO_PROFILE_DEV_BUILD_OVERRIDE_DEBUG=true environment variable to enable debug information generation.
[INFO] [stderr] 
[INFO] [stderr] Caused by:
[INFO] [stderr]   process didn't exit successfully: `/opt/rustwide/target/debug/build/zmq-sys-f3ff7dc4327d0f86/build-script-main` (exit status: 1)
[INFO] [stderr]   --- stdout
[INFO] [stderr]   cargo:rerun-if-changed=build/main.rs
[INFO] [stderr]   cargo:rerun-if-env-changed=PROFILE
[INFO] [stderr]   cargo:rerun-if-changed=/opt/rustwide/cargo-home/registry/src/index.crates.io-6f17d22bba15001f/zeromq-src-0.2.6+4.3.4/src/strlcpy.c
[INFO] [stderr]   OPT_LEVEL = Some(0)
[INFO] [stderr]   TARGET = Some(x86_64-unknown-linux-gnu)
[INFO] [stderr]   OUT_DIR = Some(/opt/rustwide/target/debug/build/zmq-sys-055d47bf589ef045/out)
[INFO] [stderr]   HOST = Some(x86_64-unknown-linux-gnu)
[INFO] [stderr]   cargo:rerun-if-env-changed=CC_x86_64-unknown-linux-gnu
[INFO] [stderr]   CC_x86_64-unknown-linux-gnu = None
[INFO] [stderr]   cargo:rerun-if-env-changed=CC_x86_64_unknown_linux_gnu
[INFO] [stderr]   CC_x86_64_unknown_linux_gnu = None
[INFO] [stderr]   cargo:rerun-if-env-changed=HOST_CC
[INFO] [stderr]   HOST_CC = None
[INFO] [stderr]   cargo:rerun-if-env-changed=CC
[INFO] [stderr]   CC = None
[INFO] [stderr]   cargo:rerun-if-env-changed=CC_ENABLE_DEBUG_OUTPUT
[INFO] [stderr]   RUSTC_WRAPPER = None
[INFO] [stderr]   cargo:rerun-if-env-changed=CRATE_CC_NO_DEFAULTS
[INFO] [stderr]   CRATE_CC_NO_DEFAULTS = None
[INFO] [stderr]   DEBUG = Some(true)
[INFO] [stderr]   CARGO_CFG_TARGET_FEATURE = Some(fxsr,sse,sse2)
[INFO] [stderr]   cargo:rerun-if-env-changed=CFLAGS_x86_64-unknown-linux-gnu
[INFO] [stderr]   CFLAGS_x86_64-unknown-linux-gnu = None
[INFO] [stderr]   cargo:rerun-if-env-changed=CFLAGS_x86_64_unknown_linux_gnu
[INFO] [stderr]   CFLAGS_x86_64_unknown_linux_gnu = None
[INFO] [stderr]   cargo:rerun-if-env-changed=HOST_CFLAGS
[INFO] [stderr]   HOST_CFLAGS = None
[INFO] [stderr]   cargo:rerun-if-env-changed=CFLAGS
[INFO] [stderr]   CFLAGS = None
[INFO] [stderr]   TARGET = Some(x86_64-unknown-linux-gnu)
[INFO] [stderr]   OPT_LEVEL = Some(0)
[INFO] [stderr]   HOST = Some(x86_64-unknown-linux-gnu)
[INFO] [stderr]   cargo:rerun-if-env-changed=CXX_x86_64-unknown-linux-gnu
[INFO] [stderr]   CXX_x86_64-unknown-linux-gnu = None
[INFO] [stderr]   cargo:rerun-if-env-changed=CXX_x86_64_unknown_linux_gnu
[INFO] [stderr]   CXX_x86_64_unknown_linux_gnu = None
[INFO] [stderr]   cargo:rerun-if-env-changed=HOST_CXX
[INFO] [stderr]   HOST_CXX = None
[INFO] [stderr]   cargo:rerun-if-env-changed=CXX
[INFO] [stderr]   CXX = None
[INFO] [stderr]   cargo:rerun-if-env-changed=CC_ENABLE_DEBUG_OUTPUT
[INFO] [stderr]   RUSTC_WRAPPER = None
[INFO] [stderr]   cargo:rerun-if-env-changed=CRATE_CC_NO_DEFAULTS
[INFO] [stderr]   CRATE_CC_NO_DEFAULTS = None
[INFO] [stderr]   DEBUG = Some(true)
[INFO] [stderr]   CARGO_CFG_TARGET_FEATURE = Some(fxsr,sse,sse2)
[INFO] [stderr]   cargo:rerun-if-env-changed=CXXFLAGS_x86_64-unknown-linux-gnu
[INFO] [stderr]   CXXFLAGS_x86_64-unknown-linux-gnu = None
[INFO] [stderr]   cargo:rerun-if-env-changed=CXXFLAGS_x86_64_unknown_linux_gnu
[INFO] [stderr]   CXXFLAGS_x86_64_unknown_linux_gnu = None
[INFO] [stderr]   cargo:rerun-if-env-changed=HOST_CXXFLAGS
[INFO] [stderr]   HOST_CXXFLAGS = None
[INFO] [stderr]   cargo:rerun-if-env-changed=CXXFLAGS
[INFO] [stderr]   CXXFLAGS = None
[INFO] [stderr]   exit status: 0
[INFO] [stderr]   exit status: 0
[INFO] [stderr]   exit status: 0
[INFO] [stderr]   exit status: 0
[INFO] [stderr]   exit status: 0
[INFO] [stderr]   exit status: 0
[INFO] [stderr]   exit status: 0
[INFO] [stderr]   exit status: 0
[INFO] [stderr]   exit status: 0
[INFO] [stderr]   exit status: 0
[INFO] [stderr]   exit status: 0
[INFO] [stderr]   exit status: 0
[INFO] [stderr]   exit status: 0
[INFO] [stderr]   exit status: 0
[INFO] [stderr]   exit status: 0
[INFO] [stderr]   exit status: 0
[INFO] [stderr]   cargo:warning=/opt/rustwide/cargo-home/registry/src/index.crates.io-6f17d22bba15001f/zeromq-src-0.2.6+4.3.4/vendor/src/ip.cpp: In function 'void zmq::set_socket_priority(zmq::fd_t, int)':
[INFO] [stderr]   cargo:warning=/opt/rustwide/cargo-home/registry/src/index.crates.io-6f17d22bba15001f/zeromq-src-0.2.6+4.3.4/vendor/src/ip.cpp:233:37: warning: unused parameter 's_' [-Wunused-parameter]
[INFO] [stderr]   cargo:warning=  233 | void zmq::set_socket_priority (fd_t s_, int priority_)
[INFO] [stderr]   cargo:warning=      |                                ~~~~~^~
[INFO] [stderr]   cargo:warning=/opt/rustwide/cargo-home/registry/src/index.crates.io-6f17d22bba15001f/zeromq-src-0.2.6+4.3.4/vendor/src/ip.cpp:233:45: warning: unused parameter 'priority_' [-Wunused-parameter]
[INFO] [stderr]   cargo:warning=  233 | void zmq::set_socket_priority (fd_t s_, int priority_)
[INFO] [stderr]   cargo:warning=      |                                         ~~~~^~~~~~~~~
[INFO] [stderr]   exit status: 0
[INFO] [stderr]   exit status: 0
[INFO] [stderr]   exit status: 0
[INFO] [stderr]   exit status: 0
[INFO] [stderr]   exit status: 0
[INFO] [stderr]   exit status: 0
[INFO] [stderr]   exit status: 0
[INFO] [stderr]   exit status: 0
[INFO] [stderr]   exit status: 0
[INFO] [stderr]   exit status: 0
[INFO] [stderr]   exit status: 0
[INFO] [stderr]   exit status: 0
[INFO] [stderr]   exit status: 0
[INFO] [stderr]   exit status: 0
[INFO] [stderr]   exit status: 0
[INFO] [stderr]   exit status: 0
[INFO] [stderr]   exit status: 0
[INFO] [stderr]   exit status: 0
[INFO] [stderr]   exit status: 0
[INFO] [stderr]   exit status: 0
[INFO] [stderr]   exit status: 0
[INFO] [stderr]   exit status: 0
[INFO] [stderr]   exit status: 0
[INFO] [stderr]   exit status: 0
[INFO] [stderr]   exit status: 0
[INFO] [stderr]   exit status: 0
[INFO] [stderr]   exit status: 0
[INFO] [stderr]   exit status: 0
[INFO] [stderr]   exit status: 0
[INFO] [stderr]   exit status: 0
[INFO] [stderr]   exit status: 0
[INFO] [stderr]   exit status: 0
[INFO] [stderr]   exit status: 0
[INFO] [stderr]   exit status: 0
[INFO] [stderr]   exit status: 0
[INFO] [stderr]   exit status: 0
[INFO] [stderr]   exit status: 0
[INFO] [stderr]   exit status: 0
[INFO] [stderr]   exit status: 0
[INFO] [stderr]   exit status: 0
[INFO] [stderr]   exit status: 0
[INFO] [stderr]   exit status: 0
[INFO] [stderr]   exit status: 0
[INFO] [stderr]   exit status: 0
[INFO] [stderr]   exit status: 0
[INFO] [stderr]   exit status: 0
[INFO] [stderr]   exit status: 0
[INFO] [stderr]   exit status: 0
[INFO] [stderr]   exit status: 0
[INFO] [stderr]   exit status: 0
[INFO] [stderr]   exit status: 0
[INFO] [stderr]   exit status: 0
[INFO] [stderr]   exit status: 0
[INFO] [stderr]   exit status: 0
[INFO] [stderr]   exit status: 0
[INFO] [stderr]   exit status: 0
[INFO] [stderr]   cargo:warning=/opt/rustwide/cargo-home/registry/src/index.crates.io-6f17d22bba15001f/zeromq-src-0.2.6+4.3.4/vendor/src/session_base.cpp: In member function 'void zmq::session_base_t::engine_error(bool, zmq::i_engine::error_reason_t)':
[INFO] [stderr]   cargo:warning=/opt/rustwide/cargo-home/registry/src/index.crates.io-6f17d22bba15001f/zeromq-src-0.2.6+4.3.4/vendor/src/session_base.cpp:453:46: warning: unused parameter 'handshaked_' [-Wunused-parameter]
[INFO] [stderr]   cargo:warning=  453 | void zmq::session_base_t::engine_error (bool handshaked_,
[INFO] [stderr]   cargo:warning=      |                                         ~~~~~^~~~~~~~~~~
[INFO] [stderr]   cargo:warning=/opt/rustwide/cargo-home/registry/src/index.crates.io-6f17d22bba15001f/zeromq-src-0.2.6+4.3.4/vendor/src/session_base.cpp:481:13: warning: this statement may fall through [-Wimplicit-fallthrough=]
[INFO] [stderr]   cargo:warning=  481 |             if (_active) {
[INFO] [stderr]   cargo:warning=      |             ^~
[INFO] [stderr]   cargo:warning=/opt/rustwide/cargo-home/registry/src/index.crates.io-6f17d22bba15001f/zeromq-src-0.2.6+4.3.4/vendor/src/session_base.cpp:486:9: note: here
[INFO] [stderr]   cargo:warning=  486 |         case i_engine::protocol_error:
[INFO] [stderr]   cargo:warning=      |         ^~~~
[INFO] [stderr]   exit status: 0
[INFO] [stderr]   exit status: 0
[INFO] [stderr]   exit status: 0
[INFO] [stderr]   exit status: 0
[INFO] [stderr]   exit status: 0
[INFO] [stderr]   exit status: 0
[INFO] [stderr]   exit status: 0
[INFO] [stderr]   exit status: 0
[INFO] [stderr]   cargo:warning=In file included from /opt/rustwide/cargo-home/registry/src/index.crates.io-6f17d22bba15001f/zeromq-src-0.2.6+4.3.4/vendor/src/tipc_address.hpp:33,
[INFO] [stderr]   cargo:warning=                 from /opt/rustwide/cargo-home/registry/src/index.crates.io-6f17d22bba15001f/zeromq-src-0.2.6+4.3.4/vendor/src/tipc_address.cpp:32:
[INFO] [stderr]   cargo:warning=/usr/include/c++/11/string:113:1: fatal error: error writing to /tmp/cc6PUoRl.s: No space left on device
[INFO] [stderr]   cargo:warning=  113 | } // namespace std
[INFO] [stderr]   cargo:warning=      | ^
[INFO] [stderr]   cargo:warning=compilation terminated.
[INFO] [stderr]   cargo:warning=/opt/rustwide/cargo-home/registry/src/index.crates.io-6f17d22bba15001f/zeromq-src-0.2.6+4.3.4/vendor/src/stream.cpp:291:1: fatal error: error writing to /tmp/cc8n64OA.s: No space left on device
[INFO] [stderr]   cargo:warning=  291 | }
[INFO] [stderr]   cargo:warning=      | ^
[INFO] [stderr]   cargo:warning=compilation terminated.
[INFO] [stderr]   exit status: 0
[INFO] [stderr]   exit status: 0
[INFO] [stderr]   exit status: 0
[INFO] [stderr]   exit status: 0
[INFO] [stderr]   exit status: 0
[INFO] [stderr]   exit status: 0
[INFO] [stderr]   exit status: 0
[INFO] [stderr]   exit status: 1
[INFO] [stderr]   cargo:warning=ToolExecError: Command "c++" "-O0" "-ffunction-sections" "-fdata-sections" "-fPIC" "-gdwarf-4" "-fno-omit-frame-pointer" "-m64" "-I" "/opt/rustwide/cargo-home/registry/src/index.crates.io-6f17d22bba15001f/zeromq-src-0.2.6+4.3.4/vendor/include" "-I" "/opt/rustwide/cargo-home/registry/src/index.crates.io-6f17d22bba15001f/zeromq-src-0.2.6+4.3.4/vendor/src" "-I" "/opt/rustwide/cargo-home/registry/src/index.crates.io-6f17d22bba15001f/zeromq-src-0.2.6+4.3.4/vendor/src" "-I" "/opt/rustwide/cargo-home/registry/src/index.crates.io-6f17d22bba15001f/zeromq-src-0.2.6+4.3.4/vendor/external/sha1" "-I" "/opt/rustwide/target/debug/build/zmq-sys-055d47bf589ef045/out" "-Wall" "-Wextra" "-DZMQ_BUILD_TESTS=OFF" "-DZMQ_USE_CV_IMPL_STL11=1" "-DZMQ_STATIC=1" "-DZMQ_USE_BUILTIN_SHA1=1" "-DZMQ_HAVE_WS=1" "-DZMQ_IOTHREAD_POLLER_USE_EPOLL=1" "-DZMQ_POLL_BASED_ON_POLL=1" "-DZMQ_HAVE_IPC=1" "-DHAVE_STRNLEN=1" "-DZMQ_HAVE_UIO=1" "-o" "/opt/rustwide/target/debug/build/zmq-sys-055d47bf589ef045/out/lib/eabcc89cc7b79605-stream.o" "-c" "/opt/rustwide/cargo-home/registry/src/index.crates.io-6f17d22bba15001f/zeromq-src-0.2.6+4.3.4/vendor/src/stream.cpp" with args c++ did not execute successfully (status code exit status: 1).
[INFO] [stderr]   exit status: 1
[INFO] [stderr]   cargo:warning=ToolExecError: Command "c++" "-O0" "-ffunction-sections" "-fdata-sections" "-fPIC" "-gdwarf-4" "-fno-omit-frame-pointer" "-m64" "-I" "/opt/rustwide/cargo-home/registry/src/index.crates.io-6f17d22bba15001f/zeromq-src-0.2.6+4.3.4/vendor/include" "-I" "/opt/rustwide/cargo-home/registry/src/index.crates.io-6f17d22bba15001f/zeromq-src-0.2.6+4.3.4/vendor/src" "-I" "/opt/rustwide/cargo-home/registry/src/index.crates.io-6f17d22bba15001f/zeromq-src-0.2.6+4.3.4/vendor/src" "-I" "/opt/rustwide/cargo-home/registry/src/index.crates.io-6f17d22bba15001f/zeromq-src-0.2.6+4.3.4/vendor/external/sha1" "-I" "/opt/rustwide/target/debug/build/zmq-sys-055d47bf589ef045/out" "-Wall" "-Wextra" "-DZMQ_BUILD_TESTS=OFF" "-DZMQ_USE_CV_IMPL_STL11=1" "-DZMQ_STATIC=1" "-DZMQ_USE_BUILTIN_SHA1=1" "-DZMQ_HAVE_WS=1" "-DZMQ_IOTHREAD_POLLER_USE_EPOLL=1" "-DZMQ_POLL_BASED_ON_POLL=1" "-DZMQ_HAVE_IPC=1" "-DHAVE_STRNLEN=1" "-DZMQ_HAVE_UIO=1" "-o" "/opt/rustwide/target/debug/build/zmq-sys-055d47bf589ef045/out/lib/eabcc89cc7b79605-tipc_address.o" "-c" "/opt/rustwide/cargo-home/registry/src/index.crates.io-6f17d22bba15001f/zeromq-src-0.2.6+4.3.4/vendor/src/tipc_address.cpp" with args c++ did not execute successfully (status code exit status: 1).
[INFO] [stderr]   exit status: 0
[INFO] [stderr]   exit status: 0
[INFO] [stderr]   exit status: 0
[INFO] [stderr]   exit status: 0
[INFO] [stderr]   exit status: 0
[INFO] [stderr]   exit status: 0
[INFO] [stderr]   exit status: 0
[INFO] [stderr]   exit status: 0
[INFO] [stderr]   exit status: 0
[INFO] [stderr]   exit status: 0
[INFO] [stderr]   exit status: 0
[INFO] [stderr]   exit status: 0
[INFO] [stderr]   exit status: 0
[INFO] [stderr]   exit status: 0
[INFO] [stderr]   exit status: 0
[INFO] [stderr]   exit status: 0
[INFO] [stderr]   exit status: 0
[INFO] [stderr]   exit status: 0
[INFO] [stderr]   exit status: 0
[INFO] [stderr]   exit status: 0
[INFO] [stderr]   exit status: 0
[INFO] [stderr]   exit status: 0
[INFO] [stderr]   exit status: 0
[INFO] [stderr]   exit status: 0
[INFO] [stderr]   cargo:warning=/opt/rustwide/cargo-home/registry/src/index.crates.io-6f17d22bba15001f/zeromq-src-0.2.6+4.3.4/vendor/src/zmtp_engine.cpp: In member function 'bool zmq::zmtp_engine_t::handshake_v3_x(bool)':
[INFO] [stderr]   cargo:warning=/opt/rustwide/cargo-home/registry/src/index.crates.io-6f17d22bba15001f/zeromq-src-0.2.6+4.3.4/vendor/src/zmtp_engine.cpp:345:53: warning: unused parameter 'downgrade_sub_' [-Wunused-parameter]
[INFO] [stderr]   cargo:warning=  345 | bool zmq::zmtp_engine_t::handshake_v3_x (const bool downgrade_sub_)
[INFO] [stderr]   cargo:warning=      |                                          ~~~~~~~~~~~^~~~~~~~~~~~~~
[INFO] [stderr]   exit status: 0
[INFO] [stderr]   exit status: 0
[INFO] [stderr]   exit status: 0
[INFO] [stderr]   exit status: 0
[INFO] [stderr]   exit status: 0
[INFO] [stderr] 
[INFO] [stderr]   --- stderr
[INFO] [stderr]   /opt/rustwide/cargo-home/registry/src/index.crates.io-6f17d22bba15001f/zeromq-src-0.2.6+4.3.4/src/strlcpy.c: In function 'main':
[INFO] [stderr]   /opt/rustwide/cargo-home/registry/src/index.crates.io-6f17d22bba15001f/zeromq-src-0.2.6+4.3.4/src/strlcpy.c:5:11: warning: implicit declaration of function 'strlcpy'; did you mean 'strncpy'? [-Wimplicit-function-declaration]
[INFO] [stderr]       5 |     (void)strlcpy(buf, "a", 1);
[INFO] [stderr]         |           ^~~~~~~
[INFO] [stderr]         |           strncpy
[INFO] [stderr]   /usr/bin/ld: /tmp/ccH2uhhW.o: in function `main':
[INFO] [stderr]   /opt/rustwide/cargo-home/registry/src/index.crates.io-6f17d22bba15001f/zeromq-src-0.2.6+4.3.4/src/strlcpy.c:5: undefined reference to `strlcpy'
[INFO] [stderr]   collect2: error: ld returned 1 exit status
[INFO] [stderr] 
[INFO] [stderr] 
[INFO] [stderr]   error occurred: Command "c++" "-O0" "-ffunction-sections" "-fdata-sections" "-fPIC" "-gdwarf-4" "-fno-omit-frame-pointer" "-m64" "-I" "/opt/rustwide/cargo-home/registry/src/index.crates.io-6f17d22bba15001f/zeromq-src-0.2.6+4.3.4/vendor/include" "-I" "/opt/rustwide/cargo-home/registry/src/index.crates.io-6f17d22bba15001f/zeromq-src-0.2.6+4.3.4/vendor/src" "-I" "/opt/rustwide/cargo-home/registry/src/index.crates.io-6f17d22bba15001f/zeromq-src-0.2.6+4.3.4/vendor/src" "-I" "/opt/rustwide/cargo-home/registry/src/index.crates.io-6f17d22bba15001f/zeromq-src-0.2.6+4.3.4/vendor/external/sha1" "-I" "/opt/rustwide/target/debug/build/zmq-sys-055d47bf589ef045/out" "-Wall" "-Wextra" "-DZMQ_BUILD_TESTS=OFF" "-DZMQ_USE_CV_IMPL_STL11=1" "-DZMQ_STATIC=1" "-DZMQ_USE_BUILTIN_SHA1=1" "-DZMQ_HAVE_WS=1" "-DZMQ_IOTHREAD_POLLER_USE_EPOLL=1" "-DZMQ_POLL_BASED_ON_POLL=1" "-DZMQ_HAVE_IPC=1" "-DHAVE_STRNLEN=1" "-DZMQ_HAVE_UIO=1" "-o" "/opt/rustwide/target/debug/build/zmq-sys-055d47bf589ef045/out/lib/eabcc89cc7b79605-tipc_address.o" "-c" "/opt/rustwide/cargo-home/registry/src/index.crates.io-6f17d22bba15001f/zeromq-src-0.2.6+4.3.4/vendor/src/tipc_address.cpp" with args c++ did not execute successfully (status code exit status: 1).
[INFO] [stderr] 
[INFO] [stderr] 
[INFO] running `Command { std: "docker" "inspect" "23c641372141e5b605dde0668911999114d530d630bf9a83c45f8883d65cfdd7", kill_on_drop: false }`
[INFO] running `Command { std: "docker" "rm" "-f" "23c641372141e5b605dde0668911999114d530d630bf9a83c45f8883d65cfdd7", kill_on_drop: false }`
[INFO] [stdout] 23c641372141e5b605dde0668911999114d530d630bf9a83c45f8883d65cfdd7
