[INFO] cloning repository https://github.com/verrchu/timer
[INFO] running `Command { std: "git" "-c" "credential.helper=" "-c" "credential.helper=/workspace/cargo-home/bin/git-credential-null" "clone" "--bare" "https://github.com/verrchu/timer" "/workspace/cache/git-repos/https%3A%2F%2Fgithub.com%2Fverrchu%2Ftimer", kill_on_drop: false }`
[INFO] [stderr] Cloning into bare repository '/workspace/cache/git-repos/https%3A%2F%2Fgithub.com%2Fverrchu%2Ftimer'...
[INFO] running `Command { std: "git" "rev-parse" "HEAD", kill_on_drop: false }`
[INFO] [stdout] 33ddead6dfa29a8c2df423be3ea4ec8aa3be6763
[INFO] testing verrchu/timer against beta-2024-12-08 for beta-1.84.0-4-retry
[INFO] running `Command { std: "git" "clone" "/workspace/cache/git-repos/https%3A%2F%2Fgithub.com%2Fverrchu%2Ftimer" "/workspace/builds/worker-2-tc2/source", kill_on_drop: false }`
[INFO] [stderr] Cloning into '/workspace/builds/worker-2-tc2/source'...
[INFO] [stderr] done.
[INFO] validating manifest of git repo https://github.com/verrchu/timer on toolchain beta-2024-12-08
[INFO] running `Command { std: CARGO_HOME="/workspace/cargo-home" RUSTUP_HOME="/workspace/rustup-home" "/workspace/cargo-home/bin/cargo" "+beta-2024-12-08" "metadata" "--manifest-path" "Cargo.toml" "--no-deps", kill_on_drop: false }`
[INFO] started tweaking git repo https://github.com/verrchu/timer
[INFO] finished tweaking git repo https://github.com/verrchu/timer
[INFO] tweaked toml for git repo https://github.com/verrchu/timer written to /workspace/builds/worker-2-tc2/source/Cargo.toml
[INFO] crate git repo https://github.com/verrchu/timer already has a lockfile, it will not be regenerated
[INFO] running `Command { std: CARGO_HOME="/workspace/cargo-home" RUSTUP_HOME="/workspace/rustup-home" "/workspace/cargo-home/bin/cargo" "+beta-2024-12-08" "fetch" "--manifest-path" "Cargo.toml", kill_on_drop: false }`
[INFO] running `Command { std: "docker" "create" "-v" "/var/lib/crater-agent-workspace/builds/worker-2-tc2/target:/opt/rustwide/target:rw,Z" "-v" "/var/lib/crater-agent-workspace/builds/worker-2-tc2/source:/opt/rustwide/workdir:ro,Z" "-v" "/var/lib/crater-agent-workspace/cargo-home:/opt/rustwide/cargo-home:ro,Z" "-v" "/var/lib/crater-agent-workspace/rustup-home:/opt/rustwide/rustup-home:ro,Z" "-e" "SOURCE_DIR=/opt/rustwide/workdir" "-e" "CARGO_TARGET_DIR=/opt/rustwide/target" "-e" "CARGO_HOME=/opt/rustwide/cargo-home" "-e" "RUSTUP_HOME=/opt/rustwide/rustup-home" "-w" "/opt/rustwide/workdir" "-m" "1610612736" "--user" "0:0" "--network" "none" "ghcr.io/rust-lang/crates-build-env/linux@sha256:f3a9d4ad9d972b27faf3965f35b62e55ba32bbce8f20bc8fe909558a86702fde" "/opt/rustwide/cargo-home/bin/cargo" "+beta-2024-12-08" "metadata" "--no-deps" "--format-version=1", kill_on_drop: false }`
[INFO] [stdout] f39fdb529622353dc5fceaa68e0c69753ca8b2339b307c2fed3675edc9085678
[INFO] running `Command { std: "docker" "start" "-a" "f39fdb529622353dc5fceaa68e0c69753ca8b2339b307c2fed3675edc9085678", kill_on_drop: false }`
[INFO] running `Command { std: "docker" "inspect" "f39fdb529622353dc5fceaa68e0c69753ca8b2339b307c2fed3675edc9085678", kill_on_drop: false }`
[INFO] running `Command { std: "docker" "rm" "-f" "f39fdb529622353dc5fceaa68e0c69753ca8b2339b307c2fed3675edc9085678", kill_on_drop: false }`
[INFO] [stdout] f39fdb529622353dc5fceaa68e0c69753ca8b2339b307c2fed3675edc9085678
[INFO] running `Command { std: "docker" "create" "-v" "/var/lib/crater-agent-workspace/builds/worker-2-tc2/target:/opt/rustwide/target:rw,Z" "-v" "/var/lib/crater-agent-workspace/builds/worker-2-tc2/source:/opt/rustwide/workdir:ro,Z" "-v" "/var/lib/crater-agent-workspace/cargo-home:/opt/rustwide/cargo-home:ro,Z" "-v" "/var/lib/crater-agent-workspace/rustup-home:/opt/rustwide/rustup-home:ro,Z" "-e" "SOURCE_DIR=/opt/rustwide/workdir" "-e" "CARGO_TARGET_DIR=/opt/rustwide/target" "-e" "CARGO_INCREMENTAL=0" "-e" "RUST_BACKTRACE=full" "-e" "RUSTFLAGS=--cap-lints=warn" "-e" "RUSTDOCFLAGS=--cap-lints=warn" "-e" "CARGO_HOME=/opt/rustwide/cargo-home" "-e" "RUSTUP_HOME=/opt/rustwide/rustup-home" "-w" "/opt/rustwide/workdir" "-m" "1610612736" "--user" "0:0" "--network" "none" "ghcr.io/rust-lang/crates-build-env/linux@sha256:f3a9d4ad9d972b27faf3965f35b62e55ba32bbce8f20bc8fe909558a86702fde" "/opt/rustwide/cargo-home/bin/cargo" "+beta-2024-12-08" "build" "--frozen" "--message-format=json", kill_on_drop: false }`
[INFO] [stdout] 2f45b8d4750c43853da040b61275c204dd795a99fdd9b28fd97fbe2fe90e66f5
[INFO] running `Command { std: "docker" "start" "-a" "2f45b8d4750c43853da040b61275c204dd795a99fdd9b28fd97fbe2fe90e66f5", kill_on_drop: false }`
[INFO] [stderr]    Compiling libc v0.2.105
[INFO] [stderr]    Compiling proc-macro2 v1.0.30
[INFO] [stderr]    Compiling unicode-xid v0.2.2
[INFO] [stderr]    Compiling cfg-if v1.0.0
[INFO] [stderr]    Compiling autocfg v1.0.1
[INFO] [stderr]    Compiling syn v1.0.80
[INFO] [stderr]    Compiling version_check v0.9.3
[INFO] [stderr]    Compiling once_cell v1.8.0
[INFO] [stderr]    Compiling memchr v2.4.1
[INFO] [stderr]    Compiling pin-project-lite v0.2.7
[INFO] [stderr]    Compiling cc v1.0.71
[INFO] [stderr]    Compiling futures-core v0.3.17
[INFO] [stderr]    Compiling bytes v1.1.0
[INFO] [stderr]    Compiling log v0.4.14
[INFO] [stderr]    Compiling typenum v1.14.0
[INFO] [stderr]    Compiling serde_derive v1.0.130
[INFO] [stderr]    Compiling generic-array v0.14.4
[INFO] [stderr]    Compiling serde v1.0.130
[INFO] [stderr]    Compiling parking_lot_core v0.8.5
[INFO] [stderr]    Compiling smallvec v1.7.0
[INFO] [stderr]    Compiling quote v1.0.10
[INFO] [stderr]    Compiling num_cpus v1.13.0
[INFO] [stderr]    Compiling lazy_static v1.4.0
[INFO] [stderr]    Compiling instant v0.1.12
[INFO] [stderr]    Compiling scopeguard v1.1.0
[INFO] [stderr]    Compiling lock_api v0.4.5
[INFO] [stderr]    Compiling untrusted v0.7.1
[INFO] [stderr]    Compiling spin v0.5.2
[INFO] [stderr]    Compiling ring v0.16.20
[INFO] [stderr]    Compiling proc-macro-hack v0.5.19
[INFO] [stderr]    Compiling pin-utils v0.1.0
[INFO] [stderr]    Compiling getrandom v0.2.3
[INFO] [stderr]    Compiling tokio v1.9.0
[INFO] [stderr]    Compiling parking_lot v0.11.2
[INFO] [stderr]    Compiling futures-macro v0.3.17
[INFO] [stderr]    Compiling proc-macro-nested v0.1.7
[INFO] [stderr]    Compiling futures-channel v0.3.17
[INFO] [stderr]    Compiling futures-task v0.3.17
[INFO] [stderr]    Compiling futures-sink v0.3.17
[INFO] [stderr]    Compiling itoa v0.4.8
[INFO] [stderr]    Compiling signal-hook-registry v1.4.0
[INFO] [stderr]    Compiling mio v0.7.14
[INFO] [stderr]    Compiling futures-util v0.3.17
[INFO] [stderr]    Compiling block-buffer v0.9.0
[INFO] [stderr]    Compiling ahash v0.7.6
[INFO] [stderr]    Compiling num-traits v0.2.14
[INFO] [stderr]    Compiling futures-io v0.3.17
[INFO] [stderr]    Compiling slab v0.4.5
[INFO] [stderr]    Compiling opaque-debug v0.3.0
[INFO] [stderr]    Compiling ryu v1.0.5
[INFO] [stderr]    Compiling base64 v0.13.0
[INFO] [stderr]    Compiling tinyvec_macros v0.1.0
[INFO] [stderr]    Compiling matches v0.1.9
[INFO] [stderr]    Compiling tinyvec v1.5.0
[INFO] [stderr]    Compiling num-integer v0.1.44
[INFO] [stderr]    Compiling serde_json v1.0.68
[INFO] [stderr]    Compiling cpufeatures v0.2.1
[INFO] [stderr]    Compiling percent-encoding v2.1.0
[INFO] [stderr]    Compiling crossbeam-utils v0.8.5
[INFO] [stderr]    Compiling form_urlencoded v1.0.1
[INFO] [stderr]    Compiling hashbrown v0.11.2
[INFO] [stderr]    Compiling digest v0.9.0
[INFO] [stderr]    Compiling tracing-core v0.1.21
[INFO] [stderr]    Compiling nom v7.0.0
[INFO] [stderr]    Compiling indexmap v1.7.0
[INFO] [stderr]    Compiling subtle v2.4.1
[INFO] [stderr]    Compiling unicode-bidi v0.3.7
[INFO] [stderr]    Compiling pkg-config v0.3.22
[INFO] [stderr]    Compiling unicode-normalization v0.1.19
[INFO] [stderr]    Compiling crypto-mac v0.11.1
[INFO] [stderr]    Compiling rand_core v0.6.3
[INFO] [stderr]    Compiling ppv-lite86 v0.2.15
[INFO] [stderr]    Compiling minimal-lexical v0.1.4
[INFO] [stderr]    Compiling crossbeam-queue v0.3.2
[INFO] [stderr]    Compiling either v1.6.1
[INFO] [stderr]    Compiling webpki v0.21.4
[INFO] [stderr]    Compiling sct v0.6.1
[INFO] [stderr]    Compiling whoami v1.1.5
[INFO] [stderr]    Compiling itertools v0.10.1
[INFO] [stderr]    Compiling rand_chacha v0.3.1
[INFO] [stderr]    Compiling rustls v0.19.1
[INFO] [stderr]    Compiling idna v0.2.3
[INFO] [stderr]    Compiling libz-sys v1.1.3
[INFO] [stderr]    Compiling dirs-sys v0.3.6
[INFO] [stderr]    Compiling proc-macro-error-attr v1.0.4
[INFO] [stderr]    Compiling unicode-segmentation v1.8.0
[INFO] [stderr]    Compiling regex-syntax v0.6.25
[INFO] [stderr]    Compiling unicode_categories v0.1.1
[INFO] [stderr]    Compiling bitflags v1.3.2
[INFO] [stderr]    Compiling fnv v1.0.7
[INFO] [stderr]    Compiling crc-catalog v1.1.1
[INFO] [stderr]    Compiling http v0.2.5
[INFO] [stderr]    Compiling crc v2.0.0
[INFO] [stderr]    Compiling heck v0.3.3
[INFO] [stderr]    Compiling dirs v3.0.2
[INFO] [stderr]    Compiling url v2.2.2
[INFO] [stderr]    Compiling rand v0.8.4
[INFO] [stderr]    Compiling sqlformat v0.1.8
[INFO] [stderr]    Compiling tokio-rustls v0.22.0
[INFO] [stderr]    Compiling webpki-roots v0.21.1
[INFO] [stderr]    Compiling stringprep v0.1.2
[INFO] [stderr]    Compiling tokio-macros v1.5.0
[INFO] [stderr]    Compiling thiserror-impl v1.0.30
[INFO] [stderr]    Compiling tracing-attributes v0.1.18
[INFO] [stderr]    Compiling pin-project-internal v1.0.8
[INFO] [stderr]    Compiling thiserror v1.0.30
[INFO] [stderr]    Compiling crossbeam-channel v0.5.1
[INFO] [stderr]    Compiling tracing v0.1.29
[INFO] [stderr]    Compiling hashlink v0.7.0
[INFO] [stderr]    Compiling atoi v0.4.0
[INFO] [stderr]    Compiling futures-intrusive v0.4.0
[INFO] [stderr]    Compiling proc-macro-error v1.0.4
[INFO] [stderr]    Compiling hex v0.4.3
[INFO] [stderr]    Compiling httparse v1.5.1
[INFO] [stderr]    Compiling byteorder v1.4.3
[INFO] [stderr]    Compiling tower-service v0.3.1
[INFO] [stderr]    Compiling pin-project v1.0.8
[INFO] [stderr]    Compiling derivative v2.2.0
[INFO] [stderr]    Compiling sqlx-rt v0.5.9
[INFO] [stderr]    Compiling http-body v0.4.4
[INFO] [stderr]    Compiling tokio-stream v0.1.7
[INFO] [stderr]    Compiling chrono v0.4.19
[INFO] [stderr]    Compiling rdkafka-sys v4.1.0+1.7.0
[INFO] [stderr]    Compiling hmac v0.11.0
[INFO] [stderr]    Compiling md-5 v0.9.1
[INFO] [stderr]    Compiling sha-1 v0.9.8
[INFO] [stderr]    Compiling sha2 v0.9.8
[INFO] [stderr]    Compiling time v0.1.44
[INFO] [stderr]    Compiling aho-corasick v0.7.18
[INFO] [stderr]    Compiling unicode-width v0.1.9
[INFO] [stderr]    Compiling uuid v0.8.2
[INFO] [stderr]    Compiling async-trait v0.1.51
[INFO] [stderr]    Compiling tower-layer v0.3.1
[INFO] [stderr]    Compiling try-lock v0.2.3
[INFO] [stderr]    Compiling want v0.3.0
[INFO] [stderr]    Compiling regex v1.5.4
[INFO] [stderr]    Compiling textwrap v0.11.0
[INFO] [stderr]    Compiling tokio-util v0.6.8
[INFO] [stderr]    Compiling futures-executor v0.3.17
[INFO] [stderr]    Compiling regex-automata v0.1.10
[INFO] [stderr]    Compiling atty v0.2.14
[INFO] [stderr]    Compiling socket2 v0.4.2
[INFO] [stderr]    Compiling linked-hash-map v0.5.4
[INFO] [stderr]    Compiling ansi_term v0.11.0
[INFO] [stderr]    Compiling httpdate v1.0.1
[INFO] [stderr]    Compiling strsim v0.8.0
[INFO] [stderr]    Compiling dotenv v0.15.0
[INFO] [stderr]    Compiling eyre v0.6.5
[INFO] [stderr]    Compiling vec_map v0.8.2
[INFO] [stderr]    Compiling clap v2.33.3
[INFO] [stderr]    Compiling hyper v0.14.14
[INFO] [stderr]    Compiling matchers v0.1.0
[INFO] [stderr]    Compiling yaml-rust v0.4.5
[INFO] [stderr]    Compiling structopt-derive v0.4.18
[INFO] [stderr]    Compiling toml v0.5.8
[INFO] [stderr]    Compiling proc-macro-crate v1.1.0
[INFO] [stderr]    Compiling sqlx-core v0.5.9
[INFO] [stderr]    Compiling num_enum_derive v0.5.4
[INFO] [stderr]    Compiling serde_urlencoded v0.7.0
[INFO] [stderr]    Compiling tower v0.4.10
[INFO] [stderr]    Compiling futures v0.3.17
[INFO] [stderr]    Compiling tower-http v0.1.1
[INFO] [stderr]    Compiling tracing-log v0.1.2
[INFO] [stderr]    Compiling num_enum v0.5.4
[INFO] [stderr]    Compiling sharded-slab v0.1.4
[INFO] [stderr]    Compiling thread_local v1.1.3
[INFO] [stderr]    Compiling sync_wrapper v0.1.1
[INFO] [stderr]    Compiling ansi_term v0.12.1
[INFO] [stderr]    Compiling dtoa v0.4.8
[INFO] [stderr]    Compiling indenter v0.3.3
[INFO] [stderr]    Compiling serde_yaml v0.8.21
[INFO] [stderr]    Compiling axum v0.2.8
[INFO] [stderr]    Compiling tracing-subscriber v0.3.1
[INFO] [stderr]    Compiling structopt v0.3.25
[INFO] [stderr]    Compiling typed-builder v0.9.1
[INFO] [stderr]    Compiling sqlx-macros v0.5.9
[INFO] [stderr] error: failed to run custom build command for `rdkafka-sys v4.1.0+1.7.0`
[INFO] [stderr] note: To improve backtraces for build dependencies, set the CARGO_PROFILE_DEV_BUILD_OVERRIDE_DEBUG=true environment variable to enable debug information generation.
[INFO] [stderr] 
[INFO] [stderr] Caused by:
[INFO] [stderr]   process didn't exit successfully: `/opt/rustwide/target/debug/build/rdkafka-sys-79bfe8fc4749d989/build-script-build` (exit status: 101)
[INFO] [stderr]   --- stdout
[INFO] [stderr]   Cloning librdkafka
[INFO] [stderr]   Configuring librdkafka
[INFO] [stderr]   checking for OS or distribution... ok (ubuntu)
[INFO] [stderr]   checking for C compiler from CC env... failed
[INFO] [stderr]   checking for gcc (by command)... ok
[INFO] [stderr]   checking for C++ compiler from CXX env... failed
[INFO] [stderr]   checking for C++ compiler (g++)... ok
[INFO] [stderr]   checking executable ld... ok
[INFO] [stderr]   checking executable nm... ok
[INFO] [stderr]   checking executable objdump... ok
[INFO] [stderr]   checking executable strip... ok
[INFO] [stderr]   checking executable libtool... ok
[INFO] [stderr]   checking executable ranlib... ok
[INFO] [stderr]   checking for pkgconfig (by command)... ok
[INFO] [stderr]   checking for install (by command)... ok
[INFO] [stderr]   checking for PIC (by compile)... ok
[INFO] [stderr]   checking for GNU-compatible linker options... ok
[INFO] [stderr]   checking for GNU linker-script ld flag... ok
[INFO] [stderr]   checking for __atomic_32 (by compile)... ok
[INFO] [stderr]   checking for __atomic_64 (by compile)... ok
[INFO] [stderr]   checking for socket (by compile)... ok
[INFO] [stderr]   parsing version '0x010700ff'... ok (1.7.0)
[INFO] [stderr]   checking for librt (by pkg-config)... failed
[INFO] [stderr]   checking for librt (by compile)... ok
[INFO] [stderr]   checking for libpthread (by pkg-config)... failed
[INFO] [stderr]   checking for libpthread (by compile)... ok
[INFO] [stderr]   checking for c11threads (by pkg-config)... failed
[INFO] [stderr]   checking for c11threads (by compile)... ok
[INFO] [stderr]   checking for libdl (by pkg-config)... failed
[INFO] [stderr]   checking for libdl (by compile)... ok
[INFO] [stderr]   checking for zlib (by pkg-config)... ok
[INFO] [stderr]   checking for libm (by pkg-config)... failed
[INFO] [stderr]   checking for libm (by compile)... ok
[INFO] [stderr]   checking for syslog (by compile)... ok
[INFO] [stderr]   checking for rapidjson (by compile)... failed (disable)
[INFO] [stderr]   checking for crc32chw (by compile)... ok
[INFO] [stderr]   checking for regex (by compile)... ok
[INFO] [stderr]   checking for rand_r (by compile)... ok
[INFO] [stderr]   checking for strndup (by compile)... ok
[INFO] [stderr]   checking for strlcpy (by compile)... failed (disable)
[INFO] [stderr]   checking for strerror_r (by compile)... ok
[INFO] [stderr]   checking for strcasestr (by compile)... ok
[INFO] [stderr]   checking for pthread_setname_gnu (by compile)... ok
[INFO] [stderr]   checking for nm (by env NM)... ok (cached)
[INFO] [stderr]   checking for python3 (by command)... ok
[INFO] [stderr]   checking for getrusage (by compile)... ok
[INFO] [stderr]   Generated Makefile.config
[INFO] [stderr]   Generated config.h
[INFO] [stderr] 
[INFO] [stderr]   Configuration summary:
[INFO] [stderr]     prefix                   /usr/local
[INFO] [stderr]     MKL_DISTRO               ubuntu
[INFO] [stderr]     SOLIB_EXT                .so
[INFO] [stderr]     ARCH                     x86_64
[INFO] [stderr]     CPU                      generic
[INFO] [stderr]     GEN_PKG_CONFIG           y
[INFO] [stderr]     MKL_APP_NAME             librdkafka
[INFO] [stderr]     MKL_APP_DESC_ONELINE     The Apache Kafka C/C++ library
[INFO] [stderr]     CC                       gcc
[INFO] [stderr]     CXX                      g++
[INFO] [stderr]     LD                       ld
[INFO] [stderr]     NM                       nm
[INFO] [stderr]     OBJDUMP                  objdump
[INFO] [stderr]     STRIP                    strip
[INFO] [stderr]     LIBTOOL                  libtool
[INFO] [stderr]     RANLIB                   ranlib
[INFO] [stderr]     CPPFLAGS                 -g -O2 -fPIC -Wall -Wsign-compare -Wfloat-equal -Wpointer-arith -Wcast-align
[INFO] [stderr]     PKG_CONFIG               pkg-config
[INFO] [stderr]     INSTALL                  install
[INFO] [stderr]     LIB_LDFLAGS              -shared -Wl,-soname,$(LIBFILENAME)
[INFO] [stderr]     LDFLAG_LINKERSCRIPT      -Wl,--version-script=
[INFO] [stderr]     RDKAFKA_VERSION_STR      1.7.0
[INFO] [stderr]     MKL_APP_VERSION          1.7.0
[INFO] [stderr]     LIBS                     -lm -lz -ldl -lpthread -lrt -lpthread -lrt
[INFO] [stderr]     MKL_PKGCONFIG_LIBS_PRIVATE -lm -ldl -lpthread -lrt -lpthread -lrt
[INFO] [stderr]     MKL_PKGCONFIG_REQUIRES_PRIVATE zlib
[INFO] [stderr]     CFLAGS                   
[INFO] [stderr]     MKL_PKGCONFIG_REQUIRES   zlib
[INFO] [stderr]     CXXFLAGS                 -Wno-non-virtual-dtor
[INFO] [stderr]     SYMDUMPER                $(NM) -D
[INFO] [stderr]     MKL_DYNAMIC_LIBS         -lm -lz -ldl -lpthread -lrt -lpthread -lrt
[INFO] [stderr]     exec_prefix              /usr/local
[INFO] [stderr]     bindir                   /usr/local/bin
[INFO] [stderr]     sbindir                  /usr/local/sbin
[INFO] [stderr]     libexecdir               /usr/local/libexec
[INFO] [stderr]     datadir                  /usr/local/share
[INFO] [stderr]     sysconfdir               /usr/local/etc
[INFO] [stderr]     sharedstatedir           /usr/local/com
[INFO] [stderr]     localstatedir            /usr/local/var
[INFO] [stderr]     runstatedir              /usr/local/var/run
[INFO] [stderr]     libdir                   /usr/local/lib
[INFO] [stderr]     includedir               /usr/local/include
[INFO] [stderr]     infodir                  /usr/local/info
[INFO] [stderr]     mandir                   /usr/local/man
[INFO] [stderr]     BUILT_WITH               GCC GXX PKGCONFIG INSTALL GNULD LDS C11THREADS LIBDL PLUGINS ZLIB HDRHISTOGRAM SYSLOG SNAPPY SOCKEM CRC32C_HW
[INFO] [stderr]   Generated config.cache
[INFO] [stderr] 
[INFO] [stderr]   Now type 'make' to build
[INFO] [stderr]   Compiling librdkafka
[INFO] [stderr]   make[1]: Entering directory '/opt/rustwide/target/debug/build/rdkafka-sys-35b41657d05530dc/out/src'
[INFO] [stderr]   gcc -MD -MP -g -O2 -fPIC -Wall -Wsign-compare -Wfloat-equal -Wpointer-arith -Wcast-align  -c rdkafka.c -o rdkafka.o
[INFO] [stderr]   gcc -MD -MP -g -O2 -fPIC -Wall -Wsign-compare -Wfloat-equal -Wpointer-arith -Wcast-align  -c rdkafka_broker.c -o rdkafka_broker.o
[INFO] [stderr]   gcc -MD -MP -g -O2 -fPIC -Wall -Wsign-compare -Wfloat-equal -Wpointer-arith -Wcast-align  -c rdkafka_msg.c -o rdkafka_msg.o
[INFO] [stderr]   gcc -MD -MP -g -O2 -fPIC -Wall -Wsign-compare -Wfloat-equal -Wpointer-arith -Wcast-align  -c rdkafka_topic.c -o rdkafka_topic.o
[INFO] [stderr]   gcc -MD -MP -g -O2 -fPIC -Wall -Wsign-compare -Wfloat-equal -Wpointer-arith -Wcast-align  -c rdkafka_conf.c -o rdkafka_conf.o
[INFO] [stderr]   gcc -MD -MP -g -O2 -fPIC -Wall -Wsign-compare -Wfloat-equal -Wpointer-arith -Wcast-align  -c rdkafka_timer.c -o rdkafka_timer.o
[INFO] [stderr]   gcc -MD -MP -g -O2 -fPIC -Wall -Wsign-compare -Wfloat-equal -Wpointer-arith -Wcast-align  -c rdkafka_offset.c -o rdkafka_offset.o
[INFO] [stderr]   gcc -MD -MP -g -O2 -fPIC -Wall -Wsign-compare -Wfloat-equal -Wpointer-arith -Wcast-align  -c rdkafka_transport.c -o rdkafka_transport.o
[INFO] [stderr]   gcc -MD -MP -g -O2 -fPIC -Wall -Wsign-compare -Wfloat-equal -Wpointer-arith -Wcast-align  -c rdkafka_buf.c -o rdkafka_buf.o
[INFO] [stderr]   gcc -MD -MP -g -O2 -fPIC -Wall -Wsign-compare -Wfloat-equal -Wpointer-arith -Wcast-align  -c rdkafka_queue.c -o rdkafka_queue.o
[INFO] [stderr]   gcc -MD -MP -g -O2 -fPIC -Wall -Wsign-compare -Wfloat-equal -Wpointer-arith -Wcast-align  -c rdkafka_op.c -o rdkafka_op.o
[INFO] [stderr]   gcc -MD -MP -g -O2 -fPIC -Wall -Wsign-compare -Wfloat-equal -Wpointer-arith -Wcast-align  -c rdkafka_request.c -o rdkafka_request.o
[INFO] [stderr]   make[1]: Leaving directory '/opt/rustwide/target/debug/build/rdkafka-sys-35b41657d05530dc/out/src'
[INFO] [stderr] 
[INFO] [stderr]   --- stderr
[INFO] [stderr]   Building and linking librdkafka statically
[INFO] [stderr]   Running command: "cp -a librdkafka/. /opt/rustwide/target/debug/build/rdkafka-sys-35b41657d05530dc/out" in dir: .
[INFO] [stderr]   Running command: "/opt/rustwide/target/debug/build/rdkafka-sys-35b41657d05530dc/out/configure --disable-ssl --disable-gssapi --disable-zstd --disable-lz4-ext" in dir: /opt/rustwide/target/debug/build/rdkafka-sys-35b41657d05530dc/out
[INFO] [stderr]   Running command: "make libs" in dir: /opt/rustwide/target/debug/build/rdkafka-sys-35b41657d05530dc/out
[INFO] [stderr]   In file included from rd.h:73,
[INFO] [stderr]                    from rdkafka_broker.c:51:
[INFO] [stderr]   rdkafka_broker.c: In function 'rd_kafka_broker_bufq_timeout_scan':
[INFO] [stderr]   rdkafka_broker.c:791:45: warning: 'Request with timeout in ' directive output may be truncated writing 24 bytes into a region of size between 21 and 93 [-Wformat-truncation=]
[INFO] [stderr]     791 |                                             ": possibly held back by "
[INFO] [stderr]         |                                             ^~~~~~~~~~~~~~~~~~~~~~~~~~
[INFO] [stderr]   rdposix.h:87:36: note: in definition of macro 'rd_snprintf'
[INFO] [stderr]      87 | #define rd_snprintf(...)  snprintf(__VA_ARGS__)
[INFO] [stderr]         |                                    ^~~~~~~~~~~
[INFO] [stderr]   rdkafka_broker.c:791:45: note: using the range [-2147483648, 2147483647] for directive argument
[INFO] [stderr]     791 |                                             ": possibly held back by "
[INFO] [stderr]         |                                             ^~~~~~~~~~~~~~~~~~~~~~~~~~
[INFO] [stderr]   rdposix.h:87:36: note: in definition of macro 'rd_snprintf'
[INFO] [stderr]      87 | #define rd_snprintf(...)  snprintf(__VA_ARGS__)
[INFO] [stderr]         |                                    ^~~~~~~~~~~
[INFO] [stderr]   In file included from /usr/include/stdio.h:894,
[INFO] [stderr]                    from rdkafka_broker.c:46:
[INFO] [stderr]   /usr/include/x86_64-linux-gnu/bits/stdio2.h:71:10: note: '__builtin___snprintf_chk' output between 63 and 145 bytes into a destination of size 128
[INFO] [stderr]      71 |   return __builtin___snprintf_chk (__s, __n, __USE_FORTIFY_LEVEL - 1,
[INFO] [stderr]         |          ^~~~~~~~~~~~~~~~~~~~~~~~~~~~~~~~~~~~~~~~~~~~~~~~~~~~~~~~~~~~
[INFO] [stderr]      72 |                                    __glibc_objsize (__s), __fmt,
[INFO] [stderr]         |                                    ~~~~~~~~~~~~~~~~~~~~~~~~~~~~~
[INFO] [stderr]      73 |                                    __va_arg_pack ());
[INFO] [stderr]         |                                    ~~~~~~~~~~~~~~~~~
[INFO] [stderr]   /tmp/ccKwQDrU.s: Assembler messages:
[INFO] [stderr]   /tmp/ccKwQDrU.s: Fatal error: can't write 25 bytes to section .text of rdkafka_broker.o: 'No space left on device'
[INFO] [stderr]   as: BFD (GNU Binutils for Ubuntu) 2.38 assertion fail ../../bfd/elf.c:3120
[INFO] [stderr]   as: BFD (GNU Binutils for Ubuntu) 2.38 assertion fail ../../bfd/elf.c:3120
[INFO] [stderr]   as: BFD (GNU Binutils for Ubuntu) 2.38 assertion fail ../../bfd/elf.c:3120
[INFO] [stderr]   as: BFD (GNU Binutils for Ubuntu) 2.38 assertion fail ../../bfd/elf.c:3120
[INFO] [stderr]   as: BFD (GNU Binutils for Ubuntu) 2.38 assertion fail ../../bfd/elf.c:3120
[INFO] [stderr]   as: BFD (GNU Binutils for Ubuntu) 2.38 assertion fail ../../bfd/elf.c:3120
[INFO] [stderr]   as: BFD (GNU Binutils for Ubuntu) 2.38 assertion fail ../../bfd/elf.c:3120
[INFO] [stderr]   as: BFD (GNU Binutils for Ubuntu) 2.38 assertion fail ../../bfd/elf.c:3120
[INFO] [stderr]   as: BFD (GNU Binutils for Ubuntu) 2.38 assertion fail ../../bfd/elf.c:3120
[INFO] [stderr]   /tmp/ccKwQDrU.s: Fatal error: rdkafka_broker.o: No space left on device
[INFO] [stderr]   make[1]: *** [../mklove/Makefile.base:97: rdkafka_broker.o] Error 1
[INFO] [stderr]   make[1]: *** Waiting for unfinished jobs....
[INFO] [stderr]   rdkafka_op.c:900:1: fatal error: error writing to /tmp/ccAMScuY.s: No space left on device
[INFO] [stderr]     900 | }
[INFO] [stderr]         | ^
[INFO] [stderr]   compilation terminated.
[INFO] [stderr]   make[1]: *** [../mklove/Makefile.base:97: rdkafka_op.o] Error 1
[INFO] [stderr]   rdkafka_queue.c:1008:1: fatal error: error writing to /tmp/ccGNHs4g.s: No space left on device
[INFO] [stderr]    1008 | }
[INFO] [stderr]         | ^
[INFO] [stderr]   compilation terminated.
[INFO] [stderr]   make[1]: *** [../mklove/Makefile.base:97: rdkafka_queue.o] Error 1
[INFO] [stderr]   make: *** [Makefile:27: libs] Error 2
[INFO] [stderr]   thread 'main' panicked at /opt/rustwide/cargo-home/registry/src/index.crates.io-6f17d22bba15001f/rdkafka-sys-4.1.0+1.7.0/build.rs:34:33:
[INFO] [stderr]   Command failed with error code 2
[INFO] [stderr]   stack backtrace:
[INFO] [stderr]      0:     0x5fa223a120ea - std::backtrace_rs::backtrace::libunwind::trace::h8810477743020387
[INFO] [stderr]                                  at /rustc/202008a1b8de96d2e5b6bc02d379db03a877d34d/library/std/src/../../backtrace/src/backtrace/libunwind.rs:116:5
[INFO] [stderr]      1:     0x5fa223a120ea - std::backtrace_rs::backtrace::trace_unsynchronized::h3aa55355dd6c54a6
[INFO] [stderr]                                  at /rustc/202008a1b8de96d2e5b6bc02d379db03a877d34d/library/std/src/../../backtrace/src/backtrace/mod.rs:66:5
[INFO] [stderr]      2:     0x5fa223a120ea - std::sys::backtrace::_print_fmt::h8588b0f62410823f
[INFO] [stderr]                                  at /rustc/202008a1b8de96d2e5b6bc02d379db03a877d34d/library/std/src/sys/backtrace.rs:66:9
[INFO] [stderr]      3:     0x5fa223a120ea - <std::sys::backtrace::BacktraceLock::print::DisplayBacktrace as core::fmt::Display>::fmt::h98c26ac25ffe89bb
[INFO] [stderr]                                  at /rustc/202008a1b8de96d2e5b6bc02d379db03a877d34d/library/std/src/sys/backtrace.rs:39:26
[INFO] [stderr]      4:     0x5fa223a333c3 - core::fmt::rt::Argument::fmt::hf95377f4aebd453b
[INFO] [stderr]                                  at /rustc/202008a1b8de96d2e5b6bc02d379db03a877d34d/library/core/src/fmt/rt.rs:177:76
[INFO] [stderr]      5:     0x5fa223a333c3 - core::fmt::write::h0dd5f6e2238c7982
[INFO] [stderr]                                  at /rustc/202008a1b8de96d2e5b6bc02d379db03a877d34d/library/core/src/fmt/mod.rs:1189:21
[INFO] [stderr]      6:     0x5fa223a0f3a3 - std::io::Write::write_fmt::hc00bff0a88e08857
[INFO] [stderr]                                  at /rustc/202008a1b8de96d2e5b6bc02d379db03a877d34d/library/std/src/io/mod.rs:1884:15
[INFO] [stderr]      7:     0x5fa223a11f32 - std::sys::backtrace::BacktraceLock::print::h5c19c1c038ee186d
[INFO] [stderr]                                  at /rustc/202008a1b8de96d2e5b6bc02d379db03a877d34d/library/std/src/sys/backtrace.rs:42:9
[INFO] [stderr]      8:     0x5fa223a1312c - std::panicking::default_hook::{{closure}}::h77172f079a1fcb13
[INFO] [stderr]                                  at /rustc/202008a1b8de96d2e5b6bc02d379db03a877d34d/library/std/src/panicking.rs:268:22
[INFO] [stderr]      9:     0x5fa223a12f72 - std::panicking::default_hook::he5f8e3b203ccddba
[INFO] [stderr]                                  at /rustc/202008a1b8de96d2e5b6bc02d379db03a877d34d/library/std/src/panicking.rs:295:9
[INFO] [stderr]     10:     0x5fa223a13707 - std::panicking::rust_panic_with_hook::h53863d4e9018df39
[INFO] [stderr]                                  at /rustc/202008a1b8de96d2e5b6bc02d379db03a877d34d/library/std/src/panicking.rs:801:13
[INFO] [stderr]     11:     0x5fa223a1359a - std::panicking::begin_panic_handler::{{closure}}::h67280e6fa0757873
[INFO] [stderr]                                  at /rustc/202008a1b8de96d2e5b6bc02d379db03a877d34d/library/std/src/panicking.rs:674:13
[INFO] [stderr]     12:     0x5fa223a125c9 - std::sys::backtrace::__rust_end_short_backtrace::h1dac3f54d6fbbeb2
[INFO] [stderr]                                  at /rustc/202008a1b8de96d2e5b6bc02d379db03a877d34d/library/std/src/sys/backtrace.rs:170:18
[INFO] [stderr]     13:     0x5fa223a1322c - rust_begin_unwind
[INFO] [stderr]                                  at /rustc/202008a1b8de96d2e5b6bc02d379db03a877d34d/library/std/src/panicking.rs:665:5
[INFO] [stderr]     14:     0x5fa2239c8530 - core::panicking::panic_fmt::h6792bd1b2bf01041
[INFO] [stderr]                                  at /rustc/202008a1b8de96d2e5b6bc02d379db03a877d34d/library/core/src/panicking.rs:76:14
[INFO] [stderr]     15:     0x5fa2239cc36d - build_script_build::run_command_or_fail::hb4088578f280ded5
[INFO] [stderr]     16:     0x5fa2239ce6e3 - build_script_build::build_librdkafka::hc3ef190efcfa9660
[INFO] [stderr]     17:     0x5fa2239cc661 - build_script_build::main::h53393d6931d0d081
[INFO] [stderr]     18:     0x5fa2239c9f13 - core::ops::function::FnOnce::call_once::ha07cb306065ed613
[INFO] [stderr]     19:     0x5fa2239c9316 - std::sys::backtrace::__rust_begin_short_backtrace::h9586d79b183bdb73
[INFO] [stderr]     20:     0x5fa2239c8dc9 - std::rt::lang_start::{{closure}}::h22a6cc3c412061b1
[INFO] [stderr]     21:     0x5fa223a0c387 - core::ops::function::impls::<impl core::ops::function::FnOnce<A> for &F>::call_once::hba2470d01d3f5e41
[INFO] [stderr]                                  at /rustc/202008a1b8de96d2e5b6bc02d379db03a877d34d/library/core/src/ops/function.rs:284:13
[INFO] [stderr]     22:     0x5fa223a0c387 - std::panicking::try::do_call::hc063fb73159aab72
[INFO] [stderr]                                  at /rustc/202008a1b8de96d2e5b6bc02d379db03a877d34d/library/std/src/panicking.rs:557:40
[INFO] [stderr]     23:     0x5fa223a0c387 - std::panicking::try::h2767c6d245d3a3bb
[INFO] [stderr]                                  at /rustc/202008a1b8de96d2e5b6bc02d379db03a877d34d/library/std/src/panicking.rs:520:19
[INFO] [stderr]     24:     0x5fa223a0c387 - std::panic::catch_unwind::h061c6ef75790da63
[INFO] [stderr]                                  at /rustc/202008a1b8de96d2e5b6bc02d379db03a877d34d/library/std/src/panic.rs:358:14
[INFO] [stderr]     25:     0x5fa223a0c387 - std::rt::lang_start_internal::{{closure}}::h5c5e35b11a4b8c4e
[INFO] [stderr]                                  at /rustc/202008a1b8de96d2e5b6bc02d379db03a877d34d/library/std/src/rt.rs:174:48
[INFO] [stderr]     26:     0x5fa223a0c387 - std::panicking::try::do_call::h705e99690a8109cc
[INFO] [stderr]                                  at /rustc/202008a1b8de96d2e5b6bc02d379db03a877d34d/library/std/src/panicking.rs:557:40
[INFO] [stderr]     27:     0x5fa223a0c387 - std::panicking::try::he5f4452754ed9a34
[INFO] [stderr]                                  at /rustc/202008a1b8de96d2e5b6bc02d379db03a877d34d/library/std/src/panicking.rs:520:19
[INFO] [stderr]     28:     0x5fa223a0c387 - std::panic::catch_unwind::h5db61b3bcbe883e5
[INFO] [stderr]                                  at /rustc/202008a1b8de96d2e5b6bc02d379db03a877d34d/library/std/src/panic.rs:358:14
[INFO] [stderr]     29:     0x5fa223a0c387 - std::rt::lang_start_internal::h81da9b59bab665c6
[INFO] [stderr]                                  at /rustc/202008a1b8de96d2e5b6bc02d379db03a877d34d/library/std/src/rt.rs:174:20
[INFO] [stderr]     30:     0x5fa2239c8da7 - std::rt::lang_start::h39a3cee86e830c21
[INFO] [stderr]     31:     0x5fa2239ce895 - main
[INFO] [stderr]     32:     0x73c69cba8d90 - <unknown>
[INFO] [stderr]     33:     0x73c69cba8e40 - __libc_start_main
[INFO] [stderr]     34:     0x5fa2239c8ba5 - _start
[INFO] [stderr]     35:                0x0 - <unknown>
[INFO] [stderr] warning: build failed, waiting for other jobs to finish...
[INFO] running `Command { std: "docker" "inspect" "2f45b8d4750c43853da040b61275c204dd795a99fdd9b28fd97fbe2fe90e66f5", kill_on_drop: false }`
[INFO] running `Command { std: "docker" "rm" "-f" "2f45b8d4750c43853da040b61275c204dd795a99fdd9b28fd97fbe2fe90e66f5", kill_on_drop: false }`
[INFO] [stdout] 2f45b8d4750c43853da040b61275c204dd795a99fdd9b28fd97fbe2fe90e66f5
