[INFO] cloning repository https://github.com/simon-engledew/json-validator
[INFO] running `Command { std: "git" "-c" "credential.helper=" "-c" "credential.helper=/workspace/cargo-home/bin/git-credential-null" "clone" "--bare" "https://github.com/simon-engledew/json-validator" "/workspace/cache/git-repos/https%3A%2F%2Fgithub.com%2Fsimon-engledew%2Fjson-validator", kill_on_drop: false }`
[INFO] [stderr] Cloning into bare repository '/workspace/cache/git-repos/https%3A%2F%2Fgithub.com%2Fsimon-engledew%2Fjson-validator'...
[INFO] running `Command { std: "git" "rev-parse" "HEAD", kill_on_drop: false }`
[INFO] [stdout] 15603bc34d3db2243adb72eda9c214cb9039afd3
[INFO] testing simon-engledew/json-validator against 1.83.0 for beta-1.84.0-4-retry
[INFO] running `Command { std: "git" "clone" "/workspace/cache/git-repos/https%3A%2F%2Fgithub.com%2Fsimon-engledew%2Fjson-validator" "/workspace/builds/worker-7-tc1/source", kill_on_drop: false }`
[INFO] [stderr] Cloning into '/workspace/builds/worker-7-tc1/source'...
[INFO] [stderr] done.
[INFO] validating manifest of git repo https://github.com/simon-engledew/json-validator on toolchain 1.83.0
[INFO] running `Command { std: CARGO_HOME="/workspace/cargo-home" RUSTUP_HOME="/workspace/rustup-home" "/workspace/cargo-home/bin/cargo" "+1.83.0" "metadata" "--manifest-path" "Cargo.toml" "--no-deps", kill_on_drop: false }`
[INFO] started tweaking git repo https://github.com/simon-engledew/json-validator
[INFO] finished tweaking git repo https://github.com/simon-engledew/json-validator
[INFO] tweaked toml for git repo https://github.com/simon-engledew/json-validator written to /workspace/builds/worker-7-tc1/source/Cargo.toml
[INFO] crate git repo https://github.com/simon-engledew/json-validator already has a lockfile, it will not be regenerated
[INFO] running `Command { std: CARGO_HOME="/workspace/cargo-home" RUSTUP_HOME="/workspace/rustup-home" "/workspace/cargo-home/bin/cargo" "+1.83.0" "fetch" "--manifest-path" "Cargo.toml", kill_on_drop: false }`
[INFO] [stderr]  Downloading crates ...
[INFO] [stderr]   Downloaded fancy-regex v0.8.0
[INFO] [stderr]   Downloaded futures-channel v0.3.23
[INFO] [stderr]   Downloaded actix-web-codegen v4.0.1
[INFO] [stderr]   Downloaded iso8601 v0.4.2
[INFO] [stderr]   Downloaded fraction v0.10.0
[INFO] [stderr]   Downloaded jsonschema v0.16.0
[INFO] [stderr]   Downloaded time v0.3.13
[INFO] [stderr]   Downloaded actix-http v3.2.1
[INFO] [stderr]   Downloaded actix-web v4.1.0
[INFO] running `Command { std: "docker" "create" "-v" "/var/lib/crater-agent-workspace/builds/worker-7-tc1/target:/opt/rustwide/target:rw,Z" "-v" "/var/lib/crater-agent-workspace/builds/worker-7-tc1/source:/opt/rustwide/workdir:ro,Z" "-v" "/var/lib/crater-agent-workspace/cargo-home:/opt/rustwide/cargo-home:ro,Z" "-v" "/var/lib/crater-agent-workspace/rustup-home:/opt/rustwide/rustup-home:ro,Z" "-e" "SOURCE_DIR=/opt/rustwide/workdir" "-e" "CARGO_TARGET_DIR=/opt/rustwide/target" "-e" "CARGO_HOME=/opt/rustwide/cargo-home" "-e" "RUSTUP_HOME=/opt/rustwide/rustup-home" "-w" "/opt/rustwide/workdir" "-m" "1610612736" "--user" "0:0" "--network" "none" "ghcr.io/rust-lang/crates-build-env/linux@sha256:f3a9d4ad9d972b27faf3965f35b62e55ba32bbce8f20bc8fe909558a86702fde" "/opt/rustwide/cargo-home/bin/cargo" "+1.83.0" "metadata" "--no-deps" "--format-version=1", kill_on_drop: false }`
[INFO] [stdout] 8e91ad033e39add299b2646f0513157158588454f50c5083c8da46e9adff23ae
[INFO] running `Command { std: "docker" "start" "-a" "8e91ad033e39add299b2646f0513157158588454f50c5083c8da46e9adff23ae", kill_on_drop: false }`
[INFO] running `Command { std: "docker" "inspect" "8e91ad033e39add299b2646f0513157158588454f50c5083c8da46e9adff23ae", kill_on_drop: false }`
[INFO] running `Command { std: "docker" "rm" "-f" "8e91ad033e39add299b2646f0513157158588454f50c5083c8da46e9adff23ae", kill_on_drop: false }`
[INFO] [stdout] 8e91ad033e39add299b2646f0513157158588454f50c5083c8da46e9adff23ae
[INFO] running `Command { std: "docker" "create" "-v" "/var/lib/crater-agent-workspace/builds/worker-7-tc1/target:/opt/rustwide/target:rw,Z" "-v" "/var/lib/crater-agent-workspace/builds/worker-7-tc1/source:/opt/rustwide/workdir:ro,Z" "-v" "/var/lib/crater-agent-workspace/cargo-home:/opt/rustwide/cargo-home:ro,Z" "-v" "/var/lib/crater-agent-workspace/rustup-home:/opt/rustwide/rustup-home:ro,Z" "-e" "SOURCE_DIR=/opt/rustwide/workdir" "-e" "CARGO_TARGET_DIR=/opt/rustwide/target" "-e" "CARGO_INCREMENTAL=0" "-e" "RUST_BACKTRACE=full" "-e" "RUSTFLAGS=--cap-lints=warn" "-e" "RUSTDOCFLAGS=--cap-lints=warn" "-e" "CARGO_HOME=/opt/rustwide/cargo-home" "-e" "RUSTUP_HOME=/opt/rustwide/rustup-home" "-w" "/opt/rustwide/workdir" "-m" "1610612736" "--user" "0:0" "--network" "none" "ghcr.io/rust-lang/crates-build-env/linux@sha256:f3a9d4ad9d972b27faf3965f35b62e55ba32bbce8f20bc8fe909558a86702fde" "/opt/rustwide/cargo-home/bin/cargo" "+1.83.0" "build" "--frozen" "--message-format=json", kill_on_drop: false }`
[INFO] [stdout] e6d3c211b1b3339fb82ad909c3c71961bc4678fae1000e729bccc85065f23609
[INFO] running `Command { std: "docker" "start" "-a" "e6d3c211b1b3339fb82ad909c3c71961bc4678fae1000e729bccc85065f23609", kill_on_drop: false }`
[INFO] [stderr]    Compiling autocfg v1.1.0
[INFO] [stderr]    Compiling libc v0.2.132
[INFO] [stderr]    Compiling cfg-if v1.0.0
[INFO] [stderr]    Compiling version_check v0.9.4
[INFO] [stderr]    Compiling memchr v2.5.0
[INFO] [stderr]    Compiling proc-macro2 v1.0.43
[INFO] [stderr]    Compiling unicode-ident v1.0.3
[INFO] [stderr]    Compiling quote v1.0.21
[INFO] [stderr]    Compiling syn v1.0.99
[INFO] [stderr]    Compiling log v0.4.17
[INFO] [stderr]    Compiling pin-project-lite v0.2.9
[INFO] [stderr]    Compiling bytes v1.2.1
[INFO] [stderr]    Compiling futures-core v0.3.23
[INFO] [stderr]    Compiling itoa v1.0.3
[INFO] [stderr]    Compiling once_cell v1.13.1
[INFO] [stderr]    Compiling parking_lot_core v0.9.3
[INFO] [stderr]    Compiling smallvec v1.9.0
[INFO] [stderr]    Compiling scopeguard v1.1.0
[INFO] [stderr]    Compiling serde_derive v1.0.143
[INFO] [stderr]    Compiling futures-task v0.3.23
[INFO] [stderr]    Compiling fnv v1.0.7
[INFO] [stderr]    Compiling serde v1.0.143
[INFO] [stderr]    Compiling futures-util v0.3.23
[INFO] [stderr]    Compiling futures-io v0.3.23
[INFO] [stderr]    Compiling http v0.2.8
[INFO] [stderr]    Compiling tracing-core v0.1.29
[INFO] [stderr]    Compiling typenum v1.15.0
[INFO] [stderr]    Compiling pin-utils v0.1.0
[INFO] [stderr]    Compiling futures-sink v0.3.23
[INFO] [stderr]    Compiling regex-syntax v0.6.27
[INFO] [stderr]    Compiling percent-encoding v2.1.0
[INFO] [stderr]    Compiling generic-array v0.14.6
[INFO] [stderr]    Compiling matches v0.1.9
[INFO] [stderr]    Compiling tinyvec_macros v0.1.0
[INFO] [stderr]    Compiling lock_api v0.4.7
[INFO] [stderr]    Compiling tokio v1.20.1
[INFO] [stderr]    Compiling slab v0.4.7
[INFO] [stderr]    Compiling num-traits v0.2.15
[INFO] [stderr]    Compiling num-integer v0.1.45
[INFO] [stderr]    Compiling indexmap v1.9.1
[INFO] [stderr]    Compiling httparse v1.7.1
[INFO] [stderr]    Compiling hashbrown v0.12.3
[INFO] [stderr]    Compiling tinyvec v1.6.0
[INFO] [stderr]    Compiling num-bigint v0.2.6
[INFO] [stderr]    Compiling aho-corasick v0.7.18
[INFO] [stderr]    Compiling socket2 v0.4.4
[INFO] [stderr]    Compiling signal-hook-registry v1.4.0
[INFO] [stderr]    Compiling num_cpus v1.13.1
[INFO] [stderr]    Compiling mio v0.8.4
[INFO] [stderr]    Compiling parking_lot v0.12.1
[INFO] [stderr]    Compiling tracing v0.1.36
[INFO] [stderr]    Compiling jobserver v0.1.24
[INFO] [stderr]    Compiling cc v1.0.73
[INFO] [stderr]    Compiling getrandom v0.2.7
[INFO] [stderr]    Compiling proc-macro-error-attr v1.0.4
[INFO] [stderr]    Compiling bitflags v1.3.2
[INFO] [stderr]    Compiling encoding_rs v0.8.31
[INFO] [stderr]    Compiling unicode-normalization v0.1.21
[INFO] [stderr]    Compiling form_urlencoded v1.0.1
[INFO] [stderr]    Compiling num-rational v0.2.4
[INFO] [stderr]    Compiling num-iter v0.1.43
[INFO] [stderr]    Compiling num-complex v0.2.4
[INFO] [stderr]    Compiling ahash v0.7.6
[INFO] [stderr]    Compiling proc-macro-error v1.0.4
[INFO] [stderr]    Compiling bytestring v1.1.0
[INFO] [stderr]    Compiling zstd-safe v5.0.2+zstd.1.5.2
[INFO] [stderr]    Compiling crc32fast v1.3.2
[INFO] [stderr]    Compiling ryu v1.0.11
[INFO] [stderr]    Compiling unicode-bidi v0.3.8
[INFO] [stderr]    Compiling futures-channel v0.3.23
[INFO] [stderr]    Compiling local-waker v0.1.3
[INFO] [stderr]    Compiling alloc-no-stdlib v2.0.3
[INFO] [stderr]    Compiling httpdate v1.0.2
[INFO] [stderr]    Compiling serde_json v1.0.83
[INFO] [stderr]    Compiling alloc-stdlib v0.2.1
[INFO] [stderr]    Compiling idna v0.2.3
[INFO] [stderr]    Compiling regex v1.6.0
[INFO] [stderr]    Compiling rand_core v0.6.3
[INFO] [stderr]    Compiling atty v0.2.14
[INFO] [stderr]    Compiling unicode-segmentation v1.9.0
[INFO] [stderr]    Compiling adler v1.0.2
[INFO] [stderr]    Compiling lazy_static v1.4.0
[INFO] [stderr]    Compiling paste v1.0.8
[INFO] [stderr]    Compiling time-macros v0.2.4
[INFO] [stderr]    Compiling mime v0.3.16
[INFO] [stderr]    Compiling firestorm v0.5.1
[INFO] [stderr]    Compiling ppv-lite86 v0.2.16
[INFO] [stderr]    Compiling base64 v0.13.0
[INFO] [stderr]    Compiling num_threads v0.1.6
[INFO] [stderr]    Compiling zstd-sys v2.0.1+zstd.1.5.2
[INFO] [stderr]    Compiling try-lock v0.2.3
[INFO] [stderr]    Compiling block-buffer v0.10.2
[INFO] [stderr]    Compiling crypto-common v0.1.6
[INFO] [stderr]    Compiling unicode-width v0.1.9
[INFO] [stderr]    Compiling digest v0.10.3
[INFO] [stderr]    Compiling want v0.3.0
[INFO] [stderr]    Compiling textwrap v0.11.0
[INFO] [stderr]    Compiling rand_chacha v0.3.1
[INFO] [stderr]    Compiling url v2.2.2
[INFO] [stderr]    Compiling actix-service v2.0.2
[INFO] [stderr]    Compiling heck v0.3.3
[INFO] [stderr]    Compiling miniz_oxide v0.5.3
[INFO] [stderr]    Compiling brotli-decompressor v2.3.2
[INFO] [stderr]    Compiling actix-utils v3.0.0
[INFO] [stderr]    Compiling http-body v0.4.5
[INFO] [stderr]    Compiling cookie v0.16.0
[INFO] [stderr]    Compiling tokio-util v0.7.3
[INFO] [stderr]    Compiling actix-rt v2.7.0
[INFO] [stderr]    Compiling minimal-lexical v0.2.1
[INFO] [stderr]    Compiling ansi_term v0.12.1
[INFO] [stderr]    Compiling cpufeatures v0.2.2
[INFO] [stderr]    Compiling strsim v0.8.0
[INFO] [stderr]    Compiling bit-vec v0.6.3
[INFO] [stderr]    Compiling anyhow v1.0.62
[INFO] [stderr]    Compiling tower-service v0.3.2
[INFO] [stderr]    Compiling convert_case v0.4.0
[INFO] [stderr]    Compiling vec_map v0.8.2
[INFO] [stderr]    Compiling nom v7.1.1
[INFO] [stderr]    Compiling sha1 v0.10.1
[INFO] [stderr]    Compiling bit-set v0.5.3
[INFO] [stderr]    Compiling local-channel v0.1.3
[INFO] [stderr]    Compiling num v0.2.1
[INFO] [stderr]    Compiling time v0.3.13
[INFO] [stderr]    Compiling clap v2.34.0
[INFO] [stderr]    Compiling flate2 v1.0.24
[INFO] [stderr]    Compiling h2 v0.3.14
[INFO] [stderr]    Compiling brotli v3.3.4
[INFO] [stderr]    Compiling actix-codec v0.5.0
[INFO] [stderr]    Compiling rand v0.8.5
[INFO] [stderr]    Compiling language-tags v0.3.2
[INFO] [stderr]    Compiling ipnet v2.5.0
[INFO] [stderr]    Compiling fancy-regex v0.8.0
[INFO] [stderr]    Compiling fraction v0.10.0
[INFO] [stderr]    Compiling actix-server v2.1.1
[INFO] [stderr]    Compiling termcolor v1.1.3
[INFO] [stderr]    Compiling bytecount v0.6.3
[INFO] [stderr]    Compiling humantime v2.1.0
[INFO] [stderr]    Compiling same-file v1.0.6
[INFO] [stderr]    Compiling num-cmp v0.1.0
[INFO] [stderr]    Compiling uuid v0.8.2
[INFO] [stderr]    Compiling walkdir v2.3.2
[INFO] [stderr]    Compiling env_logger v0.9.0
[INFO] [stderr]    Compiling actix-router v0.5.0
[INFO] [stderr]    Compiling iso8601 v0.4.2
[INFO] [stderr]    Compiling derive_more v0.99.17
[INFO] [stderr]    Compiling structopt-derive v0.4.18
[INFO] [stderr]    Compiling actix-web-codegen v4.0.1
[INFO] [stderr]    Compiling actix-macros v0.2.3
[INFO] [stderr]    Compiling hyper v0.14.20
[INFO] [stderr]    Compiling structopt v0.3.26
[INFO] [stderr]    Compiling serde_urlencoded v0.7.1
[INFO] [stderr]    Compiling reqwest v0.11.11
[INFO] [stderr]    Compiling jsonschema v0.16.0
[INFO] [stderr]    Compiling zstd v0.11.2+zstd.1.5.2
[INFO] [stderr]    Compiling actix-http v3.2.1
[INFO] [stderr]    Compiling actix-web v4.1.0
[INFO] [stderr]    Compiling json-validator v0.1.0 (/opt/rustwide/workdir)
[INFO] [stderr]     Finished `dev` profile [unoptimized + debuginfo] target(s) in 58.18s
[INFO] running `Command { std: "docker" "inspect" "e6d3c211b1b3339fb82ad909c3c71961bc4678fae1000e729bccc85065f23609", kill_on_drop: false }`
[INFO] running `Command { std: "docker" "rm" "-f" "e6d3c211b1b3339fb82ad909c3c71961bc4678fae1000e729bccc85065f23609", kill_on_drop: false }`
[INFO] [stdout] e6d3c211b1b3339fb82ad909c3c71961bc4678fae1000e729bccc85065f23609
[INFO] running `Command { std: "docker" "create" "-v" "/var/lib/crater-agent-workspace/builds/worker-7-tc1/target:/opt/rustwide/target:rw,Z" "-v" "/var/lib/crater-agent-workspace/builds/worker-7-tc1/source:/opt/rustwide/workdir:ro,Z" "-v" "/var/lib/crater-agent-workspace/cargo-home:/opt/rustwide/cargo-home:ro,Z" "-v" "/var/lib/crater-agent-workspace/rustup-home:/opt/rustwide/rustup-home:ro,Z" "-e" "SOURCE_DIR=/opt/rustwide/workdir" "-e" "CARGO_TARGET_DIR=/opt/rustwide/target" "-e" "CARGO_INCREMENTAL=0" "-e" "RUST_BACKTRACE=full" "-e" "RUSTFLAGS=--cap-lints=warn" "-e" "RUSTDOCFLAGS=--cap-lints=warn" "-e" "CARGO_HOME=/opt/rustwide/cargo-home" "-e" "RUSTUP_HOME=/opt/rustwide/rustup-home" "-w" "/opt/rustwide/workdir" "-m" "1610612736" "--user" "0:0" "--network" "none" "ghcr.io/rust-lang/crates-build-env/linux@sha256:f3a9d4ad9d972b27faf3965f35b62e55ba32bbce8f20bc8fe909558a86702fde" "/opt/rustwide/cargo-home/bin/cargo" "+1.83.0" "test" "--frozen" "--no-run" "--message-format=json", kill_on_drop: false }`
[INFO] [stdout] 58eeffc3cdc992a8a8de07635c57ad9cc8673634ec5ce7d6c7d6ddbe5ec0bad1
[INFO] running `Command { std: "docker" "start" "-a" "58eeffc3cdc992a8a8de07635c57ad9cc8673634ec5ce7d6c7d6ddbe5ec0bad1", kill_on_drop: false }`
[INFO] [stderr]    Compiling json-validator v0.1.0 (/opt/rustwide/workdir)
[INFO] [stderr]     Finished `test` profile [unoptimized + debuginfo] target(s) in 4.35s
[INFO] running `Command { std: "docker" "inspect" "58eeffc3cdc992a8a8de07635c57ad9cc8673634ec5ce7d6c7d6ddbe5ec0bad1", kill_on_drop: false }`
[INFO] running `Command { std: "docker" "rm" "-f" "58eeffc3cdc992a8a8de07635c57ad9cc8673634ec5ce7d6c7d6ddbe5ec0bad1", kill_on_drop: false }`
[INFO] [stdout] 58eeffc3cdc992a8a8de07635c57ad9cc8673634ec5ce7d6c7d6ddbe5ec0bad1
[INFO] running `Command { std: "docker" "create" "-v" "/var/lib/crater-agent-workspace/builds/worker-7-tc1/target:/opt/rustwide/target:rw,Z" "-v" "/var/lib/crater-agent-workspace/builds/worker-7-tc1/source:/opt/rustwide/workdir:ro,Z" "-v" "/var/lib/crater-agent-workspace/cargo-home:/opt/rustwide/cargo-home:ro,Z" "-v" "/var/lib/crater-agent-workspace/rustup-home:/opt/rustwide/rustup-home:ro,Z" "-e" "SOURCE_DIR=/opt/rustwide/workdir" "-e" "CARGO_TARGET_DIR=/opt/rustwide/target" "-e" "CARGO_INCREMENTAL=0" "-e" "RUST_BACKTRACE=full" "-e" "RUSTFLAGS=--cap-lints=warn" "-e" "RUSTDOCFLAGS=--cap-lints=warn" "-e" "CARGO_HOME=/opt/rustwide/cargo-home" "-e" "RUSTUP_HOME=/opt/rustwide/rustup-home" "-w" "/opt/rustwide/workdir" "-m" "1610612736" "--user" "0:0" "--network" "none" "ghcr.io/rust-lang/crates-build-env/linux@sha256:f3a9d4ad9d972b27faf3965f35b62e55ba32bbce8f20bc8fe909558a86702fde" "/opt/rustwide/cargo-home/bin/cargo" "+1.83.0" "test" "--frozen", kill_on_drop: false }`
[INFO] [stdout] 4b5e6de1576492362021fc0efff878640c97c97f174c31b63e0fbd91d81ccd72
[INFO] running `Command { std: "docker" "start" "-a" "4b5e6de1576492362021fc0efff878640c97c97f174c31b63e0fbd91d81ccd72", kill_on_drop: false }`
[INFO] [stderr]     Finished `test` profile [unoptimized + debuginfo] target(s) in 0.13s
[INFO] [stderr]      Running unittests src/main.rs (/opt/rustwide/target/debug/deps/json_validator-466aaed96e6f8bd9)
[INFO] [stdout] 
[INFO] [stdout] running 1 test
[INFO] [stdout] test tests::test_validation ... FAILED
[INFO] [stdout] 
[INFO] [stdout] failures:
[INFO] [stdout] 
[INFO] [stdout] ---- tests::test_validation stdout ----
[INFO] [stdout] thread 'tests::test_validation' panicked at src/main.rs:242:9:
[INFO] [stdout] assertion `left == right` failed
[INFO] [stdout]   left: 404
[INFO] [stdout]  right: 400
[INFO] [stdout] stack backtrace:
[INFO] [stdout]    0:     0x5ad826af5dea - std::backtrace_rs::backtrace::libunwind::trace::h5a5b8284f2d0c266
[INFO] [stdout]                                at /rustc/90b35a6239c3d8bdabc530a6a0816f7ff89a0aaf/library/std/src/../../backtrace/src/backtrace/libunwind.rs:116:5
[INFO] [stdout]    1:     0x5ad826af5dea - std::backtrace_rs::backtrace::trace_unsynchronized::h76d4f1c9b0b875e3
[INFO] [stdout]                                at /rustc/90b35a6239c3d8bdabc530a6a0816f7ff89a0aaf/library/std/src/../../backtrace/src/backtrace/mod.rs:66:5
[INFO] [stdout]    2:     0x5ad826af5dea - std::sys::backtrace::_print_fmt::hc4546b8364a537c6
[INFO] [stdout]                                at /rustc/90b35a6239c3d8bdabc530a6a0816f7ff89a0aaf/library/std/src/sys/backtrace.rs:66:9
[INFO] [stdout]    3:     0x5ad826af5dea - <std::sys::backtrace::BacktraceLock::print::DisplayBacktrace as core::fmt::Display>::fmt::h5b6bd5631a6d1f6b
[INFO] [stdout]                                at /rustc/90b35a6239c3d8bdabc530a6a0816f7ff89a0aaf/library/std/src/sys/backtrace.rs:39:26
[INFO] [stdout]    4:     0x5ad826b1f4e3 - core::fmt::rt::Argument::fmt::h270f6602a2b96f62
[INFO] [stdout]                                at /rustc/90b35a6239c3d8bdabc530a6a0816f7ff89a0aaf/library/core/src/fmt/rt.rs:177:76
[INFO] [stdout]    5:     0x5ad826b1f4e3 - core::fmt::write::h7550c97b06c86515
[INFO] [stdout]                                at /rustc/90b35a6239c3d8bdabc530a6a0816f7ff89a0aaf/library/core/src/fmt/mod.rs:1186:21
[INFO] [stdout]    6:     0x5ad826af2483 - std::io::Write::write_fmt::h509ff860e5956e5e
[INFO] [stdout]                                at /rustc/90b35a6239c3d8bdabc530a6a0816f7ff89a0aaf/library/std/src/io/mod.rs:1839:15
[INFO] [stdout]    7:     0x5ad826af5c32 - std::sys::backtrace::BacktraceLock::print::h2395ccd2c84ba3aa
[INFO] [stdout]                                at /rustc/90b35a6239c3d8bdabc530a6a0816f7ff89a0aaf/library/std/src/sys/backtrace.rs:42:9
[INFO] [stdout]    8:     0x5ad826af724a - std::panicking::default_hook::{{closure}}::he19d4c7230e07961
[INFO] [stdout]                                at /rustc/90b35a6239c3d8bdabc530a6a0816f7ff89a0aaf/library/std/src/panicking.rs:268:22
[INFO] [stdout]    9:     0x5ad826af7054 - std::panicking::default_hook::hf614597d3c67bbdb
[INFO] [stdout]                                at /rustc/90b35a6239c3d8bdabc530a6a0816f7ff89a0aaf/library/std/src/panicking.rs:292:9
[INFO] [stdout]   10:     0x5ad82621bfd9 - <alloc::boxed::Box<F,A> as core::ops::function::Fn<Args>>::call::h39b51ce4599c23d1
[INFO] [stdout]                                at /rustc/90b35a6239c3d8bdabc530a6a0816f7ff89a0aaf/library/alloc/src/boxed.rs:2468:9
[INFO] [stdout]   11:     0x5ad82621bfd9 - test::test_main::{{closure}}::he977ae839a582784
[INFO] [stdout]                                at /rustc/90b35a6239c3d8bdabc530a6a0816f7ff89a0aaf/library/test/src/lib.rs:133:21
[INFO] [stdout]   12:     0x5ad826af78e8 - <alloc::boxed::Box<F,A> as core::ops::function::Fn<Args>>::call::h9455091b6b06f9fb
[INFO] [stdout]                                at /rustc/90b35a6239c3d8bdabc530a6a0816f7ff89a0aaf/library/alloc/src/boxed.rs:2468:9
[INFO] [stdout]   13:     0x5ad826af78e8 - std::panicking::rust_panic_with_hook::h8942133a8b252070
[INFO] [stdout]                                at /rustc/90b35a6239c3d8bdabc530a6a0816f7ff89a0aaf/library/std/src/panicking.rs:809:13
[INFO] [stdout]   14:     0x5ad826af76aa - std::panicking::begin_panic_handler::{{closure}}::hb5f5963570096b29
[INFO] [stdout]                                at /rustc/90b35a6239c3d8bdabc530a6a0816f7ff89a0aaf/library/std/src/panicking.rs:674:13
[INFO] [stdout]   15:     0x5ad826af62c9 - std::sys::backtrace::__rust_end_short_backtrace::h6208cedc1922feda
[INFO] [stdout]                                at /rustc/90b35a6239c3d8bdabc530a6a0816f7ff89a0aaf/library/std/src/sys/backtrace.rs:170:18
[INFO] [stdout]   16:     0x5ad826af733c - rust_begin_unwind
[INFO] [stdout]                                at /rustc/90b35a6239c3d8bdabc530a6a0816f7ff89a0aaf/library/std/src/panicking.rs:665:5
[INFO] [stdout]   17:     0x5ad8261a1370 - core::panicking::panic_fmt::h0c3082644d1bf418
[INFO] [stdout]                                at /rustc/90b35a6239c3d8bdabc530a6a0816f7ff89a0aaf/library/core/src/panicking.rs:74:14
[INFO] [stdout]   18:     0x5ad8261a1774 - core::panicking::assert_failed_inner::h2ddf1fcc067fa858
[INFO] [stdout]   19:     0x5ad8261bc5f6 - core::panicking::assert_failed::h09e60efd2231d62d
[INFO] [stdout]                                at /rustc/90b35a6239c3d8bdabc530a6a0816f7ff89a0aaf/library/core/src/panicking.rs:367:5
[INFO] [stdout]   20:     0x5ad8261d703e - json_validator::tests::test_validation::{{closure}}::hc22c1902492707f8
[INFO] [stdout]                                at /opt/rustwide/workdir/src/main.rs:242:9
[INFO] [stdout]   21:     0x5ad8261d6440 - <tokio::task::local::RunUntil<T> as core::future::future::Future>::poll::{{closure}}::{{closure}}::hb2ba84e8ed1681e8
[INFO] [stdout]                                at /opt/rustwide/cargo-home/registry/src/index.crates.io-6f17d22bba15001f/tokio-1.20.1/src/task/local.rs:757:65
[INFO] [stdout]   22:     0x5ad8261c5b23 - tokio::coop::with_budget::{{closure}}::h93d5ce83847443eb
[INFO] [stdout]                                at /opt/rustwide/cargo-home/registry/src/index.crates.io-6f17d22bba15001f/tokio-1.20.1/src/coop.rs:102:9
[INFO] [stdout]   23:     0x5ad8261c4a8a - std::thread::local::LocalKey<T>::try_with::h4d8cd8b5ec211b8a
[INFO] [stdout]                                at /rustc/90b35a6239c3d8bdabc530a6a0816f7ff89a0aaf/library/std/src/thread/local.rs:283:12
[INFO] [stdout]   24:     0x5ad8261c444a - std::thread::local::LocalKey<T>::with::ha4dae10155f96fcd
[INFO] [stdout]                                at /rustc/90b35a6239c3d8bdabc530a6a0816f7ff89a0aaf/library/std/src/thread/local.rs:260:9
[INFO] [stdout]   25:     0x5ad8261d6312 - tokio::coop::with_budget::ha19e891e8556e472
[INFO] [stdout]                                at /opt/rustwide/cargo-home/registry/src/index.crates.io-6f17d22bba15001f/tokio-1.20.1/src/coop.rs:95:5
[INFO] [stdout]   26:     0x5ad8261d6312 - tokio::coop::budget::h08aca55635e12dbc
[INFO] [stdout]                                at /opt/rustwide/cargo-home/registry/src/index.crates.io-6f17d22bba15001f/tokio-1.20.1/src/coop.rs:72:5
[INFO] [stdout]   27:     0x5ad8261d6312 - <tokio::task::local::RunUntil<T> as core::future::future::Future>::poll::{{closure}}::he8f5f3697bdc12c8
[INFO] [stdout]                                at /opt/rustwide/cargo-home/registry/src/index.crates.io-6f17d22bba15001f/tokio-1.20.1/src/task/local.rs:757:42
[INFO] [stdout]   28:     0x5ad8261cee2d - tokio::macros::scoped_tls::ScopedKey<T>::set::h1d468bf82f314bd7
[INFO] [stdout]                                at /opt/rustwide/cargo-home/registry/src/index.crates.io-6f17d22bba15001f/tokio-1.20.1/src/macros/scoped_tls.rs:61:9
[INFO] [stdout]   29:     0x5ad8261d5457 - tokio::task::local::LocalSet::with::h7accb92a118c10cd
[INFO] [stdout]                                at /opt/rustwide/cargo-home/registry/src/index.crates.io-6f17d22bba15001f/tokio-1.20.1/src/task/local.rs:582:9
[INFO] [stdout]   30:     0x5ad8261d61da - <tokio::task::local::RunUntil<T> as core::future::future::Future>::poll::h49fd20c0861cd409
[INFO] [stdout]                                at /opt/rustwide/cargo-home/registry/src/index.crates.io-6f17d22bba15001f/tokio-1.20.1/src/task/local.rs:747:9
[INFO] [stdout]   31:     0x5ad8261d56b5 - tokio::task::local::LocalSet::run_until::{{closure}}::h0199aa8197c12bba
[INFO] [stdout]                                at /opt/rustwide/cargo-home/registry/src/index.crates.io-6f17d22bba15001f/tokio-1.20.1/src/task/local.rs:502:19
[INFO] [stdout]   32:     0x5ad8261b2f2d - <core::pin::Pin<P> as core::future::future::Future>::poll::he10827adf0b2f90f
[INFO] [stdout]                                at /rustc/90b35a6239c3d8bdabc530a6a0816f7ff89a0aaf/library/core/src/future/future.rs:123:9
[INFO] [stdout]   33:     0x5ad8261becbf - tokio::runtime::basic_scheduler::CoreGuard::block_on::{{closure}}::{{closure}}::{{closure}}::h41ca1b6a32bd76ba
[INFO] [stdout]                                at /opt/rustwide/cargo-home/registry/src/index.crates.io-6f17d22bba15001f/tokio-1.20.1/src/runtime/basic_scheduler.rs:543:48
[INFO] [stdout]   34:     0x5ad8261c59f3 - tokio::coop::with_budget::{{closure}}::h0b6248ee0c1ed616
[INFO] [stdout]                                at /opt/rustwide/cargo-home/registry/src/index.crates.io-6f17d22bba15001f/tokio-1.20.1/src/coop.rs:102:9
[INFO] [stdout]   35:     0x5ad8261c474a - std::thread::local::LocalKey<T>::try_with::h207f24d1a89e6576
[INFO] [stdout]                                at /rustc/90b35a6239c3d8bdabc530a6a0816f7ff89a0aaf/library/std/src/thread/local.rs:283:12
[INFO] [stdout]   36:     0x5ad8261c44ba - std::thread::local::LocalKey<T>::with::he130183afd26ef52
[INFO] [stdout]                                at /rustc/90b35a6239c3d8bdabc530a6a0816f7ff89a0aaf/library/std/src/thread/local.rs:260:9
[INFO] [stdout]   37:     0x5ad8261bec69 - tokio::coop::with_budget::hf725bb3b20d5854a
[INFO] [stdout]                                at /opt/rustwide/cargo-home/registry/src/index.crates.io-6f17d22bba15001f/tokio-1.20.1/src/coop.rs:95:5
[INFO] [stdout]   38:     0x5ad8261bec69 - tokio::coop::budget::h758923cd78e877ee
[INFO] [stdout]                                at /opt/rustwide/cargo-home/registry/src/index.crates.io-6f17d22bba15001f/tokio-1.20.1/src/coop.rs:72:5
[INFO] [stdout]   39:     0x5ad8261bec69 - tokio::runtime::basic_scheduler::CoreGuard::block_on::{{closure}}::{{closure}}::he46979504c54d342
[INFO] [stdout]                                at /opt/rustwide/cargo-home/registry/src/index.crates.io-6f17d22bba15001f/tokio-1.20.1/src/runtime/basic_scheduler.rs:543:25
[INFO] [stdout]   40:     0x5ad8261bdbd0 - tokio::runtime::basic_scheduler::Context::enter::h5422a9571f49b962
[INFO] [stdout]                                at /opt/rustwide/cargo-home/registry/src/index.crates.io-6f17d22bba15001f/tokio-1.20.1/src/runtime/basic_scheduler.rs:367:19
[INFO] [stdout]   41:     0x5ad8261be55f - tokio::runtime::basic_scheduler::CoreGuard::block_on::{{closure}}::h163d1afa2c8c78e8
[INFO] [stdout]                                at /opt/rustwide/cargo-home/registry/src/index.crates.io-6f17d22bba15001f/tokio-1.20.1/src/runtime/basic_scheduler.rs:542:36
[INFO] [stdout]   42:     0x5ad8261be2e4 - tokio::runtime::basic_scheduler::CoreGuard::enter::{{closure}}::h1406f1e911ad116a
[INFO] [stdout]                                at /opt/rustwide/cargo-home/registry/src/index.crates.io-6f17d22bba15001f/tokio-1.20.1/src/runtime/basic_scheduler.rs:613:57
[INFO] [stdout]   43:     0x5ad8261cef33 - tokio::macros::scoped_tls::ScopedKey<T>::set::h229763d6af2c4b17
[INFO] [stdout]                                at /opt/rustwide/cargo-home/registry/src/index.crates.io-6f17d22bba15001f/tokio-1.20.1/src/macros/scoped_tls.rs:61:9
[INFO] [stdout]   44:     0x5ad8261be08f - tokio::runtime::basic_scheduler::CoreGuard::enter::h3a6d16e79743c929
[INFO] [stdout]                                at /opt/rustwide/cargo-home/registry/src/index.crates.io-6f17d22bba15001f/tokio-1.20.1/src/runtime/basic_scheduler.rs:613:27
[INFO] [stdout]   45:     0x5ad8261be302 - tokio::runtime::basic_scheduler::CoreGuard::block_on::h9799fe4a1fdcebf9
[INFO] [stdout]                                at /opt/rustwide/cargo-home/registry/src/index.crates.io-6f17d22bba15001f/tokio-1.20.1/src/runtime/basic_scheduler.rs:533:19
[INFO] [stdout]   46:     0x5ad8261bd358 - tokio::runtime::basic_scheduler::BasicScheduler::block_on::h9d544472783a01e3
[INFO] [stdout]                                at /opt/rustwide/cargo-home/registry/src/index.crates.io-6f17d22bba15001f/tokio-1.20.1/src/runtime/basic_scheduler.rs:179:24
[INFO] [stdout]   47:     0x5ad8261b9f8a - tokio::runtime::Runtime::block_on::hf7f14ba3e5aa30eb
[INFO] [stdout]                                at /opt/rustwide/cargo-home/registry/src/index.crates.io-6f17d22bba15001f/tokio-1.20.1/src/runtime/mod.rs:482:46
[INFO] [stdout]   48:     0x5ad8261d549b - tokio::task::local::LocalSet::block_on::hd94aa121a3c49be0
[INFO] [stdout]                                at /opt/rustwide/cargo-home/registry/src/index.crates.io-6f17d22bba15001f/tokio-1.20.1/src/task/local.rs:463:9
[INFO] [stdout]   49:     0x5ad8261c00b7 - actix_rt::runtime::Runtime::block_on::hf220287e9de82044
[INFO] [stdout]                                at /opt/rustwide/cargo-home/registry/src/index.crates.io-6f17d22bba15001f/actix-rt-2.7.0/src/runtime.rs:80:9
[INFO] [stdout]   50:     0x5ad8261b0aba - actix_rt::system::SystemRunner::block_on::hfb875344dfd1f08f
[INFO] [stdout]                                at /opt/rustwide/cargo-home/registry/src/index.crates.io-6f17d22bba15001f/actix-rt-2.7.0/src/system.rs:209:9
[INFO] [stdout]   51:     0x5ad8261d66f2 - json_validator::tests::test_validation::hc08efa26978a9a8f
[INFO] [stdout]                                at /opt/rustwide/workdir/src/main.rs:228:5
[INFO] [stdout]   52:     0x5ad8261d66a7 - json_validator::tests::test_validation::{{closure}}::ha7e961473674d238
[INFO] [stdout]                                at /opt/rustwide/workdir/src/main.rs:229:31
[INFO] [stdout]   53:     0x5ad8261dcf06 - core::ops::function::FnOnce::call_once::h221511cfbf35db53
[INFO] [stdout]                                at /rustc/90b35a6239c3d8bdabc530a6a0816f7ff89a0aaf/library/core/src/ops/function.rs:250:5
[INFO] [stdout]   54:     0x5ad82622099b - core::ops::function::FnOnce::call_once::h109cf8051a59b34e
[INFO] [stdout]                                at /rustc/90b35a6239c3d8bdabc530a6a0816f7ff89a0aaf/library/core/src/ops/function.rs:250:5
[INFO] [stdout]   55:     0x5ad82622099b - test::__rust_begin_short_backtrace::hf4fff89d377446ba
[INFO] [stdout]                                at /rustc/90b35a6239c3d8bdabc530a6a0816f7ff89a0aaf/library/test/src/lib.rs:621:18
[INFO] [stdout]   56:     0x5ad8262201d7 - test::run_test_in_process::{{closure}}::h0e39181dd7ee5a43
[INFO] [stdout]                                at /rustc/90b35a6239c3d8bdabc530a6a0816f7ff89a0aaf/library/test/src/lib.rs:644:60
[INFO] [stdout]   57:     0x5ad8262201d7 - <core::panic::unwind_safe::AssertUnwindSafe<F> as core::ops::function::FnOnce<()>>::call_once::hc5a66a30f0bdfd1f
[INFO] [stdout]                                at /rustc/90b35a6239c3d8bdabc530a6a0816f7ff89a0aaf/library/core/src/panic/unwind_safe.rs:272:9
[INFO] [stdout]   58:     0x5ad8262201d7 - std::panicking::try::do_call::h873b7cf639554a5e
[INFO] [stdout]                                at /rustc/90b35a6239c3d8bdabc530a6a0816f7ff89a0aaf/library/std/src/panicking.rs:557:40
[INFO] [stdout]   59:     0x5ad8262201d7 - std::panicking::try::hdb19862fad9c8bd1
[INFO] [stdout]                                at /rustc/90b35a6239c3d8bdabc530a6a0816f7ff89a0aaf/library/std/src/panicking.rs:520:19
[INFO] [stdout]   60:     0x5ad8262201d7 - std::panic::catch_unwind::h281fe732d236d260
[INFO] [stdout]                                at /rustc/90b35a6239c3d8bdabc530a6a0816f7ff89a0aaf/library/std/src/panic.rs:358:14
[INFO] [stdout]   61:     0x5ad8262201d7 - test::run_test_in_process::h949b6df8457ed338
[INFO] [stdout]                                at /rustc/90b35a6239c3d8bdabc530a6a0816f7ff89a0aaf/library/test/src/lib.rs:644:27
[INFO] [stdout]   62:     0x5ad8262201d7 - test::run_test::{{closure}}::h52c556a6d4740e10
[INFO] [stdout]                                at /rustc/90b35a6239c3d8bdabc530a6a0816f7ff89a0aaf/library/test/src/lib.rs:565:43
[INFO] [stdout]   63:     0x5ad8261e54b4 - test::run_test::{{closure}}::h4237f6381c45ccb9
[INFO] [stdout]                                at /rustc/90b35a6239c3d8bdabc530a6a0816f7ff89a0aaf/library/test/src/lib.rs:595:41
[INFO] [stdout]   64:     0x5ad8261e54b4 - std::sys::backtrace::__rust_begin_short_backtrace::h505c97a579eca628
[INFO] [stdout]                                at /rustc/90b35a6239c3d8bdabc530a6a0816f7ff89a0aaf/library/std/src/sys/backtrace.rs:154:18
[INFO] [stdout]   65:     0x5ad8261e8b7e - std::thread::Builder::spawn_unchecked_::{{closure}}::{{closure}}::h9e86b2e2bc107ea3
[INFO] [stdout]                                at /rustc/90b35a6239c3d8bdabc530a6a0816f7ff89a0aaf/library/std/src/thread/mod.rs:538:17
[INFO] [stdout]   66:     0x5ad8261e8b7e - <core::panic::unwind_safe::AssertUnwindSafe<F> as core::ops::function::FnOnce<()>>::call_once::h8b06ddb275ff4a25
[INFO] [stdout]                                at /rustc/90b35a6239c3d8bdabc530a6a0816f7ff89a0aaf/library/core/src/panic/unwind_safe.rs:272:9
[INFO] [stdout]   67:     0x5ad8261e8b7e - std::panicking::try::do_call::hb26ecd7cd9a9355d
[INFO] [stdout]                                at /rustc/90b35a6239c3d8bdabc530a6a0816f7ff89a0aaf/library/std/src/panicking.rs:557:40
[INFO] [stdout]   68:     0x5ad8261e8b7e - std::panicking::try::h8ddeca9d705f9069
[INFO] [stdout]                                at /rustc/90b35a6239c3d8bdabc530a6a0816f7ff89a0aaf/library/std/src/panicking.rs:520:19
[INFO] [stdout]   69:     0x5ad8261e8b7e - std::panic::catch_unwind::h49e1c33078844c46
[INFO] [stdout]                                at /rustc/90b35a6239c3d8bdabc530a6a0816f7ff89a0aaf/library/std/src/panic.rs:358:14
[INFO] [stdout]   70:     0x5ad8261e8b7e - std::thread::Builder::spawn_unchecked_::{{closure}}::h6073db6ff56ad35d
[INFO] [stdout]                                at /rustc/90b35a6239c3d8bdabc530a6a0816f7ff89a0aaf/library/std/src/thread/mod.rs:537:30
[INFO] [stdout]   71:     0x5ad8261e8b7e - core::ops::function::FnOnce::call_once{{vtable.shim}}::h2c5a5f3779c774f1
[INFO] [stdout]                                at /rustc/90b35a6239c3d8bdabc530a6a0816f7ff89a0aaf/library/core/src/ops/function.rs:250:5
[INFO] [stdout]   72:     0x5ad826afbf9b - <alloc::boxed::Box<F,A> as core::ops::function::FnOnce<Args>>::call_once::hf75717d9f28faebf
[INFO] [stdout]                                at /rustc/90b35a6239c3d8bdabc530a6a0816f7ff89a0aaf/library/alloc/src/boxed.rs:2454:9
[INFO] [stdout]   73:     0x5ad826afbf9b - <alloc::boxed::Box<F,A> as core::ops::function::FnOnce<Args>>::call_once::h7bd883a5f3c5f3c1
[INFO] [stdout]                                at /rustc/90b35a6239c3d8bdabc530a6a0816f7ff89a0aaf/library/alloc/src/boxed.rs:2454:9
[INFO] [stdout]   74:     0x5ad826afbf9b - std::sys::pal::unix::thread::Thread::new::thread_start::hcc78f3943333fa94
[INFO] [stdout]                                at /rustc/90b35a6239c3d8bdabc530a6a0816f7ff89a0aaf/library/std/src/sys/pal/unix/thread.rs:105:17
[INFO] [stdout]   75:     0x7570f7604ac3 - <unknown>
[INFO] [stdout]   76:     0x7570f7695a04 - clone
[INFO] [stdout]   77:                0x0 - <unknown>
[INFO] [stdout] 
[INFO] [stdout] 
[INFO] [stdout] failures:
[INFO] [stdout]     tests::test_validation
[INFO] [stdout] 
[INFO] [stdout] test result: FAILED. 0 passed; 1 failed; 0 ignored; 0 measured; 0 filtered out; finished in 0.06s
[INFO] [stdout] 
[INFO] [stderr] error: test failed, to rerun pass `--bin json-validator`
[INFO] running `Command { std: "docker" "inspect" "4b5e6de1576492362021fc0efff878640c97c97f174c31b63e0fbd91d81ccd72", kill_on_drop: false }`
[INFO] running `Command { std: "docker" "rm" "-f" "4b5e6de1576492362021fc0efff878640c97c97f174c31b63e0fbd91d81ccd72", kill_on_drop: false }`
[INFO] [stdout] 4b5e6de1576492362021fc0efff878640c97c97f174c31b63e0fbd91d81ccd72
