[INFO] cloning repository https://github.com/sebastienrousseau/vrd
[INFO] running `Command { std: "git" "-c" "credential.helper=" "-c" "credential.helper=/workspace/cargo-home/bin/git-credential-null" "clone" "--bare" "https://github.com/sebastienrousseau/vrd" "/workspace/cache/git-repos/https%3A%2F%2Fgithub.com%2Fsebastienrousseau%2Fvrd", kill_on_drop: false }`
[INFO] [stderr] Cloning into bare repository '/workspace/cache/git-repos/https%3A%2F%2Fgithub.com%2Fsebastienrousseau%2Fvrd'...
[INFO] running `Command { std: "git" "rev-parse" "HEAD", kill_on_drop: false }`
[INFO] [stdout] b2b8f822754d4c82e92d8aea3c01d835f0138400
[INFO] testing sebastienrousseau/vrd against 1.83.0 for beta-1.84.0-4-retry
[INFO] running `Command { std: "git" "clone" "/workspace/cache/git-repos/https%3A%2F%2Fgithub.com%2Fsebastienrousseau%2Fvrd" "/workspace/builds/worker-6-tc1/source", kill_on_drop: false }`
[INFO] [stderr] Cloning into '/workspace/builds/worker-6-tc1/source'...
[INFO] [stderr] done.
[INFO] validating manifest of git repo https://github.com/sebastienrousseau/vrd on toolchain 1.83.0
[INFO] running `Command { std: CARGO_HOME="/workspace/cargo-home" RUSTUP_HOME="/workspace/rustup-home" "/workspace/cargo-home/bin/cargo" "+1.83.0" "metadata" "--manifest-path" "Cargo.toml" "--no-deps", kill_on_drop: false }`
[INFO] started tweaking git repo https://github.com/sebastienrousseau/vrd
[INFO] finished tweaking git repo https://github.com/sebastienrousseau/vrd
[INFO] tweaked toml for git repo https://github.com/sebastienrousseau/vrd written to /workspace/builds/worker-6-tc1/source/Cargo.toml
[INFO] crate git repo https://github.com/sebastienrousseau/vrd already has a lockfile, it will not be regenerated
[INFO] running `Command { std: CARGO_HOME="/workspace/cargo-home" RUSTUP_HOME="/workspace/rustup-home" "/workspace/cargo-home/bin/cargo" "+1.83.0" "fetch" "--manifest-path" "Cargo.toml", kill_on_drop: false }`
[INFO] [stderr]     Updating crates.io index
[INFO] [stderr]  Downloading crates ...
[INFO] [stderr]   Downloaded vrd v0.0.7
[INFO] [stderr]   Downloaded rlg v0.0.4
[INFO] [stderr]   Downloaded dtt v0.0.6
[INFO] [stderr]   Downloaded vrd v0.0.5
[INFO] [stderr]   Downloaded dtt v0.0.5
[INFO] [stderr]   Downloaded rlg v0.0.3
[INFO] running `Command { std: "docker" "create" "-v" "/var/lib/crater-agent-workspace/builds/worker-6-tc1/target:/opt/rustwide/target:rw,Z" "-v" "/var/lib/crater-agent-workspace/builds/worker-6-tc1/source:/opt/rustwide/workdir:ro,Z" "-v" "/var/lib/crater-agent-workspace/cargo-home:/opt/rustwide/cargo-home:ro,Z" "-v" "/var/lib/crater-agent-workspace/rustup-home:/opt/rustwide/rustup-home:ro,Z" "-e" "SOURCE_DIR=/opt/rustwide/workdir" "-e" "CARGO_TARGET_DIR=/opt/rustwide/target" "-e" "CARGO_HOME=/opt/rustwide/cargo-home" "-e" "RUSTUP_HOME=/opt/rustwide/rustup-home" "-w" "/opt/rustwide/workdir" "-m" "1610612736" "--user" "0:0" "--network" "none" "ghcr.io/rust-lang/crates-build-env/linux@sha256:f3a9d4ad9d972b27faf3965f35b62e55ba32bbce8f20bc8fe909558a86702fde" "/opt/rustwide/cargo-home/bin/cargo" "+1.83.0" "metadata" "--no-deps" "--format-version=1", kill_on_drop: false }`
[INFO] [stdout] 5e4136d79378ad1d4e07198bb15874d88bf8590cd3e3fcf2e286cf2db42d906f
[INFO] running `Command { std: "docker" "start" "-a" "5e4136d79378ad1d4e07198bb15874d88bf8590cd3e3fcf2e286cf2db42d906f", kill_on_drop: false }`
[INFO] running `Command { std: "docker" "inspect" "5e4136d79378ad1d4e07198bb15874d88bf8590cd3e3fcf2e286cf2db42d906f", kill_on_drop: false }`
[INFO] running `Command { std: "docker" "rm" "-f" "5e4136d79378ad1d4e07198bb15874d88bf8590cd3e3fcf2e286cf2db42d906f", kill_on_drop: false }`
[INFO] [stdout] 5e4136d79378ad1d4e07198bb15874d88bf8590cd3e3fcf2e286cf2db42d906f
[INFO] running `Command { std: "docker" "create" "-v" "/var/lib/crater-agent-workspace/builds/worker-6-tc1/target:/opt/rustwide/target:rw,Z" "-v" "/var/lib/crater-agent-workspace/builds/worker-6-tc1/source:/opt/rustwide/workdir:ro,Z" "-v" "/var/lib/crater-agent-workspace/cargo-home:/opt/rustwide/cargo-home:ro,Z" "-v" "/var/lib/crater-agent-workspace/rustup-home:/opt/rustwide/rustup-home:ro,Z" "-e" "SOURCE_DIR=/opt/rustwide/workdir" "-e" "CARGO_TARGET_DIR=/opt/rustwide/target" "-e" "CARGO_INCREMENTAL=0" "-e" "RUST_BACKTRACE=full" "-e" "RUSTFLAGS=--cap-lints=warn" "-e" "RUSTDOCFLAGS=--cap-lints=warn" "-e" "CARGO_HOME=/opt/rustwide/cargo-home" "-e" "RUSTUP_HOME=/opt/rustwide/rustup-home" "-w" "/opt/rustwide/workdir" "-m" "1610612736" "--user" "0:0" "--network" "none" "ghcr.io/rust-lang/crates-build-env/linux@sha256:f3a9d4ad9d972b27faf3965f35b62e55ba32bbce8f20bc8fe909558a86702fde" "/opt/rustwide/cargo-home/bin/cargo" "+1.83.0" "build" "--frozen" "--message-format=json", kill_on_drop: false }`
[INFO] [stdout] d6798527b3caaf64a915c6416ec68423340e967faebc2bfca7b41a7295355f30
[INFO] running `Command { std: "docker" "start" "-a" "d6798527b3caaf64a915c6416ec68423340e967faebc2bfca7b41a7295355f30", kill_on_drop: false }`
[INFO] [stderr]    Compiling proc-macro2 v1.0.86
[INFO] [stderr]    Compiling unicode-ident v1.0.12
[INFO] [stderr]    Compiling libc v0.2.158
[INFO] [stderr]    Compiling cfg-if v1.0.0
[INFO] [stderr]    Compiling serde v1.0.209
[INFO] [stderr]    Compiling memchr v2.7.4
[INFO] [stderr]    Compiling byteorder v1.5.0
[INFO] [stderr]    Compiling autocfg v1.3.0
[INFO] [stderr]    Compiling regex-syntax v0.8.4
[INFO] [stderr]    Compiling powerfmt v0.2.0
[INFO] [stderr]    Compiling parking_lot_core v0.9.10
[INFO] [stderr]    Compiling time-core v0.1.2
[INFO] [stderr]    Compiling smallvec v1.13.2
[INFO] [stderr]    Compiling scopeguard v1.2.0
[INFO] [stderr]    Compiling num-conv v0.1.0
[INFO] [stderr]    Compiling serde_json v1.0.127
[INFO] [stderr]    Compiling version_check v0.9.5
[INFO] [stderr]    Compiling dtt v0.0.5
[INFO] [stderr]    Compiling vrd v0.0.5
[INFO] [stderr]    Compiling bytes v1.7.1
[INFO] [stderr]    Compiling deranged v0.3.11
[INFO] [stderr]    Compiling rlg v0.0.3
[INFO] [stderr]    Compiling pin-project-lite v0.2.14
[INFO] [stderr]    Compiling ryu v1.0.18
[INFO] [stderr]    Compiling match_cfg v0.1.0
[INFO] [stderr]    Compiling itoa v1.0.11
[INFO] [stderr]    Compiling dtt v0.0.6
[INFO] [stderr]    Compiling vrd v0.0.7
[INFO] [stderr]    Compiling bitflags v2.6.0
[INFO] [stderr]    Compiling lock_api v0.4.12
[INFO] [stderr]    Compiling rlg v0.0.4
[INFO] [stderr]    Compiling vrd v0.0.8 (/opt/rustwide/workdir)
[INFO] [stderr]    Compiling quote v1.0.37
[INFO] [stderr]    Compiling aho-corasick v1.1.3
[INFO] [stderr]    Compiling syn v2.0.76
[INFO] [stderr]    Compiling time v0.3.36
[INFO] [stderr]    Compiling getrandom v0.2.15
[INFO] [stderr]    Compiling mio v1.0.2
[INFO] [stderr]    Compiling socket2 v0.5.7
[INFO] [stderr]    Compiling signal-hook-registry v1.4.2
[INFO] [stderr]    Compiling hostname v0.3.1
[INFO] [stderr]    Compiling hostname v0.4.0
[INFO] [stderr]    Compiling parking_lot v0.12.3
[INFO] [stderr]    Compiling rand_core v0.6.4
[INFO] [stderr]    Compiling uuid v1.10.0
[INFO] [stderr]    Compiling regex-automata v0.4.7
[INFO] [stderr]    Compiling serde_derive v1.0.209
[INFO] [stderr]    Compiling zerocopy-derive v0.7.35
[INFO] [stderr]    Compiling tokio-macros v2.4.0
[INFO] [stderr]    Compiling regex v1.10.6
[INFO] [stderr]    Compiling zerocopy v0.7.35
[INFO] [stderr]    Compiling tokio v1.39.3
[INFO] [stderr]    Compiling ppv-lite86 v0.2.20
[INFO] [stderr]    Compiling rand_chacha v0.3.1
[INFO] [stderr]    Compiling rand v0.8.5
[INFO] [stderr]    Compiling serde-big-array v0.5.1
[INFO] [stdout] warning: elided lifetime has a name
[INFO] [stdout]    --> src/random.rs:117:67
[INFO] [stdout]     |
[INFO] [stdout] 117 |     pub fn choose<'a, T>(&'a mut self, values: &'a [T]) -> Option<&T> {
[INFO] [stdout]     |                   -- lifetime `'a` declared here                  ^ this elided lifetime gets resolved as `'a`
[INFO] [stdout]     |
[INFO] [stdout]     = note: `#[warn(elided_named_lifetimes)]` on by default
[INFO] [stdout] 
[INFO] [stdout] 
[INFO] [stdout] warning: elided lifetime has a name
[INFO] [stdout]    --> src/random.rs:712:14
[INFO] [stdout]     |
[INFO] [stdout] 708 |     pub fn sample<'a, T>(
[INFO] [stdout]     |                   -- lifetime `'a` declared here
[INFO] [stdout] ...
[INFO] [stdout] 712 |     ) -> Vec<&T> {
[INFO] [stdout]     |              ^ this elided lifetime gets resolved as `'a`
[INFO] [stdout] 
[INFO] [stdout] 
[INFO] [stdout] warning: elided lifetime has a name
[INFO] [stdout]    --> src/random.rs:745:14
[INFO] [stdout]     |
[INFO] [stdout] 741 |     pub fn sample_with_replacement<'a, T>(
[INFO] [stdout]     |                                    -- lifetime `'a` declared here
[INFO] [stdout] ...
[INFO] [stdout] 745 |     ) -> Vec<&T> {
[INFO] [stdout]     |              ^ this elided lifetime gets resolved as `'a`
[INFO] [stdout] 
[INFO] [stdout] 
[INFO] [stderr]     Finished `dev` profile [unoptimized + debuginfo] target(s) in 33.74s
[INFO] running `Command { std: "docker" "inspect" "d6798527b3caaf64a915c6416ec68423340e967faebc2bfca7b41a7295355f30", kill_on_drop: false }`
[INFO] running `Command { std: "docker" "rm" "-f" "d6798527b3caaf64a915c6416ec68423340e967faebc2bfca7b41a7295355f30", kill_on_drop: false }`
[INFO] [stdout] d6798527b3caaf64a915c6416ec68423340e967faebc2bfca7b41a7295355f30
[INFO] running `Command { std: "docker" "create" "-v" "/var/lib/crater-agent-workspace/builds/worker-6-tc1/target:/opt/rustwide/target:rw,Z" "-v" "/var/lib/crater-agent-workspace/builds/worker-6-tc1/source:/opt/rustwide/workdir:ro,Z" "-v" "/var/lib/crater-agent-workspace/cargo-home:/opt/rustwide/cargo-home:ro,Z" "-v" "/var/lib/crater-agent-workspace/rustup-home:/opt/rustwide/rustup-home:ro,Z" "-e" "SOURCE_DIR=/opt/rustwide/workdir" "-e" "CARGO_TARGET_DIR=/opt/rustwide/target" "-e" "CARGO_INCREMENTAL=0" "-e" "RUST_BACKTRACE=full" "-e" "RUSTFLAGS=--cap-lints=warn" "-e" "RUSTDOCFLAGS=--cap-lints=warn" "-e" "CARGO_HOME=/opt/rustwide/cargo-home" "-e" "RUSTUP_HOME=/opt/rustwide/rustup-home" "-w" "/opt/rustwide/workdir" "-m" "1610612736" "--user" "0:0" "--network" "none" "ghcr.io/rust-lang/crates-build-env/linux@sha256:f3a9d4ad9d972b27faf3965f35b62e55ba32bbce8f20bc8fe909558a86702fde" "/opt/rustwide/cargo-home/bin/cargo" "+1.83.0" "test" "--frozen" "--no-run" "--message-format=json", kill_on_drop: false }`
[INFO] [stdout] 7418bb766a60bcf18c9c76c3c30b4ccc4227bceac59f2c9d7f19a030a6f28e97
[INFO] running `Command { std: "docker" "start" "-a" "7418bb766a60bcf18c9c76c3c30b4ccc4227bceac59f2c9d7f19a030a6f28e97", kill_on_drop: false }`
[INFO] [stderr]    Compiling serde v1.0.209
[INFO] [stderr]    Compiling regex-automata v0.4.7
[INFO] [stderr]    Compiling crossbeam-utils v0.8.20
[INFO] [stderr]    Compiling anstyle v1.0.8
[INFO] [stderr]    Compiling num-traits v0.2.19
[INFO] [stderr]    Compiling rayon-core v1.12.1
[INFO] [stderr]    Compiling either v1.13.0
[INFO] [stderr]    Compiling half v2.4.1
[INFO] [stderr]    Compiling plotters-backend v0.3.6
[INFO] [stderr]    Compiling predicates-core v1.0.8
[INFO] [stderr]    Compiling clap_lex v0.7.2
[INFO] [stderr]    Compiling doc-comment v0.3.3
[INFO] [stderr]    Compiling ciborium-io v0.2.2
[INFO] [stderr]    Compiling assert_cmd v2.0.16
[INFO] [stderr]    Compiling termtree v0.4.1
[INFO] [stderr]    Compiling difflib v0.4.0
[INFO] [stderr]    Compiling cast v0.3.0
[INFO] [stderr]    Compiling same-file v1.0.6
[INFO] [stderr]    Compiling clap_builder v4.5.15
[INFO] [stderr]    Compiling ciborium-ll v0.2.2
[INFO] [stderr]    Compiling walkdir v2.5.0
[INFO] [stderr]    Compiling predicates v3.1.2
[INFO] [stderr]    Compiling predicates-tree v1.0.11
[INFO] [stderr]    Compiling wait-timeout v0.2.0
[INFO] [stderr]    Compiling is-terminal v0.4.13
[INFO] [stderr]    Compiling once_cell v1.19.0
[INFO] [stderr]    Compiling itertools v0.10.5
[INFO] [stderr]    Compiling plotters-svg v0.3.6
[INFO] [stderr]    Compiling anes v0.1.6
[INFO] [stderr]    Compiling oorandom v11.1.4
[INFO] [stderr]    Compiling crossbeam-epoch v0.9.18
[INFO] [stderr]    Compiling crossbeam-deque v0.8.5
[INFO] [stderr]    Compiling plotters v0.3.6
[INFO] [stderr]    Compiling criterion-plot v0.5.0
[INFO] [stderr]    Compiling rayon v1.10.0
[INFO] [stderr]    Compiling clap v4.5.16
[INFO] [stderr]    Compiling serde_json v1.0.127
[INFO] [stderr]    Compiling vrd v0.0.5
[INFO] [stderr]    Compiling serde-big-array v0.5.1
[INFO] [stderr]    Compiling ciborium v0.2.2
[INFO] [stderr]    Compiling regex v1.10.6
[INFO] [stderr]    Compiling bstr v1.10.0
[INFO] [stderr]    Compiling dtt v0.0.5
[INFO] [stderr]    Compiling dtt v0.0.6
[INFO] [stderr]    Compiling rlg v0.0.3
[INFO] [stderr]    Compiling tinytemplate v1.2.1
[INFO] [stderr]    Compiling vrd v0.0.7
[INFO] [stderr]    Compiling criterion v0.5.1
[INFO] [stderr]    Compiling rlg v0.0.4
[INFO] [stderr]    Compiling vrd v0.0.8 (/opt/rustwide/workdir)
[INFO] [stdout] warning: elided lifetime has a name
[INFO] [stdout]    --> src/random.rs:117:67
[INFO] [stdout]     |
[INFO] [stdout] 117 |     pub fn choose<'a, T>(&'a mut self, values: &'a [T]) -> Option<&T> {
[INFO] [stdout]     |                   -- lifetime `'a` declared here                  ^ this elided lifetime gets resolved as `'a`
[INFO] [stdout]     |
[INFO] [stdout]     = note: `#[warn(elided_named_lifetimes)]` on by default
[INFO] [stdout] 
[INFO] [stdout] 
[INFO] [stdout] warning: elided lifetime has a name
[INFO] [stdout]    --> src/random.rs:712:14
[INFO] [stdout]     |
[INFO] [stdout] 708 |     pub fn sample<'a, T>(
[INFO] [stdout]     |                   -- lifetime `'a` declared here
[INFO] [stdout] ...
[INFO] [stdout] 712 |     ) -> Vec<&T> {
[INFO] [stdout]     |              ^ this elided lifetime gets resolved as `'a`
[INFO] [stdout] 
[INFO] [stdout] 
[INFO] [stdout] warning: elided lifetime has a name
[INFO] [stdout]    --> src/random.rs:745:14
[INFO] [stdout]     |
[INFO] [stdout] 741 |     pub fn sample_with_replacement<'a, T>(
[INFO] [stdout]     |                                    -- lifetime `'a` declared here
[INFO] [stdout] ...
[INFO] [stdout] 745 |     ) -> Vec<&T> {
[INFO] [stdout]     |              ^ this elided lifetime gets resolved as `'a`
[INFO] [stdout] 
[INFO] [stdout] 
[INFO] [stdout] warning: missing documentation for the crate
[INFO] [stdout]    --> tests/test_mersenne_twister.rs:1:1
[INFO] [stdout]     |
[INFO] [stdout] 1   | / #[cfg(test)]
[INFO] [stdout] 2   | | mod tests {
[INFO] [stdout] 3   | |     use vrd::mersenne_twister::{
[INFO] [stdout] 4   | |         MersenneTwisterConfig, MersenneTwisterParams,
[INFO] [stdout] ...   |
[INFO] [stdout] 265 | |     }
[INFO] [stdout] 266 | | }
[INFO] [stdout]     | |_^
[INFO] [stdout]     |
[INFO] [stdout]     = note: requested on the command line with `-W missing-docs`
[INFO] [stdout] 
[INFO] [stdout] 
[INFO] [stdout] warning: elided lifetime has a name
[INFO] [stdout]    --> src/random.rs:117:67
[INFO] [stdout]     |
[INFO] [stdout] 117 |     pub fn choose<'a, T>(&'a mut self, values: &'a [T]) -> Option<&T> {
[INFO] [stdout]     |                   -- lifetime `'a` declared here                  ^ this elided lifetime gets resolved as `'a`
[INFO] [stdout]     |
[INFO] [stdout]     = note: `#[warn(elided_named_lifetimes)]` on by default
[INFO] [stdout] 
[INFO] [stdout] 
[INFO] [stdout] warning: elided lifetime has a name
[INFO] [stdout]    --> src/random.rs:712:14
[INFO] [stdout]     |
[INFO] [stdout] 708 |     pub fn sample<'a, T>(
[INFO] [stdout]     |                   -- lifetime `'a` declared here
[INFO] [stdout] ...
[INFO] [stdout] 712 |     ) -> Vec<&T> {
[INFO] [stdout]     |              ^ this elided lifetime gets resolved as `'a`
[INFO] [stdout] 
[INFO] [stdout] 
[INFO] [stdout] warning: elided lifetime has a name
[INFO] [stdout]    --> src/random.rs:745:14
[INFO] [stdout]     |
[INFO] [stdout] 741 |     pub fn sample_with_replacement<'a, T>(
[INFO] [stdout]     |                                    -- lifetime `'a` declared here
[INFO] [stdout] ...
[INFO] [stdout] 745 |     ) -> Vec<&T> {
[INFO] [stdout]     |              ^ this elided lifetime gets resolved as `'a`
[INFO] [stdout] 
[INFO] [stdout] 
[INFO] [stdout] warning: missing documentation for the crate
[INFO] [stdout]    --> tests/test_macros.rs:6:1
[INFO] [stdout]     |
[INFO] [stdout] 6   | / #[cfg(test)]
[INFO] [stdout] 7   | | mod tests {
[INFO] [stdout] 8   | |
[INFO] [stdout] 9   | |     use vrd::{random::Random, *};
[INFO] [stdout] ...   |
[INFO] [stdout] 430 | |     }
[INFO] [stdout] 431 | | }
[INFO] [stdout]     | |_^
[INFO] [stdout]     |
[INFO] [stdout]     = note: requested on the command line with `-W missing-docs`
[INFO] [stdout] 
[INFO] [stdout] 
[INFO] [stdout] warning: missing documentation for the crate
[INFO] [stdout]    --> tests/test_main.rs:6:1
[INFO] [stdout]     |
[INFO] [stdout] 6   | / #[cfg(test)]
[INFO] [stdout] 7   | | mod tests {
[INFO] [stdout] 8   | |     use dtt::DateTime;
[INFO] [stdout] 9   | |     use rlg::{log_format::LogFormat, log_level::LogLevel};
[INFO] [stdout] ...   |
[INFO] [stdout] 218 | |     // }
[INFO] [stdout] 219 | | }
[INFO] [stdout]     | |_^
[INFO] [stdout]     |
[INFO] [stdout]     = note: requested on the command line with `-W missing-docs`
[INFO] [stdout] 
[INFO] [stdout] 
[INFO] [stdout] warning: missing documentation for the crate
[INFO] [stdout]    --> tests/test_lib.rs:6:1
[INFO] [stdout]     |
[INFO] [stdout] 6   | / #[cfg(test)]
[INFO] [stdout] 7   | | mod tests {
[INFO] [stdout] 8   | |
[INFO] [stdout] 9   | |     use vrd::random::Random;
[INFO] [stdout] ...   |
[INFO] [stdout] 278 | |     }
[INFO] [stdout] 279 | | }
[INFO] [stdout]     | |_^
[INFO] [stdout]     |
[INFO] [stdout]     = note: requested on the command line with `-W missing-docs`
[INFO] [stdout] 
[INFO] [stdout] 
[INFO] [stdout] warning: missing documentation for the crate
[INFO] [stdout]    --> tests/test_random.rs:6:1
[INFO] [stdout]     |
[INFO] [stdout] 6   | / #[cfg(test)]
[INFO] [stdout] 7   | | mod tests {
[INFO] [stdout] 8   | |     use rand::{RngCore, SeedableRng};
[INFO] [stdout] 9   | |     use vrd::random::Random;
[INFO] [stdout] ...   |
[INFO] [stdout] 714 | |     }
[INFO] [stdout] 715 | | }
[INFO] [stdout]     | |_^
[INFO] [stdout]     |
[INFO] [stdout]     = note: requested on the command line with `-W missing-docs`
[INFO] [stdout] 
[INFO] [stdout] 
[INFO] [stderr]     Finished `test` profile [unoptimized + debuginfo] target(s) in 39.20s
[INFO] running `Command { std: "docker" "inspect" "7418bb766a60bcf18c9c76c3c30b4ccc4227bceac59f2c9d7f19a030a6f28e97", kill_on_drop: false }`
[INFO] running `Command { std: "docker" "rm" "-f" "7418bb766a60bcf18c9c76c3c30b4ccc4227bceac59f2c9d7f19a030a6f28e97", kill_on_drop: false }`
[INFO] [stdout] 7418bb766a60bcf18c9c76c3c30b4ccc4227bceac59f2c9d7f19a030a6f28e97
[INFO] running `Command { std: "docker" "create" "-v" "/var/lib/crater-agent-workspace/builds/worker-6-tc1/target:/opt/rustwide/target:rw,Z" "-v" "/var/lib/crater-agent-workspace/builds/worker-6-tc1/source:/opt/rustwide/workdir:ro,Z" "-v" "/var/lib/crater-agent-workspace/cargo-home:/opt/rustwide/cargo-home:ro,Z" "-v" "/var/lib/crater-agent-workspace/rustup-home:/opt/rustwide/rustup-home:ro,Z" "-e" "SOURCE_DIR=/opt/rustwide/workdir" "-e" "CARGO_TARGET_DIR=/opt/rustwide/target" "-e" "CARGO_INCREMENTAL=0" "-e" "RUST_BACKTRACE=full" "-e" "RUSTFLAGS=--cap-lints=warn" "-e" "RUSTDOCFLAGS=--cap-lints=warn" "-e" "CARGO_HOME=/opt/rustwide/cargo-home" "-e" "RUSTUP_HOME=/opt/rustwide/rustup-home" "-w" "/opt/rustwide/workdir" "-m" "1610612736" "--user" "0:0" "--network" "none" "ghcr.io/rust-lang/crates-build-env/linux@sha256:f3a9d4ad9d972b27faf3965f35b62e55ba32bbce8f20bc8fe909558a86702fde" "/opt/rustwide/cargo-home/bin/cargo" "+1.83.0" "test" "--frozen", kill_on_drop: false }`
[INFO] [stdout] 85715033c84679677cf5a6da1ccbeb8f30caedf44152845f2374d702502572dd
[INFO] running `Command { std: "docker" "start" "-a" "85715033c84679677cf5a6da1ccbeb8f30caedf44152845f2374d702502572dd", kill_on_drop: false }`
[INFO] [stderr] warning: elided lifetime has a name
[INFO] [stderr]    --> src/random.rs:117:67
[INFO] [stderr]     |
[INFO] [stderr] 117 |     pub fn choose<'a, T>(&'a mut self, values: &'a [T]) -> Option<&T> {
[INFO] [stderr]     |                   -- lifetime `'a` declared here                  ^ this elided lifetime gets resolved as `'a`
[INFO] [stderr]     |
[INFO] [stderr]     = note: `#[warn(elided_named_lifetimes)]` on by default
[INFO] [stderr] 
[INFO] [stderr] warning: elided lifetime has a name
[INFO] [stderr]    --> src/random.rs:712:14
[INFO] [stderr]     |
[INFO] [stderr] 708 |     pub fn sample<'a, T>(
[INFO] [stderr]     |                   -- lifetime `'a` declared here
[INFO] [stderr] ...
[INFO] [stderr] 712 |     ) -> Vec<&T> {
[INFO] [stderr]     |              ^ this elided lifetime gets resolved as `'a`
[INFO] [stderr] 
[INFO] [stderr] warning: elided lifetime has a name
[INFO] [stderr]    --> src/random.rs:745:14
[INFO] [stderr]     |
[INFO] [stderr] 741 |     pub fn sample_with_replacement<'a, T>(
[INFO] [stderr]     |                                    -- lifetime `'a` declared here
[INFO] [stderr] ...
[INFO] [stderr] 745 |     ) -> Vec<&T> {
[INFO] [stderr]     |              ^ this elided lifetime gets resolved as `'a`
[INFO] [stderr] 
[INFO] [stderr] warning: `vrd` (lib) generated 3 warnings
[INFO] [stderr] warning: `vrd` (lib test) generated 3 warnings (3 duplicates)
[INFO] [stderr] warning: missing documentation for the crate
[INFO] [stderr]    --> tests/test_random.rs:6:1
[INFO] [stderr]     |
[INFO] [stderr] 6   | / #[cfg(test)]
[INFO] [stderr] 7   | | mod tests {
[INFO] [stderr] 8   | |     use rand::{RngCore, SeedableRng};
[INFO] [stderr] 9   | |     use vrd::random::Random;
[INFO] [stderr] ...   |
[INFO] [stderr] 714 | |     }
[INFO] [stderr] 715 | | }
[INFO] [stderr]     | |_^
[INFO] [stderr]     |
[INFO] [stderr]     = note: requested on the command line with `-W missing-docs`
[INFO] [stderr] 
[INFO] [stderr] warning: missing documentation for the crate
[INFO] [stderr]    --> tests/test_main.rs:6:1
[INFO] [stderr]     |
[INFO] [stderr] 6   | / #[cfg(test)]
[INFO] [stderr] 7   | | mod tests {
[INFO] [stderr] 8   | |     use dtt::DateTime;
[INFO] [stderr] 9   | |     use rlg::{log_format::LogFormat, log_level::LogLevel};
[INFO] [stderr] ...   |
[INFO] [stderr] 218 | |     // }
[INFO] [stderr] 219 | | }
[INFO] [stderr]     | |_^
[INFO] [stderr]     |
[INFO] [stderr]     = note: requested on the command line with `-W missing-docs`
[INFO] [stderr] 
[INFO] [stderr] warning: missing documentation for the crate
[INFO] [stderr]    --> tests/test_lib.rs:6:1
[INFO] [stderr]     |
[INFO] [stderr] 6   | / #[cfg(test)]
[INFO] [stderr] 7   | | mod tests {
[INFO] [stderr] 8   | |
[INFO] [stderr] 9   | |     use vrd::random::Random;
[INFO] [stderr] ...   |
[INFO] [stderr] 278 | |     }
[INFO] [stderr] 279 | | }
[INFO] [stderr]     | |_^
[INFO] [stderr]     |
[INFO] [stderr]     = note: requested on the command line with `-W missing-docs`
[INFO] [stderr] 
[INFO] [stderr] warning: missing documentation for the crate
[INFO] [stderr]    --> tests/test_macros.rs:6:1
[INFO] [stderr]     |
[INFO] [stderr] 6   | / #[cfg(test)]
[INFO] [stderr] 7   | | mod tests {
[INFO] [stderr] 8   | |
[INFO] [stderr] 9   | |     use vrd::{random::Random, *};
[INFO] [stderr] ...   |
[INFO] [stderr] 430 | |     }
[INFO] [stderr] 431 | | }
[INFO] [stderr]     | |_^
[INFO] [stderr]     |
[INFO] [stderr]     = note: requested on the command line with `-W missing-docs`
[INFO] [stderr] 
[INFO] [stderr] warning: missing documentation for the crate
[INFO] [stderr]    --> tests/test_mersenne_twister.rs:1:1
[INFO] [stderr]     |
[INFO] [stderr] 1   | / #[cfg(test)]
[INFO] [stderr] 2   | | mod tests {
[INFO] [stderr] 3   | |     use vrd::mersenne_twister::{
[INFO] [stderr] 4   | |         MersenneTwisterConfig, MersenneTwisterParams,
[INFO] [stderr] ...   |
[INFO] [stderr] 265 | |     }
[INFO] [stderr] 266 | | }
[INFO] [stderr]     | |_^
[INFO] [stderr]     |
[INFO] [stderr]     = note: requested on the command line with `-W missing-docs`
[INFO] [stderr] 
[INFO] [stderr] warning: `vrd` (test "test_random") generated 1 warning
[INFO] [stderr] warning: `vrd` (test "test_main") generated 1 warning
[INFO] [stderr] warning: `vrd` (test "test_lib") generated 1 warning
[INFO] [stderr] warning: `vrd` (test "test_macros") generated 1 warning
[INFO] [stderr] warning: `vrd` (test "test_mersenne_twister") generated 1 warning
[INFO] [stderr]     Finished `test` profile [unoptimized + debuginfo] target(s) in 0.33s
[INFO] [stderr]      Running unittests src/lib.rs (/opt/rustwide/target/debug/deps/vrd-217b308df081b576)
[INFO] [stdout] 
[INFO] [stdout] running 0 tests
[INFO] [stdout] 
[INFO] [stdout] test result: ok. 0 passed; 0 failed; 0 ignored; 0 measured; 0 filtered out; finished in 0.00s
[INFO] [stdout] 
[INFO] [stderr]      Running unittests src/main.rs (/opt/rustwide/target/debug/deps/vrd-7851451c7b51d02c)
[INFO] [stderr]      Running tests/test_lib.rs (/opt/rustwide/target/debug/deps/test_lib-f57dc31b22075fc1)
[INFO] [stdout] 
[INFO] [stdout] running 0 tests
[INFO] [stdout] 
[INFO] [stdout] test result: ok. 0 passed; 0 failed; 0 ignored; 0 measured; 0 filtered out; finished in 0.00s
[INFO] [stdout] 
[INFO] [stdout] 
[INFO] [stdout] running 26 tests
[INFO] [stdout] test tests::test_default ... ok
[INFO] [stdout] test tests::test_bool ... ok
[INFO] [stdout] test tests::test_bytes ... ok
[INFO] [stdout] test tests::test_char ... ok
[INFO] [stdout] test tests::test_double ... ok
[INFO] [stdout] test tests::test_choose ... ok
[INFO] [stdout] test tests::test_f64 ... ok
[INFO] [stdout] test tests::test_float ... ok
[INFO] [stdout] test tests::test_new ... ok
[INFO] [stdout] test tests::test_i64 ... ok
[INFO] [stdout] test tests::test_int ... ok
[INFO] [stdout] test tests::test_pseudo ... ok
[INFO] [stdout] test tests::test_fmt ... ok
[INFO] [stdout] test tests::test_rand ... ok
[INFO] [stdout] test tests::test_random_range ... ok
[INFO] [stdout] test tests::test_range ... ok
[INFO] [stdout] test tests::test_twist ... ok
[INFO] [stdout] test tests::test_u64 ... ok
[INFO] [stdout] test tests::test_uint ... ok
[INFO] [stdout] test tests::test_seed ... ok
[INFO] [stdout] test tests::test_string ... ok
[INFO] [stdout] test tests::test_vrd ... ok
[INFO] [stdout] test tests::test_mti ... ok
[INFO] [stdout] test tests::test_exponential ... ok
[INFO] [stdout] test tests::test_normal ... ok
[INFO] [stdout] test tests::test_poisson ... ok
[INFO] [stdout] 
[INFO] [stdout] test result: ok. 26 passed; 0 failed; 0 ignored; 0 measured; 0 filtered out; finished in 0.46s
[INFO] [stdout] 
[INFO] [stderr]      Running tests/test_macros.rs (/opt/rustwide/target/debug/deps/test_macros-8fd44ac072016a8d)
[INFO] [stdout] 
[INFO] [stdout] running 30 tests
[INFO] [stdout] test tests::test_rand_alphanumeric ... ok
[INFO] [stdout] test tests::test_rand_bool_macro_always_false ... ok
[INFO] [stdout] test tests::test_rand_bool_macro_always_true ... ok
[INFO] [stdout] test tests::test_rand_bool_macro_false ... ok
[INFO] [stdout] test tests::test_rand_bytes_macro ... ok
[INFO] [stdout] test tests::test_rand_char_macro_ascii_check ... ok
[INFO] [stdout] test tests::test_rand_bool_macro_true ... ok
[INFO] [stdout] test tests::test_rand_bytes ... ok
[INFO] [stdout] test tests::test_rand_bool ... ok
[INFO] [stdout] test tests::test_rand_float ... ok
[INFO] [stdout] test tests::test_rand_int_macro_within_range ... ok
[INFO] [stdout] test tests::test_rand_choose_macro_value_in_slice ... ok
[INFO] [stdout] test tests::test_rand_float_macro_within_bounds ... ok
[INFO] [stdout] test tests::test_rand_double ... ok
[INFO] [stdout] test tests::test_rand_int_macro_valid_range ... ok
[INFO] [stdout] test tests::test_rand_pseudo ... ok
[INFO] [stdout] test tests::test_rand_range ... ok
[INFO] [stdout] test tests::test_rand_range_macro ... ok
[INFO] [stdout] test tests::test_rand_pseudo_macro_upper_bound ... ok
[INFO] [stdout] test tests::test_rand_shuffle ... ok
[INFO] [stdout] test tests::test_rand_twist ... ok
[INFO] [stdout] test tests::test_rand_exponential ... ok
[INFO] [stdout] test tests::test_rand_string ... ok
[INFO] [stdout] test tests::test_rand_weighted_choice ... ok
[INFO] [stderr]      Running tests/test_main.rs (/opt/rustwide/target/debug/deps/test_main-1b33af87cf2ffa66)
[INFO] [stdout] test tests::test_rand_poisson ... ok
[INFO] [stdout] test tests::test_rand_range_macro_valid_range ... ok
[INFO] [stdout] test tests::test_rand_normal ... ok
[INFO] [stdout] test tests::test_rand_twist_macro ... ok
[INFO] [stdout] test tests::test_rand_seed_macro ... ok
[INFO] [stdout] test tests::test_random_range_macro_within_bounds ... ok
[INFO] [stdout] 
[INFO] [stdout] test result: ok. 30 passed; 0 failed; 0 ignored; 0 measured; 0 filtered out; finished in 0.04s
[INFO] [stdout] 
[INFO] [stdout] 
[INFO] [stdout] running 8 tests
[INFO] [stdout] test tests::test_create_log_entry ... ok
[INFO] [stdout] test tests::test_tokio_runtime_creation ... ok
[INFO] [stdout] test tests::test_vrd_run_success ... ok
[INFO] [stdout] test tests::test_uuid_generation ... ok
[INFO] [stdout] test tests::test_create_log_entry_different_levels ... ok
[INFO] [stdout] test tests::test_datetime_creation ... ok
[INFO] [stdout] test tests::test_async_logging_with_runtime ... FAILED
[INFO] [stdout] test tests::test_log_entry_async ... FAILED
[INFO] [stdout] 
[INFO] [stdout] failures:
[INFO] [stdout] 
[INFO] [stdout] ---- tests::test_async_logging_with_runtime stdout ----
[INFO] [stdout] thread 'tests::test_async_logging_with_runtime' panicked at tests/test_main.rs:92:9:
[INFO] [stdout] assertion failed: result.is_ok()
[INFO] [stdout] stack backtrace:
[INFO] [stdout]    0:     0x620d2458f3aa - std::backtrace_rs::backtrace::libunwind::trace::h5a5b8284f2d0c266
[INFO] [stdout]                                at /rustc/90b35a6239c3d8bdabc530a6a0816f7ff89a0aaf/library/std/src/../../backtrace/src/backtrace/libunwind.rs:116:5
[INFO] [stdout]    1:     0x620d2458f3aa - std::backtrace_rs::backtrace::trace_unsynchronized::h76d4f1c9b0b875e3
[INFO] [stdout]                                at /rustc/90b35a6239c3d8bdabc530a6a0816f7ff89a0aaf/library/std/src/../../backtrace/src/backtrace/mod.rs:66:5
[INFO] [stdout]    2:     0x620d2458f3aa - std::sys::backtrace::_print_fmt::hc4546b8364a537c6
[INFO] [stdout]                                at /rustc/90b35a6239c3d8bdabc530a6a0816f7ff89a0aaf/library/std/src/sys/backtrace.rs:66:9
[INFO] [stdout]    3:     0x620d2458f3aa - <std::sys::backtrace::BacktraceLock::print::DisplayBacktrace as core::fmt::Display>::fmt::h5b6bd5631a6d1f6b
[INFO] [stdout]                                at /rustc/90b35a6239c3d8bdabc530a6a0816f7ff89a0aaf/library/std/src/sys/backtrace.rs:39:26
[INFO] [stdout]    4:     0x620d245b6053 - core::fmt::rt::Argument::fmt::h270f6602a2b96f62
[INFO] [stdout]                                at /rustc/90b35a6239c3d8bdabc530a6a0816f7ff89a0aaf/library/core/src/fmt/rt.rs:177:76
[INFO] [stdout]    5:     0x620d245b6053 - core::fmt::write::h7550c97b06c86515
[INFO] [stdout]                                at /rustc/90b35a6239c3d8bdabc530a6a0816f7ff89a0aaf/library/core/src/fmt/mod.rs:1186:21
[INFO] [stdout]    6:     0x620d2458c393 - std::io::Write::write_fmt::h509ff860e5956e5e
[INFO] [stdout]                                at /rustc/90b35a6239c3d8bdabc530a6a0816f7ff89a0aaf/library/std/src/io/mod.rs:1839:15
[INFO] [stdout]    7:     0x620d2458f1f2 - std::sys::backtrace::BacktraceLock::print::h2395ccd2c84ba3aa
[INFO] [stdout]                                at /rustc/90b35a6239c3d8bdabc530a6a0816f7ff89a0aaf/library/std/src/sys/backtrace.rs:42:9
[INFO] [stdout]    8:     0x620d2459080a - std::panicking::default_hook::{{closure}}::he19d4c7230e07961
[INFO] [stdout]                                at /rustc/90b35a6239c3d8bdabc530a6a0816f7ff89a0aaf/library/std/src/panicking.rs:268:22
[INFO] [stdout]    9:     0x620d24590614 - std::panicking::default_hook::hf614597d3c67bbdb
[INFO] [stdout]                                at /rustc/90b35a6239c3d8bdabc530a6a0816f7ff89a0aaf/library/std/src/panicking.rs:292:9
[INFO] [stdout]   10:     0x620d244a3219 - <alloc::boxed::Box<F,A> as core::ops::function::Fn<Args>>::call::h39b51ce4599c23d1
[INFO] [stdout]                                at /rustc/90b35a6239c3d8bdabc530a6a0816f7ff89a0aaf/library/alloc/src/boxed.rs:2468:9
[INFO] [stdout]   11:     0x620d244a3219 - test::test_main::{{closure}}::he977ae839a582784
[INFO] [stdout]                                at /rustc/90b35a6239c3d8bdabc530a6a0816f7ff89a0aaf/library/test/src/lib.rs:133:21
[INFO] [stdout]   12:     0x620d24590ea8 - <alloc::boxed::Box<F,A> as core::ops::function::Fn<Args>>::call::h9455091b6b06f9fb
[INFO] [stdout]                                at /rustc/90b35a6239c3d8bdabc530a6a0816f7ff89a0aaf/library/alloc/src/boxed.rs:2468:9
[INFO] [stdout]   13:     0x620d24590ea8 - std::panicking::rust_panic_with_hook::h8942133a8b252070
[INFO] [stdout]                                at /rustc/90b35a6239c3d8bdabc530a6a0816f7ff89a0aaf/library/std/src/panicking.rs:809:13
[INFO] [stdout]   14:     0x620d24590c36 - std::panicking::begin_panic_handler::{{closure}}::hb5f5963570096b29
[INFO] [stdout]                                at /rustc/90b35a6239c3d8bdabc530a6a0816f7ff89a0aaf/library/std/src/panicking.rs:667:13
[INFO] [stdout]   15:     0x620d2458f889 - std::sys::backtrace::__rust_end_short_backtrace::h6208cedc1922feda
[INFO] [stdout]                                at /rustc/90b35a6239c3d8bdabc530a6a0816f7ff89a0aaf/library/std/src/sys/backtrace.rs:170:18
[INFO] [stdout]   16:     0x620d245908fc - rust_begin_unwind
[INFO] [stdout]                                at /rustc/90b35a6239c3d8bdabc530a6a0816f7ff89a0aaf/library/std/src/panicking.rs:665:5
[INFO] [stdout]   17:     0x620d24453b20 - core::panicking::panic_fmt::h0c3082644d1bf418
[INFO] [stdout]                                at /rustc/90b35a6239c3d8bdabc530a6a0816f7ff89a0aaf/library/core/src/panicking.rs:74:14
[INFO] [stdout]   18:     0x620d24453bac - core::panicking::panic::h957f98c65a3b3074
[INFO] [stdout]                                at /rustc/90b35a6239c3d8bdabc530a6a0816f7ff89a0aaf/library/core/src/panicking.rs:148:5
[INFO] [stdout]   19:     0x620d244619b8 - test_main::tests::test_async_logging_with_runtime::{{closure}}::h151f1806151706b5
[INFO] [stdout]                                at /opt/rustwide/workdir/tests/test_main.rs:92:9
[INFO] [stdout]   20:     0x620d24466e42 - <core::pin::Pin<P> as core::future::future::Future>::poll::haa82e620cd14637e
[INFO] [stdout]                                at /rustc/90b35a6239c3d8bdabc530a6a0816f7ff89a0aaf/library/core/src/future/future.rs:123:9
[INFO] [stdout]   21:     0x620d24466ebd - <core::pin::Pin<P> as core::future::future::Future>::poll::hcc9d136f03cfc24c
[INFO] [stdout]                                at /rustc/90b35a6239c3d8bdabc530a6a0816f7ff89a0aaf/library/core/src/future/future.rs:123:9
[INFO] [stdout]   22:     0x620d244581af - tokio::runtime::scheduler::current_thread::CoreGuard::block_on::{{closure}}::{{closure}}::{{closure}}::h3d345503e551d846
[INFO] [stdout]                                at /opt/rustwide/cargo-home/registry/src/index.crates.io-6f17d22bba15001f/tokio-1.39.3/src/runtime/scheduler/current_thread/mod.rs:673:57
[INFO] [stdout]   23:     0x620d24457f35 - tokio::runtime::coop::with_budget::he41402f2f593b8cd
[INFO] [stdout]                                at /opt/rustwide/cargo-home/registry/src/index.crates.io-6f17d22bba15001f/tokio-1.39.3/src/runtime/coop.rs:107:5
[INFO] [stdout]   24:     0x620d24457f35 - tokio::runtime::coop::budget::ha81276f34a353997
[INFO] [stdout]                                at /opt/rustwide/cargo-home/registry/src/index.crates.io-6f17d22bba15001f/tokio-1.39.3/src/runtime/coop.rs:73:5
[INFO] [stdout]   25:     0x620d24457f35 - tokio::runtime::scheduler::current_thread::CoreGuard::block_on::{{closure}}::{{closure}}::h30a7859cf23ed627
[INFO] [stdout]                                at /opt/rustwide/cargo-home/registry/src/index.crates.io-6f17d22bba15001f/tokio-1.39.3/src/runtime/scheduler/current_thread/mod.rs:673:25
[INFO] [stdout]   26:     0x620d24455d30 - tokio::runtime::scheduler::current_thread::Context::enter::h9d480cd36bc08289
[INFO] [stdout]                                at /opt/rustwide/cargo-home/registry/src/index.crates.io-6f17d22bba15001f/tokio-1.39.3/src/runtime/scheduler/current_thread/mod.rs:412:19
[INFO] [stdout]   27:     0x620d2445779e - tokio::runtime::scheduler::current_thread::CoreGuard::block_on::{{closure}}::hac5d3d93f2a64684
[INFO] [stdout]                                at /opt/rustwide/cargo-home/registry/src/index.crates.io-6f17d22bba15001f/tokio-1.39.3/src/runtime/scheduler/current_thread/mod.rs:672:36
[INFO] [stdout]   28:     0x620d24456bf4 - tokio::runtime::scheduler::current_thread::CoreGuard::enter::{{closure}}::hb76043e2a6ab3819
[INFO] [stdout]                                at /opt/rustwide/cargo-home/registry/src/index.crates.io-6f17d22bba15001f/tokio-1.39.3/src/runtime/scheduler/current_thread/mod.rs:751:68
[INFO] [stdout]   29:     0x620d24469e8b - tokio::runtime::context::scoped::Scoped<T>::set::he627be24ad5f6527
[INFO] [stdout]                                at /opt/rustwide/cargo-home/registry/src/index.crates.io-6f17d22bba15001f/tokio-1.39.3/src/runtime/context/scoped.rs:40:9
[INFO] [stdout]   30:     0x620d24467c99 - tokio::runtime::context::set_scheduler::{{closure}}::h9b69bf21da4a395e
[INFO] [stdout]                                at /opt/rustwide/cargo-home/registry/src/index.crates.io-6f17d22bba15001f/tokio-1.39.3/src/runtime/context.rs:180:26
[INFO] [stdout]   31:     0x620d244587cd - std::thread::local::LocalKey<T>::try_with::h5792d0f910ddd3d3
[INFO] [stdout]                                at /rustc/90b35a6239c3d8bdabc530a6a0816f7ff89a0aaf/library/std/src/thread/local.rs:283:12
[INFO] [stdout]   32:     0x620d2445832a - std::thread::local::LocalKey<T>::with::ha2c75381338caf65
[INFO] [stdout]                                at /rustc/90b35a6239c3d8bdabc530a6a0816f7ff89a0aaf/library/std/src/thread/local.rs:260:9
[INFO] [stdout]   33:     0x620d24467bcd - tokio::runtime::context::set_scheduler::h5d463639c417d78e
[INFO] [stdout]                                at /opt/rustwide/cargo-home/registry/src/index.crates.io-6f17d22bba15001f/tokio-1.39.3/src/runtime/context.rs:180:9
[INFO] [stdout]   34:     0x620d244569a0 - tokio::runtime::scheduler::current_thread::CoreGuard::enter::hbda301c620658f10
[INFO] [stdout]                                at /opt/rustwide/cargo-home/registry/src/index.crates.io-6f17d22bba15001f/tokio-1.39.3/src/runtime/scheduler/current_thread/mod.rs:751:27
[INFO] [stdout]   35:     0x620d24456c93 - tokio::runtime::scheduler::current_thread::CoreGuard::block_on::hef4ff36517c81bd7
[INFO] [stdout]                                at /opt/rustwide/cargo-home/registry/src/index.crates.io-6f17d22bba15001f/tokio-1.39.3/src/runtime/scheduler/current_thread/mod.rs:660:19
[INFO] [stdout]   36:     0x620d24454a1a - tokio::runtime::scheduler::current_thread::CurrentThread::block_on::{{closure}}::h5f416894e70ae2de
[INFO] [stdout]                                at /opt/rustwide/cargo-home/registry/src/index.crates.io-6f17d22bba15001f/tokio-1.39.3/src/runtime/scheduler/current_thread/mod.rs:180:28
[INFO] [stdout]   37:     0x620d244640f6 - tokio::runtime::context::runtime::enter_runtime::hc6893291790b90be
[INFO] [stdout]                                at /opt/rustwide/cargo-home/registry/src/index.crates.io-6f17d22bba15001f/tokio-1.39.3/src/runtime/context/runtime.rs:65:16
[INFO] [stdout]   38:     0x620d24454721 - tokio::runtime::scheduler::current_thread::CurrentThread::block_on::hae8cdea36a2be9f0
[INFO] [stdout]                                at /opt/rustwide/cargo-home/registry/src/index.crates.io-6f17d22bba15001f/tokio-1.39.3/src/runtime/scheduler/current_thread/mod.rs:168:9
[INFO] [stdout]   39:     0x620d244683fd - tokio::runtime::runtime::Runtime::block_on_inner::h6efe97f408648d79
[INFO] [stdout]                                at /opt/rustwide/cargo-home/registry/src/index.crates.io-6f17d22bba15001f/tokio-1.39.3/src/runtime/runtime.rs:361:47
[INFO] [stdout]   40:     0x620d24468625 - tokio::runtime::runtime::Runtime::block_on::had15339ebdfd3158
[INFO] [stdout]                                at /opt/rustwide/cargo-home/registry/src/index.crates.io-6f17d22bba15001f/tokio-1.39.3/src/runtime/runtime.rs:335:13
[INFO] [stdout]   41:     0x620d244615d1 - test_main::tests::test_async_logging_with_runtime::h3f881673c7e19f5d
[INFO] [stdout]                                at /opt/rustwide/workdir/tests/test_main.rs:92:9
[INFO] [stdout]   42:     0x620d24461477 - test_main::tests::test_async_logging_with_runtime::{{closure}}::h61f7c2955d812f45
[INFO] [stdout]                                at /opt/rustwide/workdir/tests/test_main.rs:77:47
[INFO] [stdout]   43:     0x620d2445d736 - core::ops::function::FnOnce::call_once::h24c78100242bedb9
[INFO] [stdout]                                at /rustc/90b35a6239c3d8bdabc530a6a0816f7ff89a0aaf/library/core/src/ops/function.rs:250:5
[INFO] [stdout]   44:     0x620d244a7bdb - core::ops::function::FnOnce::call_once::h109cf8051a59b34e
[INFO] [stdout]                                at /rustc/90b35a6239c3d8bdabc530a6a0816f7ff89a0aaf/library/core/src/ops/function.rs:250:5
[INFO] [stdout]   45:     0x620d244a7bdb - test::__rust_begin_short_backtrace::hf4fff89d377446ba
[INFO] [stdout]                                at /rustc/90b35a6239c3d8bdabc530a6a0816f7ff89a0aaf/library/test/src/lib.rs:621:18
[INFO] [stdout]   46:     0x620d244a7417 - test::run_test_in_process::{{closure}}::h0e39181dd7ee5a43
[INFO] [stdout]                                at /rustc/90b35a6239c3d8bdabc530a6a0816f7ff89a0aaf/library/test/src/lib.rs:644:60
[INFO] [stdout]   47:     0x620d244a7417 - <core::panic::unwind_safe::AssertUnwindSafe<F> as core::ops::function::FnOnce<()>>::call_once::hc5a66a30f0bdfd1f
[INFO] [stdout]                                at /rustc/90b35a6239c3d8bdabc530a6a0816f7ff89a0aaf/library/core/src/panic/unwind_safe.rs:272:9
[INFO] [stdout]   48:     0x620d244a7417 - std::panicking::try::do_call::h873b7cf639554a5e
[INFO] [stdout]                                at /rustc/90b35a6239c3d8bdabc530a6a0816f7ff89a0aaf/library/std/src/panicking.rs:557:40
[INFO] [stdout]   49:     0x620d244a7417 - std::panicking::try::hdb19862fad9c8bd1
[INFO] [stdout]                                at /rustc/90b35a6239c3d8bdabc530a6a0816f7ff89a0aaf/library/std/src/panicking.rs:520:19
[INFO] [stdout]   50:     0x620d244a7417 - std::panic::catch_unwind::h281fe732d236d260
[INFO] [stdout]                                at /rustc/90b35a6239c3d8bdabc530a6a0816f7ff89a0aaf/library/std/src/panic.rs:358:14
[INFO] [stdout]   51:     0x620d244a7417 - test::run_test_in_process::h949b6df8457ed338
[INFO] [stdout]                                at /rustc/90b35a6239c3d8bdabc530a6a0816f7ff89a0aaf/library/test/src/lib.rs:644:27
[INFO] [stdout]   52:     0x620d244a7417 - test::run_test::{{closure}}::h52c556a6d4740e10
[INFO] [stdout]                                at /rustc/90b35a6239c3d8bdabc530a6a0816f7ff89a0aaf/library/test/src/lib.rs:565:43
[INFO] [stdout]   53:     0x620d2446c6f4 - test::run_test::{{closure}}::h4237f6381c45ccb9
[INFO] [stdout]                                at /rustc/90b35a6239c3d8bdabc530a6a0816f7ff89a0aaf/library/test/src/lib.rs:595:41
[INFO] [stdout]   54:     0x620d2446c6f4 - std::sys::backtrace::__rust_begin_short_backtrace::h505c97a579eca628
[INFO] [stdout]                                at /rustc/90b35a6239c3d8bdabc530a6a0816f7ff89a0aaf/library/std/src/sys/backtrace.rs:154:18
[INFO] [stdout]   55:     0x620d2446fdbe - std::thread::Builder::spawn_unchecked_::{{closure}}::{{closure}}::h9e86b2e2bc107ea3
[INFO] [stdout]                                at /rustc/90b35a6239c3d8bdabc530a6a0816f7ff89a0aaf/library/std/src/thread/mod.rs:538:17
[INFO] [stdout]   56:     0x620d2446fdbe - <core::panic::unwind_safe::AssertUnwindSafe<F> as core::ops::function::FnOnce<()>>::call_once::h8b06ddb275ff4a25
[INFO] [stdout]                                at /rustc/90b35a6239c3d8bdabc530a6a0816f7ff89a0aaf/library/core/src/panic/unwind_safe.rs:272:9
[INFO] [stdout]   57:     0x620d2446fdbe - std::panicking::try::do_call::hb26ecd7cd9a9355d
[INFO] [stdout]                                at /rustc/90b35a6239c3d8bdabc530a6a0816f7ff89a0aaf/library/std/src/panicking.rs:557:40
[INFO] [stdout]   58:     0x620d2446fdbe - std::panicking::try::h8ddeca9d705f9069
[INFO] [stdout]                                at /rustc/90b35a6239c3d8bdabc530a6a0816f7ff89a0aaf/library/std/src/panicking.rs:520:19
[INFO] [stdout]   59:     0x620d2446fdbe - std::panic::catch_unwind::h49e1c33078844c46
[INFO] [stdout]                                at /rustc/90b35a6239c3d8bdabc530a6a0816f7ff89a0aaf/library/std/src/panic.rs:358:14
[INFO] [stdout]   60:     0x620d2446fdbe - std::thread::Builder::spawn_unchecked_::{{closure}}::h6073db6ff56ad35d
[INFO] [stdout]                                at /rustc/90b35a6239c3d8bdabc530a6a0816f7ff89a0aaf/library/std/src/thread/mod.rs:537:30
[INFO] [stdout]   61:     0x620d2446fdbe - core::ops::function::FnOnce::call_once{{vtable.shim}}::h2c5a5f3779c774f1
[INFO] [stdout]                                at /rustc/90b35a6239c3d8bdabc530a6a0816f7ff89a0aaf/library/core/src/ops/function.rs:250:5
[INFO] [stdout]   62:     0x620d24594f0b - <alloc::boxed::Box<F,A> as core::ops::function::FnOnce<Args>>::call_once::hf75717d9f28faebf
[INFO] [stdout]                                at /rustc/90b35a6239c3d8bdabc530a6a0816f7ff89a0aaf/library/alloc/src/boxed.rs:2454:9
[INFO] [stdout]   63:     0x620d24594f0b - <alloc::boxed::Box<F,A> as core::ops::function::FnOnce<Args>>::call_once::h7bd883a5f3c5f3c1
[INFO] [stdout]                                at /rustc/90b35a6239c3d8bdabc530a6a0816f7ff89a0aaf/library/alloc/src/boxed.rs:2454:9
[INFO] [stdout]   64:     0x620d24594f0b - std::sys::pal::unix::thread::Thread::new::thread_start::hcc78f3943333fa94
[INFO] [stdout]                                at /rustc/90b35a6239c3d8bdabc530a6a0816f7ff89a0aaf/library/std/src/sys/pal/unix/thread.rs:105:17
[INFO] [stdout]   65:     0x78f90bb10ac3 - <unknown>
[INFO] [stdout]   66:     0x78f90bba1a04 - clone
[INFO] [stdout]   67:                0x0 - <unknown>
[INFO] [stdout] 
[INFO] [stdout] ---- tests::test_log_entry_async stdout ----
[INFO] [stdout] thread 'tests::test_log_entry_async' panicked at tests/test_main.rs:72:9:
[INFO] [stdout] assertion failed: result.is_ok()
[INFO] [stdout] stack backtrace:
[INFO] [stdout]    0:     0x620d2458f3aa - std::backtrace_rs::backtrace::libunwind::trace::h5a5b8284f2d0c266
[INFO] [stdout]                                at /rustc/90b35a6239c3d8bdabc530a6a0816f7ff89a0aaf/library/std/src/../../backtrace/src/backtrace/libunwind.rs:116:5
[INFO] [stdout]    1:     0x620d2458f3aa - std::backtrace_rs::backtrace::trace_unsynchronized::h76d4f1c9b0b875e3
[INFO] [stdout]                                at /rustc/90b35a6239c3d8bdabc530a6a0816f7ff89a0aaf/library/std/src/../../backtrace/src/backtrace/mod.rs:66:5
[INFO] [stdout]    2:     0x620d2458f3aa - std::sys::backtrace::_print_fmt::hc4546b8364a537c6
[INFO] [stdout]                                at /rustc/90b35a6239c3d8bdabc530a6a0816f7ff89a0aaf/library/std/src/sys/backtrace.rs:66:9
[INFO] [stdout]    3:     0x620d2458f3aa - <std::sys::backtrace::BacktraceLock::print::DisplayBacktrace as core::fmt::Display>::fmt::h5b6bd5631a6d1f6b
[INFO] [stdout]                                at /rustc/90b35a6239c3d8bdabc530a6a0816f7ff89a0aaf/library/std/src/sys/backtrace.rs:39:26
[INFO] [stdout]    4:     0x620d245b6053 - core::fmt::rt::Argument::fmt::h270f6602a2b96f62
[INFO] [stdout]                                at /rustc/90b35a6239c3d8bdabc530a6a0816f7ff89a0aaf/library/core/src/fmt/rt.rs:177:76
[INFO] [stdout]    5:     0x620d245b6053 - core::fmt::write::h7550c97b06c86515
[INFO] [stdout]                                at /rustc/90b35a6239c3d8bdabc530a6a0816f7ff89a0aaf/library/core/src/fmt/mod.rs:1186:21
[INFO] [stdout]    6:     0x620d2458c393 - std::io::Write::write_fmt::h509ff860e5956e5e
[INFO] [stdout]                                at /rustc/90b35a6239c3d8bdabc530a6a0816f7ff89a0aaf/library/std/src/io/mod.rs:1839:15
[INFO] [stdout]    7:     0x620d2458f1f2 - std::sys::backtrace::BacktraceLock::print::h2395ccd2c84ba3aa
[INFO] [stdout]                                at /rustc/90b35a6239c3d8bdabc530a6a0816f7ff89a0aaf/library/std/src/sys/backtrace.rs:42:9
[INFO] [stdout]    8:     0x620d2459080a - std::panicking::default_hook::{{closure}}::he19d4c7230e07961
[INFO] [stdout]                                at /rustc/90b35a6239c3d8bdabc530a6a0816f7ff89a0aaf/library/std/src/panicking.rs:268:22
[INFO] [stdout]    9:     0x620d24590614 - std::panicking::default_hook::hf614597d3c67bbdb
[INFO] [stdout]                                at /rustc/90b35a6239c3d8bdabc530a6a0816f7ff89a0aaf/library/std/src/panicking.rs:292:9
[INFO] [stdout]   10:     0x620d244a3219 - <alloc::boxed::Box<F,A> as core::ops::function::Fn<Args>>::call::h39b51ce4599c23d1
[INFO] [stdout]                                at /rustc/90b35a6239c3d8bdabc530a6a0816f7ff89a0aaf/library/alloc/src/boxed.rs:2468:9
[INFO] [stdout]   11:     0x620d244a3219 - test::test_main::{{closure}}::he977ae839a582784
[INFO] [stdout]                                at /rustc/90b35a6239c3d8bdabc530a6a0816f7ff89a0aaf/library/test/src/lib.rs:133:21
[INFO] [stdout]   12:     0x620d24590ea8 - <alloc::boxed::Box<F,A> as core::ops::function::Fn<Args>>::call::h9455091b6b06f9fb
[INFO] [stdout]                                at /rustc/90b35a6239c3d8bdabc530a6a0816f7ff89a0aaf/library/alloc/src/boxed.rs:2468:9
[INFO] [stdout]   13:     0x620d24590ea8 - std::panicking::rust_panic_with_hook::h8942133a8b252070
[INFO] [stdout]                                at /rustc/90b35a6239c3d8bdabc530a6a0816f7ff89a0aaf/library/std/src/panicking.rs:809:13
[INFO] [stdout]   14:     0x620d24590c36 - std::panicking::begin_panic_handler::{{closure}}::hb5f5963570096b29
[INFO] [stdout]                                at /rustc/90b35a6239c3d8bdabc530a6a0816f7ff89a0aaf/library/std/src/panicking.rs:667:13
[INFO] [stdout]   15:     0x620d2458f889 - std::sys::backtrace::__rust_end_short_backtrace::h6208cedc1922feda
[INFO] [stdout]                                at /rustc/90b35a6239c3d8bdabc530a6a0816f7ff89a0aaf/library/std/src/sys/backtrace.rs:170:18
[INFO] [stdout]   16:     0x620d245908fc - rust_begin_unwind
[INFO] [stdout]                                at /rustc/90b35a6239c3d8bdabc530a6a0816f7ff89a0aaf/library/std/src/panicking.rs:665:5
[INFO] [stdout]   17:     0x620d24453b20 - core::panicking::panic_fmt::h0c3082644d1bf418
[INFO] [stdout]                                at /rustc/90b35a6239c3d8bdabc530a6a0816f7ff89a0aaf/library/core/src/panicking.rs:74:14
[INFO] [stdout]   18:     0x620d24453bac - core::panicking::panic::h957f98c65a3b3074
[INFO] [stdout]                                at /rustc/90b35a6239c3d8bdabc530a6a0816f7ff89a0aaf/library/core/src/panicking.rs:148:5
[INFO] [stdout]   19:     0x620d2446141e - test_main::tests::test_log_entry_async::{{closure}}::h80706096938718a0
[INFO] [stdout]                                at /opt/rustwide/workdir/tests/test_main.rs:72:9
[INFO] [stdout]   20:     0x620d24466e42 - <core::pin::Pin<P> as core::future::future::Future>::poll::haa82e620cd14637e
[INFO] [stdout]                                at /rustc/90b35a6239c3d8bdabc530a6a0816f7ff89a0aaf/library/core/src/future/future.rs:123:9
[INFO] [stdout]   21:     0x620d24466ebd - <core::pin::Pin<P> as core::future::future::Future>::poll::hcc9d136f03cfc24c
[INFO] [stdout]                                at /rustc/90b35a6239c3d8bdabc530a6a0816f7ff89a0aaf/library/core/src/future/future.rs:123:9
[INFO] [stdout]   22:     0x620d244581af - tokio::runtime::scheduler::current_thread::CoreGuard::block_on::{{closure}}::{{closure}}::{{closure}}::h3d345503e551d846
[INFO] [stdout]                                at /opt/rustwide/cargo-home/registry/src/index.crates.io-6f17d22bba15001f/tokio-1.39.3/src/runtime/scheduler/current_thread/mod.rs:673:57
[INFO] [stdout]   23:     0x620d24457f35 - tokio::runtime::coop::with_budget::he41402f2f593b8cd
[INFO] [stdout]                                at /opt/rustwide/cargo-home/registry/src/index.crates.io-6f17d22bba15001f/tokio-1.39.3/src/runtime/coop.rs:107:5
[INFO] [stdout]   24:     0x620d24457f35 - tokio::runtime::coop::budget::ha81276f34a353997
[INFO] [stdout]                                at /opt/rustwide/cargo-home/registry/src/index.crates.io-6f17d22bba15001f/tokio-1.39.3/src/runtime/coop.rs:73:5
[INFO] [stdout]   25:     0x620d24457f35 - tokio::runtime::scheduler::current_thread::CoreGuard::block_on::{{closure}}::{{closure}}::h30a7859cf23ed627
[INFO] [stdout]                                at /opt/rustwide/cargo-home/registry/src/index.crates.io-6f17d22bba15001f/tokio-1.39.3/src/runtime/scheduler/current_thread/mod.rs:673:25
[INFO] [stdout]   26:     0x620d24455d30 - tokio::runtime::scheduler::current_thread::Context::enter::h9d480cd36bc08289
[INFO] [stdout]                                at /opt/rustwide/cargo-home/registry/src/index.crates.io-6f17d22bba15001f/tokio-1.39.3/src/runtime/scheduler/current_thread/mod.rs:412:19
[INFO] [stdout]   27:     0x620d2445779e - tokio::runtime::scheduler::current_thread::CoreGuard::block_on::{{closure}}::hac5d3d93f2a64684
[INFO] [stdout]                                at /opt/rustwide/cargo-home/registry/src/index.crates.io-6f17d22bba15001f/tokio-1.39.3/src/runtime/scheduler/current_thread/mod.rs:672:36
[INFO] [stdout]   28:     0x620d24456bf4 - tokio::runtime::scheduler::current_thread::CoreGuard::enter::{{closure}}::hb76043e2a6ab3819
[INFO] [stdout]                                at /opt/rustwide/cargo-home/registry/src/index.crates.io-6f17d22bba15001f/tokio-1.39.3/src/runtime/scheduler/current_thread/mod.rs:751:68
[INFO] [stdout]   29:     0x620d24469e8b - tokio::runtime::context::scoped::Scoped<T>::set::he627be24ad5f6527
[INFO] [stdout]                                at /opt/rustwide/cargo-home/registry/src/index.crates.io-6f17d22bba15001f/tokio-1.39.3/src/runtime/context/scoped.rs:40:9
[INFO] [stdout]   30:     0x620d24467c99 - tokio::runtime::context::set_scheduler::{{closure}}::h9b69bf21da4a395e
[INFO] [stdout]                                at /opt/rustwide/cargo-home/registry/src/index.crates.io-6f17d22bba15001f/tokio-1.39.3/src/runtime/context.rs:180:26
[INFO] [stdout]   31:     0x620d244587cd - std::thread::local::LocalKey<T>::try_with::h5792d0f910ddd3d3
[INFO] [stdout]                                at /rustc/90b35a6239c3d8bdabc530a6a0816f7ff89a0aaf/library/std/src/thread/local.rs:283:12
[INFO] [stdout]   32:     0x620d2445832a - std::thread::local::LocalKey<T>::with::ha2c75381338caf65
[INFO] [stdout]                                at /rustc/90b35a6239c3d8bdabc530a6a0816f7ff89a0aaf/library/std/src/thread/local.rs:260:9
[INFO] [stdout]   33:     0x620d24467bcd - tokio::runtime::context::set_scheduler::h5d463639c417d78e
[INFO] [stdout]                                at /opt/rustwide/cargo-home/registry/src/index.crates.io-6f17d22bba15001f/tokio-1.39.3/src/runtime/context.rs:180:9
[INFO] [stdout]   34:     0x620d244569a0 - tokio::runtime::scheduler::current_thread::CoreGuard::enter::hbda301c620658f10
[INFO] [stdout]                                at /opt/rustwide/cargo-home/registry/src/index.crates.io-6f17d22bba15001f/tokio-1.39.3/src/runtime/scheduler/current_thread/mod.rs:751:27
[INFO] [stdout]   35:     0x620d24456c93 - tokio::runtime::scheduler::current_thread::CoreGuard::block_on::hef4ff36517c81bd7
[INFO] [stdout]                                at /opt/rustwide/cargo-home/registry/src/index.crates.io-6f17d22bba15001f/tokio-1.39.3/src/runtime/scheduler/current_thread/mod.rs:660:19
[INFO] [stdout]   36:     0x620d24454a1a - tokio::runtime::scheduler::current_thread::CurrentThread::block_on::{{closure}}::h5f416894e70ae2de
[INFO] [stdout]                                at /opt/rustwide/cargo-home/registry/src/index.crates.io-6f17d22bba15001f/tokio-1.39.3/src/runtime/scheduler/current_thread/mod.rs:180:28
[INFO] [stdout]   37:     0x620d244640f6 - tokio::runtime::context::runtime::enter_runtime::hc6893291790b90be
[INFO] [stdout]                                at /opt/rustwide/cargo-home/registry/src/index.crates.io-6f17d22bba15001f/tokio-1.39.3/src/runtime/context/runtime.rs:65:16
[INFO] [stdout]   38:     0x620d24454721 - tokio::runtime::scheduler::current_thread::CurrentThread::block_on::hae8cdea36a2be9f0
[INFO] [stdout]                                at /opt/rustwide/cargo-home/registry/src/index.crates.io-6f17d22bba15001f/tokio-1.39.3/src/runtime/scheduler/current_thread/mod.rs:168:9
[INFO] [stdout]   39:     0x620d244683fd - tokio::runtime::runtime::Runtime::block_on_inner::h6efe97f408648d79
[INFO] [stdout]                                at /opt/rustwide/cargo-home/registry/src/index.crates.io-6f17d22bba15001f/tokio-1.39.3/src/runtime/runtime.rs:361:47
[INFO] [stdout]   40:     0x620d24468625 - tokio::runtime::runtime::Runtime::block_on::had15339ebdfd3158
[INFO] [stdout]                                at /opt/rustwide/cargo-home/registry/src/index.crates.io-6f17d22bba15001f/tokio-1.39.3/src/runtime/runtime.rs:335:13
[INFO] [stdout]   41:     0x620d244610e1 - test_main::tests::test_log_entry_async::hfcaa10372ed76482
[INFO] [stdout]                                at /opt/rustwide/workdir/tests/test_main.rs:72:9
[INFO] [stdout]   42:     0x620d24460f87 - test_main::tests::test_log_entry_async::{{closure}}::h3250483807828703
[INFO] [stdout]                                at /opt/rustwide/workdir/tests/test_main.rs:58:36
[INFO] [stdout]   43:     0x620d2445d936 - core::ops::function::FnOnce::call_once::hc42f62b34cd8af0a
[INFO] [stdout]                                at /rustc/90b35a6239c3d8bdabc530a6a0816f7ff89a0aaf/library/core/src/ops/function.rs:250:5
[INFO] [stdout]   44:     0x620d244a7bdb - core::ops::function::FnOnce::call_once::h109cf8051a59b34e
[INFO] [stdout]                                at /rustc/90b35a6239c3d8bdabc530a6a0816f7ff89a0aaf/library/core/src/ops/function.rs:250:5
[INFO] [stdout]   45:     0x620d244a7bdb - test::__rust_begin_short_backtrace::hf4fff89d377446ba
[INFO] [stdout]                                at /rustc/90b35a6239c3d8bdabc530a6a0816f7ff89a0aaf/library/test/src/lib.rs:621:18
[INFO] [stdout]   46:     0x620d244a7417 - test::run_test_in_process::{{closure}}::h0e39181dd7ee5a43
[INFO] [stdout]                                at /rustc/90b35a6239c3d8bdabc530a6a0816f7ff89a0aaf/library/test/src/lib.rs:644:60
[INFO] [stdout]   47:     0x620d244a7417 - <core::panic::unwind_safe::AssertUnwindSafe<F> as core::ops::function::FnOnce<()>>::call_once::hc5a66a30f0bdfd1f
[INFO] [stdout]                                at /rustc/90b35a6239c3d8bdabc530a6a0816f7ff89a0aaf/library/core/src/panic/unwind_safe.rs:272:9
[INFO] [stdout]   48:     0x620d244a7417 - std::panicking::try::do_call::h873b7cf639554a5e
[INFO] [stdout]                                at /rustc/90b35a6239c3d8bdabc530a6a0816f7ff89a0aaf/library/std/src/panicking.rs:557:40
[INFO] [stdout]   49:     0x620d244a7417 - std::panicking::try::hdb19862fad9c8bd1
[INFO] [stdout]                                at /rustc/90b35a6239c3d8bdabc530a6a0816f7ff89a0aaf/library/std/src/panicking.rs:520:19
[INFO] [stdout]   50:     0x620d244a7417 - std::panic::catch_unwind::h281fe732d236d260
[INFO] [stdout]                                at /rustc/90b35a6239c3d8bdabc530a6a0816f7ff89a0aaf/library/std/src/panic.rs:358:14
[INFO] [stdout]   51:     0x620d244a7417 - test::run_test_in_process::h949b6df8457ed338
[INFO] [stdout]                                at /rustc/90b35a6239c3d8bdabc530a6a0816f7ff89a0aaf/library/test/src/lib.rs:644:27
[INFO] [stdout]   52:     0x620d244a7417 - test::run_test::{{closure}}::h52c556a6d4740e10
[INFO] [stdout]                                at /rustc/90b35a6239c3d8bdabc530a6a0816f7ff89a0aaf/library/test/src/lib.rs:565:43
[INFO] [stdout]   53:     0x620d2446c6f4 - test::run_test::{{closure}}::h4237f6381c45ccb9
[INFO] [stdout]                                at /rustc/90b35a6239c3d8bdabc530a6a0816f7ff89a0aaf/library/test/src/lib.rs:595:41
[INFO] [stdout]   54:     0x620d2446c6f4 - std::sys::backtrace::__rust_begin_short_backtrace::h505c97a579eca628
[INFO] [stdout]                                at /rustc/90b35a6239c3d8bdabc530a6a0816f7ff89a0aaf/library/std/src/sys/backtrace.rs:154:18
[INFO] [stdout]   55:     0x620d2446fdbe - std::thread::Builder::spawn_unchecked_::{{closure}}::{{closure}}::h9e86b2e2bc107ea3
[INFO] [stdout]                                at /rustc/90b35a6239c3d8bdabc530a6a0816f7ff89a0aaf/library/std/src/thread/mod.rs:538:17
[INFO] [stdout]   56:     0x620d2446fdbe - <core::panic::unwind_safe::AssertUnwindSafe<F> as core::ops::function::FnOnce<()>>::call_once::h8b06ddb275ff4a25
[INFO] [stdout]                                at /rustc/90b35a6239c3d8bdabc530a6a0816f7ff89a0aaf/library/core/src/panic/unwind_safe.rs:272:9
[INFO] [stdout]   57:     0x620d2446fdbe - std::panicking::try::do_call::hb26ecd7cd9a9355d
[INFO] [stdout]                                at /rustc/90b35a6239c3d8bdabc530a6a0816f7ff89a0aaf/library/std/src/panicking.rs:557:40
[INFO] [stdout]   58:     0x620d2446fdbe - std::panicking::try::h8ddeca9d705f9069
[INFO] [stdout]                                at /rustc/90b35a6239c3d8bdabc530a6a0816f7ff89a0aaf/library/std/src/panicking.rs:520:19
[INFO] [stdout]   59:     0x620d2446fdbe - std::panic::catch_unwind::h49e1c33078844c46
[INFO] [stdout]                                at /rustc/90b35a6239c3d8bdabc530a6a0816f7ff89a0aaf/library/std/src/panic.rs:358:14
[INFO] [stdout]   60:     0x620d2446fdbe - std::thread::Builder::spawn_unchecked_::{{closure}}::h6073db6ff56ad35d
[INFO] [stdout]                                at /rustc/90b35a6239c3d8bdabc530a6a0816f7ff89a0aaf/library/std/src/thread/mod.rs:537:30
[INFO] [stdout]   61:     0x620d2446fdbe - core::ops::function::FnOnce::call_once{{vtable.shim}}::h2c5a5f3779c774f1
[INFO] [stdout]                                at /rustc/90b35a6239c3d8bdabc530a6a0816f7ff89a0aaf/library/core/src/ops/function.rs:250:5
[INFO] [stdout]   62:     0x620d24594f0b - <alloc::boxed::Box<F,A> as core::ops::function::FnOnce<Args>>::call_once::hf75717d9f28faebf
[INFO] [stdout]                                at /rustc/90b35a6239c3d8bdabc530a6a0816f7ff89a0aaf/library/alloc/src/boxed.rs:2454:9
[INFO] [stdout]   63:     0x620d24594f0b - <alloc::boxed::Box<F,A> as core::ops::function::FnOnce<Args>>::call_once::h7bd883a5f3c5f3c1
[INFO] [stdout]                                at /rustc/90b35a6239c3d8bdabc530a6a0816f7ff89a0aaf/library/alloc/src/boxed.rs:2454:9
[INFO] [stdout]   64:     0x620d24594f0b - std::sys::pal::unix::thread::Thread::new::thread_start::hcc78f3943333fa94
[INFO] [stdout]                                at /rustc/90b35a6239c3d8bdabc530a6a0816f7ff89a0aaf/library/std/src/sys/pal/unix/thread.rs:105:17
[INFO] [stdout]   65:     0x78f90bb10ac3 - <unknown>
[INFO] [stdout]   66:     0x78f90bba1a04 - clone
[INFO] [stdout]   67:                0x0 - <unknown>
[INFO] [stdout] 
[INFO] [stdout] 
[INFO] [stdout] failures:
[INFO] [stdout]     tests::test_async_logging_with_runtime
[INFO] [stdout]     tests::test_log_entry_async
[INFO] [stdout] 
[INFO] [stdout] test result: FAILED. 6 passed; 2 failed; 0 ignored; 0 measured; 0 filtered out; finished in 0.12s
[INFO] [stdout] 
[INFO] [stderr] error: test failed, to rerun pass `--test test_main`
[INFO] running `Command { std: "docker" "inspect" "85715033c84679677cf5a6da1ccbeb8f30caedf44152845f2374d702502572dd", kill_on_drop: false }`
[INFO] running `Command { std: "docker" "rm" "-f" "85715033c84679677cf5a6da1ccbeb8f30caedf44152845f2374d702502572dd", kill_on_drop: false }`
[INFO] [stdout] 85715033c84679677cf5a6da1ccbeb8f30caedf44152845f2374d702502572dd
