[INFO] cloning repository https://github.com/rmcfadden/classification-server-www
[INFO] running `Command { std: "git" "-c" "credential.helper=" "-c" "credential.helper=/workspace/cargo-home/bin/git-credential-null" "clone" "--bare" "https://github.com/rmcfadden/classification-server-www" "/workspace/cache/git-repos/https%3A%2F%2Fgithub.com%2Frmcfadden%2Fclassification-server-www", kill_on_drop: false }`
[INFO] [stderr] Cloning into bare repository '/workspace/cache/git-repos/https%3A%2F%2Fgithub.com%2Frmcfadden%2Fclassification-server-www'...
[INFO] running `Command { std: "git" "rev-parse" "HEAD", kill_on_drop: false }`
[INFO] [stdout] d68d5e95d4610ebfb940e98b30c1d6f79f23cc90
[INFO] testing rmcfadden/classification-server-www against 1.83.0 for beta-1.84.0-4-retry
[INFO] running `Command { std: "git" "clone" "/workspace/cache/git-repos/https%3A%2F%2Fgithub.com%2Frmcfadden%2Fclassification-server-www" "/workspace/builds/worker-4-tc1/source", kill_on_drop: false }`
[INFO] [stderr] Cloning into '/workspace/builds/worker-4-tc1/source'...
[INFO] [stderr] done.
[INFO] validating manifest of git repo https://github.com/rmcfadden/classification-server-www on toolchain 1.83.0
[INFO] running `Command { std: CARGO_HOME="/workspace/cargo-home" RUSTUP_HOME="/workspace/rustup-home" "/workspace/cargo-home/bin/cargo" "+1.83.0" "metadata" "--manifest-path" "Cargo.toml" "--no-deps", kill_on_drop: false }`
[INFO] started tweaking git repo https://github.com/rmcfadden/classification-server-www
[INFO] finished tweaking git repo https://github.com/rmcfadden/classification-server-www
[INFO] tweaked toml for git repo https://github.com/rmcfadden/classification-server-www written to /workspace/builds/worker-4-tc1/source/Cargo.toml
[INFO] crate git repo https://github.com/rmcfadden/classification-server-www already has a lockfile, it will not be regenerated
[INFO] running `Command { std: CARGO_HOME="/workspace/cargo-home" RUSTUP_HOME="/workspace/rustup-home" "/workspace/cargo-home/bin/cargo" "+1.83.0" "fetch" "--manifest-path" "Cargo.toml", kill_on_drop: false }`
[INFO] [stderr]  Downloading crates ...
[INFO] [stderr]   Downloaded uuid-macro-internal v1.8.0
[INFO] [stderr]   Downloaded value-bag v1.8.1
[INFO] running `Command { std: "docker" "create" "-v" "/var/lib/crater-agent-workspace/builds/worker-4-tc1/target:/opt/rustwide/target:rw,Z" "-v" "/var/lib/crater-agent-workspace/builds/worker-4-tc1/source:/opt/rustwide/workdir:ro,Z" "-v" "/var/lib/crater-agent-workspace/cargo-home:/opt/rustwide/cargo-home:ro,Z" "-v" "/var/lib/crater-agent-workspace/rustup-home:/opt/rustwide/rustup-home:ro,Z" "-e" "SOURCE_DIR=/opt/rustwide/workdir" "-e" "CARGO_TARGET_DIR=/opt/rustwide/target" "-e" "CARGO_HOME=/opt/rustwide/cargo-home" "-e" "RUSTUP_HOME=/opt/rustwide/rustup-home" "-w" "/opt/rustwide/workdir" "-m" "1610612736" "--user" "0:0" "--network" "none" "ghcr.io/rust-lang/crates-build-env/linux@sha256:f3a9d4ad9d972b27faf3965f35b62e55ba32bbce8f20bc8fe909558a86702fde" "/opt/rustwide/cargo-home/bin/cargo" "+1.83.0" "metadata" "--no-deps" "--format-version=1", kill_on_drop: false }`
[INFO] [stdout] a3ca037dd2eddaa00f6838ab76124555951bf543bd3b26174d1acb6e428f0cf5
[INFO] running `Command { std: "docker" "start" "-a" "a3ca037dd2eddaa00f6838ab76124555951bf543bd3b26174d1acb6e428f0cf5", kill_on_drop: false }`
[INFO] running `Command { std: "docker" "inspect" "a3ca037dd2eddaa00f6838ab76124555951bf543bd3b26174d1acb6e428f0cf5", kill_on_drop: false }`
[INFO] running `Command { std: "docker" "rm" "-f" "a3ca037dd2eddaa00f6838ab76124555951bf543bd3b26174d1acb6e428f0cf5", kill_on_drop: false }`
[INFO] [stdout] a3ca037dd2eddaa00f6838ab76124555951bf543bd3b26174d1acb6e428f0cf5
[INFO] running `Command { std: "docker" "create" "-v" "/var/lib/crater-agent-workspace/builds/worker-4-tc1/target:/opt/rustwide/target:rw,Z" "-v" "/var/lib/crater-agent-workspace/builds/worker-4-tc1/source:/opt/rustwide/workdir:ro,Z" "-v" "/var/lib/crater-agent-workspace/cargo-home:/opt/rustwide/cargo-home:ro,Z" "-v" "/var/lib/crater-agent-workspace/rustup-home:/opt/rustwide/rustup-home:ro,Z" "-e" "SOURCE_DIR=/opt/rustwide/workdir" "-e" "CARGO_TARGET_DIR=/opt/rustwide/target" "-e" "CARGO_INCREMENTAL=0" "-e" "RUST_BACKTRACE=full" "-e" "RUSTFLAGS=--cap-lints=warn" "-e" "RUSTDOCFLAGS=--cap-lints=warn" "-e" "CARGO_HOME=/opt/rustwide/cargo-home" "-e" "RUSTUP_HOME=/opt/rustwide/rustup-home" "-w" "/opt/rustwide/workdir" "-m" "1610612736" "--user" "0:0" "--network" "none" "ghcr.io/rust-lang/crates-build-env/linux@sha256:f3a9d4ad9d972b27faf3965f35b62e55ba32bbce8f20bc8fe909558a86702fde" "/opt/rustwide/cargo-home/bin/cargo" "+1.83.0" "build" "--frozen" "--message-format=json", kill_on_drop: false }`
[INFO] [stdout] 7cd12d72071f5028fd8eea6f80e464edb7d74b53d8e7e66d756beb13e646f4c7
[INFO] running `Command { std: "docker" "start" "-a" "7cd12d72071f5028fd8eea6f80e464edb7d74b53d8e7e66d756beb13e646f4c7", kill_on_drop: false }`
[INFO] [stderr]    Compiling autocfg v1.2.0
[INFO] [stderr]    Compiling proc-macro2 v1.0.81
[INFO] [stderr]    Compiling cfg-if v1.0.0
[INFO] [stderr]    Compiling unicode-ident v1.0.12
[INFO] [stderr]    Compiling libc v0.2.154
[INFO] [stderr]    Compiling pin-project-lite v0.2.14
[INFO] [stderr]    Compiling futures-core v0.3.30
[INFO] [stderr]    Compiling version_check v0.9.4
[INFO] [stderr]    Compiling crossbeam-utils v0.8.19
[INFO] [stderr]    Compiling once_cell v1.19.0
[INFO] [stderr]    Compiling parking v2.2.0
[INFO] [stderr]    Compiling futures-io v0.3.30
[INFO] [stderr]    Compiling value-bag v1.8.1
[INFO] [stderr]    Compiling fastrand v2.1.0
[INFO] [stderr]    Compiling memchr v2.7.2
[INFO] [stderr]    Compiling linux-raw-sys v0.4.13
[INFO] [stderr]    Compiling bitflags v2.5.0
[INFO] [stderr]    Compiling typenum v1.17.0
[INFO] [stderr]    Compiling zerocopy v0.7.32
[INFO] [stderr]    Compiling log v0.4.21
[INFO] [stderr]    Compiling tracing-core v0.1.32
[INFO] [stderr]    Compiling futures-lite v2.3.0
[INFO] [stderr]    Compiling ahash v0.8.11
[INFO] [stderr]    Compiling generic-array v0.14.7
[INFO] [stderr]    Compiling pin-utils v0.1.0
[INFO] [stderr]    Compiling serde v1.0.199
[INFO] [stderr]    Compiling async-task v4.7.1
[INFO] [stderr]    Compiling io-lifetimes v1.0.11
[INFO] [stderr]    Compiling atomic-waker v1.1.2
[INFO] [stderr]    Compiling allocator-api2 v0.2.18
[INFO] [stderr]    Compiling scopeguard v1.2.0
[INFO] [stderr]    Compiling piper v0.2.1
[INFO] [stderr]    Compiling slab v0.4.9
[INFO] [stderr]    Compiling lock_api v0.4.12
[INFO] [stderr]    Compiling num-traits v0.2.19
[INFO] [stderr]    Compiling polling v2.8.0
[INFO] [stderr]    Compiling rustix v0.37.27
[INFO] [stderr]    Compiling tinyvec_macros v0.1.1
[INFO] [stderr]    Compiling futures-task v0.3.30
[INFO] [stderr]    Compiling rustix v0.38.34
[INFO] [stderr]    Compiling event-listener v2.5.3
[INFO] [stderr]    Compiling tinyvec v1.6.0
[INFO] [stderr]    Compiling async-io v1.13.0
[INFO] [stderr]    Compiling bitflags v1.3.2
[INFO] [stderr]    Compiling quote v1.0.36
[INFO] [stderr]    Compiling fastrand v1.9.0
[INFO] [stderr]    Compiling linux-raw-sys v0.3.8
[INFO] [stderr]    Compiling parking_lot_core v0.9.10
[INFO] [stderr]    Compiling waker-fn v1.1.1
[INFO] [stderr]    Compiling futures-lite v1.13.0
[INFO] [stderr]    Compiling concurrent-queue v2.5.0
[INFO] [stderr]    Compiling syn v2.0.60
[INFO] [stderr]    Compiling async-lock v2.8.0
[INFO] [stderr]    Compiling percent-encoding v2.3.1
[INFO] [stderr]    Compiling unicode-bidi v0.3.15
[INFO] [stderr]    Compiling smallvec v1.13.2
[INFO] [stderr]    Compiling event-listener v4.0.3
[INFO] [stderr]    Compiling event-listener v5.3.0
[INFO] [stderr]    Compiling async-executor v1.11.0
[INFO] [stderr]    Compiling event-listener-strategy v0.5.2
[INFO] [stderr]    Compiling form_urlencoded v1.2.1
[INFO] [stderr]    Compiling async-channel v1.9.0
[INFO] [stderr]    Compiling kv-log-macro v1.0.7
[INFO] [stderr]    Compiling itoa v1.0.11
[INFO] [stderr]    Compiling event-listener-strategy v0.4.0
[INFO] [stderr]    Compiling async-channel v2.2.1
[INFO] [stderr]    Compiling async-lock v3.3.0
[INFO] [stderr]    Compiling unicode-normalization v0.1.23
[INFO] [stderr]    Compiling thiserror v1.0.59
[INFO] [stderr]    Compiling getrandom v0.2.14
[INFO] [stderr]    Compiling socket2 v0.4.10
[INFO] [stderr]    Compiling block-buffer v0.10.4
[INFO] [stderr]    Compiling futures-sink v0.3.30
[INFO] [stderr]    Compiling minimal-lexical v0.2.1
[INFO] [stderr]    Compiling cpufeatures v0.2.12
[INFO] [stderr]    Compiling syn v1.0.109
[INFO] [stderr]    Compiling serde_json v1.0.116
[INFO] [stderr]    Compiling equivalent v1.0.1
[INFO] [stderr]    Compiling paste v1.0.14
[INFO] [stderr]    Compiling pkg-config v0.3.30
[INFO] [stderr]    Compiling idna v0.5.0
[INFO] [stderr]    Compiling parking_lot v0.12.2
[INFO] [stderr]    Compiling ryu v1.0.17
[INFO] [stderr]    Compiling vcpkg v0.2.15
[INFO] [stderr]    Compiling crc-catalog v2.4.0
[INFO] [stderr]    Compiling cc v1.0.95
[INFO] [stderr]    Compiling bytes v1.6.0
[INFO] [stderr]    Compiling unicode_categories v0.1.1
[INFO] [stderr]    Compiling nom v7.1.3
[INFO] [stderr]    Compiling futures-intrusive v0.5.0
[INFO] [stderr]    Compiling crc v3.2.1
[INFO] [stderr]    Compiling hashbrown v0.14.5
[INFO] [stderr]    Compiling blocking v1.6.0
[INFO] [stderr]    Compiling crypto-common v0.1.6
[INFO] [stderr]    Compiling crossbeam-queue v0.3.11
[INFO] [stderr]    Compiling spin v0.9.8
[INFO] [stderr]    Compiling hex v0.4.3
[INFO] [stderr]    Compiling byteorder v1.5.0
[INFO] [stderr]    Compiling digest v0.10.7
[INFO] [stderr]    Compiling futures-channel v0.3.30
[INFO] [stderr]    Compiling futures-util v0.3.30
[INFO] [stderr]    Compiling hashlink v0.8.4
[INFO] [stderr]    Compiling sha2 v0.10.8
[INFO] [stderr]    Compiling indexmap v2.2.6
[INFO] [stderr]    Compiling url v2.5.0
[INFO] [stderr]    Compiling atoi v2.0.0
[INFO] [stderr]    Compiling urlencoding v2.1.3
[INFO] [stderr]    Compiling flume v0.11.0
[INFO] [stderr]    Compiling num-integer v0.1.46
[INFO] [stderr]    Compiling unicode-segmentation v1.11.0
[INFO] [stderr]    Compiling rand_core v0.6.4
[INFO] [stderr]    Compiling libsqlite3-sys v0.27.0
[INFO] [stderr]    Compiling dotenvy v0.15.7
[INFO] [stderr]    Compiling heck v0.4.1
[INFO] [stderr]    Compiling ppv-lite86 v0.2.17
[INFO] [stderr]    Compiling num-bigint v0.4.5
[INFO] [stderr]    Compiling num-iter v0.1.45
[INFO] [stderr]    Compiling rand_chacha v0.3.1
[INFO] [stderr]    Compiling num-complex v0.4.6
[INFO] [stderr]    Compiling fnv v1.0.7
[INFO] [stderr]    Compiling http v1.1.0
[INFO] [stderr]    Compiling rand v0.8.5
[INFO] [stderr]    Compiling num-rational v0.4.2
[INFO] [stderr]    Compiling tempfile v3.10.1
[INFO] [stderr]    Compiling tracing-attributes v0.1.27
[INFO] [stderr]    Compiling serde_derive v1.0.199
[INFO] [stderr]    Compiling thiserror-impl v1.0.59
[INFO] [stderr]    Compiling futures-macro v0.3.30
[INFO] [stderr]    Compiling uuid-macro-internal v1.8.0
[INFO] [stderr]    Compiling async-trait v0.1.80
[INFO] [stderr]    Compiling num v0.4.3
[INFO] [stderr]    Compiling async-attributes v1.1.2
[INFO] [stderr]    Compiling futures-executor v0.3.30
[INFO] [stderr]    Compiling uuid v1.8.0
[INFO] [stderr]    Compiling tracing v0.1.40
[INFO] [stderr]    Compiling polling v3.7.0
[INFO] [stderr]    Compiling async-io v2.3.2
[INFO] [stderr]    Compiling async-global-executor v2.4.1
[INFO] [stderr]    Compiling async-std v1.12.0
[INFO] [stderr]    Compiling futures v0.3.30
[INFO] [stderr]    Compiling either v1.11.0
[INFO] [stderr]    Compiling itertools v0.12.1
[INFO] [stderr]    Compiling sqlformat v0.2.3
[INFO] [stderr]    Compiling sqlx-core v0.7.4
[INFO] [stderr]    Compiling sqlx-sqlite v0.7.4
[INFO] [stderr]    Compiling sqlx-macros-core v0.7.4
[INFO] [stderr]    Compiling sqlx-macros v0.7.4
[INFO] [stderr]    Compiling sqlx v0.7.4
[INFO] [stderr]    Compiling classification-server-www v0.1.0 (/opt/rustwide/workdir)
[INFO] [stdout] warning: unused variable: `i`
[INFO] [stdout]   --> src/core/input_vector.rs:38:18
[INFO] [stdout]    |
[INFO] [stdout] 38 |             for (i, input) in input_items.iter().enumerate() {
[INFO] [stdout]    |                  ^ help: if this is intentional, prefix it with an underscore: `_i`
[INFO] [stdout]    |
[INFO] [stdout]    = note: `#[warn(unused_variables)]` on by default
[INFO] [stdout] 
[INFO] [stdout] 
[INFO] [stdout] warning: unused variable: `output_results`
[INFO] [stdout]    --> src/models/perceptron_neural_model.rs:101:17
[INFO] [stdout]     |
[INFO] [stdout] 101 |             let output_results = output_layer.forward(&result_items)?;
[INFO] [stdout]     |                 ^^^^^^^^^^^^^^ help: if this is intentional, prefix it with an underscore: `_output_results`
[INFO] [stdout] 
[INFO] [stdout] 
[INFO] [stdout] warning: unused variable: `feature`
[INFO] [stdout]    --> src/models/perceptron_neural_model.rs:111:29
[INFO] [stdout]     |
[INFO] [stdout] 111 |     async fn predict(&self, feature: L) -> Result<ClassifierResponse<L, V>, Box<dyn Error>> {
[INFO] [stdout]     |                             ^^^^^^^ help: if this is intentional, prefix it with an underscore: `_feature`
[INFO] [stdout] 
[INFO] [stdout] 
[INFO] [stdout] warning: unused variable: `i`
[INFO] [stdout]   --> src/core/input_vector.rs:38:18
[INFO] [stdout]    |
[INFO] [stdout] 38 |             for (i, input) in input_items.iter().enumerate() {
[INFO] [stdout]    |                  ^ help: if this is intentional, prefix it with an underscore: `_i`
[INFO] [stdout]    |
[INFO] [stdout]    = note: `#[warn(unused_variables)]` on by default
[INFO] [stdout] 
[INFO] [stdout] 
[INFO] [stdout] warning: unused variable: `output_results`
[INFO] [stdout]    --> src/models/perceptron_neural_model.rs:101:17
[INFO] [stdout]     |
[INFO] [stdout] 101 |             let output_results = output_layer.forward(&result_items)?;
[INFO] [stdout]     |                 ^^^^^^^^^^^^^^ help: if this is intentional, prefix it with an underscore: `_output_results`
[INFO] [stdout] 
[INFO] [stdout] 
[INFO] [stdout] warning: unused variable: `feature`
[INFO] [stdout]    --> src/models/perceptron_neural_model.rs:111:29
[INFO] [stdout]     |
[INFO] [stdout] 111 |     async fn predict(&self, feature: L) -> Result<ClassifierResponse<L, V>, Box<dyn Error>> {
[INFO] [stdout]     |                             ^^^^^^^ help: if this is intentional, prefix it with an underscore: `_feature`
[INFO] [stdout] 
[INFO] [stdout] 
[INFO] [stderr]     Finished `dev` profile [unoptimized + debuginfo] target(s) in 1m 27s
[INFO] running `Command { std: "docker" "inspect" "7cd12d72071f5028fd8eea6f80e464edb7d74b53d8e7e66d756beb13e646f4c7", kill_on_drop: false }`
[INFO] running `Command { std: "docker" "rm" "-f" "7cd12d72071f5028fd8eea6f80e464edb7d74b53d8e7e66d756beb13e646f4c7", kill_on_drop: false }`
[INFO] [stdout] 7cd12d72071f5028fd8eea6f80e464edb7d74b53d8e7e66d756beb13e646f4c7
[INFO] running `Command { std: "docker" "create" "-v" "/var/lib/crater-agent-workspace/builds/worker-4-tc1/target:/opt/rustwide/target:rw,Z" "-v" "/var/lib/crater-agent-workspace/builds/worker-4-tc1/source:/opt/rustwide/workdir:ro,Z" "-v" "/var/lib/crater-agent-workspace/cargo-home:/opt/rustwide/cargo-home:ro,Z" "-v" "/var/lib/crater-agent-workspace/rustup-home:/opt/rustwide/rustup-home:ro,Z" "-e" "SOURCE_DIR=/opt/rustwide/workdir" "-e" "CARGO_TARGET_DIR=/opt/rustwide/target" "-e" "CARGO_INCREMENTAL=0" "-e" "RUST_BACKTRACE=full" "-e" "RUSTFLAGS=--cap-lints=warn" "-e" "RUSTDOCFLAGS=--cap-lints=warn" "-e" "CARGO_HOME=/opt/rustwide/cargo-home" "-e" "RUSTUP_HOME=/opt/rustwide/rustup-home" "-w" "/opt/rustwide/workdir" "-m" "1610612736" "--user" "0:0" "--network" "none" "ghcr.io/rust-lang/crates-build-env/linux@sha256:f3a9d4ad9d972b27faf3965f35b62e55ba32bbce8f20bc8fe909558a86702fde" "/opt/rustwide/cargo-home/bin/cargo" "+1.83.0" "test" "--frozen" "--no-run" "--message-format=json", kill_on_drop: false }`
[INFO] [stdout] f030939b37eb457e17f0eaa620b11ff5074e8e4930d7b0e8a0c5a805cca905f5
[INFO] running `Command { std: "docker" "start" "-a" "f030939b37eb457e17f0eaa620b11ff5074e8e4930d7b0e8a0c5a805cca905f5", kill_on_drop: false }`
[INFO] [stdout] warning: unused variable: `i`
[INFO] [stdout]   --> src/core/input_vector.rs:38:18
[INFO] [stdout]    |
[INFO] [stdout] 38 |             for (i, input) in input_items.iter().enumerate() {
[INFO] [stdout]    |                  ^ help: if this is intentional, prefix it with an underscore: `_i`
[INFO] [stdout]    |
[INFO] [stdout]    = note: `#[warn(unused_variables)]` on by default
[INFO] [stdout] 
[INFO] [stdout] 
[INFO] [stdout] warning: unused variable: `output_results`
[INFO] [stdout]    --> src/models/perceptron_neural_model.rs:101:17
[INFO] [stdout]     |
[INFO] [stdout] 101 |             let output_results = output_layer.forward(&result_items)?;
[INFO] [stdout]     |                 ^^^^^^^^^^^^^^ help: if this is intentional, prefix it with an underscore: `_output_results`
[INFO] [stdout] 
[INFO] [stdout] 
[INFO] [stdout] warning: unused variable: `feature`
[INFO] [stdout]    --> src/models/perceptron_neural_model.rs:111:29
[INFO] [stdout]     |
[INFO] [stdout] 111 |     async fn predict(&self, feature: L) -> Result<ClassifierResponse<L, V>, Box<dyn Error>> {
[INFO] [stdout]     |                             ^^^^^^^ help: if this is intentional, prefix it with an underscore: `_feature`
[INFO] [stdout] 
[INFO] [stdout] 
[INFO] [stderr]    Compiling classification-server-www v0.1.0 (/opt/rustwide/workdir)
[INFO] [stdout] warning: unused variable: `i`
[INFO] [stdout]   --> src/core/input_vector.rs:38:18
[INFO] [stdout]    |
[INFO] [stdout] 38 |             for (i, input) in input_items.iter().enumerate() {
[INFO] [stdout]    |                  ^ help: if this is intentional, prefix it with an underscore: `_i`
[INFO] [stdout]    |
[INFO] [stdout]    = note: `#[warn(unused_variables)]` on by default
[INFO] [stdout] 
[INFO] [stdout] 
[INFO] [stdout] warning: unused variable: `output_results`
[INFO] [stdout]    --> src/models/perceptron_neural_model.rs:101:17
[INFO] [stdout]     |
[INFO] [stdout] 101 |             let output_results = output_layer.forward(&result_items)?;
[INFO] [stdout]     |                 ^^^^^^^^^^^^^^ help: if this is intentional, prefix it with an underscore: `_output_results`
[INFO] [stdout] 
[INFO] [stdout] 
[INFO] [stdout] warning: unused variable: `feature`
[INFO] [stdout]    --> src/models/perceptron_neural_model.rs:111:29
[INFO] [stdout]     |
[INFO] [stdout] 111 |     async fn predict(&self, feature: L) -> Result<ClassifierResponse<L, V>, Box<dyn Error>> {
[INFO] [stdout]     |                             ^^^^^^^ help: if this is intentional, prefix it with an underscore: `_feature`
[INFO] [stdout] 
[INFO] [stdout] 
[INFO] [stdout] warning: unused variable: `normalizer`
[INFO] [stdout]   --> tests/math/binary_cross_entropy_loss_function_tests.rs:30:13
[INFO] [stdout]    |
[INFO] [stdout] 30 |         let normalizer = LossFunctionFactory::create::<f64>("binary_cross_entropy").unwrap();
[INFO] [stdout]    |             ^^^^^^^^^^ help: if this is intentional, prefix it with an underscore: `_normalizer`
[INFO] [stdout]    |
[INFO] [stdout]    = note: `#[warn(unused_variables)]` on by default
[INFO] [stdout] 
[INFO] [stdout] 
[INFO] [stdout] warning: unused variable: `ouputs`
[INFO] [stdout]   --> tests/math/binary_cross_entropy_loss_function_tests.rs:32:13
[INFO] [stdout]    |
[INFO] [stdout] 32 |         let ouputs = vec![0.09003057317038046, 0.24472847105479767, 0.6652409557748219];
[INFO] [stdout]    |             ^^^^^^ help: if this is intentional, prefix it with an underscore: `_ouputs`
[INFO] [stdout] 
[INFO] [stdout] 
[INFO] [stdout] warning: unused variable: `targets`
[INFO] [stdout]   --> tests/math/binary_cross_entropy_loss_function_tests.rs:33:13
[INFO] [stdout]    |
[INFO] [stdout] 33 |         let targets = vec![0.24472847105479767, 0.09003057317038046, 0.6652409557748219];
[INFO] [stdout]    |             ^^^^^^^ help: if this is intentional, prefix it with an underscore: `_targets`
[INFO] [stdout] 
[INFO] [stdout] 
[INFO] [stdout] warning: unused variable: `i`
[INFO] [stdout]   --> src/core/input_vector.rs:38:18
[INFO] [stdout]    |
[INFO] [stdout] 38 |             for (i, input) in input_items.iter().enumerate() {
[INFO] [stdout]    |                  ^ help: if this is intentional, prefix it with an underscore: `_i`
[INFO] [stdout]    |
[INFO] [stdout]    = note: `#[warn(unused_variables)]` on by default
[INFO] [stdout] 
[INFO] [stdout] 
[INFO] [stdout] warning: unused variable: `output_results`
[INFO] [stdout]    --> src/models/perceptron_neural_model.rs:101:17
[INFO] [stdout]     |
[INFO] [stdout] 101 |             let output_results = output_layer.forward(&result_items)?;
[INFO] [stdout]     |                 ^^^^^^^^^^^^^^ help: if this is intentional, prefix it with an underscore: `_output_results`
[INFO] [stdout] 
[INFO] [stdout] 
[INFO] [stdout] warning: unused variable: `feature`
[INFO] [stdout]    --> src/models/perceptron_neural_model.rs:111:29
[INFO] [stdout]     |
[INFO] [stdout] 111 |     async fn predict(&self, feature: L) -> Result<ClassifierResponse<L, V>, Box<dyn Error>> {
[INFO] [stdout]     |                             ^^^^^^^ help: if this is intentional, prefix it with an underscore: `_feature`
[INFO] [stdout] 
[INFO] [stdout] 
[INFO] [stdout] warning: unused variable: `i`
[INFO] [stdout]   --> src/core/input_vector.rs:38:18
[INFO] [stdout]    |
[INFO] [stdout] 38 |             for (i, input) in input_items.iter().enumerate() {
[INFO] [stdout]    |                  ^ help: if this is intentional, prefix it with an underscore: `_i`
[INFO] [stdout]    |
[INFO] [stdout]    = note: `#[warn(unused_variables)]` on by default
[INFO] [stdout] 
[INFO] [stdout] 
[INFO] [stdout] warning: unused variable: `output_results`
[INFO] [stdout]    --> src/models/perceptron_neural_model.rs:101:17
[INFO] [stdout]     |
[INFO] [stdout] 101 |             let output_results = output_layer.forward(&result_items)?;
[INFO] [stdout]     |                 ^^^^^^^^^^^^^^ help: if this is intentional, prefix it with an underscore: `_output_results`
[INFO] [stdout] 
[INFO] [stdout] 
[INFO] [stdout] warning: unused variable: `feature`
[INFO] [stdout]    --> src/models/perceptron_neural_model.rs:111:29
[INFO] [stdout]     |
[INFO] [stdout] 111 |     async fn predict(&self, feature: L) -> Result<ClassifierResponse<L, V>, Box<dyn Error>> {
[INFO] [stdout]     |                             ^^^^^^^ help: if this is intentional, prefix it with an underscore: `_feature`
[INFO] [stdout] 
[INFO] [stdout] 
[INFO] [stderr]     Finished `test` profile [unoptimized + debuginfo] target(s) in 5.06s
[INFO] running `Command { std: "docker" "inspect" "f030939b37eb457e17f0eaa620b11ff5074e8e4930d7b0e8a0c5a805cca905f5", kill_on_drop: false }`
[INFO] running `Command { std: "docker" "rm" "-f" "f030939b37eb457e17f0eaa620b11ff5074e8e4930d7b0e8a0c5a805cca905f5", kill_on_drop: false }`
[INFO] [stdout] f030939b37eb457e17f0eaa620b11ff5074e8e4930d7b0e8a0c5a805cca905f5
[INFO] running `Command { std: "docker" "create" "-v" "/var/lib/crater-agent-workspace/builds/worker-4-tc1/target:/opt/rustwide/target:rw,Z" "-v" "/var/lib/crater-agent-workspace/builds/worker-4-tc1/source:/opt/rustwide/workdir:ro,Z" "-v" "/var/lib/crater-agent-workspace/cargo-home:/opt/rustwide/cargo-home:ro,Z" "-v" "/var/lib/crater-agent-workspace/rustup-home:/opt/rustwide/rustup-home:ro,Z" "-e" "SOURCE_DIR=/opt/rustwide/workdir" "-e" "CARGO_TARGET_DIR=/opt/rustwide/target" "-e" "CARGO_INCREMENTAL=0" "-e" "RUST_BACKTRACE=full" "-e" "RUSTFLAGS=--cap-lints=warn" "-e" "RUSTDOCFLAGS=--cap-lints=warn" "-e" "CARGO_HOME=/opt/rustwide/cargo-home" "-e" "RUSTUP_HOME=/opt/rustwide/rustup-home" "-w" "/opt/rustwide/workdir" "-m" "1610612736" "--user" "0:0" "--network" "none" "ghcr.io/rust-lang/crates-build-env/linux@sha256:f3a9d4ad9d972b27faf3965f35b62e55ba32bbce8f20bc8fe909558a86702fde" "/opt/rustwide/cargo-home/bin/cargo" "+1.83.0" "test" "--frozen", kill_on_drop: false }`
[INFO] [stdout] 0e961a1c9aea69593a960e70be8a6be5d90f664e6ce09143b96161b26187639c
[INFO] running `Command { std: "docker" "start" "-a" "0e961a1c9aea69593a960e70be8a6be5d90f664e6ce09143b96161b26187639c", kill_on_drop: false }`
[INFO] [stderr] warning: unused variable: `i`
[INFO] [stderr]   --> src/core/input_vector.rs:38:18
[INFO] [stderr]    |
[INFO] [stderr] 38 |             for (i, input) in input_items.iter().enumerate() {
[INFO] [stderr]    |                  ^ help: if this is intentional, prefix it with an underscore: `_i`
[INFO] [stderr]    |
[INFO] [stderr]    = note: `#[warn(unused_variables)]` on by default
[INFO] [stderr] 
[INFO] [stderr] warning: unused variable: `output_results`
[INFO] [stderr]    --> src/models/perceptron_neural_model.rs:101:17
[INFO] [stderr]     |
[INFO] [stderr] 101 |             let output_results = output_layer.forward(&result_items)?;
[INFO] [stderr]     |                 ^^^^^^^^^^^^^^ help: if this is intentional, prefix it with an underscore: `_output_results`
[INFO] [stderr] 
[INFO] [stderr] warning: unused variable: `feature`
[INFO] [stderr]    --> src/models/perceptron_neural_model.rs:111:29
[INFO] [stderr]     |
[INFO] [stderr] 111 |     async fn predict(&self, feature: L) -> Result<ClassifierResponse<L, V>, Box<dyn Error>> {
[INFO] [stderr]     |                             ^^^^^^^ help: if this is intentional, prefix it with an underscore: `_feature`
[INFO] [stderr] 
[INFO] [stderr] warning: `classification-server-www` (lib) generated 3 warnings
[INFO] [stderr] warning: `classification-server-www` (lib test) generated 3 warnings (3 duplicates)
[INFO] [stderr] warning: unused variable: `normalizer`
[INFO] [stderr]   --> tests/math/binary_cross_entropy_loss_function_tests.rs:30:13
[INFO] [stderr]    |
[INFO] [stderr] 30 |         let normalizer = LossFunctionFactory::create::<f64>("binary_cross_entropy").unwrap();
[INFO] [stderr]    |             ^^^^^^^^^^ help: if this is intentional, prefix it with an underscore: `_normalizer`
[INFO] [stderr]    |
[INFO] [stderr]    = note: `#[warn(unused_variables)]` on by default
[INFO] [stderr] 
[INFO] [stderr] warning: unused variable: `ouputs`
[INFO] [stderr]   --> tests/math/binary_cross_entropy_loss_function_tests.rs:32:13
[INFO] [stderr]    |
[INFO] [stderr] 32 |         let ouputs = vec![0.09003057317038046, 0.24472847105479767, 0.6652409557748219];
[INFO] [stderr]    |             ^^^^^^ help: if this is intentional, prefix it with an underscore: `_ouputs`
[INFO] [stderr] 
[INFO] [stderr] warning: unused variable: `targets`
[INFO] [stderr]   --> tests/math/binary_cross_entropy_loss_function_tests.rs:33:13
[INFO] [stderr]    |
[INFO] [stderr] 33 |         let targets = vec![0.24472847105479767, 0.09003057317038046, 0.6652409557748219];
[INFO] [stderr]    |             ^^^^^^^ help: if this is intentional, prefix it with an underscore: `_targets`
[INFO] [stderr] 
[INFO] [stderr] warning: `classification-server-www` (test "integration_test") generated 3 warnings
[INFO] [stderr] warning: `classification-server-www` (bin "classification-server-www" test) generated 3 warnings (3 duplicates)
[INFO] [stderr] warning: `classification-server-www` (bin "classification-server-www") generated 3 warnings (3 duplicates)
[INFO] [stderr]     Finished `test` profile [unoptimized + debuginfo] target(s) in 0.24s
[INFO] [stderr]      Running unittests src/lib.rs (/opt/rustwide/target/debug/deps/classification_server_www-07e82b22eb606ef8)
[INFO] [stderr]      Running unittests src/main.rs (/opt/rustwide/target/debug/deps/classification_server_www-0ef80a00aa9f849b)
[INFO] [stdout] 
[INFO] [stdout] running 4 tests
[INFO] [stdout] test core::feature::tests::test_create_feature_get ... ok
[INFO] [stdout] test core::label::tests::test_create_label_get_label_value ... ok
[INFO] [stdout] test core::feature_description::tests::test_create_feature_description_get ... ok
[INFO] [stdout] test core::label_prediction::tests::test_create_label_prediction_get_label_value ... ok
[INFO] [stdout] 
[INFO] [stdout] test result: ok. 4 passed; 0 failed; 0 ignored; 0 measured; 0 filtered out; finished in 0.00s
[INFO] [stdout] 
[INFO] [stdout] 
[INFO] [stdout] running 4 tests
[INFO] [stdout] test core::feature::tests::test_create_feature_get ... ok
[INFO] [stdout] test core::label::tests::test_create_label_get_label_value ... ok
[INFO] [stdout] test core::feature_description::tests::test_create_feature_description_get ... ok
[INFO] [stdout] test core::label_prediction::tests::test_create_label_prediction_get_label_value ... ok
[INFO] [stdout] 
[INFO] [stdout] test result: ok. 4 passed; 0 failed; 0 ignored; 0 measured; 0 filtered out; finished in 0.00s
[INFO] [stdout] 
[INFO] [stderr]      Running tests/integration_test.rs (/opt/rustwide/target/debug/deps/integration_test-099188d0b22fbf28)
[INFO] [stdout] 
[INFO] [stdout] running 26 tests
[INFO] [stdout] test core::input_vector_tests::tests::test_input_vector_create_fail_bad_data ... ok
[INFO] [stdout] test core::input_vector_tests::tests::test_input_vector_create_fail_bad_data2 ... ok
[INFO] [stdout] test math::binary_cross_entropy_loss_function_tests::tests::binary_cross_entropy_loss_function_test ... ok
[INFO] [stdout] test math::binary_cross_entropy_loss_function_tests::tests::binary_cross_entropy_loss_function_test_error ... ok
[INFO] [stdout] test core::input_vector_tests::tests::test_input_vector_create_fail_categories_length ... ok
[INFO] [stdout] test math::identity_activation_function_tests::tests::identity_activation_function_tests ... ok
[INFO] [stdout] test math::matrix_tests::tests::matrix_add_matrixes_test ... ok
[INFO] [stdout] test math::matrix_tests::tests::matrix_index_test ... ok
[INFO] [stdout] test core::input_vector_tests::tests::test_input_vector_create ... ok
[INFO] [stdout] test math::matrix_tests::tests::matrix_mult_matrixes_medium_test ... ok
[INFO] [stdout] test math::matrix_tests::tests::matrix_mult_matrixes_simple2_test ... ok
[INFO] [stdout] test math::matrix_tests::tests::matrix_mult_matrixes_simple_test ... ok
[INFO] [stdout] test math::sigmoid_activation_function_tests::tests::sigmoid_activation_function_test ... ok
[INFO] [stdout] test math::softmax_normalizer_function_tests::tests::mean_standard_deviation_normalizer_function_test ... ok
[INFO] [stdout] test models::model_factory_tests::tests::test_model_factor ... ok
[INFO] [stdout] test math::mean_standard_deviation_normalizer_function_tests::tests::mean_standard_deviation_normalizer_function_again_test ... ok
[INFO] [stdout] test math::mean_standard_deviation_normalizer_function_tests::tests::mean_standard_deviation_normalizer_function_test ... ok
[INFO] [stdout] test math::softmax_normalizer_function_tests::tests::mean_standard_deviation_normalizer_function_again_test ... ok
[INFO] [stdout] test math::tanh_activation_function_tests::tests::tanh_activation_function_test ... ok
[INFO] [stdout] test models::hashmap_model_integration_tests::tests::test_hashmap_model ... ok
[INFO] [stdout] test classifiers::text_classifier_integration_tests::tests::test_classifier ... ok
[INFO] [stdout] test models::model_store_tests::tests::test_model_store ... ok
[INFO] [stdout] test models::perceptron_neural_model_test::test_mixed_categorical_perceptron_neural_model ... ok
[INFO] [stdout] test models::perceptron_neural_model_test::test_mixed_numerical_perceptron_neural_model ... ok
[INFO] [stdout] test math::binary_cross_entropy_loss_function_tests::tests::binary_cross_entropy_loss_function_test_simple ... FAILED
[INFO] [stdout] test models::sqlite_model_integration_tests::tests::test_sqlite_store ... FAILED
[INFO] [stdout] 
[INFO] [stdout] failures:
[INFO] [stdout] 
[INFO] [stdout] ---- math::binary_cross_entropy_loss_function_tests::tests::binary_cross_entropy_loss_function_test_simple stdout ----
[INFO] [stdout] thread 'math::binary_cross_entropy_loss_function_tests::tests::binary_cross_entropy_loss_function_test_simple' panicked at tests/math/binary_cross_entropy_loss_function_tests.rs:24:9:
[INFO] [stdout] assertion `left == right` failed
[INFO] [stdout]   left: 3.2879430945989
[INFO] [stdout]  right: 0.0
[INFO] [stdout] stack backtrace:
[INFO] [stdout]    0:     0x617766db960a - std::backtrace_rs::backtrace::libunwind::trace::h5a5b8284f2d0c266
[INFO] [stdout]                                at /rustc/90b35a6239c3d8bdabc530a6a0816f7ff89a0aaf/library/std/src/../../backtrace/src/backtrace/libunwind.rs:116:5
[INFO] [stdout]    1:     0x617766db960a - std::backtrace_rs::backtrace::trace_unsynchronized::h76d4f1c9b0b875e3
[INFO] [stdout]                                at /rustc/90b35a6239c3d8bdabc530a6a0816f7ff89a0aaf/library/std/src/../../backtrace/src/backtrace/mod.rs:66:5
[INFO] [stdout]    2:     0x617766db960a - std::sys::backtrace::_print_fmt::hc4546b8364a537c6
[INFO] [stdout]                                at /rustc/90b35a6239c3d8bdabc530a6a0816f7ff89a0aaf/library/std/src/sys/backtrace.rs:66:9
[INFO] [stdout]    3:     0x617766db960a - <std::sys::backtrace::BacktraceLock::print::DisplayBacktrace as core::fmt::Display>::fmt::h5b6bd5631a6d1f6b
[INFO] [stdout]                                at /rustc/90b35a6239c3d8bdabc530a6a0816f7ff89a0aaf/library/std/src/sys/backtrace.rs:39:26
[INFO] [stdout]    4:     0x617766de29b3 - core::fmt::rt::Argument::fmt::h270f6602a2b96f62
[INFO] [stdout]                                at /rustc/90b35a6239c3d8bdabc530a6a0816f7ff89a0aaf/library/core/src/fmt/rt.rs:177:76
[INFO] [stdout]    5:     0x617766de29b3 - core::fmt::write::h7550c97b06c86515
[INFO] [stdout]                                at /rustc/90b35a6239c3d8bdabc530a6a0816f7ff89a0aaf/library/core/src/fmt/mod.rs:1186:21
[INFO] [stdout]    6:     0x617766db6663 - std::io::Write::write_fmt::h509ff860e5956e5e
[INFO] [stdout]                                at /rustc/90b35a6239c3d8bdabc530a6a0816f7ff89a0aaf/library/std/src/io/mod.rs:1839:15
[INFO] [stdout]    7:     0x617766db9452 - std::sys::backtrace::BacktraceLock::print::h2395ccd2c84ba3aa
[INFO] [stdout]                                at /rustc/90b35a6239c3d8bdabc530a6a0816f7ff89a0aaf/library/std/src/sys/backtrace.rs:42:9
[INFO] [stdout]    8:     0x617766dbaa6a - std::panicking::default_hook::{{closure}}::he19d4c7230e07961
[INFO] [stdout]                                at /rustc/90b35a6239c3d8bdabc530a6a0816f7ff89a0aaf/library/std/src/panicking.rs:268:22
[INFO] [stdout]    9:     0x617766dba874 - std::panicking::default_hook::hf614597d3c67bbdb
[INFO] [stdout]                                at /rustc/90b35a6239c3d8bdabc530a6a0816f7ff89a0aaf/library/std/src/panicking.rs:292:9
[INFO] [stdout]   10:     0x617766979ac9 - <alloc::boxed::Box<F,A> as core::ops::function::Fn<Args>>::call::h39b51ce4599c23d1
[INFO] [stdout]                                at /rustc/90b35a6239c3d8bdabc530a6a0816f7ff89a0aaf/library/alloc/src/boxed.rs:2468:9
[INFO] [stdout]   11:     0x617766979ac9 - test::test_main::{{closure}}::he977ae839a582784
[INFO] [stdout]                                at /rustc/90b35a6239c3d8bdabc530a6a0816f7ff89a0aaf/library/test/src/lib.rs:133:21
[INFO] [stdout]   12:     0x617766dbb108 - <alloc::boxed::Box<F,A> as core::ops::function::Fn<Args>>::call::h9455091b6b06f9fb
[INFO] [stdout]                                at /rustc/90b35a6239c3d8bdabc530a6a0816f7ff89a0aaf/library/alloc/src/boxed.rs:2468:9
[INFO] [stdout]   13:     0x617766dbb108 - std::panicking::rust_panic_with_hook::h8942133a8b252070
[INFO] [stdout]                                at /rustc/90b35a6239c3d8bdabc530a6a0816f7ff89a0aaf/library/std/src/panicking.rs:809:13
[INFO] [stdout]   14:     0x617766dbaeca - std::panicking::begin_panic_handler::{{closure}}::hb5f5963570096b29
[INFO] [stdout]                                at /rustc/90b35a6239c3d8bdabc530a6a0816f7ff89a0aaf/library/std/src/panicking.rs:674:13
[INFO] [stdout]   15:     0x617766db9ae9 - std::sys::backtrace::__rust_end_short_backtrace::h6208cedc1922feda
[INFO] [stdout]                                at /rustc/90b35a6239c3d8bdabc530a6a0816f7ff89a0aaf/library/std/src/sys/backtrace.rs:170:18
[INFO] [stdout]   16:     0x617766dbab5c - rust_begin_unwind
[INFO] [stdout]                                at /rustc/90b35a6239c3d8bdabc530a6a0816f7ff89a0aaf/library/std/src/panicking.rs:665:5
[INFO] [stdout]   17:     0x6177668a1220 - core::panicking::panic_fmt::h0c3082644d1bf418
[INFO] [stdout]                                at /rustc/90b35a6239c3d8bdabc530a6a0816f7ff89a0aaf/library/core/src/panicking.rs:74:14
[INFO] [stdout]   18:     0x6177668a15eb - core::panicking::assert_failed_inner::h2ddf1fcc067fa858
[INFO] [stdout]   19:     0x617766912059 - core::panicking::assert_failed::h9a0b70d24745839f
[INFO] [stdout]                                at /rustc/90b35a6239c3d8bdabc530a6a0816f7ff89a0aaf/library/core/src/panicking.rs:367:5
[INFO] [stdout]   20:     0x61776692762a - integration_test::math::binary_cross_entropy_loss_function_tests::tests::binary_cross_entropy_loss_function_test_simple::h491bb79af75c2816
[INFO] [stdout]                                at /opt/rustwide/workdir/tests/math/binary_cross_entropy_loss_function_tests.rs:24:9
[INFO] [stdout]   21:     0x617766927247 - integration_test::math::binary_cross_entropy_loss_function_tests::tests::binary_cross_entropy_loss_function_test_simple::{{closure}}::h73b30c1f801e42bb
[INFO] [stdout]                                at /opt/rustwide/workdir/tests/math/binary_cross_entropy_loss_function_tests.rs:17:56
[INFO] [stdout]   22:     0x6177668d3256 - core::ops::function::FnOnce::call_once::h1ec710ed14f38fff
[INFO] [stdout]                                at /rustc/90b35a6239c3d8bdabc530a6a0816f7ff89a0aaf/library/core/src/ops/function.rs:250:5
[INFO] [stdout]   23:     0x61776697e48b - core::ops::function::FnOnce::call_once::h109cf8051a59b34e
[INFO] [stdout]                                at /rustc/90b35a6239c3d8bdabc530a6a0816f7ff89a0aaf/library/core/src/ops/function.rs:250:5
[INFO] [stdout]   24:     0x61776697e48b - test::__rust_begin_short_backtrace::hf4fff89d377446ba
[INFO] [stdout]                                at /rustc/90b35a6239c3d8bdabc530a6a0816f7ff89a0aaf/library/test/src/lib.rs:621:18
[INFO] [stdout]   25:     0x61776697dcc7 - test::run_test_in_process::{{closure}}::h0e39181dd7ee5a43
[INFO] [stdout]                                at /rustc/90b35a6239c3d8bdabc530a6a0816f7ff89a0aaf/library/test/src/lib.rs:644:60
[INFO] [stdout]   26:     0x61776697dcc7 - <core::panic::unwind_safe::AssertUnwindSafe<F> as core::ops::function::FnOnce<()>>::call_once::hc5a66a30f0bdfd1f
[INFO] [stdout]                                at /rustc/90b35a6239c3d8bdabc530a6a0816f7ff89a0aaf/library/core/src/panic/unwind_safe.rs:272:9
[INFO] [stdout]   27:     0x61776697dcc7 - std::panicking::try::do_call::h873b7cf639554a5e
[INFO] [stdout]                                at /rustc/90b35a6239c3d8bdabc530a6a0816f7ff89a0aaf/library/std/src/panicking.rs:557:40
[INFO] [stdout]   28:     0x61776697dcc7 - std::panicking::try::hdb19862fad9c8bd1
[INFO] [stdout]                                at /rustc/90b35a6239c3d8bdabc530a6a0816f7ff89a0aaf/library/std/src/panicking.rs:520:19
[INFO] [stdout]   29:     0x61776697dcc7 - std::panic::catch_unwind::h281fe732d236d260
[INFO] [stdout]                                at /rustc/90b35a6239c3d8bdabc530a6a0816f7ff89a0aaf/library/std/src/panic.rs:358:14
[INFO] [stdout]   30:     0x61776697dcc7 - test::run_test_in_process::h949b6df8457ed338
[INFO] [stdout]                                at /rustc/90b35a6239c3d8bdabc530a6a0816f7ff89a0aaf/library/test/src/lib.rs:644:27
[INFO] [stdout]   31:     0x61776697dcc7 - test::run_test::{{closure}}::h52c556a6d4740e10
[INFO] [stdout]                                at /rustc/90b35a6239c3d8bdabc530a6a0816f7ff89a0aaf/library/test/src/lib.rs:565:43
[INFO] [stdout]   32:     0x617766942fa4 - test::run_test::{{closure}}::h4237f6381c45ccb9
[INFO] [stdout]                                at /rustc/90b35a6239c3d8bdabc530a6a0816f7ff89a0aaf/library/test/src/lib.rs:595:41
[INFO] [stdout]   33:     0x617766942fa4 - std::sys::backtrace::__rust_begin_short_backtrace::h505c97a579eca628
[INFO] [stdout]                                at /rustc/90b35a6239c3d8bdabc530a6a0816f7ff89a0aaf/library/std/src/sys/backtrace.rs:154:18
[INFO] [stdout]   34:     0x61776694666e - std::thread::Builder::spawn_unchecked_::{{closure}}::{{closure}}::h9e86b2e2bc107ea3
[INFO] [stdout]                                at /rustc/90b35a6239c3d8bdabc530a6a0816f7ff89a0aaf/library/std/src/thread/mod.rs:538:17
[INFO] [stdout]   35:     0x61776694666e - <core::panic::unwind_safe::AssertUnwindSafe<F> as core::ops::function::FnOnce<()>>::call_once::h8b06ddb275ff4a25
[INFO] [stdout]                                at /rustc/90b35a6239c3d8bdabc530a6a0816f7ff89a0aaf/library/core/src/panic/unwind_safe.rs:272:9
[INFO] [stdout]   36:     0x61776694666e - std::panicking::try::do_call::hb26ecd7cd9a9355d
[INFO] [stdout]                                at /rustc/90b35a6239c3d8bdabc530a6a0816f7ff89a0aaf/library/std/src/panicking.rs:557:40
[INFO] [stdout]   37:     0x61776694666e - std::panicking::try::h8ddeca9d705f9069
[INFO] [stdout]                                at /rustc/90b35a6239c3d8bdabc530a6a0816f7ff89a0aaf/library/std/src/panicking.rs:520:19
[INFO] [stdout]   38:     0x61776694666e - std::panic::catch_unwind::h49e1c33078844c46
[INFO] [stdout]                                at /rustc/90b35a6239c3d8bdabc530a6a0816f7ff89a0aaf/library/std/src/panic.rs:358:14
[INFO] [stdout]   39:     0x61776694666e - std::thread::Builder::spawn_unchecked_::{{closure}}::h6073db6ff56ad35d
[INFO] [stdout]                                at /rustc/90b35a6239c3d8bdabc530a6a0816f7ff89a0aaf/library/std/src/thread/mod.rs:537:30
[INFO] [stdout]   40:     0x61776694666e - core::ops::function::FnOnce::call_once{{vtable.shim}}::h2c5a5f3779c774f1
[INFO] [stdout]                                at /rustc/90b35a6239c3d8bdabc530a6a0816f7ff89a0aaf/library/core/src/ops/function.rs:250:5
[INFO] [stdout]   41:     0x617766dbeeeb - <alloc::boxed::Box<F,A> as core::ops::function::FnOnce<Args>>::call_once::hf75717d9f28faebf
[INFO] [stdout]                                at /rustc/90b35a6239c3d8bdabc530a6a0816f7ff89a0aaf/library/alloc/src/boxed.rs:2454:9
[INFO] [stdout]   42:     0x617766dbeeeb - <alloc::boxed::Box<F,A> as core::ops::function::FnOnce<Args>>::call_once::h7bd883a5f3c5f3c1
[INFO] [stdout]                                at /rustc/90b35a6239c3d8bdabc530a6a0816f7ff89a0aaf/library/alloc/src/boxed.rs:2454:9
[INFO] [stdout]   43:     0x617766dbeeeb - std::sys::pal::unix::thread::Thread::new::thread_start::hcc78f3943333fa94
[INFO] [stdout]                                at /rustc/90b35a6239c3d8bdabc530a6a0816f7ff89a0aaf/library/std/src/sys/pal/unix/thread.rs:105:17
[INFO] [stdout]   44:     0x7d1fa9054ac3 - <unknown>
[INFO] [stdout]   45:     0x7d1fa90e5a04 - clone
[INFO] [stdout]   46:                0x0 - <unknown>
[INFO] [stdout] 
[INFO] [stdout] ---- models::sqlite_model_integration_tests::tests::test_sqlite_store stdout ----
[INFO] [stdout] Database already exists
[INFO] [stdout] applying SQL store_migrate_1: "create table if not exists models \n(\n    id integer primary key not null, \n    name varchar(512) not null,\n    model_type varchar(128) not null,\n    text blob not null,\n    updated datetime not null default current_timestamp,\n    created datetime not null default current_timestamp    \n);\ncreate unique index if not exists models_name_unique_index on models(name);"
[INFO] [stdout] thread 'models::sqlite_model_integration_tests::tests::test_sqlite_store' panicked at tests/models/sqlite_model_integration_tests.rs:18:29:
[INFO] [stdout] called `Result::unwrap()` on an `Err` value: Database(SqliteError { code: 14, message: "unable to open database file" })
[INFO] [stdout] stack backtrace:
[INFO] [stdout]    0:     0x617766db960a - std::backtrace_rs::backtrace::libunwind::trace::h5a5b8284f2d0c266
[INFO] [stdout]                                at /rustc/90b35a6239c3d8bdabc530a6a0816f7ff89a0aaf/library/std/src/../../backtrace/src/backtrace/libunwind.rs:116:5
[INFO] [stdout]    1:     0x617766db960a - std::backtrace_rs::backtrace::trace_unsynchronized::h76d4f1c9b0b875e3
[INFO] [stdout]                                at /rustc/90b35a6239c3d8bdabc530a6a0816f7ff89a0aaf/library/std/src/../../backtrace/src/backtrace/mod.rs:66:5
[INFO] [stdout]    2:     0x617766db960a - std::sys::backtrace::_print_fmt::hc4546b8364a537c6
[INFO] [stdout]                                at /rustc/90b35a6239c3d8bdabc530a6a0816f7ff89a0aaf/library/std/src/sys/backtrace.rs:66:9
[INFO] [stdout]    3:     0x617766db960a - <std::sys::backtrace::BacktraceLock::print::DisplayBacktrace as core::fmt::Display>::fmt::h5b6bd5631a6d1f6b
[INFO] [stdout]                                at /rustc/90b35a6239c3d8bdabc530a6a0816f7ff89a0aaf/library/std/src/sys/backtrace.rs:39:26
[INFO] [stdout]    4:     0x617766de29b3 - core::fmt::rt::Argument::fmt::h270f6602a2b96f62
[INFO] [stdout]                                at /rustc/90b35a6239c3d8bdabc530a6a0816f7ff89a0aaf/library/core/src/fmt/rt.rs:177:76
[INFO] [stdout]    5:     0x617766de29b3 - core::fmt::write::h7550c97b06c86515
[INFO] [stdout]                                at /rustc/90b35a6239c3d8bdabc530a6a0816f7ff89a0aaf/library/core/src/fmt/mod.rs:1186:21
[INFO] [stdout]    6:     0x617766db6663 - std::io::Write::write_fmt::h509ff860e5956e5e
[INFO] [stdout]                                at /rustc/90b35a6239c3d8bdabc530a6a0816f7ff89a0aaf/library/std/src/io/mod.rs:1839:15
[INFO] [stdout]    7:     0x617766db9452 - std::sys::backtrace::BacktraceLock::print::h2395ccd2c84ba3aa
[INFO] [stdout]                                at /rustc/90b35a6239c3d8bdabc530a6a0816f7ff89a0aaf/library/std/src/sys/backtrace.rs:42:9
[INFO] [stdout]    8:     0x617766dbaa6a - std::panicking::default_hook::{{closure}}::he19d4c7230e07961
[INFO] [stdout]                                at /rustc/90b35a6239c3d8bdabc530a6a0816f7ff89a0aaf/library/std/src/panicking.rs:268:22
[INFO] [stdout]    9:     0x617766dba874 - std::panicking::default_hook::hf614597d3c67bbdb
[INFO] [stdout]                                at /rustc/90b35a6239c3d8bdabc530a6a0816f7ff89a0aaf/library/std/src/panicking.rs:292:9
[INFO] [stdout]   10:     0x617766979ac9 - <alloc::boxed::Box<F,A> as core::ops::function::Fn<Args>>::call::h39b51ce4599c23d1
[INFO] [stdout]                                at /rustc/90b35a6239c3d8bdabc530a6a0816f7ff89a0aaf/library/alloc/src/boxed.rs:2468:9
[INFO] [stdout]   11:     0x617766979ac9 - test::test_main::{{closure}}::he977ae839a582784
[INFO] [stdout]                                at /rustc/90b35a6239c3d8bdabc530a6a0816f7ff89a0aaf/library/test/src/lib.rs:133:21
[INFO] [stdout]   12:     0x617766dbb108 - <alloc::boxed::Box<F,A> as core::ops::function::Fn<Args>>::call::h9455091b6b06f9fb
[INFO] [stdout]                                at /rustc/90b35a6239c3d8bdabc530a6a0816f7ff89a0aaf/library/alloc/src/boxed.rs:2468:9
[INFO] [stdout]   13:     0x617766dbb108 - std::panicking::rust_panic_with_hook::h8942133a8b252070
[INFO] [stdout]                                at /rustc/90b35a6239c3d8bdabc530a6a0816f7ff89a0aaf/library/std/src/panicking.rs:809:13
[INFO] [stdout]   14:     0x617766dbaeca - std::panicking::begin_panic_handler::{{closure}}::hb5f5963570096b29
[INFO] [stdout]                                at /rustc/90b35a6239c3d8bdabc530a6a0816f7ff89a0aaf/library/std/src/panicking.rs:674:13
[INFO] [stdout]   15:     0x617766db9ae9 - std::sys::backtrace::__rust_end_short_backtrace::h6208cedc1922feda
[INFO] [stdout]                                at /rustc/90b35a6239c3d8bdabc530a6a0816f7ff89a0aaf/library/std/src/sys/backtrace.rs:170:18
[INFO] [stdout]   16:     0x617766dbab5c - rust_begin_unwind
[INFO] [stdout]                                at /rustc/90b35a6239c3d8bdabc530a6a0816f7ff89a0aaf/library/std/src/panicking.rs:665:5
[INFO] [stdout]   17:     0x6177668a1220 - core::panicking::panic_fmt::h0c3082644d1bf418
[INFO] [stdout]                                at /rustc/90b35a6239c3d8bdabc530a6a0816f7ff89a0aaf/library/core/src/panicking.rs:74:14
[INFO] [stdout]   18:     0x6177668a1666 - core::result::unwrap_failed::hd20b4aa073bda1e2
[INFO] [stdout]                                at /rustc/90b35a6239c3d8bdabc530a6a0816f7ff89a0aaf/library/core/src/result.rs:1700:5
[INFO] [stdout]   19:     0x61776691cd72 - core::result::Result<T,E>::unwrap::h82235ca455130d1a
[INFO] [stdout]                                at /rustc/90b35a6239c3d8bdabc530a6a0816f7ff89a0aaf/library/core/src/result.rs:1104:23
[INFO] [stdout]   20:     0x61776691cd72 - integration_test::models::sqlite_model_integration_tests::tests::test_sqlite_store::{{closure}}::h9388dbe9d42adb28
[INFO] [stdout]                                at /opt/rustwide/workdir/tests/models/sqlite_model_integration_tests.rs:18:9
[INFO] [stdout]   21:     0x617766937f02 - <async_std::task::builder::SupportTaskLocals<F> as core::future::future::Future>::poll::{{closure}}::h9a5679be7b96b7ef
[INFO] [stdout]                                at /opt/rustwide/cargo-home/registry/src/index.crates.io-6f17d22bba15001f/async-std-1.12.0/src/task/builder.rs:199:17
[INFO] [stdout]   22:     0x617766905e8c - async_std::task::task_locals_wrapper::TaskLocalsWrapper::set_current::{{closure}}::he8b03be6f5df9e53
[INFO] [stdout]                                at /opt/rustwide/cargo-home/registry/src/index.crates.io-6f17d22bba15001f/async-std-1.12.0/src/task/task_locals_wrapper.rs:60:13
[INFO] [stdout]   23:     0x6177668decda - std::thread::local::LocalKey<T>::try_with::hc0e3728d6bfaa347
[INFO] [stdout]                                at /rustc/90b35a6239c3d8bdabc530a6a0816f7ff89a0aaf/library/std/src/thread/local.rs:283:12
[INFO] [stdout]   24:     0x6177668db77a - std::thread::local::LocalKey<T>::with::hd65b2909a9bf8670
[INFO] [stdout]                                at /rustc/90b35a6239c3d8bdabc530a6a0816f7ff89a0aaf/library/std/src/thread/local.rs:260:9
[INFO] [stdout]   25:     0x617766905098 - async_std::task::task_locals_wrapper::TaskLocalsWrapper::set_current::hb07fd78a4c6d89fd
[INFO] [stdout]                                at /opt/rustwide/cargo-home/registry/src/index.crates.io-6f17d22bba15001f/async-std-1.12.0/src/task/task_locals_wrapper.rs:55:9
[INFO] [stdout]   26:     0x617766937d81 - <async_std::task::builder::SupportTaskLocals<F> as core::future::future::Future>::poll::h6952aeee0f7e3f30
[INFO] [stdout]                                at /opt/rustwide/cargo-home/registry/src/index.crates.io-6f17d22bba15001f/async-std-1.12.0/src/task/builder.rs:197:13
[INFO] [stdout]   27:     0x6177669137a4 - <futures_lite::future::Or<F1,F2> as core::future::future::Future>::poll::h4faf57145bda49a9
[INFO] [stdout]                                at /opt/rustwide/cargo-home/registry/src/index.crates.io-6f17d22bba15001f/futures-lite-2.3.0/src/future.rs:446:33
[INFO] [stdout]   28:     0x617766917707 - async_executor::Executor::run::{{closure}}::hd81e1ac1ed9176a0
[INFO] [stdout]                                at /opt/rustwide/cargo-home/registry/src/index.crates.io-6f17d22bba15001f/async-executor-1.11.0/src/lib.rs:365:32
[INFO] [stdout]   29:     0x617766914ed3 - async_executor::LocalExecutor::run::{{closure}}::hf6ef955434be14aa
[INFO] [stdout]                                at /opt/rustwide/cargo-home/registry/src/index.crates.io-6f17d22bba15001f/async-executor-1.11.0/src/lib.rs:669:34
[INFO] [stdout]   30:     0x6177668b51e1 - async_io::driver::block_on::{{closure}}::h718e77693a00276d
[INFO] [stdout]                                at /opt/rustwide/cargo-home/registry/src/index.crates.io-6f17d22bba15001f/async-io-2.3.2/src/driver.rs:199:37
[INFO] [stdout]   31:     0x6177668ddd95 - std::thread::local::LocalKey<T>::try_with::h929c28195cebbf33
[INFO] [stdout]                                at /rustc/90b35a6239c3d8bdabc530a6a0816f7ff89a0aaf/library/std/src/thread/local.rs:283:12
[INFO] [stdout]   32:     0x6177668daffa - std::thread::local::LocalKey<T>::with::h30ff7b2a4960aba5
[INFO] [stdout]                                at /rustc/90b35a6239c3d8bdabc530a6a0816f7ff89a0aaf/library/std/src/thread/local.rs:260:9
[INFO] [stdout]   33:     0x6177668a278e - async_io::driver::block_on::h0f5f5583ef4b6627
[INFO] [stdout]                                at /opt/rustwide/cargo-home/registry/src/index.crates.io-6f17d22bba15001f/async-io-2.3.2/src/driver.rs:175:5
[INFO] [stdout]   34:     0x6177668e5b5f - async_global_executor::reactor::block_on::{{closure}}::hce0e15078234bf78
[INFO] [stdout]                                at /opt/rustwide/cargo-home/registry/src/index.crates.io-6f17d22bba15001f/async-global-executor-2.4.1/src/reactor.rs:3:18
[INFO] [stdout]   35:     0x6177668e5a9f - async_global_executor::reactor::block_on::he433936386b8d43b
[INFO] [stdout]                                at /opt/rustwide/cargo-home/registry/src/index.crates.io-6f17d22bba15001f/async-global-executor-2.4.1/src/reactor.rs:12:5
[INFO] [stdout]   36:     0x61776693044d - async_global_executor::executor::block_on::{{closure}}::h196a09bbea8d5f81
[INFO] [stdout]                                at /opt/rustwide/cargo-home/registry/src/index.crates.io-6f17d22bba15001f/async-global-executor-2.4.1/src/executor.rs:26:36
[INFO] [stdout]   37:     0x6177668ddb45 - std::thread::local::LocalKey<T>::try_with::h8b60dc157e88cffc
[INFO] [stdout]                                at /rustc/90b35a6239c3d8bdabc530a6a0816f7ff89a0aaf/library/std/src/thread/local.rs:283:12
[INFO] [stdout]   38:     0x6177668db9ba - std::thread::local::LocalKey<T>::with::hf8a473af960660c7
[INFO] [stdout]                                at /rustc/90b35a6239c3d8bdabc530a6a0816f7ff89a0aaf/library/std/src/thread/local.rs:260:9
[INFO] [stdout]   39:     0x6177669303c6 - async_global_executor::executor::block_on::hbc53a536a14c565f
[INFO] [stdout]                                at /opt/rustwide/cargo-home/registry/src/index.crates.io-6f17d22bba15001f/async-global-executor-2.4.1/src/executor.rs:26:5
[INFO] [stdout]   40:     0x61776693e3ac - async_std::task::builder::Builder::blocking::{{closure}}::{{closure}}::h51c60ea206a563fd
[INFO] [stdout]                                at /opt/rustwide/cargo-home/registry/src/index.crates.io-6f17d22bba15001f/async-std-1.12.0/src/task/builder.rs:171:25
[INFO] [stdout]   41:     0x617766905faa - async_std::task::task_locals_wrapper::TaskLocalsWrapper::set_current::{{closure}}::hfbccd67b7b591416
[INFO] [stdout]                                at /opt/rustwide/cargo-home/registry/src/index.crates.io-6f17d22bba15001f/async-std-1.12.0/src/task/task_locals_wrapper.rs:60:13
[INFO] [stdout]   42:     0x6177668dffd5 - std::thread::local::LocalKey<T>::try_with::hf8496183a20dffa3
[INFO] [stdout]                                at /rustc/90b35a6239c3d8bdabc530a6a0816f7ff89a0aaf/library/std/src/thread/local.rs:283:12
[INFO] [stdout]   43:     0x6177668db98a - std::thread::local::LocalKey<T>::with::hf2aa0e673c191292
[INFO] [stdout]                                at /rustc/90b35a6239c3d8bdabc530a6a0816f7ff89a0aaf/library/std/src/thread/local.rs:260:9
[INFO] [stdout]   44:     0x617766904ee9 - async_std::task::task_locals_wrapper::TaskLocalsWrapper::set_current::h58127dc90451b918
[INFO] [stdout]                                at /opt/rustwide/cargo-home/registry/src/index.crates.io-6f17d22bba15001f/async-std-1.12.0/src/task/task_locals_wrapper.rs:55:9
[INFO] [stdout]   45:     0x61776693e1e9 - async_std::task::builder::Builder::blocking::{{closure}}::h7f455a98f1a4d9a2
[INFO] [stdout]                                at /opt/rustwide/cargo-home/registry/src/index.crates.io-6f17d22bba15001f/async-std-1.12.0/src/task/builder.rs:168:17
[INFO] [stdout]   46:     0x6177668df2e5 - std::thread::local::LocalKey<T>::try_with::hda5aa4c50b6422f8
[INFO] [stdout]                                at /rustc/90b35a6239c3d8bdabc530a6a0816f7ff89a0aaf/library/std/src/thread/local.rs:283:12
[INFO] [stdout]   47:     0x6177668daf5a - std::thread::local::LocalKey<T>::with::h24bba6d7736c8931
[INFO] [stdout]                                at /rustc/90b35a6239c3d8bdabc530a6a0816f7ff89a0aaf/library/std/src/thread/local.rs:260:9
[INFO] [stdout]   48:     0x61776693d86c - async_std::task::builder::Builder::blocking::hc8e5fada844364bb
[INFO] [stdout]                                at /opt/rustwide/cargo-home/registry/src/index.crates.io-6f17d22bba15001f/async-std-1.12.0/src/task/builder.rs:161:9
[INFO] [stdout]   49:     0x61776690d43e - async_std::task::block_on::block_on::h63ac6e12c65d7905
[INFO] [stdout]                                at /opt/rustwide/cargo-home/registry/src/index.crates.io-6f17d22bba15001f/async-std-1.12.0/src/task/block_on.rs:33:5
[INFO] [stdout]   50:     0x61776691ca17 - integration_test::models::sqlite_model_integration_tests::tests::test_sqlite_store::h4728a3bb18519051
[INFO] [stdout]                                at /opt/rustwide/workdir/tests/models/sqlite_model_integration_tests.rs:12:5
[INFO] [stdout]   51:     0x61776691c9e7 - integration_test::models::sqlite_model_integration_tests::tests::test_sqlite_store::{{closure}}::h62d477837ef4345d
[INFO] [stdout]                                at /opt/rustwide/workdir/tests/models/sqlite_model_integration_tests.rs:12:23
[INFO] [stdout]   52:     0x6177668d3aa6 - core::ops::function::FnOnce::call_once::hb536e021c725a6b2
[INFO] [stdout]                                at /rustc/90b35a6239c3d8bdabc530a6a0816f7ff89a0aaf/library/core/src/ops/function.rs:250:5
[INFO] [stdout]   53:     0x61776697e48b - core::ops::function::FnOnce::call_once::h109cf8051a59b34e
[INFO] [stdout]                                at /rustc/90b35a6239c3d8bdabc530a6a0816f7ff89a0aaf/library/core/src/ops/function.rs:250:5
[INFO] [stdout]   54:     0x61776697e48b - test::__rust_begin_short_backtrace::hf4fff89d377446ba
[INFO] [stdout]                                at /rustc/90b35a6239c3d8bdabc530a6a0816f7ff89a0aaf/library/test/src/lib.rs:621:18
[INFO] [stdout]   55:     0x61776697dcc7 - test::run_test_in_process::{{closure}}::h0e39181dd7ee5a43
[INFO] [stdout]                                at /rustc/90b35a6239c3d8bdabc530a6a0816f7ff89a0aaf/library/test/src/lib.rs:644:60
[INFO] [stdout]   56:     0x61776697dcc7 - <core::panic::unwind_safe::AssertUnwindSafe<F> as core::ops::function::FnOnce<()>>::call_once::hc5a66a30f0bdfd1f
[INFO] [stdout]                                at /rustc/90b35a6239c3d8bdabc530a6a0816f7ff89a0aaf/library/core/src/panic/unwind_safe.rs:272:9
[INFO] [stdout]   57:     0x61776697dcc7 - std::panicking::try::do_call::h873b7cf639554a5e
[INFO] [stdout]                                at /rustc/90b35a6239c3d8bdabc530a6a0816f7ff89a0aaf/library/std/src/panicking.rs:557:40
[INFO] [stdout]   58:     0x61776697dcc7 - std::panicking::try::hdb19862fad9c8bd1
[INFO] [stdout]                                at /rustc/90b35a6239c3d8bdabc530a6a0816f7ff89a0aaf/library/std/src/panicking.rs:520:19
[INFO] [stdout]   59:     0x61776697dcc7 - std::panic::catch_unwind::h281fe732d236d260
[INFO] [stdout]                                at /rustc/90b35a6239c3d8bdabc530a6a0816f7ff89a0aaf/library/std/src/panic.rs:358:14
[INFO] [stdout]   60:     0x61776697dcc7 - test::run_test_in_process::h949b6df8457ed338
[INFO] [stdout]                                at /rustc/90b35a6239c3d8bdabc530a6a0816f7ff89a0aaf/library/test/src/lib.rs:644:27
[INFO] [stdout]   61:     0x61776697dcc7 - test::run_test::{{closure}}::h52c556a6d4740e10
[INFO] [stdout]                                at /rustc/90b35a6239c3d8bdabc530a6a0816f7ff89a0aaf/library/test/src/lib.rs:565:43
[INFO] [stdout]   62:     0x617766942fa4 - test::run_test::{{closure}}::h4237f6381c45ccb9
[INFO] [stdout]                                at /rustc/90b35a6239c3d8bdabc530a6a0816f7ff89a0aaf/library/test/src/lib.rs:595:41
[INFO] [stdout]   63:     0x617766942fa4 - std::sys::backtrace::__rust_begin_short_backtrace::h505c97a579eca628
[INFO] [stdout]                                at /rustc/90b35a6239c3d8bdabc530a6a0816f7ff89a0aaf/library/std/src/sys/backtrace.rs:154:18
[INFO] [stdout]   64:     0x61776694666e - std::thread::Builder::spawn_unchecked_::{{closure}}::{{closure}}::h9e86b2e2bc107ea3
[INFO] [stdout]                                at /rustc/90b35a6239c3d8bdabc530a6a0816f7ff89a0aaf/library/std/src/thread/mod.rs:538:17
[INFO] [stdout]   65:     0x61776694666e - <core::panic::unwind_safe::AssertUnwindSafe<F> as core::ops::function::FnOnce<()>>::call_once::h8b06ddb275ff4a25
[INFO] [stdout]                                at /rustc/90b35a6239c3d8bdabc530a6a0816f7ff89a0aaf/library/core/src/panic/unwind_safe.rs:272:9
[INFO] [stdout]   66:     0x61776694666e - std::panicking::try::do_call::hb26ecd7cd9a9355d
[INFO] [stdout]                                at /rustc/90b35a6239c3d8bdabc530a6a0816f7ff89a0aaf/library/std/src/panicking.rs:557:40
[INFO] [stdout]   67:     0x61776694666e - std::panicking::try::h8ddeca9d705f9069
[INFO] [stdout]                                at /rustc/90b35a6239c3d8bdabc530a6a0816f7ff89a0aaf/library/std/src/panicking.rs:520:19
[INFO] [stdout]   68:     0x61776694666e - std::panic::catch_unwind::h49e1c33078844c46
[INFO] [stdout]                                at /rustc/90b35a6239c3d8bdabc530a6a0816f7ff89a0aaf/library/std/src/panic.rs:358:14
[INFO] [stdout]   69:     0x61776694666e - std::thread::Builder::spawn_unchecked_::{{closure}}::h6073db6ff56ad35d
[INFO] [stdout]                                at /rustc/90b35a6239c3d8bdabc530a6a0816f7ff89a0aaf/library/std/src/thread/mod.rs:537:30
[INFO] [stdout]   70:     0x61776694666e - core::ops::function::FnOnce::call_once{{vtable.shim}}::h2c5a5f3779c774f1
[INFO] [stdout]                                at /rustc/90b35a6239c3d8bdabc530a6a0816f7ff89a0aaf/library/core/src/ops/function.rs:250:5
[INFO] [stdout]   71:     0x617766dbeeeb - <alloc::boxed::Box<F,A> as core::ops::function::FnOnce<Args>>::call_once::hf75717d9f28faebf
[INFO] [stdout]                                at /rustc/90b35a6239c3d8bdabc530a6a0816f7ff89a0aaf/library/alloc/src/boxed.rs:2454:9
[INFO] [stdout]   72:     0x617766dbeeeb - <alloc::boxed::Box<F,A> as core::ops::function::FnOnce<Args>>::call_once::h7bd883a5f3c5f3c1
[INFO] [stdout]                                at /rustc/90b35a6239c3d8bdabc530a6a0816f7ff89a0aaf/library/alloc/src/boxed.rs:2454:9
[INFO] [stdout]   73:     0x617766dbeeeb - std::sys::pal::unix::thread::Thread::new::thread_start::hcc78f3943333fa94
[INFO] [stdout]                                at /rustc/90b35a6239c3d8bdabc530a6a0816f7ff89a0aaf/library/std/src/sys/pal/unix/thread.rs:105:17
[INFO] [stdout]   74:     0x7d1fa9054ac3 - <unknown>
[INFO] [stdout]   75:     0x7d1fa90e5a04 - clone
[INFO] [stdout]   76:                0x0 - <unknown>
[INFO] [stdout] 
[INFO] [stdout] 
[INFO] [stdout] failures:
[INFO] [stdout]     math::binary_cross_entropy_loss_function_tests::tests::binary_cross_entropy_loss_function_test_simple
[INFO] [stdout]     models::sqlite_model_integration_tests::tests::test_sqlite_store
[INFO] [stdout] 
[INFO] [stdout] test result: FAILED. 24 passed; 2 failed; 0 ignored; 0 measured; 0 filtered out; finished in 0.14s
[INFO] [stdout] 
[INFO] [stderr] error: test failed, to rerun pass `--test integration_test`
[INFO] running `Command { std: "docker" "inspect" "0e961a1c9aea69593a960e70be8a6be5d90f664e6ce09143b96161b26187639c", kill_on_drop: false }`
[INFO] running `Command { std: "docker" "rm" "-f" "0e961a1c9aea69593a960e70be8a6be5d90f664e6ce09143b96161b26187639c", kill_on_drop: false }`
[INFO] [stdout] 0e961a1c9aea69593a960e70be8a6be5d90f664e6ce09143b96161b26187639c
