[INFO] cloning repository https://github.com/rickardenglund/nianrust
[INFO] running `Command { std: "git" "-c" "credential.helper=" "-c" "credential.helper=/workspace/cargo-home/bin/git-credential-null" "clone" "--bare" "https://github.com/rickardenglund/nianrust" "/workspace/cache/git-repos/https%3A%2F%2Fgithub.com%2Frickardenglund%2Fnianrust", kill_on_drop: false }`
[INFO] [stderr] Cloning into bare repository '/workspace/cache/git-repos/https%3A%2F%2Fgithub.com%2Frickardenglund%2Fnianrust'...
[INFO] running `Command { std: "git" "rev-parse" "HEAD", kill_on_drop: false }`
[INFO] [stdout] 1e84c5a14cab8d31b4f832726c7194a44b942c1b
[INFO] testing rickardenglund/nianrust against beta-2024-12-08 for beta-1.84.0-4-retry
[INFO] running `Command { std: "git" "clone" "/workspace/cache/git-repos/https%3A%2F%2Fgithub.com%2Frickardenglund%2Fnianrust" "/workspace/builds/worker-2-tc2/source", kill_on_drop: false }`
[INFO] [stderr] Cloning into '/workspace/builds/worker-2-tc2/source'...
[INFO] [stderr] done.
[INFO] validating manifest of git repo https://github.com/rickardenglund/nianrust on toolchain beta-2024-12-08
[INFO] running `Command { std: CARGO_HOME="/workspace/cargo-home" RUSTUP_HOME="/workspace/rustup-home" "/workspace/cargo-home/bin/cargo" "+beta-2024-12-08" "metadata" "--manifest-path" "Cargo.toml" "--no-deps", kill_on_drop: false }`
[INFO] started tweaking git repo https://github.com/rickardenglund/nianrust
[INFO] finished tweaking git repo https://github.com/rickardenglund/nianrust
[INFO] tweaked toml for git repo https://github.com/rickardenglund/nianrust written to /workspace/builds/worker-2-tc2/source/Cargo.toml
[INFO] crate git repo https://github.com/rickardenglund/nianrust already has a lockfile, it will not be regenerated
[INFO] running `Command { std: CARGO_HOME="/workspace/cargo-home" RUSTUP_HOME="/workspace/rustup-home" "/workspace/cargo-home/bin/cargo" "+beta-2024-12-08" "fetch" "--manifest-path" "Cargo.toml", kill_on_drop: false }`
[INFO] running `Command { std: "docker" "create" "-v" "/var/lib/crater-agent-workspace/builds/worker-2-tc2/target:/opt/rustwide/target:rw,Z" "-v" "/var/lib/crater-agent-workspace/builds/worker-2-tc2/source:/opt/rustwide/workdir:ro,Z" "-v" "/var/lib/crater-agent-workspace/cargo-home:/opt/rustwide/cargo-home:ro,Z" "-v" "/var/lib/crater-agent-workspace/rustup-home:/opt/rustwide/rustup-home:ro,Z" "-e" "SOURCE_DIR=/opt/rustwide/workdir" "-e" "CARGO_TARGET_DIR=/opt/rustwide/target" "-e" "CARGO_HOME=/opt/rustwide/cargo-home" "-e" "RUSTUP_HOME=/opt/rustwide/rustup-home" "-w" "/opt/rustwide/workdir" "-m" "1610612736" "--user" "0:0" "--network" "none" "ghcr.io/rust-lang/crates-build-env/linux@sha256:f3a9d4ad9d972b27faf3965f35b62e55ba32bbce8f20bc8fe909558a86702fde" "/opt/rustwide/cargo-home/bin/cargo" "+beta-2024-12-08" "metadata" "--no-deps" "--format-version=1", kill_on_drop: false }`
[INFO] [stdout] 1df9605ff63d71c0008ee201ee15d2987d68a638529094970751f4e27b995f7b
[INFO] running `Command { std: "docker" "start" "-a" "1df9605ff63d71c0008ee201ee15d2987d68a638529094970751f4e27b995f7b", kill_on_drop: false }`
[INFO] running `Command { std: "docker" "inspect" "1df9605ff63d71c0008ee201ee15d2987d68a638529094970751f4e27b995f7b", kill_on_drop: false }`
[INFO] running `Command { std: "docker" "rm" "-f" "1df9605ff63d71c0008ee201ee15d2987d68a638529094970751f4e27b995f7b", kill_on_drop: false }`
[INFO] [stdout] 1df9605ff63d71c0008ee201ee15d2987d68a638529094970751f4e27b995f7b
[INFO] running `Command { std: "docker" "create" "-v" "/var/lib/crater-agent-workspace/builds/worker-2-tc2/target:/opt/rustwide/target:rw,Z" "-v" "/var/lib/crater-agent-workspace/builds/worker-2-tc2/source:/opt/rustwide/workdir:ro,Z" "-v" "/var/lib/crater-agent-workspace/cargo-home:/opt/rustwide/cargo-home:ro,Z" "-v" "/var/lib/crater-agent-workspace/rustup-home:/opt/rustwide/rustup-home:ro,Z" "-e" "SOURCE_DIR=/opt/rustwide/workdir" "-e" "CARGO_TARGET_DIR=/opt/rustwide/target" "-e" "CARGO_INCREMENTAL=0" "-e" "RUST_BACKTRACE=full" "-e" "RUSTFLAGS=--cap-lints=warn" "-e" "RUSTDOCFLAGS=--cap-lints=warn" "-e" "CARGO_HOME=/opt/rustwide/cargo-home" "-e" "RUSTUP_HOME=/opt/rustwide/rustup-home" "-w" "/opt/rustwide/workdir" "-m" "1610612736" "--user" "0:0" "--network" "none" "ghcr.io/rust-lang/crates-build-env/linux@sha256:f3a9d4ad9d972b27faf3965f35b62e55ba32bbce8f20bc8fe909558a86702fde" "/opt/rustwide/cargo-home/bin/cargo" "+beta-2024-12-08" "build" "--frozen" "--message-format=json", kill_on_drop: false }`
[INFO] [stdout] 8e9a88c9a86934d361fbfb7dba7668b2bff42f432631d9f2338544c0e2378148
[INFO] running `Command { std: "docker" "start" "-a" "8e9a88c9a86934d361fbfb7dba7668b2bff42f432631d9f2338544c0e2378148", kill_on_drop: false }`
[INFO] [stderr]    Compiling proc-macro2 v1.0.46
[INFO] [stderr]    Compiling unicode-ident v1.0.4
[INFO] [stderr]    Compiling quote v1.0.21
[INFO] [stderr]    Compiling syn v1.0.101
[INFO] [stderr]    Compiling wasm-bindgen-shared v0.2.83
[INFO] [stderr]    Compiling serde_derive v1.0.145
[INFO] [stderr]    Compiling log v0.4.17
[INFO] [stderr]    Compiling serde v1.0.145
[INFO] [stderr]    Compiling cfg-if v1.0.0
[INFO] [stderr]    Compiling once_cell v1.15.0
[INFO] [stderr]    Compiling bumpalo v3.11.0
[INFO] [stderr]    Compiling itoa v1.0.3
[INFO] [stderr]    Compiling ryu v1.0.11
[INFO] [stderr]    Compiling serde_json v1.0.85
[INFO] [stderr]    Compiling wasm-bindgen v0.2.83
[INFO] [stderr]    Compiling version_check v0.9.4
[INFO] [stderr]    Compiling futures-core v0.3.24
[INFO] [stderr]    Compiling autocfg v1.1.0
[INFO] [stderr]    Compiling futures-channel v0.3.24
[INFO] [stderr]    Compiling thiserror v1.0.37
[INFO] [stderr]    Compiling lazy_static v1.4.0
[INFO] [stderr]    Compiling hashbrown v0.12.3
[INFO] [stderr]    Compiling percent-encoding v2.2.0
[INFO] [stderr]    Compiling boolinator v2.4.0
[INFO] [stderr]    Compiling fnv v1.0.7
[INFO] [stderr]    Compiling scoped-tls-hkt v0.1.2
[INFO] [stderr]    Compiling futures-sink v0.3.24
[INFO] [stderr]    Compiling route-recognizer v0.3.1
[INFO] [stderr]    Compiling proc-macro-error-attr v1.0.4
[INFO] [stderr]    Compiling proc-macro-error v1.0.4
[INFO] [stderr]    Compiling slab v0.4.7
[INFO] [stderr]    Compiling indexmap v1.9.1
[INFO] [stderr]    Compiling form_urlencoded v1.1.0
[INFO] [stderr]    Compiling wasm-bindgen-backend v0.2.83
[INFO] [stderr]    Compiling wasm-bindgen-macro-support v0.2.83
[INFO] [stderr]    Compiling thiserror-impl v1.0.37
[INFO] [stderr]    Compiling pin-project-internal v1.0.12
[INFO] [stderr]    Compiling yew-macro v0.19.3
[INFO] [stderr]    Compiling weblog-proc-macro v0.3.0
[INFO] [stderr]    Compiling yew-router-macro v0.16.0
[INFO] [stdout] error: couldn't create a temp dir: No space left on device (os error 28) at path "/tmp/rustcXj7B4i"
[INFO] [stdout] 
[INFO] [stdout] 
[INFO] [stderr] error: could not compile `wasm-bindgen-macro-support` (lib) due to 1 previous error
[INFO] [stderr] warning: build failed, waiting for other jobs to finish...
[INFO] [stderr] rustc-LLVM ERROR: IO failure on output stream: No space left on device
[INFO] [stderr] error: could not compile `yew-macro` (lib)
[INFO] [stderr] 
[INFO] [stderr] Caused by:
[INFO] [stderr]   No space left on device (os error 28)
[INFO] [stderr] 
[INFO] [stderr] Caused by:
[INFO] [stderr]   failed to parse process output: `/opt/rustwide/rustup-home/toolchains/beta-2024-12-08-x86_64-unknown-linux-gnu/bin/rustc --crate-name yew_macro --edition=2018 /opt/rustwide/cargo-home/registry/src/index.crates.io-6f17d22bba15001f/yew-macro-0.19.3/src/lib.rs --error-format=json --json=diagnostic-rendered-ansi,artifacts,future-incompat --crate-type proc-macro --emit=dep-info,link -C prefer-dynamic -C embed-bitcode=no --check-cfg 'cfg(docsrs)' --check-cfg 'cfg(feature, values("doc_test", "lints"))' -C metadata=9d8a33e44025684a -C extra-filename=-9d8a33e44025684a --out-dir /opt/rustwide/target/debug/deps -L dependency=/opt/rustwide/target/debug/deps --extern boolinator=/opt/rustwide/target/debug/deps/libboolinator-ae8cdbdb5d3d88b5.rlib --extern lazy_static=/opt/rustwide/target/debug/deps/liblazy_static-9e387837147b962e.rlib --extern proc_macro_error=/opt/rustwide/target/debug/deps/libproc_macro_error-1b1b5bcf6536650d.rlib --extern proc_macro2=/opt/rustwide/target/debug/deps/libproc_macro2-2d277820140f5263.rlib --extern quote=/opt/rustwide/target/debug/deps/libquote-584842ad1d31c7b6.rlib --extern syn=/opt/rustwide/target/debug/deps/libsyn-5b13361ae3a2ab83.rlib --extern proc_macro --cap-lints allow --cap-lints=warn` (exit status: 101)
[INFO] [stdout] error: linking with `cc` failed: exit status: 1
[INFO] [stdout]   |
[INFO] [stdout]   = note: LC_ALL="C" PATH="/opt/rustwide/rustup-home/toolchains/beta-2024-12-08-x86_64-unknown-linux-gnu/lib/rustlib/x86_64-unknown-linux-gnu/bin:/opt/rustwide/cargo-home/bin:/usr/local/sbin:/usr/local/bin:/usr/sbin:/usr/bin:/sbin:/bin" VSLANG="1033" "cc" "-Wl,--version-script=/tmp/rustc8yYkbF/list" "-Wl,--no-undefined-version" "-m64" "/tmp/rustc8yYkbF/symbols.o" "/opt/rustwide/target/debug/deps/pin_project_internal-d67f2f3a5684f588.pin_project_internal.3b9e447f087c9308-cgu.00.rcgu.o" "/opt/rustwide/target/debug/deps/pin_project_internal-d67f2f3a5684f588.pin_project_internal.3b9e447f087c9308-cgu.01.rcgu.o" "/opt/rustwide/target/debug/deps/pin_project_internal-d67f2f3a5684f588.pin_project_internal.3b9e447f087c9308-cgu.02.rcgu.o" "/opt/rustwide/target/debug/deps/pin_project_internal-d67f2f3a5684f588.pin_project_internal.3b9e447f087c9308-cgu.03.rcgu.o" "/opt/rustwide/target/debug/deps/pin_project_internal-d67f2f3a5684f588.pin_project_internal.3b9e447f087c9308-cgu.04.rcgu.o" "/opt/rustwide/target/debug/deps/pin_project_internal-d67f2f3a5684f588.pin_project_internal.3b9e447f087c9308-cgu.05.rcgu.o" "/opt/rustwide/target/debug/deps/pin_project_internal-d67f2f3a5684f588.pin_project_internal.3b9e447f087c9308-cgu.06.rcgu.o" "/opt/rustwide/target/debug/deps/pin_project_internal-d67f2f3a5684f588.pin_project_internal.3b9e447f087c9308-cgu.07.rcgu.o" "/opt/rustwide/target/debug/deps/pin_project_internal-d67f2f3a5684f588.pin_project_internal.3b9e447f087c9308-cgu.08.rcgu.o" "/opt/rustwide/target/debug/deps/pin_project_internal-d67f2f3a5684f588.pin_project_internal.3b9e447f087c9308-cgu.09.rcgu.o" "/opt/rustwide/target/debug/deps/pin_project_internal-d67f2f3a5684f588.pin_project_internal.3b9e447f087c9308-cgu.10.rcgu.o" "/opt/rustwide/target/debug/deps/pin_project_internal-d67f2f3a5684f588.4024m4adyn3vrdiza7kpfmkyq.rcgu.rmeta" "/opt/rustwide/target/debug/deps/pin_project_internal-d67f2f3a5684f588.4b8ivjqdebbm9o4tyio3cspca.rcgu.o" "-Wl,--as-needed" "-Wl,-Bstatic" "/opt/rustwide/target/debug/deps/libsyn-5b13361ae3a2ab83.rlib" "/opt/rustwide/target/debug/deps/libquote-584842ad1d31c7b6.rlib" "/opt/rustwide/target/debug/deps/libproc_macro2-2d277820140f5263.rlib" "/opt/rustwide/target/debug/deps/libunicode_ident-cf2ba1e46fe532fe.rlib" "/opt/rustwide/rustup-home/toolchains/beta-2024-12-08-x86_64-unknown-linux-gnu/lib/rustlib/x86_64-unknown-linux-gnu/lib/libproc_macro-bcafc4e6921040d1.rlib" "/opt/rustwide/rustup-home/toolchains/beta-2024-12-08-x86_64-unknown-linux-gnu/lib/rustlib/x86_64-unknown-linux-gnu/lib/libstd-02dc84f49135b6b8.rlib" "/opt/rustwide/rustup-home/toolchains/beta-2024-12-08-x86_64-unknown-linux-gnu/lib/rustlib/x86_64-unknown-linux-gnu/lib/libpanic_unwind-a8f45b397fae3f81.rlib" "/opt/rustwide/rustup-home/toolchains/beta-2024-12-08-x86_64-unknown-linux-gnu/lib/rustlib/x86_64-unknown-linux-gnu/lib/libobject-089607133c180609.rlib" "/opt/rustwide/rustup-home/toolchains/beta-2024-12-08-x86_64-unknown-linux-gnu/lib/rustlib/x86_64-unknown-linux-gnu/lib/libmemchr-fc89f091bcd86cbb.rlib" "/opt/rustwide/rustup-home/toolchains/beta-2024-12-08-x86_64-unknown-linux-gnu/lib/rustlib/x86_64-unknown-linux-gnu/lib/libaddr2line-5a60949f01c7340c.rlib" "/opt/rustwide/rustup-home/toolchains/beta-2024-12-08-x86_64-unknown-linux-gnu/lib/rustlib/x86_64-unknown-linux-gnu/lib/libgimli-d29e6a55ca253c8c.rlib" "/opt/rustwide/rustup-home/toolchains/beta-2024-12-08-x86_64-unknown-linux-gnu/lib/rustlib/x86_64-unknown-linux-gnu/lib/librustc_demangle-273c078d5f65de7a.rlib" "/opt/rustwide/rustup-home/toolchains/beta-2024-12-08-x86_64-unknown-linux-gnu/lib/rustlib/x86_64-unknown-linux-gnu/lib/libstd_detect-413c950ffbdd4454.rlib" "/opt/rustwide/rustup-home/toolchains/beta-2024-12-08-x86_64-unknown-linux-gnu/lib/rustlib/x86_64-unknown-linux-gnu/lib/libhashbrown-1853c0976a1d88a6.rlib" "/opt/rustwide/rustup-home/toolchains/beta-2024-12-08-x86_64-unknown-linux-gnu/lib/rustlib/x86_64-unknown-linux-gnu/lib/librustc_std_workspace_alloc-ccb3384ddacb0f9e.rlib" "/opt/rustwide/rustup-home/toolchains/beta-2024-12-08-x86_64-unknown-linux-gnu/lib/rustlib/x86_64-unknown-linux-gnu/lib/libminiz_oxide-0b901dfb0ca849e0.rlib" "/opt/rustwide/rustup-home/toolchains/beta-2024-12-08-x86_64-unknown-linux-gnu/lib/rustlib/x86_64-unknown-linux-gnu/lib/libadler-eebeb8d7c64543ad.rlib" "/opt/rustwide/rustup-home/toolchains/beta-2024-12-08-x86_64-unknown-linux-gnu/lib/rustlib/x86_64-unknown-linux-gnu/lib/libunwind-4723ef81d6079867.rlib" "/opt/rustwide/rustup-home/toolchains/beta-2024-12-08-x86_64-unknown-linux-gnu/lib/rustlib/x86_64-unknown-linux-gnu/lib/libcfg_if-54442f8b422f5a54.rlib" "/opt/rustwide/rustup-home/toolchains/beta-2024-12-08-x86_64-unknown-linux-gnu/lib/rustlib/x86_64-unknown-linux-gnu/lib/liblibc-e0bbe034b5282553.rlib" "/opt/rustwide/rustup-home/toolchains/beta-2024-12-08-x86_64-unknown-linux-gnu/lib/rustlib/x86_64-unknown-linux-gnu/lib/liballoc-d0febb68c1c37b90.rlib" "/opt/rustwide/rustup-home/toolchains/beta-2024-12-08-x86_64-unknown-linux-gnu/lib/rustlib/x86_64-unknown-linux-gnu/lib/librustc_std_workspace_core-4cf833632aafa84c.rlib" "/opt/rustwide/rustup-home/toolchains/beta-2024-12-08-x86_64-unknown-linux-gnu/lib/rustlib/x86_64-unknown-linux-gnu/lib/libcore-65c2c6d2d6ae570b.rlib" "/opt/rustwide/rustup-home/toolchains/beta-2024-12-08-x86_64-unknown-linux-gnu/lib/rustlib/x86_64-unknown-linux-gnu/lib/libcompiler_builtins-97929cee0dcfe424.rlib" "-Wl,-Bdynamic" "-lgcc_s" "-lutil" "-lrt" "-lpthread" "-lm" "-ldl" "-lc" "-Wl,--eh-frame-hdr" "-Wl,-z,noexecstack" "-L" "/opt/rustwide/rustup-home/toolchains/beta-2024-12-08-x86_64-unknown-linux-gnu/lib/rustlib/x86_64-unknown-linux-gnu/lib" "-o" "/opt/rustwide/target/debug/deps/libpin_project_internal-d67f2f3a5684f588.so" "-Wl,--gc-sections" "-shared" "-Wl,-z,relro,-z,now" "-nodefaultlibs"
[INFO] [stdout]   = note: /usr/bin/ld: final link failed: No space left on device
[INFO] [stdout]           collect2: error: ld returned 1 exit status
[INFO] [stdout]           
[INFO] [stdout] 
[INFO] [stdout] 
[INFO] [stdout] error: linking with `cc` failed: exit status: 1
[INFO] [stdout]   |
[INFO] [stdout]   = note: LC_ALL="C" PATH="/opt/rustwide/rustup-home/toolchains/beta-2024-12-08-x86_64-unknown-linux-gnu/lib/rustlib/x86_64-unknown-linux-gnu/bin:/opt/rustwide/cargo-home/bin:/usr/local/sbin:/usr/local/bin:/usr/sbin:/usr/bin:/sbin:/bin" VSLANG="1033" "cc" "-Wl,--version-script=/tmp/rustclv0UtV/list" "-Wl,--no-undefined-version" "-m64" "/tmp/rustclv0UtV/symbols.o" "/opt/rustwide/target/debug/deps/thiserror_impl-04d17218c58866ea.thiserror_impl.919c50aaeb6c5648-cgu.00.rcgu.o" "/opt/rustwide/target/debug/deps/thiserror_impl-04d17218c58866ea.thiserror_impl.919c50aaeb6c5648-cgu.01.rcgu.o" "/opt/rustwide/target/debug/deps/thiserror_impl-04d17218c58866ea.thiserror_impl.919c50aaeb6c5648-cgu.02.rcgu.o" "/opt/rustwide/target/debug/deps/thiserror_impl-04d17218c58866ea.thiserror_impl.919c50aaeb6c5648-cgu.03.rcgu.o" "/opt/rustwide/target/debug/deps/thiserror_impl-04d17218c58866ea.thiserror_impl.919c50aaeb6c5648-cgu.04.rcgu.o" "/opt/rustwide/target/debug/deps/thiserror_impl-04d17218c58866ea.thiserror_impl.919c50aaeb6c5648-cgu.05.rcgu.o" "/opt/rustwide/target/debug/deps/thiserror_impl-04d17218c58866ea.thiserror_impl.919c50aaeb6c5648-cgu.06.rcgu.o" "/opt/rustwide/target/debug/deps/thiserror_impl-04d17218c58866ea.thiserror_impl.919c50aaeb6c5648-cgu.07.rcgu.o" "/opt/rustwide/target/debug/deps/thiserror_impl-04d17218c58866ea.thiserror_impl.919c50aaeb6c5648-cgu.08.rcgu.o" "/opt/rustwide/target/debug/deps/thiserror_impl-04d17218c58866ea.thiserror_impl.919c50aaeb6c5648-cgu.09.rcgu.o" "/opt/rustwide/target/debug/deps/thiserror_impl-04d17218c58866ea.thiserror_impl.919c50aaeb6c5648-cgu.10.rcgu.o" "/opt/rustwide/target/debug/deps/thiserror_impl-04d17218c58866ea.thiserror_impl.919c50aaeb6c5648-cgu.11.rcgu.o" "/opt/rustwide/target/debug/deps/thiserror_impl-04d17218c58866ea.thiserror_impl.919c50aaeb6c5648-cgu.12.rcgu.o" "/opt/rustwide/target/debug/deps/thiserror_impl-04d17218c58866ea.thiserror_impl.919c50aaeb6c5648-cgu.13.rcgu.o" "/opt/rustwide/target/debug/deps/thiserror_impl-04d17218c58866ea.thiserror_impl.919c50aaeb6c5648-cgu.14.rcgu.o" "/opt/rustwide/target/debug/deps/thiserror_impl-04d17218c58866ea.thiserror_impl.919c50aaeb6c5648-cgu.15.rcgu.o" "/opt/rustwide/target/debug/deps/thiserror_impl-04d17218c58866ea.d7f1yjcstesq5i9bctvnaeuth.rcgu.rmeta" "/opt/rustwide/target/debug/deps/thiserror_impl-04d17218c58866ea.adib7kp4nzjnwjszi2opzb5r6.rcgu.o" "-Wl,--as-needed" "-Wl,-Bstatic" "/opt/rustwide/target/debug/deps/libsyn-5b13361ae3a2ab83.rlib" "/opt/rustwide/target/debug/deps/libquote-584842ad1d31c7b6.rlib" "/opt/rustwide/target/debug/deps/libproc_macro2-2d277820140f5263.rlib" "/opt/rustwide/target/debug/deps/libunicode_ident-cf2ba1e46fe532fe.rlib" "/opt/rustwide/rustup-home/toolchains/beta-2024-12-08-x86_64-unknown-linux-gnu/lib/rustlib/x86_64-unknown-linux-gnu/lib/libproc_macro-bcafc4e6921040d1.rlib" "/opt/rustwide/rustup-home/toolchains/beta-2024-12-08-x86_64-unknown-linux-gnu/lib/rustlib/x86_64-unknown-linux-gnu/lib/libstd-02dc84f49135b6b8.rlib" "/opt/rustwide/rustup-home/toolchains/beta-2024-12-08-x86_64-unknown-linux-gnu/lib/rustlib/x86_64-unknown-linux-gnu/lib/libpanic_unwind-a8f45b397fae3f81.rlib" "/opt/rustwide/rustup-home/toolchains/beta-2024-12-08-x86_64-unknown-linux-gnu/lib/rustlib/x86_64-unknown-linux-gnu/lib/libobject-089607133c180609.rlib" "/opt/rustwide/rustup-home/toolchains/beta-2024-12-08-x86_64-unknown-linux-gnu/lib/rustlib/x86_64-unknown-linux-gnu/lib/libmemchr-fc89f091bcd86cbb.rlib" "/opt/rustwide/rustup-home/toolchains/beta-2024-12-08-x86_64-unknown-linux-gnu/lib/rustlib/x86_64-unknown-linux-gnu/lib/libaddr2line-5a60949f01c7340c.rlib" "/opt/rustwide/rustup-home/toolchains/beta-2024-12-08-x86_64-unknown-linux-gnu/lib/rustlib/x86_64-unknown-linux-gnu/lib/libgimli-d29e6a55ca253c8c.rlib" "/opt/rustwide/rustup-home/toolchains/beta-2024-12-08-x86_64-unknown-linux-gnu/lib/rustlib/x86_64-unknown-linux-gnu/lib/librustc_demangle-273c078d5f65de7a.rlib" "/opt/rustwide/rustup-home/toolchains/beta-2024-12-08-x86_64-unknown-linux-gnu/lib/rustlib/x86_64-unknown-linux-gnu/lib/libstd_detect-413c950ffbdd4454.rlib" "/opt/rustwide/rustup-home/toolchains/beta-2024-12-08-x86_64-unknown-linux-gnu/lib/rustlib/x86_64-unknown-linux-gnu/lib/libhashbrown-1853c0976a1d88a6.rlib" "/opt/rustwide/rustup-home/toolchains/beta-2024-12-08-x86_64-unknown-linux-gnu/lib/rustlib/x86_64-unknown-linux-gnu/lib/librustc_std_workspace_alloc-ccb3384ddacb0f9e.rlib" "/opt/rustwide/rustup-home/toolchains/beta-2024-12-08-x86_64-unknown-linux-gnu/lib/rustlib/x86_64-unknown-linux-gnu/lib/libminiz_oxide-0b901dfb0ca849e0.rlib" "/opt/rustwide/rustup-home/toolchains/beta-2024-12-08-x86_64-unknown-linux-gnu/lib/rustlib/x86_64-unknown-linux-gnu/lib/libadler-eebeb8d7c64543ad.rlib" "/opt/rustwide/rustup-home/toolchains/beta-2024-12-08-x86_64-unknown-linux-gnu/lib/rustlib/x86_64-unknown-linux-gnu/lib/libunwind-4723ef81d6079867.rlib" "/opt/rustwide/rustup-home/toolchains/beta-2024-12-08-x86_64-unknown-linux-gnu/lib/rustlib/x86_64-unknown-linux-gnu/lib/libcfg_if-54442f8b422f5a54.rlib" "/opt/rustwide/rustup-home/toolchains/beta-2024-12-08-x86_64-unknown-linux-gnu/lib/rustlib/x86_64-unknown-linux-gnu/lib/liblibc-e0bbe034b5282553.rlib" "/opt/rustwide/rustup-home/toolchains/beta-2024-12-08-x86_64-unknown-linux-gnu/lib/rustlib/x86_64-unknown-linux-gnu/lib/liballoc-d0febb68c1c37b90.rlib" "/opt/rustwide/rustup-home/toolchains/beta-2024-12-08-x86_64-unknown-linux-gnu/lib/rustlib/x86_64-unknown-linux-gnu/lib/librustc_std_workspace_core-4cf833632aafa84c.rlib" "/opt/rustwide/rustup-home/toolchains/beta-2024-12-08-x86_64-unknown-linux-gnu/lib/rustlib/x86_64-unknown-linux-gnu/lib/libcore-65c2c6d2d6ae570b.rlib" "/opt/rustwide/rustup-home/toolchains/beta-2024-12-08-x86_64-unknown-linux-gnu/lib/rustlib/x86_64-unknown-linux-gnu/lib/libcompiler_builtins-97929cee0dcfe424.rlib" "-Wl,-Bdynamic" "-lgcc_s" "-lutil" "-lrt" "-lpthread" "-lm" "-ldl" "-lc" "-Wl,--eh-frame-hdr" "-Wl,-z,noexecstack" "-L" "/opt/rustwide/rustup-home/toolchains/beta-2024-12-08-x86_64-unknown-linux-gnu/lib/rustlib/x86_64-unknown-linux-gnu/lib" "-o" "/opt/rustwide/target/debug/deps/libthiserror_impl-04d17218c58866ea.so" "-Wl,--gc-sections" "-shared" "-Wl,-z,relro,-z,now" "-nodefaultlibs"
[INFO] [stdout]   = note: /usr/bin/ld: final link failed: No space left on device
[INFO] [stdout]           collect2: error: ld returned 1 exit status
[INFO] [stdout]           
[INFO] [stdout] 
[INFO] [stdout] 
[INFO] [stderr] error: could not compile `pin-project-internal` (lib) due to 1 previous error
[INFO] [stderr] error: could not compile `thiserror-impl` (lib) due to 1 previous error
[INFO] [stdout] error: linking with `cc` failed: exit status: 1
[INFO] [stdout]   |
[INFO] [stdout]   = note: LC_ALL="C" PATH="/opt/rustwide/rustup-home/toolchains/beta-2024-12-08-x86_64-unknown-linux-gnu/lib/rustlib/x86_64-unknown-linux-gnu/bin:/opt/rustwide/cargo-home/bin:/usr/local/sbin:/usr/local/bin:/usr/sbin:/usr/bin:/sbin:/bin" VSLANG="1033" "cc" "-Wl,--version-script=/tmp/rustcFZKIdD/list" "-Wl,--no-undefined-version" "-m64" "/tmp/rustcFZKIdD/symbols.o" "/opt/rustwide/target/debug/deps/serde_derive-29bcd8dead75f8b6.serde_derive.8109e910c434b817-cgu.00.rcgu.o" "/opt/rustwide/target/debug/deps/serde_derive-29bcd8dead75f8b6.serde_derive.8109e910c434b817-cgu.01.rcgu.o" "/opt/rustwide/target/debug/deps/serde_derive-29bcd8dead75f8b6.serde_derive.8109e910c434b817-cgu.02.rcgu.o" "/opt/rustwide/target/debug/deps/serde_derive-29bcd8dead75f8b6.serde_derive.8109e910c434b817-cgu.03.rcgu.o" "/opt/rustwide/target/debug/deps/serde_derive-29bcd8dead75f8b6.serde_derive.8109e910c434b817-cgu.04.rcgu.o" "/opt/rustwide/target/debug/deps/serde_derive-29bcd8dead75f8b6.serde_derive.8109e910c434b817-cgu.05.rcgu.o" "/opt/rustwide/target/debug/deps/serde_derive-29bcd8dead75f8b6.serde_derive.8109e910c434b817-cgu.06.rcgu.o" "/opt/rustwide/target/debug/deps/serde_derive-29bcd8dead75f8b6.serde_derive.8109e910c434b817-cgu.07.rcgu.o" "/opt/rustwide/target/debug/deps/serde_derive-29bcd8dead75f8b6.serde_derive.8109e910c434b817-cgu.08.rcgu.o" "/opt/rustwide/target/debug/deps/serde_derive-29bcd8dead75f8b6.serde_derive.8109e910c434b817-cgu.09.rcgu.o" "/opt/rustwide/target/debug/deps/serde_derive-29bcd8dead75f8b6.serde_derive.8109e910c434b817-cgu.10.rcgu.o" "/opt/rustwide/target/debug/deps/serde_derive-29bcd8dead75f8b6.serde_derive.8109e910c434b817-cgu.11.rcgu.o" "/opt/rustwide/target/debug/deps/serde_derive-29bcd8dead75f8b6.serde_derive.8109e910c434b817-cgu.12.rcgu.o" "/opt/rustwide/target/debug/deps/serde_derive-29bcd8dead75f8b6.serde_derive.8109e910c434b817-cgu.13.rcgu.o" "/opt/rustwide/target/debug/deps/serde_derive-29bcd8dead75f8b6.serde_derive.8109e910c434b817-cgu.14.rcgu.o" "/opt/rustwide/target/debug/deps/serde_derive-29bcd8dead75f8b6.serde_derive.8109e910c434b817-cgu.15.rcgu.o" "/opt/rustwide/target/debug/deps/serde_derive-29bcd8dead75f8b6.3kue3fblahgb0pckfude6d49w.rcgu.rmeta" "/opt/rustwide/target/debug/deps/serde_derive-29bcd8dead75f8b6.8tu6653gardgkicmcxain0ylf.rcgu.o" "-Wl,--as-needed" "-Wl,-Bstatic" "/opt/rustwide/target/debug/deps/libsyn-5b13361ae3a2ab83.rlib" "/opt/rustwide/target/debug/deps/libquote-584842ad1d31c7b6.rlib" "/opt/rustwide/target/debug/deps/libproc_macro2-2d277820140f5263.rlib" "/opt/rustwide/target/debug/deps/libunicode_ident-cf2ba1e46fe532fe.rlib" "/opt/rustwide/rustup-home/toolchains/beta-2024-12-08-x86_64-unknown-linux-gnu/lib/rustlib/x86_64-unknown-linux-gnu/lib/libproc_macro-bcafc4e6921040d1.rlib" "/opt/rustwide/rustup-home/toolchains/beta-2024-12-08-x86_64-unknown-linux-gnu/lib/rustlib/x86_64-unknown-linux-gnu/lib/libstd-02dc84f49135b6b8.rlib" "/opt/rustwide/rustup-home/toolchains/beta-2024-12-08-x86_64-unknown-linux-gnu/lib/rustlib/x86_64-unknown-linux-gnu/lib/libpanic_unwind-a8f45b397fae3f81.rlib" "/opt/rustwide/rustup-home/toolchains/beta-2024-12-08-x86_64-unknown-linux-gnu/lib/rustlib/x86_64-unknown-linux-gnu/lib/libobject-089607133c180609.rlib" "/opt/rustwide/rustup-home/toolchains/beta-2024-12-08-x86_64-unknown-linux-gnu/lib/rustlib/x86_64-unknown-linux-gnu/lib/libmemchr-fc89f091bcd86cbb.rlib" "/opt/rustwide/rustup-home/toolchains/beta-2024-12-08-x86_64-unknown-linux-gnu/lib/rustlib/x86_64-unknown-linux-gnu/lib/libaddr2line-5a60949f01c7340c.rlib" "/opt/rustwide/rustup-home/toolchains/beta-2024-12-08-x86_64-unknown-linux-gnu/lib/rustlib/x86_64-unknown-linux-gnu/lib/libgimli-d29e6a55ca253c8c.rlib" "/opt/rustwide/rustup-home/toolchains/beta-2024-12-08-x86_64-unknown-linux-gnu/lib/rustlib/x86_64-unknown-linux-gnu/lib/librustc_demangle-273c078d5f65de7a.rlib" "/opt/rustwide/rustup-home/toolchains/beta-2024-12-08-x86_64-unknown-linux-gnu/lib/rustlib/x86_64-unknown-linux-gnu/lib/libstd_detect-413c950ffbdd4454.rlib" "/opt/rustwide/rustup-home/toolchains/beta-2024-12-08-x86_64-unknown-linux-gnu/lib/rustlib/x86_64-unknown-linux-gnu/lib/libhashbrown-1853c0976a1d88a6.rlib" "/opt/rustwide/rustup-home/toolchains/beta-2024-12-08-x86_64-unknown-linux-gnu/lib/rustlib/x86_64-unknown-linux-gnu/lib/librustc_std_workspace_alloc-ccb3384ddacb0f9e.rlib" "/opt/rustwide/rustup-home/toolchains/beta-2024-12-08-x86_64-unknown-linux-gnu/lib/rustlib/x86_64-unknown-linux-gnu/lib/libminiz_oxide-0b901dfb0ca849e0.rlib" "/opt/rustwide/rustup-home/toolchains/beta-2024-12-08-x86_64-unknown-linux-gnu/lib/rustlib/x86_64-unknown-linux-gnu/lib/libadler-eebeb8d7c64543ad.rlib" "/opt/rustwide/rustup-home/toolchains/beta-2024-12-08-x86_64-unknown-linux-gnu/lib/rustlib/x86_64-unknown-linux-gnu/lib/libunwind-4723ef81d6079867.rlib" "/opt/rustwide/rustup-home/toolchains/beta-2024-12-08-x86_64-unknown-linux-gnu/lib/rustlib/x86_64-unknown-linux-gnu/lib/libcfg_if-54442f8b422f5a54.rlib" "/opt/rustwide/rustup-home/toolchains/beta-2024-12-08-x86_64-unknown-linux-gnu/lib/rustlib/x86_64-unknown-linux-gnu/lib/liblibc-e0bbe034b5282553.rlib" "/opt/rustwide/rustup-home/toolchains/beta-2024-12-08-x86_64-unknown-linux-gnu/lib/rustlib/x86_64-unknown-linux-gnu/lib/liballoc-d0febb68c1c37b90.rlib" "/opt/rustwide/rustup-home/toolchains/beta-2024-12-08-x86_64-unknown-linux-gnu/lib/rustlib/x86_64-unknown-linux-gnu/lib/librustc_std_workspace_core-4cf833632aafa84c.rlib" "/opt/rustwide/rustup-home/toolchains/beta-2024-12-08-x86_64-unknown-linux-gnu/lib/rustlib/x86_64-unknown-linux-gnu/lib/libcore-65c2c6d2d6ae570b.rlib" "/opt/rustwide/rustup-home/toolchains/beta-2024-12-08-x86_64-unknown-linux-gnu/lib/rustlib/x86_64-unknown-linux-gnu/lib/libcompiler_builtins-97929cee0dcfe424.rlib" "-Wl,-Bdynamic" "-lgcc_s" "-lutil" "-lrt" "-lpthread" "-lm" "-ldl" "-lc" "-Wl,--eh-frame-hdr" "-Wl,-z,noexecstack" "-L" "/opt/rustwide/rustup-home/toolchains/beta-2024-12-08-x86_64-unknown-linux-gnu/lib/rustlib/x86_64-unknown-linux-gnu/lib" "-o" "/opt/rustwide/target/debug/deps/libserde_derive-29bcd8dead75f8b6.so" "-Wl,--gc-sections" "-shared" "-Wl,-z,relro,-z,now" "-nodefaultlibs"
[INFO] [stdout]   = note: /usr/bin/ld: final link failed: No space left on device
[INFO] [stdout]           collect2: error: ld returned 1 exit status
[INFO] [stdout]           
[INFO] [stdout] 
[INFO] [stdout] 
[INFO] [stderr] error: could not compile `serde_derive` (lib) due to 1 previous error
[INFO] running `Command { std: "docker" "inspect" "8e9a88c9a86934d361fbfb7dba7668b2bff42f432631d9f2338544c0e2378148", kill_on_drop: false }`
[INFO] running `Command { std: "docker" "rm" "-f" "8e9a88c9a86934d361fbfb7dba7668b2bff42f432631d9f2338544c0e2378148", kill_on_drop: false }`
[INFO] [stdout] 8e9a88c9a86934d361fbfb7dba7668b2bff42f432631d9f2338544c0e2378148
