[INFO] cloning repository https://github.com/quodlibetor/git-fixup
[INFO] running `Command { std: "git" "-c" "credential.helper=" "-c" "credential.helper=/workspace/cargo-home/bin/git-credential-null" "clone" "--bare" "https://github.com/quodlibetor/git-fixup" "/workspace/cache/git-repos/https%3A%2F%2Fgithub.com%2Fquodlibetor%2Fgit-fixup", kill_on_drop: false }`
[INFO] [stderr] Cloning into bare repository '/workspace/cache/git-repos/https%3A%2F%2Fgithub.com%2Fquodlibetor%2Fgit-fixup'...
[INFO] running `Command { std: "git" "rev-parse" "HEAD", kill_on_drop: false }`
[INFO] [stdout] b9b27e0b5f0eed13f444a39f4aed406b627fb4eb
[INFO] testing quodlibetor/git-fixup against beta-2024-12-08 for beta-1.84.0-4-retry
[INFO] running `Command { std: "git" "clone" "/workspace/cache/git-repos/https%3A%2F%2Fgithub.com%2Fquodlibetor%2Fgit-fixup" "/workspace/builds/worker-7-tc2/source", kill_on_drop: false }`
[INFO] [stderr] Cloning into '/workspace/builds/worker-7-tc2/source'...
[INFO] [stderr] done.
[INFO] validating manifest of git repo https://github.com/quodlibetor/git-fixup on toolchain beta-2024-12-08
[INFO] running `Command { std: CARGO_HOME="/workspace/cargo-home" RUSTUP_HOME="/workspace/rustup-home" "/workspace/cargo-home/bin/cargo" "+beta-2024-12-08" "metadata" "--manifest-path" "Cargo.toml" "--no-deps", kill_on_drop: false }`
[INFO] started tweaking git repo https://github.com/quodlibetor/git-fixup
[INFO] finished tweaking git repo https://github.com/quodlibetor/git-fixup
[INFO] tweaked toml for git repo https://github.com/quodlibetor/git-fixup written to /workspace/builds/worker-7-tc2/source/Cargo.toml
[INFO] crate git repo https://github.com/quodlibetor/git-fixup already has a lockfile, it will not be regenerated
[INFO] running `Command { std: CARGO_HOME="/workspace/cargo-home" RUSTUP_HOME="/workspace/rustup-home" "/workspace/cargo-home/bin/cargo" "+beta-2024-12-08" "fetch" "--manifest-path" "Cargo.toml", kill_on_drop: false }`
[INFO] running `Command { std: "docker" "create" "-v" "/var/lib/crater-agent-workspace/builds/worker-7-tc2/target:/opt/rustwide/target:rw,Z" "-v" "/var/lib/crater-agent-workspace/builds/worker-7-tc2/source:/opt/rustwide/workdir:ro,Z" "-v" "/var/lib/crater-agent-workspace/cargo-home:/opt/rustwide/cargo-home:ro,Z" "-v" "/var/lib/crater-agent-workspace/rustup-home:/opt/rustwide/rustup-home:ro,Z" "-e" "SOURCE_DIR=/opt/rustwide/workdir" "-e" "CARGO_TARGET_DIR=/opt/rustwide/target" "-e" "CARGO_HOME=/opt/rustwide/cargo-home" "-e" "RUSTUP_HOME=/opt/rustwide/rustup-home" "-w" "/opt/rustwide/workdir" "-m" "1610612736" "--user" "0:0" "--network" "none" "ghcr.io/rust-lang/crates-build-env/linux@sha256:f3a9d4ad9d972b27faf3965f35b62e55ba32bbce8f20bc8fe909558a86702fde" "/opt/rustwide/cargo-home/bin/cargo" "+beta-2024-12-08" "metadata" "--no-deps" "--format-version=1", kill_on_drop: false }`
[INFO] [stdout] 278ad17b5873779cbe5a8abff646a033a55222019d57752fdafd7d03a4b64f88
[INFO] running `Command { std: "docker" "start" "-a" "278ad17b5873779cbe5a8abff646a033a55222019d57752fdafd7d03a4b64f88", kill_on_drop: false }`
[INFO] running `Command { std: "docker" "inspect" "278ad17b5873779cbe5a8abff646a033a55222019d57752fdafd7d03a4b64f88", kill_on_drop: false }`
[INFO] running `Command { std: "docker" "rm" "-f" "278ad17b5873779cbe5a8abff646a033a55222019d57752fdafd7d03a4b64f88", kill_on_drop: false }`
[INFO] [stdout] 278ad17b5873779cbe5a8abff646a033a55222019d57752fdafd7d03a4b64f88
[INFO] running `Command { std: "docker" "create" "-v" "/var/lib/crater-agent-workspace/builds/worker-7-tc2/target:/opt/rustwide/target:rw,Z" "-v" "/var/lib/crater-agent-workspace/builds/worker-7-tc2/source:/opt/rustwide/workdir:ro,Z" "-v" "/var/lib/crater-agent-workspace/cargo-home:/opt/rustwide/cargo-home:ro,Z" "-v" "/var/lib/crater-agent-workspace/rustup-home:/opt/rustwide/rustup-home:ro,Z" "-e" "SOURCE_DIR=/opt/rustwide/workdir" "-e" "CARGO_TARGET_DIR=/opt/rustwide/target" "-e" "CARGO_INCREMENTAL=0" "-e" "RUST_BACKTRACE=full" "-e" "RUSTFLAGS=--cap-lints=warn" "-e" "RUSTDOCFLAGS=--cap-lints=warn" "-e" "CARGO_HOME=/opt/rustwide/cargo-home" "-e" "RUSTUP_HOME=/opt/rustwide/rustup-home" "-w" "/opt/rustwide/workdir" "-m" "1610612736" "--user" "0:0" "--network" "none" "ghcr.io/rust-lang/crates-build-env/linux@sha256:f3a9d4ad9d972b27faf3965f35b62e55ba32bbce8f20bc8fe909558a86702fde" "/opt/rustwide/cargo-home/bin/cargo" "+beta-2024-12-08" "build" "--frozen" "--message-format=json", kill_on_drop: false }`
[INFO] [stdout] 11b6c8b44fa2f020fe9cf9d0ca8028e09061bd16058a660330da161e02a4cdd2
[INFO] running `Command { std: "docker" "start" "-a" "11b6c8b44fa2f020fe9cf9d0ca8028e09061bd16058a660330da161e02a4cdd2", kill_on_drop: false }`
[INFO] [stderr]    Compiling libc v0.2.154
[INFO] [stderr]    Compiling once_cell v1.19.0
[INFO] [stderr]    Compiling pkg-config v0.3.30
[INFO] [stderr]    Compiling proc-macro2 v1.0.82
[INFO] [stderr]    Compiling unicode-ident v1.0.12
[INFO] [stderr]    Compiling bitflags v2.5.0
[INFO] [stderr]    Compiling cfg-if v1.0.0
[INFO] [stderr]    Compiling rustix v0.38.34
[INFO] [stderr]    Compiling vcpkg v0.2.15
[INFO] [stderr]    Compiling memchr v2.7.2
[INFO] [stderr]    Compiling serde v1.0.201
[INFO] [stderr]    Compiling linux-raw-sys v0.4.13
[INFO] [stderr]    Compiling tinyvec_macros v0.1.1
[INFO] [stderr]    Compiling adler v1.0.2
[INFO] [stderr]    Compiling miniz_oxide v0.7.2
[INFO] [stderr]    Compiling tinyvec v1.6.0
[INFO] [stderr]    Compiling quote v1.0.36
[INFO] [stderr]    Compiling jobserver v0.1.31
[INFO] [stderr]    Compiling syn v2.0.62
[INFO] [stderr]    Compiling powerfmt v0.2.0
[INFO] [stderr]    Compiling crc32fast v1.4.0
[INFO] [stderr]    Compiling cc v1.0.97
[INFO] [stderr]    Compiling thiserror v1.0.60
[INFO] [stderr]    Compiling utf8parse v0.2.1
[INFO] [stderr]    Compiling itoa v1.0.11
[INFO] [stderr]    Compiling anstyle-parse v0.2.4
[INFO] [stderr]    Compiling deranged v0.3.11
[INFO] [stderr]    Compiling num-conv v0.1.0
[INFO] [stderr]    Compiling unicode-normalization v0.1.23
[INFO] [stderr]    Compiling time-core v0.1.2
[INFO] [stderr]    Compiling gimli v0.28.1
[INFO] [stderr]    Compiling equivalent v1.0.1
[INFO] [stderr]    Compiling serde_json v1.0.117
[INFO] [stderr]    Compiling anstyle-query v1.0.3
[INFO] [stderr]    Compiling unicode-bidi v0.3.15
[INFO] [stderr]    Compiling anstyle v1.0.7
[INFO] [stderr]    Compiling percent-encoding v2.3.1
[INFO] [stderr]    Compiling is_terminal_polyfill v1.70.0
[INFO] [stderr]    Compiling hashbrown v0.14.5
[INFO] [stderr]    Compiling colorchoice v1.0.1
[INFO] [stderr]    Compiling anstream v0.6.14
[INFO] [stderr]    Compiling form_urlencoded v1.2.1
[INFO] [stderr]    Compiling indexmap v2.2.6
[INFO] [stderr]    Compiling idna v0.5.0
[INFO] [stderr]    Compiling time v0.3.36
[INFO] [stderr]    Compiling libz-sys v1.1.16
[INFO] [stderr]    Compiling onig_sys v69.8.1
[INFO] [stderr]    Compiling libgit2-sys v0.16.2+1.7.2
[INFO] [stderr]    Compiling backtrace v0.3.71
[INFO] [stderr]    Compiling terminal_size v0.3.0
[INFO] [stderr]    Compiling quick-xml v0.31.0
[INFO] [stderr]    Compiling addr2line v0.21.0
[INFO] [stderr]    Compiling object v0.32.2
[INFO] [stderr]    Compiling linked-hash-map v0.5.6
[INFO] [stderr]    Compiling bitflags v1.3.2
[INFO] [stderr]    Compiling clap_lex v0.7.0
[INFO] [stderr]    Compiling ryu v1.0.18
[INFO] [stderr]    Compiling base64 v0.21.7
[INFO] [stderr]    Compiling line-wrap v0.2.0
[INFO] [stderr]    Compiling unicode-width v0.1.12
[INFO] [stderr]    Compiling rustc-demangle v0.1.24
[INFO] [stderr]    Compiling fastrand v2.1.0
[INFO] [stderr]    Compiling anyhow v1.0.83
[INFO] [stderr]    Compiling lazy_static v1.4.0
[INFO] [stderr]    Compiling same-file v1.0.6
[INFO] [stderr]    Compiling strsim v0.11.1
[INFO] [stderr]    Compiling heck v0.5.0
[INFO] [stderr]    Compiling walkdir v2.5.0
[INFO] [stderr]    Compiling console v0.15.8
[INFO] [stderr]    Compiling clap_builder v4.5.2
[INFO] [stderr]    Compiling thiserror-impl v1.0.60
[INFO] [stderr]    Compiling serde_derive v1.0.201
[INFO] [stderr]    Compiling clap_derive v4.5.4
[INFO] [stderr]    Compiling tempfile v3.10.1
[INFO] [stderr]    Compiling plist v1.6.1
[INFO] [stderr]    Compiling yaml-rust v0.4.5
[INFO] [stderr]    Compiling onig v6.4.0
[INFO] [stderr]    Compiling flate2 v1.0.30
[INFO] [stderr]    Compiling url v2.5.0
[INFO] [stderr]    Compiling bincode v1.3.3
[INFO] [stderr]    Compiling zeroize v1.7.0
[INFO] [stderr]    Compiling fnv v1.0.7
[INFO] [stderr]    Compiling log v0.4.21
[INFO] [stderr]    Compiling shell-words v1.1.0
[INFO] [stderr]    Compiling regex-syntax v0.8.3
[INFO] [stderr]    Compiling dialoguer v0.11.0
[INFO] [stderr]    Compiling clap v4.5.4
[INFO] [stderr] rustc-LLVM ERROR: IO failure on output stream: No space left on device
[INFO] [stdout] error: failed to build archive at `/opt/rustwide/target/debug/deps/libserde_json-0512071c6e7b8145.rlib`: No space left on device (os error 28)
[INFO] [stdout] 
[INFO] [stdout] 
[INFO] [stderr] error: could not compile `serde_json` (lib) due to 1 previous error
[INFO] [stderr] warning: build failed, waiting for other jobs to finish...
[INFO] [stderr] error: could not compile `backtrace` (lib)
[INFO] [stderr] 
[INFO] [stderr] Caused by:
[INFO] [stderr]   No space left on device (os error 28)
[INFO] [stderr] 
[INFO] [stderr] Caused by:
[INFO] [stderr]   failed to parse process output: `/opt/rustwide/rustup-home/toolchains/beta-2024-12-08-x86_64-unknown-linux-gnu/bin/rustc --crate-name backtrace --edition=2021 /opt/rustwide/cargo-home/registry/src/index.crates.io-6f17d22bba15001f/backtrace-0.3.71/src/lib.rs --error-format=json --json=diagnostic-rendered-ansi,artifacts,future-incompat --crate-type lib --emit=dep-info,metadata,link -C embed-bitcode=no -C debuginfo=2 --cfg 'feature="default"' --cfg 'feature="std"' --check-cfg 'cfg(docsrs)' --check-cfg 'cfg(feature, values("coresymbolication", "cpp_demangle", "dbghelp", "default", "dladdr", "gimli-symbolize", "kernel32", "libbacktrace", "libunwind", "rustc-serialize", "serde", "serialize-rustc", "serialize-serde", "std", "unix-backtrace", "verify-winapi", "winapi"))' -C metadata=2d56a793ef70bf39 -C extra-filename=-2d56a793ef70bf39 --out-dir /opt/rustwide/target/debug/deps -L dependency=/opt/rustwide/target/debug/deps --extern addr2line=/opt/rustwide/target/debug/deps/libaddr2line-21893705b0d8abc8.rmeta --extern cfg_if=/opt/rustwide/target/debug/deps/libcfg_if-a3e7e701fcd1f47b.rmeta --extern libc=/opt/rustwide/target/debug/deps/liblibc-407ee67b1ec3589e.rmeta --extern miniz_oxide=/opt/rustwide/target/debug/deps/libminiz_oxide-1f2602dec9f12f75.rmeta --extern object=/opt/rustwide/target/debug/deps/libobject-e62bd377008689cf.rmeta --extern rustc_demangle=/opt/rustwide/target/debug/deps/librustc_demangle-e0324ea654ce1d71.rmeta --cap-lints allow --cap-lints=warn` (exit status: 101)
[INFO] [stderr] rustc-LLVM ERROR: IO failure on output stream: No space left on device
[INFO] [stdout] error: failed to write to `/opt/rustwide/target/debug/deps/rmetafZUGFk/lib.rmeta`: No space left on device (os error 28)
[INFO] [stdout] 
[INFO] [stdout] 
[INFO] [stderr] error: could not compile `url` (lib)
[INFO] [stderr] 
[INFO] [stderr] Caused by:
[INFO] [stderr]   process didn't exit successfully: `/opt/rustwide/rustup-home/toolchains/beta-2024-12-08-x86_64-unknown-linux-gnu/bin/rustc --crate-name url --edition=2018 /opt/rustwide/cargo-home/registry/src/index.crates.io-6f17d22bba15001f/url-2.5.0/src/lib.rs --error-format=json --json=diagnostic-rendered-ansi,artifacts,future-incompat --crate-type lib --emit=dep-info,metadata,link -C embed-bitcode=no -C debuginfo=2 --cfg 'feature="default"' --check-cfg 'cfg(docsrs)' --check-cfg 'cfg(feature, values("debugger_visualizer", "default", "expose_internals", "serde"))' -C metadata=34e94d54e26c08e0 -C extra-filename=-34e94d54e26c08e0 --out-dir /opt/rustwide/target/debug/deps -L dependency=/opt/rustwide/target/debug/deps --extern form_urlencoded=/opt/rustwide/target/debug/deps/libform_urlencoded-59e65d5ba0f82c92.rmeta --extern idna=/opt/rustwide/target/debug/deps/libidna-77e463d244e20468.rmeta --extern percent_encoding=/opt/rustwide/target/debug/deps/libpercent_encoding-fc63a8437ca6afa3.rmeta --cap-lints allow --cap-lints=warn` (exit status: 101)
[INFO] [stderr] error: could not compile `anyhow` (lib) due to 1 previous error
[INFO] [stderr] rustc-LLVM ERROR: IO failure on output stream: No space left on device
[INFO] [stderr] error: could not compile `clap_builder` (lib)
[INFO] [stderr] 
[INFO] [stderr] Caused by:
[INFO] [stderr]   process didn't exit successfully: `/opt/rustwide/rustup-home/toolchains/beta-2024-12-08-x86_64-unknown-linux-gnu/bin/rustc --crate-name clap_builder --edition=2021 /opt/rustwide/cargo-home/registry/src/index.crates.io-6f17d22bba15001f/clap_builder-4.5.2/src/lib.rs --error-format=json --json=diagnostic-rendered-ansi,artifacts,future-incompat --crate-type lib --emit=dep-info,metadata,link -C embed-bitcode=no -C debuginfo=2 --cfg 'feature="color"' --cfg 'feature="env"' --cfg 'feature="error-context"' --cfg 'feature="help"' --cfg 'feature="std"' --cfg 'feature="suggestions"' --cfg 'feature="usage"' --cfg 'feature="wrap_help"' --check-cfg 'cfg(docsrs)' --check-cfg 'cfg(feature, values("cargo", "color", "debug", "default", "deprecated", "env", "error-context", "help", "std", "string", "suggestions", "unicode", "unstable-doc", "unstable-styles", "unstable-v5", "usage", "wrap_help"))' -C metadata=33f10bc6a1d3dc87 -C extra-filename=-33f10bc6a1d3dc87 --out-dir /opt/rustwide/target/debug/deps -L dependency=/opt/rustwide/target/debug/deps --extern anstream=/opt/rustwide/target/debug/deps/libanstream-887bef1ada7c38ba.rmeta --extern anstyle=/opt/rustwide/target/debug/deps/libanstyle-74a51ab2e6ba2a3f.rmeta --extern clap_lex=/opt/rustwide/target/debug/deps/libclap_lex-8d490d9c09223880.rmeta --extern strsim=/opt/rustwide/target/debug/deps/libstrsim-92ad05d142a27bd8.rmeta --extern terminal_size=/opt/rustwide/target/debug/deps/libterminal_size-c862a1cd9682dec5.rmeta --cap-lints allow --cap-lints=warn` (exit status: 101)
[INFO] [stdout] error: failed to write to `/opt/rustwide/target/debug/deps/rmetaF2sadb/lib.rmeta`: No space left on device (os error 28)
[INFO] [stdout] 
[INFO] [stdout] 
[INFO] [stderr] error: could not compile `dialoguer` (lib) due to 1 previous error
[INFO] [stderr] warning: libgit2-sys@0.16.2+1.7.2: failed to probe system libgit2: 
[INFO] [stderr] warning: libgit2-sys@0.16.2+1.7.2: libgit2/src/libgit2/diff_xdiff.c:261:1: fatal error: error writing to /tmp/ccXPqAGR.s: No space left on device
[INFO] [stderr] warning: libgit2-sys@0.16.2+1.7.2:   261 | }
[INFO] [stderr] warning: libgit2-sys@0.16.2+1.7.2:       | ^
[INFO] [stderr] warning: libgit2-sys@0.16.2+1.7.2: compilation terminated.
[INFO] [stderr] warning: libgit2-sys@0.16.2+1.7.2: ToolExecError: Command "cc" "-O0" "-ffunction-sections" "-fdata-sections" "-fPIC" "-gdwarf-4" "-fno-omit-frame-pointer" "-m64" "-I" "/opt/rustwide/target/debug/build/libgit2-sys-8d7392fb7ae929a4/out/include" "-I" "libgit2/src/libgit2" "-I" "libgit2/src/util" "-I" "libgit2/deps/http-parser" "-I" "libgit2/deps/xdiff" "-I" "libgit2/deps/pcre" "-I" "/usr/include" "-fvisibility=hidden" "-DGIT_REGEX_BUILTIN=1" "-DHAVE_STDINT_H=1" "-DHAVE_MEMMOVE=1" "-DNO_RECURSE=1" "-DNEWLINE=10" "-DPOSIX_MALLOC_THRESHOLD=10" "-DLINK_SIZE=2" "-DPARENS_NEST_LIMIT=250" "-DMATCH_LIMIT=10000000" "-DMATCH_LIMIT_RECURSION=MATCH_LIMIT" "-DMAX_NAME_SIZE=32" "-DMAX_NAME_COUNT=10000" "-DSHA1DC_NO_STANDARD_INCLUDES=1" "-DSHA1DC_CUSTOM_INCLUDE_SHA1_C=\"common.h\"" "-DSHA1DC_CUSTOM_INCLUDE_UBC_CHECK_C=\"common.h\"" "-o" "/opt/rustwide/target/debug/build/libgit2-sys-8d7392fb7ae929a4/out/build/9646caca89e97167-diff_xdiff.o" "-c" "libgit2/src/libgit2/diff_xdiff.c" with args cc did not execute successfully (status code exit status: 1).cargo:warning=libgit2/src/libgit2/diff_stats.c:376:1: fatal error: error writing to /tmp/ccxKDOz6.s: No space left on device
[INFO] [stderr] warning: libgit2-sys@0.16.2+1.7.2:   376 | }
[INFO] [stderr] warning: libgit2-sys@0.16.2+1.7.2:       | ^
[INFO] [stderr] warning: libgit2-sys@0.16.2+1.7.2: compilation terminated.
[INFO] [stderr] warning: libgit2-sys@0.16.2+1.7.2: ToolExecError: Command "cc" "-O0" "-ffunction-sections" "-fdata-sections" "-fPIC" "-gdwarf-4" "-fno-omit-frame-pointer" "-m64" "-I" "/opt/rustwide/target/debug/build/libgit2-sys-8d7392fb7ae929a4/out/include" "-I" "libgit2/src/libgit2" "-I" "libgit2/src/util" "-I" "libgit2/deps/http-parser" "-I" "libgit2/deps/xdiff" "-I" "libgit2/deps/pcre" "-I" "/usr/include" "-fvisibility=hidden" "-DGIT_REGEX_BUILTIN=1" "-DHAVE_STDINT_H=1" "-DHAVE_MEMMOVE=1" "-DNO_RECURSE=1" "-DNEWLINE=10" "-DPOSIX_MALLOC_THRESHOLD=10" "-DLINK_SIZE=2" "-DPARENS_NEST_LIMIT=250" "-DMATCH_LIMIT=10000000" "-DMATCH_LIMIT_RECURSION=MATCH_LIMIT" "-DMAX_NAME_SIZE=32" "-DMAX_NAME_COUNT=10000" "-DSHA1DC_NO_STANDARD_INCLUDES=1" "-DSHA1DC_CUSTOM_INCLUDE_SHA1_C=\"common.h\"" "-DSHA1DC_CUSTOM_INCLUDE_UBC_CHECK_C=\"common.h\"" "-o" "/opt/rustwide/target/debug/build/libgit2-sys-8d7392fb7ae929a4/out/build/9646caca89e97167-diff_stats.o" "-c" "libgit2/src/libgit2/diff_stats.c" with args cc did not execute successfully (status code exit status: 1).cargo:warning=libgit2/src/libgit2/diff_tform.c:1123:1: fatal error: error writing to /tmp/ccpnlnB7.s: No space left on device
[INFO] [stderr] warning: libgit2-sys@0.16.2+1.7.2:  1123 | }
[INFO] [stderr] warning: libgit2-sys@0.16.2+1.7.2:       | ^
[INFO] [stderr] warning: libgit2-sys@0.16.2+1.7.2: compilation terminated.
[INFO] [stderr] warning: libgit2-sys@0.16.2+1.7.2: ToolExecError: Command "cc" "-O0" "-ffunction-sections" "-fdata-sections" "-fPIC" "-gdwarf-4" "-fno-omit-frame-pointer" "-m64" "-I" "/opt/rustwide/target/debug/build/libgit2-sys-8d7392fb7ae929a4/out/include" "-I" "libgit2/src/libgit2" "-I" "libgit2/src/util" "-I" "libgit2/deps/http-parser" "-I" "libgit2/deps/xdiff" "-I" "libgit2/deps/pcre" "-I" "/usr/include" "-fvisibility=hidden" "-DGIT_REGEX_BUILTIN=1" "-DHAVE_STDINT_H=1" "-DHAVE_MEMMOVE=1" "-DNO_RECURSE=1" "-DNEWLINE=10" "-DPOSIX_MALLOC_THRESHOLD=10" "-DLINK_SIZE=2" "-DPARENS_NEST_LIMIT=250" "-DMATCH_LIMIT=10000000" "-DMATCH_LIMIT_RECURSION=MATCH_LIMIT" "-DMAX_NAME_SIZE=32" "-DMAX_NAME_COUNT=10000" "-DSHA1DC_NO_STANDARD_INCLUDES=1" "-DSHA1DC_CUSTOM_INCLUDE_SHA1_C=\"common.h\"" "-DSHA1DC_CUSTOM_INCLUDE_UBC_CHECK_C=\"common.h\"" "-o" "/opt/rustwide/target/debug/build/libgit2-sys-8d7392fb7ae929a4/out/build/9646caca89e97167-diff_tform.o" "-c" "libgit2/src/libgit2/diff_tform.c" with args cc did not execute successfully (status code exit status: 1).cargo:warning=libgit2/src/libgit2/email.c:316:1: fatal error: error writing to /tmp/cckpb4ZV.s: No space left on device
[INFO] [stderr] warning: libgit2-sys@0.16.2+1.7.2:   316 | }
[INFO] [stderr] warning: libgit2-sys@0.16.2+1.7.2:       | ^
[INFO] [stderr] warning: libgit2-sys@0.16.2+1.7.2: compilation terminated.
[INFO] [stderr] warning: libgit2-sys@0.16.2+1.7.2: ToolExecError: Command "cc" "-O0" "-ffunction-sections" "-fdata-sections" "-fPIC" "-gdwarf-4" "-fno-omit-frame-pointer" "-m64" "-I" "/opt/rustwide/target/debug/build/libgit2-sys-8d7392fb7ae929a4/out/include" "-I" "libgit2/src/libgit2" "-I" "libgit2/src/util" "-I" "libgit2/deps/http-parser" "-I" "libgit2/deps/xdiff" "-I" "libgit2/deps/pcre" "-I" "/usr/include" "-fvisibility=hidden" "-DGIT_REGEX_BUILTIN=1" "-DHAVE_STDINT_H=1" "-DHAVE_MEMMOVE=1" "-DNO_RECURSE=1" "-DNEWLINE=10" "-DPOSIX_MALLOC_THRESHOLD=10" "-DLINK_SIZE=2" "-DPARENS_NEST_LIMIT=250" "-DMATCH_LIMIT=10000000" "-DMATCH_LIMIT_RECURSION=MATCH_LIMIT" "-DMAX_NAME_SIZE=32" "-DMAX_NAME_COUNT=10000" "-DSHA1DC_NO_STANDARD_INCLUDES=1" "-DSHA1DC_CUSTOM_INCLUDE_SHA1_C=\"common.h\"" "-DSHA1DC_CUSTOM_INCLUDE_UBC_CHECK_C=\"common.h\"" "-o" "/opt/rustwide/target/debug/build/libgit2-sys-8d7392fb7ae929a4/out/build/9646caca89e97167-email.o" "-c" "libgit2/src/libgit2/email.c" with args cc did not execute successfully (status code exit status: 1).cargo:warning=libgit2/src/libgit2/errors.c:292:1: fatal error: error writing to /tmp/ccDOCYEP.s: No space left on device
[INFO] [stderr] warning: libgit2-sys@0.16.2+1.7.2:   292 | }
[INFO] [stderr] warning: libgit2-sys@0.16.2+1.7.2:       | ^
[INFO] [stderr] warning: libgit2-sys@0.16.2+1.7.2: compilation terminated.
[INFO] [stderr] warning: libgit2-sys@0.16.2+1.7.2: ToolExecError: Command "cc" "-O0" "-ffunction-sections" "-fdata-sections" "-fPIC" "-gdwarf-4" "-fno-omit-frame-pointer" "-m64" "-I" "/opt/rustwide/target/debug/build/libgit2-sys-8d7392fb7ae929a4/out/include" "-I" "libgit2/src/libgit2" "-I" "libgit2/src/util" "-I" "libgit2/deps/http-parser" "-I" "libgit2/deps/xdiff" "-I" "libgit2/deps/pcre" "-I" "/usr/include" "-fvisibility=hidden" "-DGIT_REGEX_BUILTIN=1" "-DHAVE_STDINT_H=1" "-DHAVE_MEMMOVE=1" "-DNO_RECURSE=1" "-DNEWLINE=10" "-DPOSIX_MALLOC_THRESHOLD=10" "-DLINK_SIZE=2" "-DPARENS_NEST_LIMIT=250" "-DMATCH_LIMIT=10000000" "-DMATCH_LIMIT_RECURSION=MATCH_LIMIT" "-DMAX_NAME_SIZE=32" "-DMAX_NAME_COUNT=10000" "-DSHA1DC_NO_STANDARD_INCLUDES=1" "-DSHA1DC_CUSTOM_INCLUDE_SHA1_C=\"common.h\"" "-DSHA1DC_CUSTOM_INCLUDE_UBC_CHECK_C=\"common.h\"" "-o" "/opt/rustwide/target/debug/build/libgit2-sys-8d7392fb7ae929a4/out/build/9646caca89e97167-errors.o" "-c" "libgit2/src/libgit2/errors.c" with args cc did not execute successfully (status code exit status: 1).cargo:warning=libgit2/src/libgit2/fetchhead.c:339:1: fatal error: error writing to /tmp/cctdjiB9.s: No space left on device
[INFO] [stderr] warning: libgit2-sys@0.16.2+1.7.2:   339 | }
[INFO] [stderr] warning: libgit2-sys@0.16.2+1.7.2:       | ^
[INFO] [stderr] warning: libgit2-sys@0.16.2+1.7.2: compilation terminated.
[INFO] [stderr] warning: libgit2-sys@0.16.2+1.7.2: ToolExecError: Command "cc" "-O0" "-ffunction-sections" "-fdata-sections" "-fPIC" "-gdwarf-4" "-fno-omit-frame-pointer" "-m64" "-I" "/opt/rustwide/target/debug/build/libgit2-sys-8d7392fb7ae929a4/out/include" "-I" "libgit2/src/libgit2" "-I" "libgit2/src/util" "-I" "libgit2/deps/http-parser" "-I" "libgit2/deps/xdiff" "-I" "libgit2/deps/pcre" "-I" "/usr/include" "-fvisibility=hidden" "-DGIT_REGEX_BUILTIN=1" "-DHAVE_STDINT_H=1" "-DHAVE_MEMMOVE=1" "-DNO_RECURSE=1" "-DNEWLINE=10" "-DPOSIX_MALLOC_THRESHOLD=10" "-DLINK_SIZE=2" "-DPARENS_NEST_LIMIT=250" "-DMATCH_LIMIT=10000000" "-DMATCH_LIMIT_RECURSION=MATCH_LIMIT" "-DMAX_NAME_SIZE=32" "-DMAX_NAME_COUNT=10000" "-DSHA1DC_NO_STANDARD_INCLUDES=1" "-DSHA1DC_CUSTOM_INCLUDE_SHA1_C=\"common.h\"" "-DSHA1DC_CUSTOM_INCLUDE_UBC_CHECK_C=\"common.h\"" "-o" "/opt/rustwide/target/debug/build/libgit2-sys-8d7392fb7ae929a4/out/build/9646caca89e97167-fetchhead.o" "-c" "libgit2/src/libgit2/fetchhead.c" with args cc did not execute successfully (status code exit status: 1).cargo:warning=libgit2/src/libgit2/grafts.c:272:1: fatal error: error writing to /tmp/cc3d7lKh.s: No space left on device
[INFO] [stderr] warning: libgit2-sys@0.16.2+1.7.2:   272 | }
[INFO] [stderr] warning: libgit2-sys@0.16.2+1.7.2:       | ^
[INFO] [stderr] warning: libgit2-sys@0.16.2+1.7.2: compilation terminated.
[INFO] [stderr] warning: libgit2-sys@0.16.2+1.7.2: ToolExecError: Command "cc" "-O0" "-ffunction-sections" "-fdata-sections" "-fPIC" "-gdwarf-4" "-fno-omit-frame-pointer" "-m64" "-I" "/opt/rustwide/target/debug/build/libgit2-sys-8d7392fb7ae929a4/out/include" "-I" "libgit2/src/libgit2" "-I" "libgit2/src/util" "-I" "libgit2/deps/http-parser" "-I" "libgit2/deps/xdiff" "-I" "libgit2/deps/pcre" "-I" "/usr/include" "-fvisibility=hidden" "-DGIT_REGEX_BUILTIN=1" "-DHAVE_STDINT_H=1" "-DHAVE_MEMMOVE=1" "-DNO_RECURSE=1" "-DNEWLINE=10" "-DPOSIX_MALLOC_THRESHOLD=10" "-DLINK_SIZE=2" "-DPARENS_NEST_LIMIT=250" "-DMATCH_LIMIT=10000000" "-DMATCH_LIMIT_RECURSION=MATCH_LIMIT" "-DMAX_NAME_SIZE=32" "-DMAX_NAME_COUNT=10000" "-DSHA1DC_NO_STANDARD_INCLUDES=1" "-DSHA1DC_CUSTOM_INCLUDE_SHA1_C=\"common.h\"" "-DSHA1DC_CUSTOM_INCLUDE_UBC_CHECK_C=\"common.h\"" "-o" "/opt/rustwide/target/debug/build/libgit2-sys-8d7392fb7ae929a4/out/build/9646caca89e97167-grafts.o" "-c" "libgit2/src/libgit2/grafts.c" with args cc did not execute successfully (status code exit status: 1).
[INFO] [stderr] error: failed to run custom build command for `libgit2-sys v0.16.2+1.7.2`
[INFO] [stderr] note: To improve backtraces for build dependencies, set the CARGO_PROFILE_DEV_BUILD_OVERRIDE_DEBUG=true environment variable to enable debug information generation.
[INFO] [stderr] 
[INFO] [stderr] Caused by:
[INFO] [stderr]   process didn't exit successfully: `/opt/rustwide/target/debug/build/libgit2-sys-1c60e5b07a6ff9c0/build-script-build` (exit status: 1)
[INFO] [stderr]   --- stdout
[INFO] [stderr]   cargo:rerun-if-env-changed=LIBGIT2_NO_VENDOR
[INFO] [stderr]   cargo:rerun-if-env-changed=LIBGIT2_NO_PKG_CONFIG
[INFO] [stderr]   cargo:rerun-if-env-changed=PKG_CONFIG_x86_64-unknown-linux-gnu
[INFO] [stderr]   cargo:rerun-if-env-changed=PKG_CONFIG_x86_64_unknown_linux_gnu
[INFO] [stderr]   cargo:rerun-if-env-changed=HOST_PKG_CONFIG
[INFO] [stderr]   cargo:rerun-if-env-changed=PKG_CONFIG
[INFO] [stderr]   cargo:rerun-if-env-changed=LIBGIT2_STATIC
[INFO] [stderr]   cargo:rerun-if-env-changed=LIBGIT2_DYNAMIC
[INFO] [stderr]   cargo:rerun-if-env-changed=PKG_CONFIG_ALL_STATIC
[INFO] [stderr]   cargo:rerun-if-env-changed=PKG_CONFIG_ALL_DYNAMIC
[INFO] [stderr]   cargo:rerun-if-env-changed=PKG_CONFIG_PATH_x86_64-unknown-linux-gnu
[INFO] [stderr]   cargo:rerun-if-env-changed=PKG_CONFIG_PATH_x86_64_unknown_linux_gnu
[INFO] [stderr]   cargo:rerun-if-env-changed=HOST_PKG_CONFIG_PATH
[INFO] [stderr]   cargo:rerun-if-env-changed=PKG_CONFIG_PATH
[INFO] [stderr]   cargo:rerun-if-env-changed=PKG_CONFIG_LIBDIR_x86_64-unknown-linux-gnu
[INFO] [stderr]   cargo:rerun-if-env-changed=PKG_CONFIG_LIBDIR_x86_64_unknown_linux_gnu
[INFO] [stderr]   cargo:rerun-if-env-changed=HOST_PKG_CONFIG_LIBDIR
[INFO] [stderr]   cargo:rerun-if-env-changed=PKG_CONFIG_LIBDIR
[INFO] [stderr]   cargo:rerun-if-env-changed=PKG_CONFIG_SYSROOT_DIR_x86_64-unknown-linux-gnu
[INFO] [stderr]   cargo:rerun-if-env-changed=PKG_CONFIG_SYSROOT_DIR_x86_64_unknown_linux_gnu
[INFO] [stderr]   cargo:rerun-if-env-changed=HOST_PKG_CONFIG_SYSROOT_DIR
[INFO] [stderr]   cargo:rerun-if-env-changed=PKG_CONFIG_SYSROOT_DIR
[INFO] [stderr]   cargo:warning=failed to probe system libgit2: 
[INFO] [stderr]   pkg-config exited with status code 1
[INFO] [stderr]   > PKG_CONFIG_ALLOW_SYSTEM_LIBS=1 PKG_CONFIG_ALLOW_SYSTEM_CFLAGS=1 pkg-config --libs --cflags libgit2 libgit2 >= 1.7.2 libgit2 < 1.8.0
[INFO] [stderr] 
[INFO] [stderr]   The system library `libgit2` required by crate `libgit2-sys` was not found.
[INFO] [stderr]   The file `libgit2.pc` needs to be installed and the PKG_CONFIG_PATH environment variable must contain its parent directory.
[INFO] [stderr]   The PKG_CONFIG_PATH environment variable is not set.
[INFO] [stderr] 
[INFO] [stderr]   HINT: if you have installed the library, try setting PKG_CONFIG_PATH to the directory containing `libgit2.pc`.
[INFO] [stderr] 
[INFO] [stderr]   cargo:rustc-cfg=libgit2_vendored
[INFO] [stderr]   libgit2/include/git2.h => /opt/rustwide/target/debug/build/libgit2-sys-8d7392fb7ae929a4/out/include/git2.h
[INFO] [stderr]   libgit2/include/git2/errors.h => /opt/rustwide/target/debug/build/libgit2-sys-8d7392fb7ae929a4/out/include/git2/errors.h
[INFO] [stderr]   libgit2/include/git2/refs.h => /opt/rustwide/target/debug/build/libgit2-sys-8d7392fb7ae929a4/out/include/git2/refs.h
[INFO] [stderr]   libgit2/include/git2/reflog.h => /opt/rustwide/target/debug/build/libgit2-sys-8d7392fb7ae929a4/out/include/git2/reflog.h
[INFO] [stderr]   libgit2/include/git2/signature.h => /opt/rustwide/target/debug/build/libgit2-sys-8d7392fb7ae929a4/out/include/git2/signature.h
[INFO] [stderr]   libgit2/include/git2/index.h => /opt/rustwide/target/debug/build/libgit2-sys-8d7392fb7ae929a4/out/include/git2/index.h
[INFO] [stderr]   libgit2/include/git2/object.h => /opt/rustwide/target/debug/build/libgit2-sys-8d7392fb7ae929a4/out/include/git2/object.h
[INFO] [stderr]   libgit2/include/git2/pack.h => /opt/rustwide/target/debug/build/libgit2-sys-8d7392fb7ae929a4/out/include/git2/pack.h
[INFO] [stderr]   libgit2/include/git2/revert.h => /opt/rustwide/target/debug/build/libgit2-sys-8d7392fb7ae929a4/out/include/git2/revert.h
[INFO] [stderr]   libgit2/include/git2/trace.h => /opt/rustwide/target/debug/build/libgit2-sys-8d7392fb7ae929a4/out/include/git2/trace.h
[INFO] [stderr]   libgit2/include/git2/apply.h => /opt/rustwide/target/debug/build/libgit2-sys-8d7392fb7ae929a4/out/include/git2/apply.h
[INFO] [stderr]   libgit2/include/git2/strarray.h => /opt/rustwide/target/debug/build/libgit2-sys-8d7392fb7ae929a4/out/include/git2/strarray.h
[INFO] [stderr]   libgit2/include/git2/revwalk.h => /opt/rustwide/target/debug/build/libgit2-sys-8d7392fb7ae929a4/out/include/git2/revwalk.h
[INFO] [stderr]   libgit2/include/git2/mailmap.h => /opt/rustwide/target/debug/build/libgit2-sys-8d7392fb7ae929a4/out/include/git2/mailmap.h
[INFO] [stderr]   libgit2/include/git2/remote.h => /opt/rustwide/target/debug/build/libgit2-sys-8d7392fb7ae929a4/out/include/git2/remote.h
[INFO] [stderr]   libgit2/include/git2/clone.h => /opt/rustwide/target/debug/build/libgit2-sys-8d7392fb7ae929a4/out/include/git2/clone.h
[INFO] [stderr]   libgit2/include/git2/branch.h => /opt/rustwide/target/debug/build/libgit2-sys-8d7392fb7ae929a4/out/include/git2/branch.h
[INFO] [stderr]   libgit2/include/git2/types.h => /opt/rustwide/target/debug/build/libgit2-sys-8d7392fb7ae929a4/out/include/git2/types.h
[INFO] [stderr]   libgit2/include/git2/transport.h => /opt/rustwide/target/debug/build/libgit2-sys-8d7392fb7ae929a4/out/include/git2/transport.h
[INFO] [stderr]   libgit2/include/git2/status.h => /opt/rustwide/target/debug/build/libgit2-sys-8d7392fb7ae929a4/out/include/git2/status.h
[INFO] [stderr]   libgit2/include/git2/tag.h => /opt/rustwide/target/debug/build/libgit2-sys-8d7392fb7ae929a4/out/include/git2/tag.h
[INFO] [stderr]   libgit2/include/git2/commit.h => /opt/rustwide/target/debug/build/libgit2-sys-8d7392fb7ae929a4/out/include/git2/commit.h
[INFO] [stderr]   libgit2/include/git2/indexer.h => /opt/rustwide/target/debug/build/libgit2-sys-8d7392fb7ae929a4/out/include/git2/indexer.h
[INFO] [stderr]   libgit2/include/git2/blob.h => /opt/rustwide/target/debug/build/libgit2-sys-8d7392fb7ae929a4/out/include/git2/blob.h
[INFO] [stderr]   libgit2/include/git2/proxy.h => /opt/rustwide/target/debug/build/libgit2-sys-8d7392fb7ae929a4/out/include/git2/proxy.h
[INFO] [stderr]   libgit2/include/git2/revparse.h => /opt/rustwide/target/debug/build/libgit2-sys-8d7392fb7ae929a4/out/include/git2/revparse.h
[INFO] [stderr]   libgit2/include/git2/message.h => /opt/rustwide/target/debug/build/libgit2-sys-8d7392fb7ae929a4/out/include/git2/message.h
[INFO] [stderr]   libgit2/include/git2/notes.h => /opt/rustwide/target/debug/build/libgit2-sys-8d7392fb7ae929a4/out/include/git2/notes.h
[INFO] [stderr]   libgit2/include/git2/buffer.h => /opt/rustwide/target/debug/build/libgit2-sys-8d7392fb7ae929a4/out/include/git2/buffer.h
[INFO] [stderr]   libgit2/include/git2/oidarray.h => /opt/rustwide/target/debug/build/libgit2-sys-8d7392fb7ae929a4/out/include/git2/oidarray.h
[INFO] [stderr]   libgit2/include/git2/odb_backend.h => /opt/rustwide/target/debug/build/libgit2-sys-8d7392fb7ae929a4/out/include/git2/odb_backend.h
[INFO] [stderr]   libgit2/include/git2/annotated_commit.h => /opt/rustwide/target/debug/build/libgit2-sys-8d7392fb7ae929a4/out/include/git2/annotated_commit.h
[INFO] [stderr]   libgit2/include/git2/describe.h => /opt/rustwide/target/debug/build/libgit2-sys-8d7392fb7ae929a4/out/include/git2/describe.h
[INFO] [stderr]   libgit2/include/git2/blame.h => /opt/rustwide/target/debug/build/libgit2-sys-8d7392fb7ae929a4/out/include/git2/blame.h
[INFO] [stderr]   libgit2/include/git2/stdint.h => /opt/rustwide/target/debug/build/libgit2-sys-8d7392fb7ae929a4/out/include/git2/stdint.h
[INFO] [stderr]   libgit2/include/git2/repository.h => /opt/rustwide/target/debug/build/libgit2-sys-8d7392fb7ae929a4/out/include/git2/repository.h
[INFO] [stderr]   libgit2/include/git2/email.h => /opt/rustwide/target/debug/build/libgit2-sys-8d7392fb7ae929a4/out/include/git2/email.h
[INFO] [stderr]   libgit2/include/git2/filter.h => /opt/rustwide/target/debug/build/libgit2-sys-8d7392fb7ae929a4/out/include/git2/filter.h
[INFO] [stderr]   libgit2/include/git2/common.h => /opt/rustwide/target/debug/build/libgit2-sys-8d7392fb7ae929a4/out/include/git2/common.h
[INFO] [stderr]   libgit2/include/git2/reset.h => /opt/rustwide/target/debug/build/libgit2-sys-8d7392fb7ae929a4/out/include/git2/reset.h
[INFO] [stderr]   libgit2/include/git2/net.h => /opt/rustwide/target/debug/build/libgit2-sys-8d7392fb7ae929a4/out/include/git2/net.h
[INFO] [stderr]   libgit2/include/git2/cherrypick.h => /opt/rustwide/target/debug/build/libgit2-sys-8d7392fb7ae929a4/out/include/git2/cherrypick.h
[INFO] [stderr]   libgit2/include/git2/deprecated.h => /opt/rustwide/target/debug/build/libgit2-sys-8d7392fb7ae929a4/out/include/git2/deprecated.h
[INFO] [stderr]   libgit2/include/git2/sys/refs.h => /opt/rustwide/target/debug/build/libgit2-sys-8d7392fb7ae929a4/out/include/git2/sys/refs.h
[INFO] [stderr]   libgit2/include/git2/sys/midx.h => /opt/rustwide/target/debug/build/libgit2-sys-8d7392fb7ae929a4/out/include/git2/sys/midx.h
[INFO] [stderr]   libgit2/include/git2/sys/reflog.h => /opt/rustwide/target/debug/build/libgit2-sys-8d7392fb7ae929a4/out/include/git2/sys/reflog.h
[INFO] [stderr]   libgit2/include/git2/sys/index.h => /opt/rustwide/target/debug/build/libgit2-sys-8d7392fb7ae929a4/out/include/git2/sys/index.h
[INFO] [stderr]   libgit2/include/git2/sys/mempack.h => /opt/rustwide/target/debug/build/libgit2-sys-8d7392fb7ae929a4/out/include/git2/sys/mempack.h
[INFO] [stderr]   libgit2/include/git2/sys/remote.h => /opt/rustwide/target/debug/build/libgit2-sys-8d7392fb7ae929a4/out/include/git2/sys/remote.h
[INFO] [stderr]   libgit2/include/git2/sys/transport.h => /opt/rustwide/target/debug/build/libgit2-sys-8d7392fb7ae929a4/out/include/git2/sys/transport.h
[INFO] [stderr]   libgit2/include/git2/sys/commit_graph.h => /opt/rustwide/target/debug/build/libgit2-sys-8d7392fb7ae929a4/out/include/git2/sys/commit_graph.h
[INFO] [stderr]   libgit2/include/git2/sys/openssl.h => /opt/rustwide/target/debug/build/libgit2-sys-8d7392fb7ae929a4/out/include/git2/sys/openssl.h
[INFO] [stderr]   libgit2/include/git2/sys/commit.h => /opt/rustwide/target/debug/build/libgit2-sys-8d7392fb7ae929a4/out/include/git2/sys/commit.h
[INFO] [stderr]   libgit2/include/git2/sys/hashsig.h => /opt/rustwide/target/debug/build/libgit2-sys-8d7392fb7ae929a4/out/include/git2/sys/hashsig.h
[INFO] [stderr]   libgit2/include/git2/sys/alloc.h => /opt/rustwide/target/debug/build/libgit2-sys-8d7392fb7ae929a4/out/include/git2/sys/alloc.h
[INFO] [stderr]   libgit2/include/git2/sys/odb_backend.h => /opt/rustwide/target/debug/build/libgit2-sys-8d7392fb7ae929a4/out/include/git2/sys/odb_backend.h
[INFO] [stderr]   libgit2/include/git2/sys/cred.h => /opt/rustwide/target/debug/build/libgit2-sys-8d7392fb7ae929a4/out/include/git2/sys/cred.h
[INFO] [stderr]   libgit2/include/git2/sys/repository.h => /opt/rustwide/target/debug/build/libgit2-sys-8d7392fb7ae929a4/out/include/git2/sys/repository.h
[INFO] [stderr]   libgit2/include/git2/sys/path.h => /opt/rustwide/target/debug/build/libgit2-sys-8d7392fb7ae929a4/out/include/git2/sys/path.h
[INFO] [stderr]   libgit2/include/git2/sys/email.h => /opt/rustwide/target/debug/build/libgit2-sys-8d7392fb7ae929a4/out/include/git2/sys/email.h
[INFO] [stderr]   libgit2/include/git2/sys/filter.h => /opt/rustwide/target/debug/build/libgit2-sys-8d7392fb7ae929a4/out/include/git2/sys/filter.h
[INFO] [stderr]   libgit2/include/git2/sys/merge.h => /opt/rustwide/target/debug/build/libgit2-sys-8d7392fb7ae929a4/out/include/git2/sys/merge.h
[INFO] [stderr]   libgit2/include/git2/sys/config.h => /opt/rustwide/target/debug/build/libgit2-sys-8d7392fb7ae929a4/out/include/git2/sys/config.h
[INFO] [stderr]   libgit2/include/git2/sys/stream.h => /opt/rustwide/target/debug/build/libgit2-sys-8d7392fb7ae929a4/out/include/git2/sys/stream.h
[INFO] [stderr]   libgit2/include/git2/sys/credential.h => /opt/rustwide/target/debug/build/libgit2-sys-8d7392fb7ae929a4/out/include/git2/sys/credential.h
[INFO] [stderr]   libgit2/include/git2/sys/diff.h => /opt/rustwide/target/debug/build/libgit2-sys-8d7392fb7ae929a4/out/include/git2/sys/diff.h
[INFO] [stderr]   libgit2/include/git2/sys/refdb_backend.h => /opt/rustwide/target/debug/build/libgit2-sys-8d7392fb7ae929a4/out/include/git2/sys/refdb_backend.h
[INFO] [stderr]   libgit2/include/git2/merge.h => /opt/rustwide/target/debug/build/libgit2-sys-8d7392fb7ae929a4/out/include/git2/merge.h
[INFO] [stderr]   libgit2/include/git2/config.h => /opt/rustwide/target/debug/build/libgit2-sys-8d7392fb7ae929a4/out/include/git2/config.h
[INFO] [stderr]   libgit2/include/git2/patch.h => /opt/rustwide/target/debug/build/libgit2-sys-8d7392fb7ae929a4/out/include/git2/patch.h
[INFO] [stderr]   libgit2/include/git2/pathspec.h => /opt/rustwide/target/debug/build/libgit2-sys-8d7392fb7ae929a4/out/include/git2/pathspec.h
[INFO] [stderr]   libgit2/include/git2/stash.h => /opt/rustwide/target/debug/build/libgit2-sys-8d7392fb7ae929a4/out/include/git2/stash.h
[INFO] [stderr]   libgit2/include/git2/credential.h => /opt/rustwide/target/debug/build/libgit2-sys-8d7392fb7ae929a4/out/include/git2/credential.h
[INFO] [stderr]   libgit2/include/git2/version.h => /opt/rustwide/target/debug/build/libgit2-sys-8d7392fb7ae929a4/out/include/git2/version.h
[INFO] [stderr]   libgit2/include/git2/experimental.h => /opt/rustwide/target/debug/build/libgit2-sys-8d7392fb7ae929a4/out/include/git2/experimental.h
[INFO] [stderr]   libgit2/include/git2/refspec.h => /opt/rustwide/target/debug/build/libgit2-sys-8d7392fb7ae929a4/out/include/git2/refspec.h
[INFO] [stderr]   libgit2/include/git2/diff.h => /opt/rustwide/target/debug/build/libgit2-sys-8d7392fb7ae929a4/out/include/git2/diff.h
[INFO] [stderr]   libgit2/include/git2/odb.h => /opt/rustwide/target/debug/build/libgit2-sys-8d7392fb7ae929a4/out/include/git2/odb.h
[INFO] [stderr]   libgit2/include/git2/worktree.h => /opt/rustwide/target/debug/build/libgit2-sys-8d7392fb7ae929a4/out/include/git2/worktree.h
[INFO] [stderr]   libgit2/include/git2/transaction.h => /opt/rustwide/target/debug/build/libgit2-sys-8d7392fb7ae929a4/out/include/git2/transaction.h
[INFO] [stderr]   libgit2/include/git2/attr.h => /opt/rustwide/target/debug/build/libgit2-sys-8d7392fb7ae929a4/out/include/git2/attr.h
[INFO] [stderr]   libgit2/include/git2/tree.h => /opt/rustwide/target/debug/build/libgit2-sys-8d7392fb7ae929a4/out/include/git2/tree.h
[INFO] [stderr]   libgit2/include/git2/global.h => /opt/rustwide/target/debug/build/libgit2-sys-8d7392fb7ae929a4/out/include/git2/global.h
[INFO] [stderr]   libgit2/include/git2/checkout.h => /opt/rustwide/target/debug/build/libgit2-sys-8d7392fb7ae929a4/out/include/git2/checkout.h
[INFO] [stderr]   libgit2/include/git2/submodule.h => /opt/rustwide/target/debug/build/libgit2-sys-8d7392fb7ae929a4/out/include/git2/submodule.h
[INFO] [stderr]   libgit2/include/git2/cred_helpers.h => /opt/rustwide/target/debug/build/libgit2-sys-8d7392fb7ae929a4/out/include/git2/cred_helpers.h
[INFO] [stderr]   libgit2/include/git2/ignore.h => /opt/rustwide/target/debug/build/libgit2-sys-8d7392fb7ae929a4/out/include/git2/ignore.h
[INFO] [stderr]   libgit2/include/git2/credential_helpers.h => /opt/rustwide/target/debug/build/libgit2-sys-8d7392fb7ae929a4/out/include/git2/credential_helpers.h
[INFO] [stderr]   libgit2/include/git2/refdb.h => /opt/rustwide/target/debug/build/libgit2-sys-8d7392fb7ae929a4/out/include/git2/refdb.h
[INFO] [stderr]   libgit2/include/git2/cert.h => /opt/rustwide/target/debug/build/libgit2-sys-8d7392fb7ae929a4/out/include/git2/cert.h
[INFO] [stderr]   libgit2/include/git2/rebase.h => /opt/rustwide/target/debug/build/libgit2-sys-8d7392fb7ae929a4/out/include/git2/rebase.h
[INFO] [stderr]   libgit2/include/git2/oid.h => /opt/rustwide/target/debug/build/libgit2-sys-8d7392fb7ae929a4/out/include/git2/oid.h
[INFO] [stderr]   libgit2/include/git2/graph.h => /opt/rustwide/target/debug/build/libgit2-sys-8d7392fb7ae929a4/out/include/git2/graph.h
[INFO] [stderr]   TARGET = Some("x86_64-unknown-linux-gnu")
[INFO] [stderr]   OPT_LEVEL = Some("0")
[INFO] [stderr]   HOST = Some("x86_64-unknown-linux-gnu")
[INFO] [stderr]   cargo:rerun-if-env-changed=CC_x86_64-unknown-linux-gnu
[INFO] [stderr]   CC_x86_64-unknown-linux-gnu = None
[INFO] [stderr]   cargo:rerun-if-env-changed=CC_x86_64_unknown_linux_gnu
[INFO] [stderr]   CC_x86_64_unknown_linux_gnu = None
[INFO] [stderr]   cargo:rerun-if-env-changed=HOST_CC
[INFO] [stderr]   HOST_CC = None
[INFO] [stderr]   cargo:rerun-if-env-changed=CC
[INFO] [stderr]   CC = None
[INFO] [stderr]   cargo:rerun-if-env-changed=CC_ENABLE_DEBUG_OUTPUT
[INFO] [stderr]   cargo:rerun-if-env-changed=CRATE_CC_NO_DEFAULTS
[INFO] [stderr]   CRATE_CC_NO_DEFAULTS = None
[INFO] [stderr]   DEBUG = Some("true")
[INFO] [stderr]   CARGO_CFG_TARGET_FEATURE = Some("fxsr,sse,sse2")
[INFO] [stderr]   cargo:rerun-if-env-changed=CFLAGS_x86_64-unknown-linux-gnu
[INFO] [stderr]   CFLAGS_x86_64-unknown-linux-gnu = None
[INFO] [stderr]   cargo:rerun-if-env-changed=CFLAGS_x86_64_unknown_linux_gnu
[INFO] [stderr]   CFLAGS_x86_64_unknown_linux_gnu = None
[INFO] [stderr]   cargo:rerun-if-env-changed=HOST_CFLAGS
[INFO] [stderr]   HOST_CFLAGS = None
[INFO] [stderr]   cargo:rerun-if-env-changed=CFLAGS
[INFO] [stderr]   CFLAGS = None
[INFO] [stderr]   exit status: 0
[INFO] [stderr]   exit status: 0
[INFO] [stderr]   exit status: 0
[INFO] [stderr]   exit status: 0
[INFO] [stderr]   exit status: 0
[INFO] [stderr]   exit status: 0
[INFO] [stderr]   exit status: 0
[INFO] [stderr]   exit status: 0
[INFO] [stderr]   exit status: 0
[INFO] [stderr]   exit status: 0
[INFO] [stderr]   exit status: 0
[INFO] [stderr]   exit status: 0
[INFO] [stderr]   exit status: 0
[INFO] [stderr]   exit status: 0
[INFO] [stderr]   exit status: 0
[INFO] [stderr]   exit status: 0
[INFO] [stderr]   exit status: 0
[INFO] [stderr]   exit status: 0
[INFO] [stderr]   exit status: 0
[INFO] [stderr]   exit status: 0
[INFO] [stderr]   exit status: 0
[INFO] [stderr]   exit status: 0
[INFO] [stderr]   exit status: 0
[INFO] [stderr]   exit status: 0
[INFO] [stderr]   exit status: 0
[INFO] [stderr]   exit status: 0
[INFO] [stderr]   exit status: 0
[INFO] [stderr]   exit status: 0
[INFO] [stderr]   exit status: 0
[INFO] [stderr]   exit status: 0
[INFO] [stderr]   exit status: 0
[INFO] [stderr]   exit status: 0
[INFO] [stderr]   cargo:warning=libgit2/src/libgit2/diff_xdiff.c:261:1: fatal error: error writing to /tmp/ccXPqAGR.s: No space left on device
[INFO] [stderr]   cargo:warning=  261 | }
[INFO] [stderr]   cargo:warning=      | ^
[INFO] [stderr]   cargo:warning=compilation terminated.
[INFO] [stderr]   exit status: 0
[INFO] [stderr]   exit status: 1
[INFO] [stderr]   cargo:warning=ToolExecError: Command "cc" "-O0" "-ffunction-sections" "-fdata-sections" "-fPIC" "-gdwarf-4" "-fno-omit-frame-pointer" "-m64" "-I" "/opt/rustwide/target/debug/build/libgit2-sys-8d7392fb7ae929a4/out/include" "-I" "libgit2/src/libgit2" "-I" "libgit2/src/util" "-I" "libgit2/deps/http-parser" "-I" "libgit2/deps/xdiff" "-I" "libgit2/deps/pcre" "-I" "/usr/include" "-fvisibility=hidden" "-DGIT_REGEX_BUILTIN=1" "-DHAVE_STDINT_H=1" "-DHAVE_MEMMOVE=1" "-DNO_RECURSE=1" "-DNEWLINE=10" "-DPOSIX_MALLOC_THRESHOLD=10" "-DLINK_SIZE=2" "-DPARENS_NEST_LIMIT=250" "-DMATCH_LIMIT=10000000" "-DMATCH_LIMIT_RECURSION=MATCH_LIMIT" "-DMAX_NAME_SIZE=32" "-DMAX_NAME_COUNT=10000" "-DSHA1DC_NO_STANDARD_INCLUDES=1" "-DSHA1DC_CUSTOM_INCLUDE_SHA1_C=\"common.h\"" "-DSHA1DC_CUSTOM_INCLUDE_UBC_CHECK_C=\"common.h\"" "-o" "/opt/rustwide/target/debug/build/libgit2-sys-8d7392fb7ae929a4/out/build/9646caca89e97167-diff_xdiff.o" "-c" "libgit2/src/libgit2/diff_xdiff.c" with args cc did not execute successfully (status code exit status: 1).cargo:warning=libgit2/src/libgit2/diff_stats.c:376:1: fatal error: error writing to /tmp/ccxKDOz6.s: No space left on device
[INFO] [stderr]   cargo:warning=  376 | }
[INFO] [stderr]   cargo:warning=      | ^
[INFO] [stderr]   cargo:warning=compilation terminated.
[INFO] [stderr] 
[INFO] [stderr]   exit status: 1
[INFO] [stderr]   cargo:warning=ToolExecError: Command "cc" "-O0" "-ffunction-sections" "-fdata-sections" "-fPIC" "-gdwarf-4" "-fno-omit-frame-pointer" "-m64" "-I" "/opt/rustwide/target/debug/build/libgit2-sys-8d7392fb7ae929a4/out/include" "-I" "libgit2/src/libgit2" "-I" "libgit2/src/util" "-I" "libgit2/deps/http-parser" "-I" "libgit2/deps/xdiff" "-I" "libgit2/deps/pcre" "-I" "/usr/include" "-fvisibility=hidden" "-DGIT_REGEX_BUILTIN=1" "-DHAVE_STDINT_H=1" "-DHAVE_MEMMOVE=1" "-DNO_RECURSE=1" "-DNEWLINE=10" "-DPOSIX_MALLOC_THRESHOLD=10" "-DLINK_SIZE=2" "-DPARENS_NEST_LIMIT=250" "-DMATCH_LIMIT=10000000" "-DMATCH_LIMIT_RECURSION=MATCH_LIMIT" "-DMAX_NAME_SIZE=32" "-DMAX_NAME_COUNT=10000" "-DSHA1DC_NO_STANDARD_INCLUDES=1" "-DSHA1DC_CUSTOM_INCLUDE_SHA1_C=\"common.h\"" "-DSHA1DC_CUSTOM_INCLUDE_UBC_CHECK_C=\"common.h\"" "-o" "/opt/rustwide/target/debug/build/libgit2-sys-8d7392fb7ae929a4/out/build/9646caca89e97167-diff_stats.o" "-c" "libgit2/src/libgit2/diff_stats.c" with args cc did not execute successfully (status code exit status: 1).cargo:warning=libgit2/src/libgit2/diff_tform.c:1123:1: fatal error: error writing to /tmp/ccpnlnB7.s: No space left on device
[INFO] [stderr]   cargo:warning= 1123 | }
[INFO] [stderr]   cargo:warning=      | ^
[INFO] [stderr]   cargo:warning=compilation terminated.
[INFO] [stderr] 
[INFO] [stderr]   exit status: 1
[INFO] [stderr]   cargo:warning=ToolExecError: Command "cc" "-O0" "-ffunction-sections" "-fdata-sections" "-fPIC" "-gdwarf-4" "-fno-omit-frame-pointer" "-m64" "-I" "/opt/rustwide/target/debug/build/libgit2-sys-8d7392fb7ae929a4/out/include" "-I" "libgit2/src/libgit2" "-I" "libgit2/src/util" "-I" "libgit2/deps/http-parser" "-I" "libgit2/deps/xdiff" "-I" "libgit2/deps/pcre" "-I" "/usr/include" "-fvisibility=hidden" "-DGIT_REGEX_BUILTIN=1" "-DHAVE_STDINT_H=1" "-DHAVE_MEMMOVE=1" "-DNO_RECURSE=1" "-DNEWLINE=10" "-DPOSIX_MALLOC_THRESHOLD=10" "-DLINK_SIZE=2" "-DPARENS_NEST_LIMIT=250" "-DMATCH_LIMIT=10000000" "-DMATCH_LIMIT_RECURSION=MATCH_LIMIT" "-DMAX_NAME_SIZE=32" "-DMAX_NAME_COUNT=10000" "-DSHA1DC_NO_STANDARD_INCLUDES=1" "-DSHA1DC_CUSTOM_INCLUDE_SHA1_C=\"common.h\"" "-DSHA1DC_CUSTOM_INCLUDE_UBC_CHECK_C=\"common.h\"" "-o" "/opt/rustwide/target/debug/build/libgit2-sys-8d7392fb7ae929a4/out/build/9646caca89e97167-diff_tform.o" "-c" "libgit2/src/libgit2/diff_tform.c" with args cc did not execute successfully (status code exit status: 1).cargo:warning=libgit2/src/libgit2/email.c:316:1: fatal error: error writing to /tmp/cckpb4ZV.s: No space left on device
[INFO] [stderr]   cargo:warning=  316 | }
[INFO] [stderr]   cargo:warning=      | ^
[INFO] [stderr]   cargo:warning=compilation terminated.
[INFO] [stderr] 
[INFO] [stderr]   exit status: 1
[INFO] [stderr]   cargo:warning=ToolExecError: Command "cc" "-O0" "-ffunction-sections" "-fdata-sections" "-fPIC" "-gdwarf-4" "-fno-omit-frame-pointer" "-m64" "-I" "/opt/rustwide/target/debug/build/libgit2-sys-8d7392fb7ae929a4/out/include" "-I" "libgit2/src/libgit2" "-I" "libgit2/src/util" "-I" "libgit2/deps/http-parser" "-I" "libgit2/deps/xdiff" "-I" "libgit2/deps/pcre" "-I" "/usr/include" "-fvisibility=hidden" "-DGIT_REGEX_BUILTIN=1" "-DHAVE_STDINT_H=1" "-DHAVE_MEMMOVE=1" "-DNO_RECURSE=1" "-DNEWLINE=10" "-DPOSIX_MALLOC_THRESHOLD=10" "-DLINK_SIZE=2" "-DPARENS_NEST_LIMIT=250" "-DMATCH_LIMIT=10000000" "-DMATCH_LIMIT_RECURSION=MATCH_LIMIT" "-DMAX_NAME_SIZE=32" "-DMAX_NAME_COUNT=10000" "-DSHA1DC_NO_STANDARD_INCLUDES=1" "-DSHA1DC_CUSTOM_INCLUDE_SHA1_C=\"common.h\"" "-DSHA1DC_CUSTOM_INCLUDE_UBC_CHECK_C=\"common.h\"" "-o" "/opt/rustwide/target/debug/build/libgit2-sys-8d7392fb7ae929a4/out/build/9646caca89e97167-email.o" "-c" "libgit2/src/libgit2/email.c" with args cc did not execute successfully (status code exit status: 1).cargo:warning=libgit2/src/libgit2/errors.c:292:1: fatal error: error writing to /tmp/ccDOCYEP.s: No space left on device
[INFO] [stderr]   cargo:warning=  292 | }
[INFO] [stderr]   cargo:warning=      | ^
[INFO] [stderr]   cargo:warning=compilation terminated.
[INFO] [stderr] 
[INFO] [stderr]   exit status: 1
[INFO] [stderr]   cargo:warning=ToolExecError: Command "cc" "-O0" "-ffunction-sections" "-fdata-sections" "-fPIC" "-gdwarf-4" "-fno-omit-frame-pointer" "-m64" "-I" "/opt/rustwide/target/debug/build/libgit2-sys-8d7392fb7ae929a4/out/include" "-I" "libgit2/src/libgit2" "-I" "libgit2/src/util" "-I" "libgit2/deps/http-parser" "-I" "libgit2/deps/xdiff" "-I" "libgit2/deps/pcre" "-I" "/usr/include" "-fvisibility=hidden" "-DGIT_REGEX_BUILTIN=1" "-DHAVE_STDINT_H=1" "-DHAVE_MEMMOVE=1" "-DNO_RECURSE=1" "-DNEWLINE=10" "-DPOSIX_MALLOC_THRESHOLD=10" "-DLINK_SIZE=2" "-DPARENS_NEST_LIMIT=250" "-DMATCH_LIMIT=10000000" "-DMATCH_LIMIT_RECURSION=MATCH_LIMIT" "-DMAX_NAME_SIZE=32" "-DMAX_NAME_COUNT=10000" "-DSHA1DC_NO_STANDARD_INCLUDES=1" "-DSHA1DC_CUSTOM_INCLUDE_SHA1_C=\"common.h\"" "-DSHA1DC_CUSTOM_INCLUDE_UBC_CHECK_C=\"common.h\"" "-o" "/opt/rustwide/target/debug/build/libgit2-sys-8d7392fb7ae929a4/out/build/9646caca89e97167-errors.o" "-c" "libgit2/src/libgit2/errors.c" with args cc did not execute successfully (status code exit status: 1).cargo:warning=libgit2/src/libgit2/fetchhead.c:339:1: fatal error: error writing to /tmp/cctdjiB9.s: No space left on device
[INFO] [stderr]   cargo:warning=  339 | }
[INFO] [stderr]   cargo:warning=      | ^
[INFO] [stderr]   cargo:warning=compilation terminated.
[INFO] [stderr] 
[INFO] [stderr]   exit status: 1
[INFO] [stderr]   cargo:warning=ToolExecError: Command "cc" "-O0" "-ffunction-sections" "-fdata-sections" "-fPIC" "-gdwarf-4" "-fno-omit-frame-pointer" "-m64" "-I" "/opt/rustwide/target/debug/build/libgit2-sys-8d7392fb7ae929a4/out/include" "-I" "libgit2/src/libgit2" "-I" "libgit2/src/util" "-I" "libgit2/deps/http-parser" "-I" "libgit2/deps/xdiff" "-I" "libgit2/deps/pcre" "-I" "/usr/include" "-fvisibility=hidden" "-DGIT_REGEX_BUILTIN=1" "-DHAVE_STDINT_H=1" "-DHAVE_MEMMOVE=1" "-DNO_RECURSE=1" "-DNEWLINE=10" "-DPOSIX_MALLOC_THRESHOLD=10" "-DLINK_SIZE=2" "-DPARENS_NEST_LIMIT=250" "-DMATCH_LIMIT=10000000" "-DMATCH_LIMIT_RECURSION=MATCH_LIMIT" "-DMAX_NAME_SIZE=32" "-DMAX_NAME_COUNT=10000" "-DSHA1DC_NO_STANDARD_INCLUDES=1" "-DSHA1DC_CUSTOM_INCLUDE_SHA1_C=\"common.h\"" "-DSHA1DC_CUSTOM_INCLUDE_UBC_CHECK_C=\"common.h\"" "-o" "/opt/rustwide/target/debug/build/libgit2-sys-8d7392fb7ae929a4/out/build/9646caca89e97167-fetchhead.o" "-c" "libgit2/src/libgit2/fetchhead.c" with args cc did not execute successfully (status code exit status: 1).cargo:warning=libgit2/src/libgit2/grafts.c:272:1: fatal error: error writing to /tmp/cc3d7lKh.s: No space left on device
[INFO] [stderr]   cargo:warning=  272 | }
[INFO] [stderr]   cargo:warning=      | ^
[INFO] [stderr]   cargo:warning=compilation terminated.
[INFO] [stderr] 
[INFO] [stderr]   exit status: 0
[INFO] [stderr]   exit status: 1
[INFO] [stderr]   cargo:warning=ToolExecError: Command "cc" "-O0" "-ffunction-sections" "-fdata-sections" "-fPIC" "-gdwarf-4" "-fno-omit-frame-pointer" "-m64" "-I" "/opt/rustwide/target/debug/build/libgit2-sys-8d7392fb7ae929a4/out/include" "-I" "libgit2/src/libgit2" "-I" "libgit2/src/util" "-I" "libgit2/deps/http-parser" "-I" "libgit2/deps/xdiff" "-I" "libgit2/deps/pcre" "-I" "/usr/include" "-fvisibility=hidden" "-DGIT_REGEX_BUILTIN=1" "-DHAVE_STDINT_H=1" "-DHAVE_MEMMOVE=1" "-DNO_RECURSE=1" "-DNEWLINE=10" "-DPOSIX_MALLOC_THRESHOLD=10" "-DLINK_SIZE=2" "-DPARENS_NEST_LIMIT=250" "-DMATCH_LIMIT=10000000" "-DMATCH_LIMIT_RECURSION=MATCH_LIMIT" "-DMAX_NAME_SIZE=32" "-DMAX_NAME_COUNT=10000" "-DSHA1DC_NO_STANDARD_INCLUDES=1" "-DSHA1DC_CUSTOM_INCLUDE_SHA1_C=\"common.h\"" "-DSHA1DC_CUSTOM_INCLUDE_UBC_CHECK_C=\"common.h\"" "-o" "/opt/rustwide/target/debug/build/libgit2-sys-8d7392fb7ae929a4/out/build/9646caca89e97167-grafts.o" "-c" "libgit2/src/libgit2/grafts.c" with args cc did not execute successfully (status code exit status: 1).
[INFO] [stderr]   exit status: 0
[INFO] [stderr]   exit status: 0
[INFO] [stderr]   exit status: 0
[INFO] [stderr]   exit status: 0
[INFO] [stderr]   exit status: 0
[INFO] [stderr]   exit status: 0
[INFO] [stderr]   exit status: 0
[INFO] [stderr]   exit status: 0
[INFO] [stderr]   exit status: 0
[INFO] [stderr]   exit status: 0
[INFO] [stderr]   exit status: 0
[INFO] [stderr]   exit status: 0
[INFO] [stderr]   exit status: 0
[INFO] [stderr]   exit status: 0
[INFO] [stderr]   exit status: 0
[INFO] [stderr]   exit status: 0
[INFO] [stderr]   exit status: 0
[INFO] [stderr]   exit status: 0
[INFO] [stderr]   exit status: 0
[INFO] [stderr]   exit status: 0
[INFO] [stderr]   exit status: 0
[INFO] [stderr]   exit status: 0
[INFO] [stderr]   exit status: 0
[INFO] [stderr]   exit status: 0
[INFO] [stderr]   exit status: 0
[INFO] [stderr]   exit status: 0
[INFO] [stderr]   exit status: 0
[INFO] [stderr]   exit status: 0
[INFO] [stderr]   exit status: 0
[INFO] [stderr]   exit status: 0
[INFO] [stderr]   exit status: 0
[INFO] [stderr]   exit status: 0
[INFO] [stderr]   exit status: 0
[INFO] [stderr]   exit status: 0
[INFO] [stderr]   exit status: 0
[INFO] [stderr]   exit status: 0
[INFO] [stderr]   exit status: 0
[INFO] [stderr]   exit status: 0
[INFO] [stderr]   exit status: 0
[INFO] [stderr]   exit status: 0
[INFO] [stderr]   exit status: 0
[INFO] [stderr]   exit status: 0
[INFO] [stderr]   exit status: 0
[INFO] [stderr]   exit status: 0
[INFO] [stderr]   exit status: 0
[INFO] [stderr]   exit status: 0
[INFO] [stderr]   exit status: 0
[INFO] [stderr]   exit status: 0
[INFO] [stderr]   exit status: 0
[INFO] [stderr]   exit status: 0
[INFO] [stderr]   exit status: 0
[INFO] [stderr]   exit status: 0
[INFO] [stderr]   exit status: 0
[INFO] [stderr]   exit status: 0
[INFO] [stderr]   exit status: 0
[INFO] [stderr]   exit status: 0
[INFO] [stderr]   exit status: 0
[INFO] [stderr]   exit status: 0
[INFO] [stderr]   exit status: 0
[INFO] [stderr]   exit status: 0
[INFO] [stderr]   exit status: 0
[INFO] [stderr]   exit status: 0
[INFO] [stderr]   exit status: 0
[INFO] [stderr]   exit status: 0
[INFO] [stderr]   exit status: 0
[INFO] [stderr]   exit status: 0
[INFO] [stderr]   exit status: 0
[INFO] [stderr]   exit status: 0
[INFO] [stderr]   exit status: 0
[INFO] [stderr]   exit status: 0
[INFO] [stderr]   exit status: 0
[INFO] [stderr]   exit status: 0
[INFO] [stderr]   exit status: 0
[INFO] [stderr]   exit status: 0
[INFO] [stderr]   exit status: 0
[INFO] [stderr]   exit status: 0
[INFO] [stderr]   exit status: 0
[INFO] [stderr]   exit status: 0
[INFO] [stderr]   exit status: 0
[INFO] [stderr]   exit status: 0
[INFO] [stderr]   exit status: 0
[INFO] [stderr]   exit status: 0
[INFO] [stderr]   exit status: 0
[INFO] [stderr]   exit status: 0
[INFO] [stderr]   exit status: 0
[INFO] [stderr]   exit status: 0
[INFO] [stderr]   exit status: 0
[INFO] [stderr]   exit status: 0
[INFO] [stderr]   exit status: 0
[INFO] [stderr]   exit status: 0
[INFO] [stderr]   exit status: 0
[INFO] [stderr]   exit status: 0
[INFO] [stderr]   exit status: 0
[INFO] [stderr]   exit status: 0
[INFO] [stderr]   exit status: 0
[INFO] [stderr]   exit status: 0
[INFO] [stderr]   exit status: 0
[INFO] [stderr]   exit status: 0
[INFO] [stderr]   exit status: 0
[INFO] [stderr]   exit status: 0
[INFO] [stderr]   exit status: 0
[INFO] [stderr]   exit status: 0
[INFO] [stderr]   exit status: 0
[INFO] [stderr]   exit status: 0
[INFO] [stderr]   exit status: 0
[INFO] [stderr]   exit status: 0
[INFO] [stderr]   exit status: 0
[INFO] [stderr]   exit status: 0
[INFO] [stderr]   exit status: 0
[INFO] [stderr]   exit status: 0
[INFO] [stderr]   exit status: 0
[INFO] [stderr]   exit status: 0
[INFO] [stderr]   exit status: 0
[INFO] [stderr]   exit status: 0
[INFO] [stderr]   exit status: 0
[INFO] [stderr]   exit status: 0
[INFO] [stderr]   exit status: 0
[INFO] [stderr]   exit status: 0
[INFO] [stderr]   exit status: 0
[INFO] [stderr]   exit status: 0
[INFO] [stderr]   exit status: 0
[INFO] [stderr]   exit status: 0
[INFO] [stderr]   exit status: 0
[INFO] [stderr]   exit status: 0
[INFO] [stderr]   exit status: 0
[INFO] [stderr]   exit status: 0
[INFO] [stderr]   exit status: 0
[INFO] [stderr]   exit status: 0
[INFO] [stderr]   exit status: 0
[INFO] [stderr]   exit status: 0
[INFO] [stderr]   exit status: 0
[INFO] [stderr]   exit status: 0
[INFO] [stderr]   exit status: 0
[INFO] [stderr]   exit status: 0
[INFO] [stderr]   exit status: 0
[INFO] [stderr]   exit status: 0
[INFO] [stderr]   exit status: 0
[INFO] [stderr]   exit status: 0
[INFO] [stderr]   exit status: 0
[INFO] [stderr]   exit status: 0
[INFO] [stderr]   exit status: 0
[INFO] [stderr]   exit status: 0
[INFO] [stderr]   exit status: 0
[INFO] [stderr]   exit status: 0
[INFO] [stderr]   exit status: 0
[INFO] [stderr]   exit status: 0
[INFO] [stderr]   exit status: 0
[INFO] [stderr]   exit status: 0
[INFO] [stderr]   exit status: 0
[INFO] [stderr]   exit status: 0
[INFO] [stderr]   exit status: 0
[INFO] [stderr]   exit status: 0
[INFO] [stderr]   exit status: 0
[INFO] [stderr]   exit status: 0
[INFO] [stderr] 
[INFO] [stderr]   --- stderr
[INFO] [stderr] 
[INFO] [stderr] 
[INFO] [stderr]   error occurred: Command "cc" "-O0" "-ffunction-sections" "-fdata-sections" "-fPIC" "-gdwarf-4" "-fno-omit-frame-pointer" "-m64" "-I" "/opt/rustwide/target/debug/build/libgit2-sys-8d7392fb7ae929a4/out/include" "-I" "libgit2/src/libgit2" "-I" "libgit2/src/util" "-I" "libgit2/deps/http-parser" "-I" "libgit2/deps/xdiff" "-I" "libgit2/deps/pcre" "-I" "/usr/include" "-fvisibility=hidden" "-DGIT_REGEX_BUILTIN=1" "-DHAVE_STDINT_H=1" "-DHAVE_MEMMOVE=1" "-DNO_RECURSE=1" "-DNEWLINE=10" "-DPOSIX_MALLOC_THRESHOLD=10" "-DLINK_SIZE=2" "-DPARENS_NEST_LIMIT=250" "-DMATCH_LIMIT=10000000" "-DMATCH_LIMIT_RECURSION=MATCH_LIMIT" "-DMAX_NAME_SIZE=32" "-DMAX_NAME_COUNT=10000" "-DSHA1DC_NO_STANDARD_INCLUDES=1" "-DSHA1DC_CUSTOM_INCLUDE_SHA1_C=\"common.h\"" "-DSHA1DC_CUSTOM_INCLUDE_UBC_CHECK_C=\"common.h\"" "-o" "/opt/rustwide/target/debug/build/libgit2-sys-8d7392fb7ae929a4/out/build/9646caca89e97167-grafts.o" "-c" "libgit2/src/libgit2/grafts.c" with args cc did not execute successfully (status code exit status: 1).
[INFO] [stderr] 
[INFO] [stderr] 
[INFO] running `Command { std: "docker" "inspect" "11b6c8b44fa2f020fe9cf9d0ca8028e09061bd16058a660330da161e02a4cdd2", kill_on_drop: false }`
[INFO] running `Command { std: "docker" "rm" "-f" "11b6c8b44fa2f020fe9cf9d0ca8028e09061bd16058a660330da161e02a4cdd2", kill_on_drop: false }`
[INFO] [stdout] 11b6c8b44fa2f020fe9cf9d0ca8028e09061bd16058a660330da161e02a4cdd2
