[INFO] cloning repository https://github.com/porkg/porkg
[INFO] running `Command { std: "git" "-c" "credential.helper=" "-c" "credential.helper=/workspace/cargo-home/bin/git-credential-null" "clone" "--bare" "https://github.com/porkg/porkg" "/workspace/cache/git-repos/https%3A%2F%2Fgithub.com%2Fporkg%2Fporkg", kill_on_drop: false }`
[INFO] [stderr] Cloning into bare repository '/workspace/cache/git-repos/https%3A%2F%2Fgithub.com%2Fporkg%2Fporkg'...
[INFO] running `Command { std: "git" "rev-parse" "HEAD", kill_on_drop: false }`
[INFO] [stdout] 45409cfaf40675005fd2775a1c7cf61061d22b02
[INFO] testing porkg/porkg against 1.83.0 for beta-1.84.0-4-retry
[INFO] running `Command { std: "git" "clone" "/workspace/cache/git-repos/https%3A%2F%2Fgithub.com%2Fporkg%2Fporkg" "/workspace/builds/worker-1-tc1/source", kill_on_drop: false }`
[INFO] [stderr] Cloning into '/workspace/builds/worker-1-tc1/source'...
[INFO] [stderr] done.
[INFO] validating manifest of git repo https://github.com/porkg/porkg on toolchain 1.83.0
[INFO] running `Command { std: CARGO_HOME="/workspace/cargo-home" RUSTUP_HOME="/workspace/rustup-home" "/workspace/cargo-home/bin/cargo" "+1.83.0" "metadata" "--manifest-path" "Cargo.toml" "--no-deps", kill_on_drop: false }`
[INFO] removed /workspace/builds/worker-1-tc1/source/rust-toolchain.toml
[INFO] started tweaking git repo https://github.com/porkg/porkg
[INFO] finished tweaking git repo https://github.com/porkg/porkg
[INFO] tweaked toml for git repo https://github.com/porkg/porkg written to /workspace/builds/worker-1-tc1/source/Cargo.toml
[INFO] crate git repo https://github.com/porkg/porkg already has a lockfile, it will not be regenerated
[INFO] running `Command { std: CARGO_HOME="/workspace/cargo-home" RUSTUP_HOME="/workspace/rustup-home" "/workspace/cargo-home/bin/cargo" "+1.83.0" "fetch" "--manifest-path" "Cargo.toml", kill_on_drop: false }`
[INFO] [stderr]     Updating git repository `https://github.com/jcdickinson/uds`
[INFO] running `Command { std: "docker" "create" "-v" "/var/lib/crater-agent-workspace/builds/worker-1-tc1/target:/opt/rustwide/target:rw,Z" "-v" "/var/lib/crater-agent-workspace/builds/worker-1-tc1/source:/opt/rustwide/workdir:ro,Z" "-v" "/var/lib/crater-agent-workspace/cargo-home:/opt/rustwide/cargo-home:ro,Z" "-v" "/var/lib/crater-agent-workspace/rustup-home:/opt/rustwide/rustup-home:ro,Z" "-e" "SOURCE_DIR=/opt/rustwide/workdir" "-e" "CARGO_TARGET_DIR=/opt/rustwide/target" "-e" "CARGO_HOME=/opt/rustwide/cargo-home" "-e" "RUSTUP_HOME=/opt/rustwide/rustup-home" "-w" "/opt/rustwide/workdir" "-m" "1610612736" "--user" "0:0" "--network" "none" "ghcr.io/rust-lang/crates-build-env/linux@sha256:f3a9d4ad9d972b27faf3965f35b62e55ba32bbce8f20bc8fe909558a86702fde" "/opt/rustwide/cargo-home/bin/cargo" "+1.83.0" "metadata" "--no-deps" "--format-version=1", kill_on_drop: false }`
[INFO] [stdout] ad0e8829a045941b5da33e2f1bedd6dec2e064497b3f17587b8c6bb3ed3820f9
[INFO] running `Command { std: "docker" "start" "-a" "ad0e8829a045941b5da33e2f1bedd6dec2e064497b3f17587b8c6bb3ed3820f9", kill_on_drop: false }`
[INFO] running `Command { std: "docker" "inspect" "ad0e8829a045941b5da33e2f1bedd6dec2e064497b3f17587b8c6bb3ed3820f9", kill_on_drop: false }`
[INFO] running `Command { std: "docker" "rm" "-f" "ad0e8829a045941b5da33e2f1bedd6dec2e064497b3f17587b8c6bb3ed3820f9", kill_on_drop: false }`
[INFO] [stdout] ad0e8829a045941b5da33e2f1bedd6dec2e064497b3f17587b8c6bb3ed3820f9
[INFO] running `Command { std: "docker" "create" "-v" "/var/lib/crater-agent-workspace/builds/worker-1-tc1/target:/opt/rustwide/target:rw,Z" "-v" "/var/lib/crater-agent-workspace/builds/worker-1-tc1/source:/opt/rustwide/workdir:ro,Z" "-v" "/var/lib/crater-agent-workspace/cargo-home:/opt/rustwide/cargo-home:ro,Z" "-v" "/var/lib/crater-agent-workspace/rustup-home:/opt/rustwide/rustup-home:ro,Z" "-e" "SOURCE_DIR=/opt/rustwide/workdir" "-e" "CARGO_TARGET_DIR=/opt/rustwide/target" "-e" "CARGO_INCREMENTAL=0" "-e" "RUST_BACKTRACE=full" "-e" "RUSTFLAGS=--cap-lints=warn" "-e" "RUSTDOCFLAGS=--cap-lints=warn" "-e" "CARGO_HOME=/opt/rustwide/cargo-home" "-e" "RUSTUP_HOME=/opt/rustwide/rustup-home" "-w" "/opt/rustwide/workdir" "-m" "1610612736" "--user" "0:0" "--network" "none" "ghcr.io/rust-lang/crates-build-env/linux@sha256:f3a9d4ad9d972b27faf3965f35b62e55ba32bbce8f20bc8fe909558a86702fde" "/opt/rustwide/cargo-home/bin/cargo" "+1.83.0" "build" "--frozen" "--message-format=json", kill_on_drop: false }`
[INFO] [stdout] f99d5a5d9f91acaabf2077c86374f4994d63ee2489f1497146cc24de26c6a5d0
[INFO] running `Command { std: "docker" "start" "-a" "f99d5a5d9f91acaabf2077c86374f4994d63ee2489f1497146cc24de26c6a5d0", kill_on_drop: false }`
[INFO] [stderr]    Compiling proc-macro2 v1.0.86
[INFO] [stderr]    Compiling unicode-ident v1.0.12
[INFO] [stderr]    Compiling serde v1.0.203
[INFO] [stderr]    Compiling libc v0.2.155
[INFO] [stderr]    Compiling pin-project-lite v0.2.14
[INFO] [stderr]    Compiling bytes v1.6.0
[INFO] [stderr]    Compiling cfg-if v1.0.0
[INFO] [stderr]    Compiling futures-core v0.3.30
[INFO] [stderr]    Compiling once_cell v1.19.0
[INFO] [stderr]    Compiling itoa v1.0.11
[INFO] [stderr]    Compiling rustversion v1.0.17
[INFO] [stderr]    Compiling fnv v1.0.7
[INFO] [stderr]    Compiling lazy_static v1.4.0
[INFO] [stderr]    Compiling futures-task v0.3.30
[INFO] [stderr]    Compiling crossbeam-utils v0.8.20
[INFO] [stderr]    Compiling autocfg v1.3.0
[INFO] [stderr]    Compiling pin-utils v0.1.0
[INFO] [stderr]    Compiling log v0.4.21
[INFO] [stderr]    Compiling thiserror v1.0.61
[INFO] [stderr]    Compiling smallvec v1.13.2
[INFO] [stderr]    Compiling scopeguard v1.2.0
[INFO] [stderr]    Compiling syn v1.0.109
[INFO] [stderr]    Compiling regex-syntax v0.8.4
[INFO] [stderr]    Compiling httparse v1.9.4
[INFO] [stderr]    Compiling tracing-core v0.1.32
[INFO] [stderr]    Compiling futures-util v0.3.30
[INFO] [stderr]    Compiling shlex v1.3.0
[INFO] [stderr]    Compiling regex-syntax v0.6.29
[INFO] [stderr]    Compiling cfg_aliases v0.2.1
[INFO] [stderr]    Compiling rustix v0.38.34
[INFO] [stderr]    Compiling nix v0.29.0
[INFO] [stderr]    Compiling cc v1.1.34
[INFO] [stderr]    Compiling utf8parse v0.2.2
[INFO] [stderr]    Compiling anyhow v1.0.86
[INFO] [stderr]    Compiling equivalent v1.0.1
[INFO] [stderr]    Compiling http v1.1.0
[INFO] [stderr]    Compiling linux-raw-sys v0.4.14
[INFO] [stderr]    Compiling quote v1.0.36
[INFO] [stderr]    Compiling lock_api v0.4.12
[INFO] [stderr]    Compiling concurrent-queue v2.5.0
[INFO] [stderr]    Compiling hashbrown v0.14.5
[INFO] [stderr]    Compiling parking v2.2.0
[INFO] [stderr]    Compiling overload v0.1.1
[INFO] [stderr]    Compiling syn v2.0.67
[INFO] [stderr]    Compiling futures-sink v0.3.30
[INFO] [stderr]    Compiling event-listener v5.3.1
[INFO] [stderr]    Compiling nu-ansi-term v0.46.0
[INFO] [stderr]    Compiling axum-core v0.4.3
[INFO] [stderr]    Compiling spin v0.9.8
[INFO] [stderr]    Compiling anstyle-parse v0.2.4
[INFO] [stderr]    Compiling tracing-log v0.2.0
[INFO] [stderr]    Compiling thread_local v1.1.8
[INFO] [stderr]    Compiling regex-automata v0.4.7
[INFO] [stderr]    Compiling indexmap v2.2.6
[INFO] [stderr]    Compiling futures-channel v0.3.30
[INFO] [stderr]    Compiling regex-automata v0.1.10
[INFO] [stderr]    Compiling sharded-slab v0.1.7
[INFO] [stderr]    Compiling httpdate v1.0.3
[INFO] [stderr]    Compiling colorchoice v1.0.1
[INFO] [stderr]    Compiling hex v0.4.3
[INFO] [stderr]    Compiling http-body v1.0.0
[INFO] [stderr]    Compiling anstyle-query v1.1.0
[INFO] [stderr]    Compiling is_terminal_polyfill v1.70.0
[INFO] [stderr]    Compiling anstyle v1.0.7
[INFO] [stderr]    Compiling either v1.12.0
[INFO] [stderr]    Compiling winnow v0.6.13
[INFO] [stderr]    Compiling memchr v2.7.4
[INFO] [stderr]    Compiling socket2 v0.5.7
[INFO] [stderr]    Compiling signal-hook-registry v1.4.2
[INFO] [stderr]    Compiling num_cpus v1.16.0
[INFO] [stderr]    Compiling mio v0.8.11
[INFO] [stderr]    Compiling getrandom v0.2.15
[INFO] [stderr]    Compiling nanorand v0.7.0
[INFO] [stderr]    Compiling matchers v0.1.0
[INFO] [stderr]    Compiling data-encoding v2.6.0
[INFO] [stderr]    Compiling tower-layer v0.3.2
[INFO] [stderr]    Compiling procfs v0.16.0
[INFO] [stderr]    Compiling tower-service v0.3.2
[INFO] [stderr]    Compiling serde_json v1.0.117
[INFO] [stderr]    Compiling flume v0.11.0
[INFO] [stderr]    Compiling http-body-util v0.1.2
[INFO] [stderr]    Compiling anstream v0.6.14
[INFO] [stderr]    Compiling event-listener-strategy v0.5.2
[INFO] [stderr]    Compiling axum v0.7.5
[INFO] [stderr]    Compiling env_filter v0.1.0
[INFO] [stderr]    Compiling ryu v1.0.18
[INFO] [stderr]    Compiling home v0.5.9
[INFO] [stderr]    Compiling minimal-lexical v0.2.1
[INFO] [stderr]    Compiling constant_time_eq v0.3.1
[INFO] [stderr]    Compiling sync_wrapper v0.1.2
[INFO] [stderr]    Compiling mime v0.3.17
[INFO] [stderr]    Compiling arrayref v0.3.9
[INFO] [stderr]    Compiling arrayvec v0.7.6
[INFO] [stderr]    Compiling env_logger v0.11.3
[INFO] [stderr]    Compiling regex v1.10.5
[INFO] [stderr]    Compiling nom v7.1.3
[INFO] [stderr]    Compiling async-lock v3.4.0
[INFO] [stderr]    Compiling percent-encoding v2.3.1
[INFO] [stderr]    Compiling matchit v0.7.3
[INFO] [stderr]    Compiling pathdiff v0.2.1
[INFO] [stderr]    Compiling sync_wrapper v1.0.1
[INFO] [stderr]    Compiling itertools v0.13.0
[INFO] [stderr]    Compiling porkg-test-macros v0.1.0 (/opt/rustwide/workdir/crates/porkg-test-macros)
[INFO] [stderr]    Compiling blake3 v1.5.4
[INFO] [stderr]    Compiling data-encoding-macro-internal v0.1.13
[INFO] [stderr]    Compiling data-encoding-macro v0.1.15
[INFO] [stderr]    Compiling serde_derive v1.0.203
[INFO] [stderr]    Compiling tokio-macros v2.3.0
[INFO] [stderr]    Compiling tracing-attributes v0.1.27
[INFO] [stderr]    Compiling thiserror-impl v1.0.61
[INFO] [stderr]    Compiling pin-project-internal v1.1.5
[INFO] [stderr]    Compiling async-trait v0.1.80
[INFO] [stderr]    Compiling test-log-macros v0.2.16
[INFO] [stderr]    Compiling tokio v1.38.0
[INFO] [stderr]    Compiling pin-project v1.1.5
[INFO] [stderr]    Compiling caps v0.5.5
[INFO] [stderr]    Compiling uds v0.4.2 (https://github.com/jcdickinson/uds?branch=async_trait#ffbe55ab)
[INFO] [stderr]    Compiling hyper v1.3.1
[INFO] [stderr]    Compiling tower v0.4.13
[INFO] [stderr]    Compiling tokio-util v0.7.11
[INFO] [stderr]    Compiling tracing v0.1.40
[INFO] [stderr]    Compiling tracing-subscriber v0.3.18
[INFO] [stderr]    Compiling hyper-util v0.1.5
[INFO] [stderr]    Compiling test-log v0.2.16
[INFO] [stderr]    Compiling porkg-test v0.1.0 (/opt/rustwide/workdir/crates/porkg-test)
[INFO] [stderr]    Compiling bitflags v2.5.0
[INFO] [stderr]    Compiling toml_datetime v0.6.6
[INFO] [stderr]    Compiling serde_spanned v0.6.6
[INFO] [stderr]    Compiling bincode v1.3.3
[INFO] [stderr]    Compiling serde_path_to_error v0.1.16
[INFO] [stderr]    Compiling porkg-model v0.1.0 (/opt/rustwide/workdir/crates/porkg-model)
[INFO] [stderr]    Compiling procfs-core v0.16.0
[INFO] [stderr]    Compiling toml_edit v0.22.14
[INFO] [stderr]    Compiling toml v0.8.14
[INFO] [stderr]    Compiling config v0.14.0
[INFO] [stderr]    Compiling porkg-private v0.1.0 (/opt/rustwide/workdir/crates/porkg-private)
[INFO] [stdout] warning: elided lifetime has a name
[INFO] [stdout]    --> crates/porkg-private/src/mem.rs:243:27
[INFO] [stdout]     |
[INFO] [stdout] 242 | impl<'a, T: Send, F: Sync + Send + Fn() -> T> Pool<'a, T, F> {
[INFO] [stdout]     |      -- lifetime `'a` declared here
[INFO] [stdout] 243 |     fn state(&'a self) -> &PoolState<'a, T, F> {
[INFO] [stdout]     |                           ^ this elided lifetime gets resolved as `'a`
[INFO] [stdout]     |
[INFO] [stdout]     = note: `#[warn(elided_named_lifetimes)]` on by default
[INFO] [stdout] 
[INFO] [stdout] 
[INFO] [stderr]    Compiling which v6.0.1
[INFO] [stderr]    Compiling porkg-linux v0.1.0 (/opt/rustwide/workdir/crates/porkg-linux)
[INFO] [stdout] warning: variants `Proc`, `SysFs`, `TmpFs`, `DevPts`, `Overlay`, and `Fuse` are never constructed
[INFO] [stdout]   --> crates/porkg-linux/src/fs.rs:36:5
[INFO] [stdout]    |
[INFO] [stdout] 35 | pub enum MountKind {
[INFO] [stdout]    |          --------- variants in this enum
[INFO] [stdout] 36 |     Proc,
[INFO] [stdout]    |     ^^^^
[INFO] [stdout] 37 |     SysFs,
[INFO] [stdout]    |     ^^^^^
[INFO] [stdout] 38 |     TmpFs,
[INFO] [stdout]    |     ^^^^^
[INFO] [stdout] 39 |     DevPts,
[INFO] [stdout]    |     ^^^^^^
[INFO] [stdout] 40 |     Overlay,
[INFO] [stdout]    |     ^^^^^^^
[INFO] [stdout] 41 |     Fuse,
[INFO] [stdout]    |     ^^^^
[INFO] [stdout]    |
[INFO] [stdout]    = note: `MountKind` has derived impls for the traits `Clone` and `Debug`, but these are intentionally ignored during dead code analysis
[INFO] [stdout]    = note: `#[warn(dead_code)]` on by default
[INFO] [stdout] 
[INFO] [stdout] 
[INFO] [stdout] warning: trait `FsSyscall` is never used
[INFO] [stdout]    --> crates/porkg-linux/src/fs.rs:195:11
[INFO] [stdout]     |
[INFO] [stdout] 195 | pub trait FsSyscall {
[INFO] [stdout]     |           ^^^^^^^^^
[INFO] [stdout] 
[INFO] [stdout] 
[INFO] [stderr]    Compiling porkg-daemon v0.1.0 (/opt/rustwide/workdir/crates/porkg-daemon)
[INFO] [stdout] warning: field `exit` is never read
[INFO] [stdout]   --> crates/porkg-daemon/src/main.rs:20:5
[INFO] [stdout]    |
[INFO] [stdout] 18 | struct SetupState {
[INFO] [stdout]    |        ---------- field in this struct
[INFO] [stdout] 19 |     controller: SandboxController<backend::BuildTask>,
[INFO] [stdout] 20 |     exit: flume::Sender<Option<anyhow::Error>>,
[INFO] [stdout]    |     ^^^^
[INFO] [stdout]    |
[INFO] [stdout]    = note: `SetupState` has a derived impl for the trait `Clone`, but this is intentionally ignored during dead code analysis
[INFO] [stdout]    = note: `#[warn(dead_code)]` on by default
[INFO] [stdout] 
[INFO] [stdout] 
[INFO] [stdout] warning: field `controller` is never read
[INFO] [stdout]   --> crates/porkg-daemon/src/frontend/api/v1.rs:15:5
[INFO] [stdout]    |
[INFO] [stdout] 14 | struct SharedState {
[INFO] [stdout]    |        ----------- field in this struct
[INFO] [stdout] 15 |     controller: SandboxController<BuildTask>,
[INFO] [stdout]    |     ^^^^^^^^^^
[INFO] [stdout]    |
[INFO] [stdout]    = note: `SharedState` has derived impls for the traits `Clone` and `Debug`, but these are intentionally ignored during dead code analysis
[INFO] [stdout] 
[INFO] [stdout] 
[INFO] [stderr]     Finished `dev` profile [unoptimized + debuginfo] target(s) in 2m 43s
[INFO] running `Command { std: "docker" "inspect" "f99d5a5d9f91acaabf2077c86374f4994d63ee2489f1497146cc24de26c6a5d0", kill_on_drop: false }`
[INFO] running `Command { std: "docker" "rm" "-f" "f99d5a5d9f91acaabf2077c86374f4994d63ee2489f1497146cc24de26c6a5d0", kill_on_drop: false }`
[INFO] [stdout] f99d5a5d9f91acaabf2077c86374f4994d63ee2489f1497146cc24de26c6a5d0
[INFO] running `Command { std: "docker" "create" "-v" "/var/lib/crater-agent-workspace/builds/worker-1-tc1/target:/opt/rustwide/target:rw,Z" "-v" "/var/lib/crater-agent-workspace/builds/worker-1-tc1/source:/opt/rustwide/workdir:ro,Z" "-v" "/var/lib/crater-agent-workspace/cargo-home:/opt/rustwide/cargo-home:ro,Z" "-v" "/var/lib/crater-agent-workspace/rustup-home:/opt/rustwide/rustup-home:ro,Z" "-e" "SOURCE_DIR=/opt/rustwide/workdir" "-e" "CARGO_TARGET_DIR=/opt/rustwide/target" "-e" "CARGO_INCREMENTAL=0" "-e" "RUST_BACKTRACE=full" "-e" "RUSTFLAGS=--cap-lints=warn" "-e" "RUSTDOCFLAGS=--cap-lints=warn" "-e" "CARGO_HOME=/opt/rustwide/cargo-home" "-e" "RUSTUP_HOME=/opt/rustwide/rustup-home" "-w" "/opt/rustwide/workdir" "-m" "1610612736" "--user" "0:0" "--network" "none" "ghcr.io/rust-lang/crates-build-env/linux@sha256:f3a9d4ad9d972b27faf3965f35b62e55ba32bbce8f20bc8fe909558a86702fde" "/opt/rustwide/cargo-home/bin/cargo" "+1.83.0" "test" "--frozen" "--no-run" "--message-format=json", kill_on_drop: false }`
[INFO] [stdout] 5c1df5ff262bf0c604431b4d4d46353c77cfe80a3d706b6ef1a808d3601f860b
[INFO] running `Command { std: "docker" "start" "-a" "5c1df5ff262bf0c604431b4d4d46353c77cfe80a3d706b6ef1a808d3601f860b", kill_on_drop: false }`
[INFO] [stderr]    Compiling diff v0.1.13
[INFO] [stderr]    Compiling yansi v0.5.1
[INFO] [stderr]    Compiling signal-hook v0.3.17
[INFO] [stdout] warning: elided lifetime has a name
[INFO] [stdout]    --> crates/porkg-private/src/mem.rs:243:27
[INFO] [stdout]     |
[INFO] [stdout] 242 | impl<'a, T: Send, F: Sync + Send + Fn() -> T> Pool<'a, T, F> {
[INFO] [stdout]     |      -- lifetime `'a` declared here
[INFO] [stdout] 243 |     fn state(&'a self) -> &PoolState<'a, T, F> {
[INFO] [stdout]     |                           ^ this elided lifetime gets resolved as `'a`
[INFO] [stdout]     |
[INFO] [stdout]     = note: `#[warn(elided_named_lifetimes)]` on by default
[INFO] [stdout] 
[INFO] [stdout] 
[INFO] [stdout] warning: variants `Proc`, `SysFs`, `TmpFs`, `DevPts`, `Overlay`, and `Fuse` are never constructed
[INFO] [stdout]   --> crates/porkg-linux/src/fs.rs:36:5
[INFO] [stdout]    |
[INFO] [stdout] 35 | pub enum MountKind {
[INFO] [stdout]    |          --------- variants in this enum
[INFO] [stdout] 36 |     Proc,
[INFO] [stdout]    |     ^^^^
[INFO] [stdout] 37 |     SysFs,
[INFO] [stdout]    |     ^^^^^
[INFO] [stdout] 38 |     TmpFs,
[INFO] [stdout]    |     ^^^^^
[INFO] [stdout] 39 |     DevPts,
[INFO] [stdout]    |     ^^^^^^
[INFO] [stdout] 40 |     Overlay,
[INFO] [stdout]    |     ^^^^^^^
[INFO] [stdout] 41 |     Fuse,
[INFO] [stdout]    |     ^^^^
[INFO] [stdout]    |
[INFO] [stdout]    = note: `MountKind` has derived impls for the traits `Clone` and `Debug`, but these are intentionally ignored during dead code analysis
[INFO] [stdout]    = note: `#[warn(dead_code)]` on by default
[INFO] [stdout] 
[INFO] [stdout] 
[INFO] [stdout] warning: trait `FsSyscall` is never used
[INFO] [stdout]    --> crates/porkg-linux/src/fs.rs:195:11
[INFO] [stdout]     |
[INFO] [stdout] 195 | pub trait FsSyscall {
[INFO] [stdout]     |           ^^^^^^^^^
[INFO] [stdout] 
[INFO] [stdout] 
[INFO] [stderr]    Compiling axum-macros v0.4.2
[INFO] [stderr]    Compiling porkg-model v0.1.0 (/opt/rustwide/workdir/crates/porkg-model)
[INFO] [stderr]    Compiling porkg-test v0.1.0 (/opt/rustwide/workdir/crates/porkg-test)
[INFO] [stderr]    Compiling porkg-test-macros v0.1.0 (/opt/rustwide/workdir/crates/porkg-test-macros)
[INFO] [stderr]    Compiling pretty_assertions v1.4.0
[INFO] [stderr]    Compiling porkg-linux v0.1.0 (/opt/rustwide/workdir/crates/porkg-linux)
[INFO] [stderr]    Compiling porkg-private v0.1.0 (/opt/rustwide/workdir/crates/porkg-private)
[INFO] [stdout] warning: elided lifetime has a name
[INFO] [stdout]    --> crates/porkg-private/src/mem.rs:243:27
[INFO] [stdout]     |
[INFO] [stdout] 242 | impl<'a, T: Send, F: Sync + Send + Fn() -> T> Pool<'a, T, F> {
[INFO] [stdout]     |      -- lifetime `'a` declared here
[INFO] [stdout] 243 |     fn state(&'a self) -> &PoolState<'a, T, F> {
[INFO] [stdout]     |                           ^ this elided lifetime gets resolved as `'a`
[INFO] [stdout]     |
[INFO] [stdout]     = note: `#[warn(elided_named_lifetimes)]` on by default
[INFO] [stdout] 
[INFO] [stdout] 
[INFO] [stdout] warning: unexpected `cfg` condition name: `never`
[INFO] [stdout]    --> crates/porkg-private/src/mem.rs:364:11
[INFO] [stdout]     |
[INFO] [stdout] 364 |     #[cfg(never)]
[INFO] [stdout]     |           ^^^^^
[INFO] [stdout]     |
[INFO] [stdout]     = help: expected names are: `clippy`, `debug_assertions`, `doc`, `docsrs`, `doctest`, `feature`, `fmt_debug`, `miri`, `overflow_checks`, `panic`, `proc_macro`, `relocation_model`, `rustfmt`, `sanitize`, `sanitizer_cfi_generalize_pointers`, `sanitizer_cfi_normalize_integers`, `target_abi`, `target_arch`, `target_endian`, `target_env`, `target_family`, `target_feature`, `target_has_atomic`, `target_has_atomic_equal_alignment`, `target_has_atomic_load_store`, `target_os`, `target_pointer_width`, `target_thread_local`, `target_vendor`, `test`, `ub_checks`, `unix`, and `windows`
[INFO] [stdout]     = help: consider using a Cargo feature instead
[INFO] [stdout]     = help: or consider adding in `Cargo.toml` the `check-cfg` lint config for the lint:
[INFO] [stdout]              [lints.rust]
[INFO] [stdout]              unexpected_cfgs = { level = "warn", check-cfg = ['cfg(never)'] }
[INFO] [stdout]     = help: or consider adding `println!("cargo::rustc-check-cfg=cfg(never)");` to the top of the `build.rs`
[INFO] [stdout]     = note: see <https://doc.rust-lang.org/nightly/rustc/check-cfg/cargo-specifics.html> for more information about checking conditional configuration
[INFO] [stdout]     = note: `#[warn(unexpected_cfgs)]` on by default
[INFO] [stdout] 
[INFO] [stdout] 
[INFO] [stdout] warning: variants `SysFs`, `TmpFs`, `DevPts`, `Overlay`, and `Fuse` are never constructed
[INFO] [stdout]   --> crates/porkg-linux/src/fs.rs:37:5
[INFO] [stdout]    |
[INFO] [stdout] 35 | pub enum MountKind {
[INFO] [stdout]    |          --------- variants in this enum
[INFO] [stdout] 36 |     Proc,
[INFO] [stdout] 37 |     SysFs,
[INFO] [stdout]    |     ^^^^^
[INFO] [stdout] 38 |     TmpFs,
[INFO] [stdout]    |     ^^^^^
[INFO] [stdout] 39 |     DevPts,
[INFO] [stdout]    |     ^^^^^^
[INFO] [stdout] 40 |     Overlay,
[INFO] [stdout]    |     ^^^^^^^
[INFO] [stdout] 41 |     Fuse,
[INFO] [stdout]    |     ^^^^
[INFO] [stdout]    |
[INFO] [stdout]    = note: `MountKind` has derived impls for the traits `Clone` and `Debug`, but these are intentionally ignored during dead code analysis
[INFO] [stdout]    = note: `#[warn(dead_code)]` on by default
[INFO] [stdout] 
[INFO] [stdout] 
[INFO] [stderr]    Compiling porkg-daemon v0.1.0 (/opt/rustwide/workdir/crates/porkg-daemon)
[INFO] [stdout] warning: field `exit` is never read
[INFO] [stdout]   --> crates/porkg-daemon/src/main.rs:20:5
[INFO] [stdout]    |
[INFO] [stdout] 18 | struct SetupState {
[INFO] [stdout]    |        ---------- field in this struct
[INFO] [stdout] 19 |     controller: SandboxController<backend::BuildTask>,
[INFO] [stdout] 20 |     exit: flume::Sender<Option<anyhow::Error>>,
[INFO] [stdout]    |     ^^^^
[INFO] [stdout]    |
[INFO] [stdout]    = note: `SetupState` has a derived impl for the trait `Clone`, but this is intentionally ignored during dead code analysis
[INFO] [stdout]    = note: `#[warn(dead_code)]` on by default
[INFO] [stdout] 
[INFO] [stdout] 
[INFO] [stdout] warning: field `controller` is never read
[INFO] [stdout]   --> crates/porkg-daemon/src/frontend/api/v1.rs:15:5
[INFO] [stdout]    |
[INFO] [stdout] 14 | struct SharedState {
[INFO] [stdout]    |        ----------- field in this struct
[INFO] [stdout] 15 |     controller: SandboxController<BuildTask>,
[INFO] [stdout]    |     ^^^^^^^^^^
[INFO] [stdout]    |
[INFO] [stdout]    = note: `SharedState` has derived impls for the traits `Clone` and `Debug`, but these are intentionally ignored during dead code analysis
[INFO] [stdout] 
[INFO] [stdout] 
[INFO] [stderr]     Finished `test` profile [unoptimized + debuginfo] target(s) in 14.43s
[INFO] running `Command { std: "docker" "inspect" "5c1df5ff262bf0c604431b4d4d46353c77cfe80a3d706b6ef1a808d3601f860b", kill_on_drop: false }`
[INFO] running `Command { std: "docker" "rm" "-f" "5c1df5ff262bf0c604431b4d4d46353c77cfe80a3d706b6ef1a808d3601f860b", kill_on_drop: false }`
[INFO] [stdout] 5c1df5ff262bf0c604431b4d4d46353c77cfe80a3d706b6ef1a808d3601f860b
[INFO] running `Command { std: "docker" "create" "-v" "/var/lib/crater-agent-workspace/builds/worker-1-tc1/target:/opt/rustwide/target:rw,Z" "-v" "/var/lib/crater-agent-workspace/builds/worker-1-tc1/source:/opt/rustwide/workdir:ro,Z" "-v" "/var/lib/crater-agent-workspace/cargo-home:/opt/rustwide/cargo-home:ro,Z" "-v" "/var/lib/crater-agent-workspace/rustup-home:/opt/rustwide/rustup-home:ro,Z" "-e" "SOURCE_DIR=/opt/rustwide/workdir" "-e" "CARGO_TARGET_DIR=/opt/rustwide/target" "-e" "CARGO_INCREMENTAL=0" "-e" "RUST_BACKTRACE=full" "-e" "RUSTFLAGS=--cap-lints=warn" "-e" "RUSTDOCFLAGS=--cap-lints=warn" "-e" "CARGO_HOME=/opt/rustwide/cargo-home" "-e" "RUSTUP_HOME=/opt/rustwide/rustup-home" "-w" "/opt/rustwide/workdir" "-m" "1610612736" "--user" "0:0" "--network" "none" "ghcr.io/rust-lang/crates-build-env/linux@sha256:f3a9d4ad9d972b27faf3965f35b62e55ba32bbce8f20bc8fe909558a86702fde" "/opt/rustwide/cargo-home/bin/cargo" "+1.83.0" "test" "--frozen", kill_on_drop: false }`
[INFO] [stdout] 5070a4c4598e61c2a387322e886d68d4bb95bf12ac82c3821d37bffaa30e499b
[INFO] running `Command { std: "docker" "start" "-a" "5070a4c4598e61c2a387322e886d68d4bb95bf12ac82c3821d37bffaa30e499b", kill_on_drop: false }`
[INFO] [stderr] warning: elided lifetime has a name
[INFO] [stderr]    --> crates/porkg-private/src/mem.rs:243:27
[INFO] [stderr]     |
[INFO] [stderr] 242 | impl<'a, T: Send, F: Sync + Send + Fn() -> T> Pool<'a, T, F> {
[INFO] [stderr]     |      -- lifetime `'a` declared here
[INFO] [stderr] 243 |     fn state(&'a self) -> &PoolState<'a, T, F> {
[INFO] [stderr]     |                           ^ this elided lifetime gets resolved as `'a`
[INFO] [stderr]     |
[INFO] [stderr]     = note: `#[warn(elided_named_lifetimes)]` on by default
[INFO] [stderr] 
[INFO] [stderr] warning: `porkg-private` (lib) generated 1 warning
[INFO] [stderr] warning: variants `Proc`, `SysFs`, `TmpFs`, `DevPts`, `Overlay`, and `Fuse` are never constructed
[INFO] [stderr]   --> crates/porkg-linux/src/fs.rs:36:5
[INFO] [stderr]    |
[INFO] [stderr] 35 | pub enum MountKind {
[INFO] [stderr]    |          --------- variants in this enum
[INFO] [stderr] 36 |     Proc,
[INFO] [stderr]    |     ^^^^
[INFO] [stderr] 37 |     SysFs,
[INFO] [stderr]    |     ^^^^^
[INFO] [stderr] 38 |     TmpFs,
[INFO] [stderr]    |     ^^^^^
[INFO] [stderr] 39 |     DevPts,
[INFO] [stderr]    |     ^^^^^^
[INFO] [stderr] 40 |     Overlay,
[INFO] [stderr]    |     ^^^^^^^
[INFO] [stderr] 41 |     Fuse,
[INFO] [stderr]    |     ^^^^
[INFO] [stderr]    |
[INFO] [stderr]    = note: `MountKind` has derived impls for the traits `Clone` and `Debug`, but these are intentionally ignored during dead code analysis
[INFO] [stderr]    = note: `#[warn(dead_code)]` on by default
[INFO] [stderr] 
[INFO] [stderr] warning: trait `FsSyscall` is never used
[INFO] [stderr]    --> crates/porkg-linux/src/fs.rs:195:11
[INFO] [stderr]     |
[INFO] [stderr] 195 | pub trait FsSyscall {
[INFO] [stderr]     |           ^^^^^^^^^
[INFO] [stderr] 
[INFO] [stderr] warning: `porkg-linux` (lib) generated 2 warnings
[INFO] [stderr] warning: variants `SysFs`, `TmpFs`, `DevPts`, `Overlay`, and `Fuse` are never constructed
[INFO] [stderr]   --> crates/porkg-linux/src/fs.rs:37:5
[INFO] [stderr]    |
[INFO] [stderr] 35 | pub enum MountKind {
[INFO] [stderr]    |          --------- variants in this enum
[INFO] [stderr] 36 |     Proc,
[INFO] [stderr] 37 |     SysFs,
[INFO] [stderr]    |     ^^^^^
[INFO] [stderr] 38 |     TmpFs,
[INFO] [stderr]    |     ^^^^^
[INFO] [stderr] 39 |     DevPts,
[INFO] [stderr]    |     ^^^^^^
[INFO] [stderr] 40 |     Overlay,
[INFO] [stderr]    |     ^^^^^^^
[INFO] [stderr] 41 |     Fuse,
[INFO] [stderr]    |     ^^^^
[INFO] [stderr]    |
[INFO] [stderr]    = note: `MountKind` has derived impls for the traits `Clone` and `Debug`, but these are intentionally ignored during dead code analysis
[INFO] [stderr]    = note: `#[warn(dead_code)]` on by default
[INFO] [stderr] 
[INFO] [stderr] warning: `porkg-linux` (lib test) generated 1 warning
[INFO] [stderr] warning: field `exit` is never read
[INFO] [stderr]   --> crates/porkg-daemon/src/main.rs:20:5
[INFO] [stderr]    |
[INFO] [stderr] 18 | struct SetupState {
[INFO] [stderr]    |        ---------- field in this struct
[INFO] [stderr] 19 |     controller: SandboxController<backend::BuildTask>,
[INFO] [stderr] 20 |     exit: flume::Sender<Option<anyhow::Error>>,
[INFO] [stderr]    |     ^^^^
[INFO] [stderr]    |
[INFO] [stderr]    = note: `SetupState` has a derived impl for the trait `Clone`, but this is intentionally ignored during dead code analysis
[INFO] [stderr]    = note: `#[warn(dead_code)]` on by default
[INFO] [stderr] 
[INFO] [stderr] warning: field `controller` is never read
[INFO] [stderr]   --> crates/porkg-daemon/src/frontend/api/v1.rs:15:5
[INFO] [stderr]    |
[INFO] [stderr] 14 | struct SharedState {
[INFO] [stderr]    |        ----------- field in this struct
[INFO] [stderr] 15 |     controller: SandboxController<BuildTask>,
[INFO] [stderr]    |     ^^^^^^^^^^
[INFO] [stderr]    |
[INFO] [stderr]    = note: `SharedState` has derived impls for the traits `Clone` and `Debug`, but these are intentionally ignored during dead code analysis
[INFO] [stderr] 
[INFO] [stderr] warning: unexpected `cfg` condition name: `never`
[INFO] [stderr]    --> crates/porkg-private/src/mem.rs:364:11
[INFO] [stderr]     |
[INFO] [stderr] 364 |     #[cfg(never)]
[INFO] [stderr]     |           ^^^^^
[INFO] [stderr]     |
[INFO] [stderr]     = help: expected names are: `clippy`, `debug_assertions`, `doc`, `docsrs`, `doctest`, `feature`, `fmt_debug`, `miri`, `overflow_checks`, `panic`, `proc_macro`, `relocation_model`, `rustfmt`, `sanitize`, `sanitizer_cfi_generalize_pointers`, `sanitizer_cfi_normalize_integers`, `target_abi`, `target_arch`, `target_endian`, `target_env`, `target_family`, `target_feature`, `target_has_atomic`, `target_has_atomic_equal_alignment`, `target_has_atomic_load_store`, `target_os`, `target_pointer_width`, `target_thread_local`, `target_vendor`, `test`, `ub_checks`, `unix`, and `windows`
[INFO] [stderr]     = help: consider using a Cargo feature instead
[INFO] [stderr]     = help: or consider adding in `Cargo.toml` the `check-cfg` lint config for the lint:
[INFO] [stderr]              [lints.rust]
[INFO] [stderr]              unexpected_cfgs = { level = "warn", check-cfg = ['cfg(never)'] }
[INFO] [stderr]     = help: or consider adding `println!("cargo::rustc-check-cfg=cfg(never)");` to the top of the `build.rs`
[INFO] [stderr]     = note: see <https://doc.rust-lang.org/nightly/rustc/check-cfg/cargo-specifics.html> for more information about checking conditional configuration
[INFO] [stderr]     = note: `#[warn(unexpected_cfgs)]` on by default
[INFO] [stderr] 
[INFO] [stderr] warning: `porkg-daemon` (bin "porkg-daemon" test) generated 2 warnings
[INFO] [stderr] warning: `porkg-private` (lib test) generated 2 warnings (1 duplicate)
[INFO] [stderr]     Finished `test` profile [unoptimized + debuginfo] target(s) in 0.21s
[INFO] [stderr]      Running unittests src/main.rs (/opt/rustwide/target/debug/deps/porkg_daemon-cb0d38fdde34e607)
[INFO] [stdout] 
[INFO] [stdout] running 0 tests
[INFO] [stdout] 
[INFO] [stdout] test result: ok. 0 passed; 0 failed; 0 ignored; 0 measured; 0 filtered out; finished in 0.00s
[INFO] [stdout] 
[INFO] [stderr]      Running unittests src/lib.rs (/opt/rustwide/target/debug/deps/porkg_linux-9a413bd2be49b2e2)
[INFO] [stdout] 
[INFO] [stdout] running 8 tests
[INFO] [stdout] 
[INFO] [stdout] running 1 test
[INFO] [stdout] 
[INFO] [stdout] running 1 test
[INFO] [stdout] 
[INFO] [stdout] running 1 test
[INFO] [stdout]   [2m2024-12-14T20:24:40.697660Z[0m [35mTRACE[0m [1;35mporkg_linux::clone[0m[35m: [35mgot the system page size, [1;35msize[0m[35m: Some(4096)[0m
[INFO] [stdout]     [2;3mat[0m crates/porkg-linux/src/clone.rs:187
[INFO] [stdout]     [2;3min[0m porkg_linux::clone::[1mclone[0m [2;3mwith[0m [1mflags[0m: CloneFlags(TEST_FALLBACK)
[INFO] [stdout] 
[INFO] [stdout]   [2m2024-12-14T20:24:40.697706Z[0m [35mTRACE[0m [1;35mporkg_linux::clone[0m[35m: [35mgot the system stack limit, [1;35msize[0m[35m: (Some(8388608), None)[0m
[INFO] [stdout]     [2;3mat[0m crates/porkg-linux/src/clone.rs:196
[INFO] [stdout]     [2;3min[0m porkg_linux::clone::[1mclone[0m [2;3mwith[0m [1mflags[0m: CloneFlags(TEST_FALLBACK)
[INFO] [stdout] 
[INFO] [stdout]   [2m2024-12-14T20:24:40.697722Z[0m [35mTRACE[0m [1;35mporkg_linux::clone[0m[35m: [35mallocating 8388608 bytes for the new stack[0m
[INFO] [stdout]     [2;3mat[0m crates/porkg-linux/src/clone.rs:215
[INFO] [stdout]     [2;3min[0m porkg_linux::clone::[1mclone[0m [2;3mwith[0m [1mflags[0m: CloneFlags(TEST_FALLBACK)
[INFO] [stdout] 
[INFO] [stdout]   [2m2024-12-14T20:24:40.697740Z[0m [35mTRACE[0m [1;35mporkg_linux::clone[0m[35m: [35mallocated the stack memory[0m
[INFO] [stdout]     [2;3mat[0m crates/porkg-linux/src/clone.rs:224
[INFO] [stdout]     [2;3min[0m porkg_linux::clone::[1mclone[0m [2;3mwith[0m [1mflags[0m: CloneFlags(TEST_FALLBACK)
[INFO] [stdout] 
[INFO] [stdout]   [2m2024-12-14T20:24:40.697763Z[0m [35mTRACE[0m [1;35mporkg_linux::clone[0m[35m: [35mcreated a guard page in the stack[0m
[INFO] [stdout]     [2;3mat[0m crates/porkg-linux/src/clone.rs:234
[INFO] [stdout]     [2;3min[0m porkg_linux::clone::[1mclone[0m [2;3mwith[0m [1mflags[0m: CloneFlags(TEST_FALLBACK)
[INFO] [stdout] 
[INFO] [stdout]   [2m2024-12-14T20:24:40.698006Z[0m [35mTRACE[0m [1;35mporkg_linux::clone[0m[35m: [35mcloned using clone(2), [1;35mpid[0m[35m: Pid(28)[0m
[INFO] [stdout]     [2;3mat[0m crates/porkg-linux/src/clone.rs:283
[INFO] [stdout]     [2;3min[0m porkg_linux::clone::[1mclone[0m [2;3mwith[0m [1mflags[0m: CloneFlags(TEST_FALLBACK)
[INFO] [stdout] 
[INFO] [stdout]   [2m2024-12-14T20:24:40.698207Z[0m [35mTRACE[0m [1;35mporkg_linux::clone[0m[35m: [35mfailed to clone(3), [1;35merror[0m[35m: ENOSYS[0m
[INFO] [stdout]     [2;3mat[0m crates/porkg-linux/src/clone.rs:153
[INFO] [stdout]     [2;3min[0m porkg_linux::clone::[1mclone[0m [2;3mwith[0m [1mflags[0m: CloneFlags(NEWNS | NEWUSER | NEWPID)
[INFO] [stdout] 
[INFO] [stdout]   [2m2024-12-14T20:24:40.698349Z[0m [35mTRACE[0m [1;35mporkg_linux::clone[0m[35m: [35mgot the system page size, [1;35msize[0m[35m: Some(4096)[0m
[INFO] [stdout]     [2;3mat[0m crates/porkg-linux/src/clone.rs:187
[INFO] [stdout]     [2;3min[0m porkg_linux::clone::[1mclone[0m [2;3mwith[0m [1mflags[0m: CloneFlags(NEWNS | NEWUSER | NEWPID)
[INFO] [stdout] 
[INFO] [stdout]   [2m2024-12-14T20:24:40.698501Z[0m [35mTRACE[0m [1;35mporkg_linux::clone[0m[35m: [35mgot the system stack limit, [1;35msize[0m[35m: (Some(8388608), None)[0m
[INFO] [stdout]     [2;3mat[0m crates/porkg-linux/src/clone.rs:196
[INFO] [stdout]     [2;3min[0m porkg_linux::clone::[1mclone[0m [2;3mwith[0m [1mflags[0m: CloneFlags(NEWNS | NEWUSER | NEWPID)
[INFO] [stdout] 
[INFO] [stdout] 
[INFO] [stdout] running 1 test
[INFO] [stdout]   [2m2024-12-14T20:24:40.699894Z[0m [35mTRACE[0m [1;35mporkg_linux::clone[0m[35m: [35mallocating 8388608 bytes for the new stack[0m
[INFO] [stdout]     [2;3mat[0m crates/porkg-linux/src/clone.rs:215
[INFO] [stdout]     [2;3min[0m porkg_linux::clone::[1mclone[0m [2;3mwith[0m [1mflags[0m: CloneFlags(NEWNS | NEWUSER | NEWPID)
[INFO] [stdout] 
[INFO] [stdout]   [2m2024-12-14T20:24:40.700097Z[0m [35mTRACE[0m [1;35mporkg_linux::clone[0m[35m: [35mallocated the stack memory[0m
[INFO] [stderr] Error: failed to clone process: EPERM: Operation not permitted
[INFO] [stdout]     [2;3mat[0m crates/porkg-linux/src/clone.rs:224
[INFO] [stderr] 
[INFO] [stdout]     [2;3min[0m porkg_linux::clone::[1mclone[0m [2;3mwith[0m [1mflags[0m: CloneFlags(NEWNS | NEWUSER | NEWPID)
[INFO] [stderr] Caused by:
[INFO] [stdout] 
[INFO] [stdout]   [2m2024-12-14T20:24:40.700806Z[0m [35mTRACE[0m [1;35mporkg_linux::clone[0m[35m: [35mcreated a guard page in the stack[0m
[INFO] [stdout]     [2;3mat[0m crates/porkg-linux/src/clone.rs:234
[INFO] [stdout]     [2;3min[0m porkg_linux::clone::[1mclone[0m [2;3mwith[0m [1mflags[0m: CloneFlags(NEWNS | NEWUSER | NEWPID)
[INFO] [stdout] 
[INFO] [stdout]   [2m2024-12-14T20:24:40.700993Z[0m [32m INFO[0m [1;32mporkg_linux::clone[0m[32m: [32mfailed to clone(2), [1;32merror[0m[32m: EPERM[0m
[INFO] [stdout]     [2;3mat[0m crates/porkg-linux/src/clone.rs:281
[INFO] [stdout]     [2;3min[0m porkg_linux::clone::[1mclone[0m [2;3mwith[0m [1mflags[0m: CloneFlags(NEWNS | NEWUSER | NEWPID)
[INFO] [stdout] 
[INFO] [stdout] .
[INFO] [stdout] test result: ok. 1 passed; 0 failed; 0 ignored; 0 measured; 7 filtered out; finished in 0.01s
[INFO] [stdout] 
[INFO] [stdout]   [2m2024-12-14T20:24:40.701347Z[0m [35mTRACE[0m [1;35mporkg_linux::clone[0m[35m: [35mfailed to clone(3), [1;35merror[0m[35m: ENOSYS[0m
[INFO] [stdout]     [2;3mat[0m crates/porkg-linux/src/clone.rs:153
[INFO] [stdout]     [2;3min[0m porkg_linux::clone::[1mclone[0m [2;3mwith[0m [1mflags[0m: CloneFlags(NEWNS | NEWUSER | NEWPID)
[INFO] [stdout] 
[INFO] [stdout]   [2m2024-12-14T20:24:40.701373Z[0m [35mTRACE[0m [1;35mporkg_linux::clone[0m[35m: [35mgot the system page size, [1;35msize[0m[35m: Some(4096)[0m
[INFO] [stdout]     [2;3mat[0m crates/porkg-linux/src/clone.rs:187
[INFO] [stdout]     [2;3min[0m porkg_linux::clone::[1mclone[0m [2;3mwith[0m [1mflags[0m: CloneFlags(NEWNS | NEWUSER | NEWPID)
[INFO] [stdout] 
[INFO] [stdout]   [2m2024-12-14T20:24:40.701400Z[0m [35mTRACE[0m [1;35mporkg_linux::clone[0m[35m: [35mgot the system stack limit, [1;35msize[0m[35m: (Some(8388608), None)[0m
[INFO] [stdout]     [2;3mat[0m crates/porkg-linux/src/clone.rs:196
[INFO] [stdout]     [2;3min[0m porkg_linux::clone::[1mclone[0m [2;3mwith[0m [1mflags[0m: CloneFlags(NEWNS | NEWUSER | NEWPID)
[INFO] [stdout] 
[INFO] [stdout]   [2m2024-12-14T20:24:40.701440Z[0m [35mTRACE[0m [1;35mporkg_linux::clone[0m[35m: [35mallocating 8388608 bytes for the new stack[0m
[INFO] [stdout]     [2;3mat[0m crates/porkg-linux/src/clone.rs:215
[INFO] [stdout]     [2;3min[0m porkg_linux::clone::[1mclone[0m [2;3mwith[0m [1mflags[0m: CloneFlags(NEWNS | NEWUSER | NEWPID)
[INFO] [stdout] 
[INFO] [stdout]   [2m2024-12-14T20:24:40.701459Z[0m [35mTRACE[0m [1;35mporkg_linux::clone[0m[35m: [35mallocated the stack memory[0m
[INFO] [stdout]     [2;3mat[0m crates/porkg-linux/src/clone.rs:224
[INFO] [stdout]     [2;3min[0m porkg_linux::clone::[1mclone[0m [2;3mwith[0m [1mflags[0m: CloneFlags(NEWNS | NEWUSER | NEWPID)
[INFO] [stdout] 
[INFO] [stdout]   [2m2024-12-14T20:24:40.701476Z[0m [35mTRACE[0m [1;35mporkg_linux::clone[0m[35m: [35mcreated a guard page in the stack[0m
[INFO] [stdout]     [2;3mat[0m crates/porkg-linux/src/clone.rs:234
[INFO] [stdout]     [2;3min[0m porkg_linux::clone::[1mclone[0m [2;3mwith[0m [1mflags[0m: CloneFlags(NEWNS | NEWUSER | NEWPID)
[INFO] [stdout] 
[INFO] [stdout]   [2m2024-12-14T20:24:40.701554Z[0m [32m INFO[0m [1;32mporkg_linux::clone[0m[32m: [32mfailed to clone(2), [1;32merror[0m[32m: EPERM[0m
[INFO] [stdout]     [2;3mat[0m crates/porkg-linux/src/clone.rs:281
[INFO] [stdout]     [2;3min[0m porkg_linux::clone::[1mclone[0m [2;3mwith[0m [1mflags[0m: CloneFlags(NEWNS | NEWUSER | NEWPID)
[INFO] [stdout] 
[INFO] [stdout]   [2m2024-12-14T20:24:40.701569Z[0m [34mDEBUG[0m [1;34mporkg_linux::clone[0m[34m: [1;34merror[0m[34m: failed to clone process: EPERM: Operation not permitted[0m
[INFO] [stdout]     [2;3mat[0m crates/porkg-linux/src/clone.rs:65
[INFO] [stdout]     [2;3min[0m porkg_linux::clone::[1mclone[0m [2;3mwith[0m [1mflags[0m: CloneFlags(NEWNS | NEWUSER | NEWPID)
[INFO] [stdout] 
[INFO] [stdout] test clone::tests::clone_fallback ... ok
[INFO] [stdout] 
[INFO] [stdout] running 1 test
[INFO] [stdout]   [2m2024-12-14T20:24:40.702068Z[0m [35mTRACE[0m [1;35mporkg_linux::clone[0m[35m: [35mfailed to clone(3), [1;35merror[0m[35m: ENOSYS[0m
[INFO] [stdout]     [2;3mat[0m crates/porkg-linux/src/clone.rs:153
[INFO] [stdout]     [2;3min[0m porkg_linux::clone::[1mclone[0m [2;3mwith[0m [1mflags[0m: CloneFlags(PARENT)
[INFO] [stdout] 
[INFO] [stdout]   [2m2024-12-14T20:24:40.702115Z[0m [35mTRACE[0m [1;35mporkg_linux::clone[0m[35m: [35mgot the system page size, [1;35msize[0m[35m: Some(4096)[0m
[INFO] [stdout]     [2;3mat[0m crates/porkg-linux/src/clone.rs:187
[INFO] [stdout]     [2;3min[0m porkg_linux::clone::[1mclone[0m [2;3mwith[0m [1mflags[0m: CloneFlags(PARENT)
[INFO] [stdout] 
[INFO] [stdout]   [2m2024-12-14T20:24:40.702171Z[0m [35mTRACE[0m [1;35mporkg_linux::clone[0m[35m: [35mgot the system stack limit, [1;35msize[0m[35m: (Some(8388608), None)[0m
[INFO] [stdout]     [2;3mat[0m crates/porkg-linux/src/clone.rs:196
[INFO] [stdout]     [2;3min[0m porkg_linux::clone::[1mclone[0m [2;3mwith[0m [1mflags[0m: CloneFlags(PARENT)
[INFO] [stdout] 
[INFO] [stdout]   [2m2024-12-14T20:24:40.702305Z[0m [35mTRACE[0m [1;35mporkg_linux::clone[0m[35m: [35mallocating 8388608 bytes for the new stack[0m
[INFO] [stdout]     [2;3mat[0m crates/porkg-linux/src/clone.rs:215
[INFO] [stdout]     [2;3min[0m porkg_linux::clone::[1mclone[0m [2;3mwith[0m [1mflags[0m: CloneFlags(PARENT)
[INFO] [stdout] 
[INFO] [stdout]   [2m2024-12-14T20:24:40.702412Z[0m [35mTRACE[0m [1;35mporkg_linux::clone[0m[35m: [35mallocated the stack memory[0m
[INFO] [stdout]     [2;3mat[0m crates/porkg-linux/src/clone.rs:224
[INFO] [stdout]     [2;3min[0m porkg_linux::clone::[1mclone[0m [2;3mwith[0m [1mflags[0m: CloneFlags(PARENT)
[INFO] [stdout] 
[INFO] [stdout]   [2m2024-12-14T20:24:40.702534Z[0m [35mTRACE[0m [1;35mporkg_linux::clone[0m[35m: [35mfailed to clone(3), [1;35merror[0m[35m: ENOSYS[0m
[INFO] [stdout]     [2;3mat[0m crates/porkg-linux/src/clone.rs:153
[INFO] [stdout]     [2;3min[0m porkg_linux::clone::[1mclone[0m [2;3mwith[0m [1mflags[0m: CloneFlags(NEWNS | NEWUSER | NEWPID)
[INFO] [stdout] 
[INFO] [stdout]   [2m2024-12-14T20:24:40.702604Z[0m [35mTRACE[0m [1;35mporkg_linux::clone[0m[35m: [35mcreated a guard page in the stack[0m
[INFO] [stdout]     [2;3mat[0m crates/porkg-linux/src/clone.rs:234
[INFO] [stdout]     [2;3min[0m porkg_linux::clone::[1mclone[0m [2;3mwith[0m [1mflags[0m: CloneFlags(PARENT)
[INFO] [stdout] 
[INFO] [stdout]   [2m2024-12-14T20:24:40.702629Z[0m [35mTRACE[0m [1;35mporkg_linux::clone[0m[35m: [35mgot the system page size, [1;35msize[0m[35m: Some(4096)[0m
[INFO] [stdout]     [2;3mat[0m crates/porkg-linux/src/clone.rs:187
[INFO] [stdout]     [2;3min[0m porkg_linux::clone::[1mclone[0m [2;3mwith[0m [1mflags[0m: CloneFlags(NEWNS | NEWUSER | NEWPID)
[INFO] [stdout] 
[INFO] [stdout]   [2m2024-12-14T20:24:40.702719Z[0m [35mTRACE[0m [1;35mporkg_linux::clone[0m[35m: [35mgot the system stack limit, [1;35msize[0m[35m: (Some(8388608), None)[0m
[INFO] [stdout]     [2;3mat[0m crates/porkg-linux/src/clone.rs:196
[INFO] [stdout]     [2;3min[0m porkg_linux::clone::[1mclone[0m [2;3mwith[0m [1mflags[0m: CloneFlags(NEWNS | NEWUSER | NEWPID)
[INFO] [stdout] 
[INFO] [stdout]   [2m2024-12-14T20:24:40.702754Z[0m [35mTRACE[0m [1;35mporkg_linux::clone[0m[35m: [35mallocating 8388608 bytes for the new stack[0m
[INFO] [stderr]     EPERM: Operation not permittedError: failed to clone process: EPERM: Operation not permitted
[INFO] [stdout]     [2;3mat[0m crates/porkg-linux/src/clone.rs:215
[INFO] [stderr] 
[INFO] [stdout]     [2;3min[0m porkg_linux::clone::[1mclone[0m [2;3mwith[0m [1mflags[0m: CloneFlags(NEWNS | NEWUSER | NEWPID)
[INFO] [stderr] Caused by:
[INFO] [stdout] 
[INFO] [stdout]   [2m2024-12-14T20:24:40.702801Z[0m [35mTRACE[0m [1;35mporkg_linux::clone[0m[35m: [35mallocated the stack memory[0m
[INFO] [stdout]     [2;3mat[0m crates/porkg-linux/src/clone.rs:224
[INFO] [stdout]     [2;3min[0m porkg_linux::clone::[1mclone[0m [2;3mwith[0m [1mflags[0m: CloneFlags(NEWNS | NEWUSER | NEWPID)
[INFO] [stdout] 
[INFO] [stdout]   [2m2024-12-14T20:24:40.702853Z[0m [35mTRACE[0m [1;35mporkg_linux::clone[0m[35m: [35mcreated a guard page in the stack[0m
[INFO] [stdout]     [2;3mat[0m crates/porkg-linux/src/clone.rs:234
[INFO] [stdout]     [2;3min[0m porkg_linux::clone::[1mclone[0m [2;3mwith[0m [1mflags[0m: CloneFlags(NEWNS | NEWUSER | NEWPID)
[INFO] [stdout] 
[INFO] [stdout]   [2m2024-12-14T20:24:40.702905Z[0m [32m INFO[0m [1;32mporkg_linux::clone[0m[32m: [32mfailed to clone(2), [1;32merror[0m[32m: EPERM[0m
[INFO] [stdout]     [2;3mat[0m crates/porkg-linux/src/clone.rs:281
[INFO] [stdout]     [2;3min[0m porkg_linux::clone::[1mclone[0m [2;3mwith[0m [1mflags[0m: CloneFlags(NEWNS | NEWUSER | NEWPID)
[INFO] [stdout] 
[INFO] [stdout]   [2m2024-12-14T20:24:40.702967Z[0m [34mDEBUG[0m [1;34mporkg_linux::clone[0m[34m: [1;34merror[0m[34m: failed to clone process: EPERM: Operation not permitted[0m
[INFO] [stdout]     [2;3mat[0m crates/porkg-linux/src/clone.rs:65
[INFO] [stdout]     [2;3min[0m porkg_linux::clone::[1mclone[0m [2;3mwith[0m [1mflags[0m: CloneFlags(NEWNS | NEWUSER | NEWPID)
[INFO] [stdout] 
[INFO] [stdout] 
[INFO] [stdout] running 1 test
[INFO] [stdout]   [2m2024-12-14T20:24:40.705540Z[0m [35mTRACE[0m [1;35mporkg_linux::clone[0m[35m: [35mcloned using clone(2), [1;35mpid[0m[35m: Pid(33)[0m
[INFO] [stdout]     [2;3mat[0m crates/porkg-linux/src/clone.rs:283
[INFO] [stdout]     [2;3min[0m porkg_linux::clone::[1mclone[0m [2;3mwith[0m [1mflags[0m: CloneFlags(PARENT)
[INFO] [stdout] 
[INFO] [stdout]   [2m2024-12-14T20:24:40.705910Z[0m [35mTRACE[0m [1;35mporkg_linux::clone[0m[35m: [35mfailed to clone(3), [1;35merror[0m[35m: ENOSYS[0m
[INFO] [stdout]     [2;3mat[0m crates/porkg-linux/src/clone.rs:153
[INFO] [stdout]     [2;3min[0m porkg_linux::clone::[1mclone[0m [2;3mwith[0m [1mflags[0m: CloneFlags(0x0)
[INFO] [stdout] 
[INFO] [stdout]   [2m2024-12-14T20:24:40.708685Z[0m [34mDEBUG[0m [1;34mporkg_linux::clone[0m[34m: [1;34merror[0m[34m: failed to clone process: EPERM: Operation not permitted[0m
[INFO] [stdout]     [2;3mat[0m crates/porkg-linux/src/clone.rs:65
[INFO] [stdout]     [2;3min[0m porkg_linux::clone::[1mclone[0m [2;3mwith[0m [1mflags[0m: CloneFlags(NEWNS | NEWUSER | NEWPID)
[INFO] [stdout] 
[INFO] [stdout] 
[INFO] [stdout] running 1 test
[INFO] [stdout]   [2m2024-12-14T20:24:40.709142Z[0m [35mTRACE[0m [1;35mporkg_linux::clone[0m[35m: [35mfailed to clone(3), [1;35merror[0m[35m: ENOSYS[0m
[INFO] [stdout]     [2;3mat[0m crates/porkg-linux/src/clone.rs:153
[INFO] [stdout]     [2;3min[0m porkg_linux::clone::[1mclone[0m [2;3mwith[0m [1mflags[0m: CloneFlags(0x0)
[INFO] [stdout] 
[INFO] [stdout]   [2m2024-12-14T20:24:40.709185Z[0m [35mTRACE[0m [1;35mporkg_linux::clone[0m[35m: [35mgot the system page size, [1;35msize[0m[35m: Some(4096)[0m
[INFO] [stdout]     [2;3mat[0m crates/porkg-linux/src/clone.rs:187
[INFO] [stdout]     [2;3min[0m porkg_linux::clone::[1mclone[0m [2;3mwith[0m [1mflags[0m: CloneFlags(0x0)
[INFO] [stdout] 
[INFO] [stdout]   [2m2024-12-14T20:24:40.709217Z[0m [35mTRACE[0m [1;35mporkg_linux::clone[0m[35m: [35mgot the system stack limit, [1;35msize[0m[35m: (Some(8388608), None)[0m
[INFO] [stdout]     [2;3mat[0m crates/porkg-linux/src/clone.rs:196
[INFO] [stdout]     [2;3min[0m porkg_linux::clone::[1mclone[0m [2;3mwith[0m [1mflags[0m: CloneFlags(0x0)
[INFO] [stdout] 
[INFO] [stdout]   [2m2024-12-14T20:24:40.709254Z[0m [35mTRACE[0m [1;35mporkg_linux::clone[0m[35m: [35mallocating 8388608 bytes for the new stack[0m
[INFO] [stdout]     [2;3mat[0m crates/porkg-linux/src/clone.rs:215
[INFO] [stdout]     [2;3min[0m porkg_linux::clone::[1mclone[0m [2;3mwith[0m [1mflags[0m: CloneFlags(0x0)
[INFO] [stdout] 
[INFO] [stdout]   [2m2024-12-14T20:24:40.709274Z[0m [35mTRACE[0m [1;35mporkg_linux::clone[0m[35m: [35mallocated the stack memory[0m
[INFO] [stdout]     [2;3mat[0m crates/porkg-linux/src/clone.rs:224
[INFO] [stdout]     [2;3min[0m porkg_linux::clone::[1mclone[0m [2;3mwith[0m [1mflags[0m: CloneFlags(0x0)
[INFO] [stdout] 
[INFO] [stdout]   [2m2024-12-14T20:24:40.709299Z[0m [35mTRACE[0m [1;35mporkg_linux::clone[0m[35m: [35mcreated a guard page in the stack[0m
[INFO] [stdout]     [2;3mat[0m crates/porkg-linux/src/clone.rs:234
[INFO] [stdout]     [2;3min[0m porkg_linux::clone::[1mclone[0m [2;3mwith[0m [1mflags[0m: CloneFlags(0x0)
[INFO] [stdout] 
[INFO] [stdout]   [2m2024-12-14T20:24:40.709532Z[0m [35mTRACE[0m [1;35mporkg_linux::clone[0m[35m: [35mcloned using clone(2), [1;35mpid[0m[35m: Pid(35)[0m
[INFO] [stdout]     [2;3mat[0m crates/porkg-linux/src/clone.rs:283
[INFO] [stdout]     [2;3min[0m porkg_linux::clone::[1mclone[0m [2;3mwith[0m [1mflags[0m: CloneFlags(0x0)
[INFO] [stdout] 
[INFO] [stdout]   [2m2024-12-14T20:24:40.705952Z[0m [35mTRACE[0m [1;35mporkg_linux::clone[0m[35m: [35mgot the system page size, [1;35msize[0m[35m: Some(4096)[0m
[INFO] [stdout]     [2;3mat[0m crates/porkg-linux/src/clone.rs:187
[INFO] [stdout]     [2;3min[0m porkg_linux::clone::[1mclone[0m [2;3mwith[0m [1mflags[0m: CloneFlags(0x0)
[INFO] [stdout] 
[INFO] [stdout]   [2m2024-12-14T20:24:40.711317Z[0m [35mTRACE[0m [1;35mporkg_linux::clone[0m[35m: [35mgot the system stack limit, [1;35msize[0m[35m: (Some(8388608), None)[0m
[INFO] [stdout]     [2;3mat[0m crates/porkg-linux/src/clone.rs:196
[INFO] [stdout]     [2;3min[0m porkg_linux::clone::[1mclone[0m [2;3mwith[0m [1mflags[0m: CloneFlags(0x0)
[INFO] [stdout] 
[INFO] [stdout]   [2m2024-12-14T20:24:40.711398Z[0m [35mTRACE[0m [1;35mporkg_linux::clone[0m[35m: [35mallocating 8388608 bytes for the new stack[0m
[INFO] [stderr]     EPERM: Operation not permittedError: failed to clone process: EPERM: Operation not permitted
[INFO] [stdout]     [2;3mat[0m crates/porkg-linux/src/clone.rs:215
[INFO] [stderr] 
[INFO] [stdout]     [2;3min[0m porkg_linux::clone::[1mclone[0m [2;3mwith[0m [1mflags[0m: CloneFlags(0x0)
[INFO] [stderr] Caused by:
[INFO] [stdout] 
[INFO] [stdout]   [2m2024-12-14T20:24:40.711442Z[0m [35mTRACE[0m [1;35mporkg_linux::clone[0m[35m: [35mallocated the stack memory[0m
[INFO] [stdout]     [2;3mat[0m crates/porkg-linux/src/clone.rs:224
[INFO] [stdout]     [2;3min[0m porkg_linux::clone::[1mclone[0m [2;3mwith[0m [1mflags[0m: CloneFlags(0x0)
[INFO] [stdout] 
[INFO] [stdout]   [2m2024-12-14T20:24:40.711502Z[0m [35mTRACE[0m [1;35mporkg_linux::clone[0m[35m: [35mcreated a guard page in the stack[0m
[INFO] [stdout]     [2;3mat[0m crates/porkg-linux/src/clone.rs:234
[INFO] [stdout]     [2;3min[0m porkg_linux::clone::[1mclone[0m [2;3mwith[0m [1mflags[0m: CloneFlags(0x0)
[INFO] [stdout] 
[INFO] [stdout]   [2m2024-12-14T20:24:40.711834Z[0m [35mTRACE[0m [1;35mporkg_linux::clone[0m[35m: [35mcloned using clone(2), [1;35mpid[0m[35m: Pid(36)[0m
[INFO] [stdout]     [2;3mat[0m crates/porkg-linux/src/clone.rs:283
[INFO] [stdout]     [2;3min[0m porkg_linux::clone::[1mclone[0m [2;3mwith[0m [1mflags[0m: CloneFlags(0x0)
[INFO] [stdout] 
[INFO] [stdout] .
[INFO] [stdout] test result: ok. 1 passed; 0 failed; 0 ignored; 0 measured; 7 filtered out; finished in 0.01s
[INFO] [stdout] 
[INFO] [stdout] .
[INFO] [stdout] test result: ok. 1 passed; 0 failed; 0 ignored; 0 measured; 7 filtered out; finished in 0.02s
[INFO] [stdout] 
[INFO] [stdout] .
[INFO] [stdout] test result: ok. 1 passed; 0 failed; 0 ignored; 0 measured; 7 filtered out; finished in 0.01s
[INFO] [stdout] 
[INFO] [stdout] test clone::tests::clone_basic ... ok
[INFO] [stdout] test clone::tests::clone_err ... ok
[INFO] [stdout] test clone::tests::clone_parent ... ok
[INFO] [stderr]     EPERM: Operation not permitted
[INFO] [stdout] fs::tests::bind_basic --- FAILED
[INFO] [stderr] 
[INFO] [stdout] 
[INFO] [stderr] Stack backtrace:
[INFO] [stdout] failures:
[INFO] [stderr]    0: anyhow::error::<impl core::convert::From<E> for anyhow::Error>::from
[INFO] [stdout] 
[INFO] [stderr]              at /opt/rustwide/cargo-home/registry/src/index.crates.io-6f17d22bba15001f/anyhow-1.0.86/src/backtrace.rs:27:14
[INFO] [stdout] failures:
[INFO] [stderr]    1: <core::result::Result<T,F> as core::ops::try_trait::FromResidual<core::result::Result<core::convert::Infallible,E>>>::from_residual
[INFO] [stdout]     fs::tests::bind_basic
[INFO] [stderr]              at /rustc/90b35a6239c3d8bdabc530a6a0816f7ff89a0aaf/library/core/src/result.rs:2010:27
[INFO] [stdout] 
[INFO] [stderr]    2: porkg_linux::test::as_root
[INFO] [stdout] test result: FAILED. 0 passed; 1 failed; 0 ignored; 0 measured; 7 filtered out; finished in 0.04s
[INFO] [stderr]              at ./src/lib.rs:41:19
[INFO] [stdout] 
[INFO] [stderr]    3: porkg_linux::fs::tests::bind_basic::{{closure}}
[INFO] [stderr]              at ./src/fs.rs:464:9
[INFO] [stderr]    4: porkg_linux::fs::tests::bind_basic
[INFO] [stderr]              at ./src/fs.rs:458:5
[INFO] [stderr]    5: porkg_linux::fs::tests::bind_basic::{{closure}}
[INFO] [stderr]              at ./src/fs.rs:458:5
[INFO] [stderr]    6: core::ops::function::FnOnce::call_once
[INFO] [stderr]              at /rustc/90b35a6239c3d8bdabc530a6a0816f7ff89a0aaf/library/core/src/ops/function.rs:250:5
[INFO] [stderr]    7: core::ops::function::FnOnce::call_once
[INFO] [stderr]              at /rustc/90b35a6239c3d8bdabc530a6a0816f7ff89a0aaf/library/core/src/ops/function.rs:250:5
[INFO] [stderr]    8: test::__rust_begin_short_backtrace
[INFO] [stderr]              at /rustc/90b35a6239c3d8bdabc530a6a0816f7ff89a0aaf/library/test/src/lib.rs:621:18
[INFO] [stderr]    9: test::run_test_in_process::{{closure}}
[INFO] [stderr]              at /rustc/90b35a6239c3d8bdabc530a6a0816f7ff89a0aaf/library/test/src/lib.rs:644:60
[INFO] [stderr]   10: <core::panic::unwind_safe::AssertUnwindSafe<F> as core::ops::function::FnOnce<()>>::call_once
[INFO] [stderr]              at /rustc/90b35a6239c3d8bdabc530a6a0816f7ff89a0aaf/library/core/src/panic/unwind_safe.rs:272:9
[INFO] [stderr]   11: std::panicking::try::do_call
[INFO] [stderr]              at /rustc/90b35a6239c3d8bdabc530a6a0816f7ff89a0aaf/library/std/src/panicking.rs:557:40
[INFO] [stderr]   12: std::panicking::try
[INFO] [stderr]              at /rustc/90b35a6239c3d8bdabc530a6a0816f7ff89a0aaf/library/std/src/panicking.rs:520:19
[INFO] [stderr]   13: std::panic::catch_unwind
[INFO] [stderr]              at /rustc/90b35a6239c3d8bdabc530a6a0816f7ff89a0aaf/library/std/src/panic.rs:358:14
[INFO] [stderr]   14: test::run_test_in_process
[INFO] [stderr]              at /rustc/90b35a6239c3d8bdabc530a6a0816f7ff89a0aaf/library/test/src/lib.rs:644:27
[INFO] [stderr]   15: test::run_test::{{closure}}
[INFO] [stderr]              at /rustc/90b35a6239c3d8bdabc530a6a0816f7ff89a0aaf/library/test/src/lib.rs:565:43
[INFO] [stderr]   16: test::run_test::{{closure}}
[INFO] [stderr]              at /rustc/90b35a6239c3d8bdabc530a6a0816f7ff89a0aaf/library/test/src/lib.rs:595:41
[INFO] [stderr]   17: std::sys::backtrace::__rust_begin_short_backtrace
[INFO] [stderr]              at /rustc/90b35a6239c3d8bdabc530a6a0816f7ff89a0aaf/library/std/src/sys/backtrace.rs:154:18
[INFO] [stderr]   18: std::thread::Builder::spawn_unchecked_::{{closure}}::{{closure}}
[INFO] [stderr]              at /rustc/90b35a6239c3d8bdabc530a6a0816f7ff89a0aaf/library/std/src/thread/mod.rs:538:17
[INFO] [stderr]   19: <core::panic::unwind_safe::AssertUnwindSafe<F> as core::ops::function::FnOnce<()>>::call_once
[INFO] [stderr]              at /rustc/90b35a6239c3d8bdabc530a6a0816f7ff89a0aaf/library/core/src/panic/unwind_safe.rs:272:9
[INFO] [stderr]   20: std::panicking::try::do_call
[INFO] [stderr]              at /rustc/90b35a6239c3d8bdabc530a6a0816f7ff89a0aaf/library/std/src/panicking.rs:557:40
[INFO] [stderr]   21: std::panicking::try
[INFO] [stderr]              at /rustc/90b35a6239c3d8bdabc530a6a0816f7ff89a0aaf/library/std/src/panicking.rs:520:19
[INFO] [stderr]   22: std::panic::catch_unwind
[INFO] [stderr]              at /rustc/90b35a6239c3d8bdabc530a6a0816f7ff89a0aaf/library/std/src/panic.rs:358:14
[INFO] [stderr]   23: std::thread::Builder::spawn_unchecked_::{{closure}}
[INFO] [stderr]              at /rustc/90b35a6239c3d8bdabc530a6a0816f7ff89a0aaf/library/std/src/thread/mod.rs:537:30
[INFO] [stderr]   24: core::ops::function::FnOnce::call_once{{vtable.shim}}
[INFO] [stderr]              at /rustc/90b35a6239c3d8bdabc530a6a0816f7ff89a0aaf/library/core/src/ops/function.rs:250:5
[INFO] [stderr]   25: <alloc::boxed::Box<F,A> as core::ops::function::FnOnce<Args>>::call_once
[INFO] [stderr]              at /rustc/90b35a6239c3d8bdabc530a6a0816f7ff89a0aaf/library/alloc/src/boxed.rs:2454:9
[INFO] [stderr]   26: <alloc::boxed::Box<F,A> as core::ops::function::FnOnce<Args>>::call_once
[INFO] [stderr]              at /rustc/90b35a6239c3d8bdabc530a6a0816f7ff89a0aaf/library/alloc/src/boxed.rs:2454:9
[INFO] [stderr]   27: std::sys::pal::unix::thread::Thread::new::thread_start
[INFO] [stderr]              at /rustc/90b35a6239c3d8bdabc530a6a0816f7ff89a0aaf/library/std/src/sys/pal/unix/thread.rs:105:17
[INFO] [stderr]   28: <unknown>
[INFO] [stderr]   29: clone
[INFO] [stderr] 
[INFO] [stderr] 
[INFO] [stderr] Stack backtrace:
[INFO] [stderr]    0: anyhow::error::<impl core::convert::From<E> for anyhow::Error>::from
[INFO] [stderr]              at /opt/rustwide/cargo-home/registry/src/index.crates.io-6f17d22bba15001f/anyhow-1.0.86/src/backtrace.rs:27:14
[INFO] [stderr]    1: <core::result::Result<T,F> as core::ops::try_trait::FromResidual<core::result::Result<core::convert::Infallible,E>>>::from_residual
[INFO] [stderr]              at /rustc/90b35a6239c3d8bdabc530a6a0816f7ff89a0aaf/library/core/src/result.rs:2010:27
[INFO] [stderr]    2: porkg_linux::test::as_root
[INFO] [stderr]              at ./src/lib.rs:41:19
[INFO] [stderr]    3: porkg_linux::fs::tests::test_bind::{{closure}}
[INFO] [stderr]              at ./src/fs.rs:545:9
[INFO] [stderr]    4: porkg_linux::fs::tests::test_bind
[INFO] [stderr]              at ./src/fs.rs:539:5
[INFO] [stderr]    5: porkg_linux::fs::tests::test_bind::{{closure}}
[INFO] [stderr]              at ./src/fs.rs:539:5
[INFO] [stderr]    6: core::ops::function::FnOnce::call_once
[INFO] [stderr]              at /rustc/90b35a6239c3d8bdabc530a6a0816f7ff89a0aaf/library/core/src/ops/function.rs:250:5
[INFO] [stderr]    7: core::ops::function::FnOnce::call_once
[INFO] [stderr]              at /rustc/90b35a6239c3d8bdabc530a6a0816f7ff89a0aaf/library/core/src/ops/function.rs:250:5
[INFO] [stderr]    8: test::__rust_begin_short_backtrace
[INFO] [stderr]              at /rustc/90b35a6239c3d8bdabc530a6a0816f7ff89a0aaf/library/test/src/lib.rs:621:18
[INFO] [stderr]    9: test::run_test_in_process::{{closure}}
[INFO] [stderr]              at /rustc/90b35a6239c3d8bdabc530a6a0816f7ff89a0aaf/library/test/src/lib.rs:644:60
[INFO] [stderr]   10: <core::panic::unwind_safe::AssertUnwindSafe<F> as core::ops::function::FnOnce<()>>::call_once
[INFO] [stderr]              at /rustc/90b35a6239c3d8bdabc530a6a0816f7ff89a0aaf/library/core/src/panic/unwind_safe.rs:272:9
[INFO] [stderr]   11: std::panicking::try::do_call
[INFO] [stderr]              at /rustc/90b35a6239c3d8bdabc530a6a0816f7ff89a0aaf/library/std/src/panicking.rs:557:40
[INFO] [stderr]   12: std::panicking::try
[INFO] [stderr]              at /rustc/90b35a6239c3d8bdabc530a6a0816f7ff89a0aaf/library/std/src/panicking.rs:520:19
[INFO] [stderr]   13: std::panic::catch_unwind
[INFO] [stderr]              at /rustc/90b35a6239c3d8bdabc530a6a0816f7ff89a0aaf/library/std/src/panic.rs:358:14
[INFO] [stderr]   14: test::run_test_in_process
[INFO] [stderr]              at /rustc/90b35a6239c3d8bdabc530a6a0816f7ff89a0aaf/library/test/src/lib.rs:644:27
[INFO] [stderr]   15: test::run_test::{{closure}}
[INFO] [stderr]              at /rustc/90b35a6239c3d8bdabc530a6a0816f7ff89a0aaf/library/test/src/lib.rs:565:43
[INFO] [stderr]   16: test::run_test::{{closure}}
[INFO] [stderr]              at /rustc/90b35a6239c3d8bdabc530a6a0816f7ff89a0aaf/library/test/src/lib.rs:595:41
[INFO] [stderr]   17: std::sys::backtrace::__rust_begin_short_backtrace
[INFO] [stderr]              at /rustc/90b35a6239c3d8bdabc530a6a0816f7ff89a0aaf/library/std/src/sys/backtrace.rs:154:18
[INFO] [stderr]   18: std::thread::Builder::spawn_unchecked_::{{closure}}::{{closure}}
[INFO] [stderr]              at /rustc/90b35a6239c3d8bdabc530a6a0816f7ff89a0aaf/library/std/src/thread/mod.rs:538:17
[INFO] [stderr]   19: <core::panic::unwind_safe::AssertUnwindSafe<F> as core::ops::function::FnOnce<()>>::call_once
[INFO] [stderr]              at /rustc/90b35a6239c3d8bdabc530a6a0816f7ff89a0aaf/library/core/src/panic/unwind_safe.rs:272:9
[INFO] [stderr]   20: std::panicking::try::do_call
[INFO] [stderr]              at /rustc/90b35a6239c3d8bdabc530a6a0816f7ff89a0aaf/library/std/src/panicking.rs:557:40
[INFO] [stderr]   21: std::panicking::try
[INFO] [stderr]              at /rustc/90b35a6239c3d8bdabc530a6a0816f7ff89a0aaf/library/std/src/panicking.rs:520:19
[INFO] [stderr]   22: std::panic::catch_unwind
[INFO] [stderr]              at /rustc/90b35a6239c3d8bdabc530a6a0816f7ff89a0aaf/library/std/src/panic.rs:358:14
[INFO] [stderr]   23: std::thread::Builder::spawn_unchecked_::{{closure}}
[INFO] [stderr]              at /rustc/90b35a6239c3d8bdabc530a6a0816f7ff89a0aaf/library/std/src/thread/mod.rs:537:30
[INFO] [stderr]   24: core::ops::function::FnOnce::call_once{{vtable.shim}}
[INFO] [stderr]              at /rustc/90b35a6239c3d8bdabc530a6a0816f7ff89a0aaf/library/core/src/ops/function.rs:250:5
[INFO] [stderr]   25: <alloc::boxed::Box<F,A> as core::ops::function::FnOnce<Args>>::call_once
[INFO] [stderr]              at /rustc/90b35a6239c3d8bdabc530a6a0816f7ff89a0aaf/library/alloc/src/boxed.rs:2454:9
[INFO] [stderr]   26: <alloc::boxed::Box<F,A> as core::ops::function::FnOnce<Args>>::call_once
[INFO] [stderr]              at /rustc/90b35a6239c3d8bdabc530a6a0816f7ff89a0aaf/library/alloc/src/boxed.rs:2454:9
[INFO] [stderr]   27: std::sys::pal::unix::thread::Thread::new::thread_start
[INFO] [stderr]              at /rustc/90b35a6239c3d8bdabc530a6a0816f7ff89a0aaf/library/std/src/sys/pal/unix/thread.rs:105:17
[INFO] [stderr]   28: <unknown>
[INFO] [stderr]   29: clone
[INFO] [stdout] fs::tests::test_bind --- FAILED
[INFO] [stdout] 
[INFO] [stdout] failures:
[INFO] [stdout] 
[INFO] [stdout] failures:
[INFO] [stdout]     fs::tests::test_bind
[INFO] [stdout] 
[INFO] [stdout] test result: FAILED. 0 passed; 1 failed; 0 ignored; 0 measured; 7 filtered out; finished in 0.04s
[INFO] [stdout] 
[INFO] [stdout] test fs::tests::bind_ro ... FAILED
[INFO] [stdout] test fs::tests::bind_basic ... FAILED
[INFO] [stdout] test fs::tests::test_bind ... FAILED
[INFO] [stderr] 
[INFO] [stderr] 
[INFO] [stderr] Stack backtrace:
[INFO] [stderr]    0: anyhow::error::<impl core::convert::From<E> for anyhow::Error>::from
[INFO] [stderr]              at /opt/rustwide/cargo-home/registry/src/index.crates.io-6f17d22bba15001f/anyhow-1.0.86/src/backtrace.rs:27:14
[INFO] [stderr]    1: <core::result::Result<T,F> as core::ops::try_trait::FromResidual<core::result::Result<core::convert::Infallible,E>>>::from_residual
[INFO] [stderr]              at /rustc/90b35a6239c3d8bdabc530a6a0816f7ff89a0aaf/library/core/src/result.rs:2010:27
[INFO] [stderr]    2: porkg_linux::test::as_root
[INFO] [stderr]              at ./src/lib.rs:41:19
[INFO] [stderr]    3: porkg_linux::fs::tests::mount_proc::{{closure}}
[INFO] [stderr]              at ./src/fs.rs:514:9
[INFO] [stderr]    4: porkg_linux::fs::tests::mount_proc
[INFO] [stderr]              at ./src/fs.rs:508:5
[INFO] [stderr]    5: porkg_linux::fs::tests::mount_proc::{{closure}}
[INFO] [stderr]              at ./src/fs.rs:508:5
[INFO] [stderr]    6: core::ops::function::FnOnce::call_once
[INFO] [stderr]              at /rustc/90b35a6239c3d8bdabc530a6a0816f7ff89a0aaf/library/core/src/ops/function.rs:250:5
[INFO] [stderr]    7: core::ops::function::FnOnce::call_once
[INFO] [stderr]              at /rustc/90b35a6239c3d8bdabc530a6a0816f7ff89a0aaf/library/core/src/ops/function.rs:250:5
[INFO] [stderr]    8: test::__rust_begin_short_backtrace
[INFO] [stderr]              at /rustc/90b35a6239c3d8bdabc530a6a0816f7ff89a0aaf/library/test/src/lib.rs:621:18
[INFO] [stderr]    9: test::run_test_in_process::{{closure}}
[INFO] [stderr]              at /rustc/90b35a6239c3d8bdabc530a6a0816f7ff89a0aaf/library/test/src/lib.rs:644:60
[INFO] [stderr]   10: <core::panic::unwind_safe::AssertUnwindSafe<F> as core::ops::function::FnOnce<()>>::call_once
[INFO] [stderr]              at /rustc/90b35a6239c3d8bdabc530a6a0816f7ff89a0aaf/library/core/src/panic/unwind_safe.rs:272:9
[INFO] [stderr]   11: std::panicking::try::do_call
[INFO] [stderr]              at /rustc/90b35a6239c3d8bdabc530a6a0816f7ff89a0aaf/library/std/src/panicking.rs:557:40
[INFO] [stderr]   12: std::panicking::try
[INFO] [stderr]              at /rustc/90b35a6239c3d8bdabc530a6a0816f7ff89a0aaf/library/std/src/panicking.rs:520:19
[INFO] [stderr]   13: std::panic::catch_unwind
[INFO] [stderr]              at /rustc/90b35a6239c3d8bdabc530a6a0816f7ff89a0aaf/library/std/src/panic.rs:358:14
[INFO] [stderr]   14: test::run_test_in_process
[INFO] [stderr]              at /rustc/90b35a6239c3d8bdabc530a6a0816f7ff89a0aaf/library/test/src/lib.rs:644:27
[INFO] [stderr]   15: test::run_test::{{closure}}
[INFO] [stderr]              at /rustc/90b35a6239c3d8bdabc530a6a0816f7ff89a0aaf/library/test/src/lib.rs:565:43
[INFO] [stderr]   16: test::run_test::{{closure}}
[INFO] [stderr]              at /rustc/90b35a6239c3d8bdabc530a6a0816f7ff89a0aaf/library/test/src/lib.rs:595:41
[INFO] [stderr]   17: std::sys::backtrace::__rust_begin_short_backtrace
[INFO] [stderr]              at /rustc/90b35a6239c3d8bdabc530a6a0816f7ff89a0aaf/library/std/src/sys/backtrace.rs:154:18
[INFO] [stderr]   18: std::thread::Builder::spawn_unchecked_::{{closure}}::{{closure}}
[INFO] [stderr]              at /rustc/90b35a6239c3d8bdabc530a6a0816f7ff89a0aaf/library/std/src/thread/mod.rs:538:17
[INFO] [stderr]   19: <core::panic::unwind_safe::AssertUnwindSafe<F> as core::ops::function::FnOnce<()>>::call_once
[INFO] [stderr]              at /rustc/90b35a6239c3d8bdabc530a6a0816f7ff89a0aaf/library/core/src/panic/unwind_safe.rs:272:9
[INFO] [stderr]   20: std::panicking::try::do_call
[INFO] [stderr]              at /rustc/90b35a6239c3d8bdabc530a6a0816f7ff89a0aaf/library/std/src/panicking.rs:557:40
[INFO] [stderr]   21: std::panicking::try
[INFO] [stderr]              at /rustc/90b35a6239c3d8bdabc530a6a0816f7ff89a0aaf/library/std/src/panicking.rs:520:19
[INFO] [stderr]   22: std::panic::catch_unwind
[INFO] [stderr]              at /rustc/90b35a6239c3d8bdabc530a6a0816f7ff89a0aaf/library/std/src/panic.rs:358:14
[INFO] [stderr]   23: std::thread::Builder::spawn_unchecked_::{{closure}}
[INFO] [stderr]              at /rustc/90b35a6239c3d8bdabc530a6a0816f7ff89a0aaf/library/std/src/thread/mod.rs:537:30
[INFO] [stderr]   24: core::ops::function::FnOnce::call_once{{vtable.shim}}
[INFO] [stderr]              at /rustc/90b35a6239c3d8bdabc530a6a0816f7ff89a0aaf/library/core/src/ops/function.rs:250:5
[INFO] [stderr]   25: <alloc::boxed::Box<F,A> as core::ops::function::FnOnce<Args>>::call_once
[INFO] [stderr]              at /rustc/90b35a6239c3d8bdabc530a6a0816f7ff89a0aaf/library/alloc/src/boxed.rs:2454:9
[INFO] [stderr]   26: <alloc::boxed::Box<F,A> as core::ops::function::FnOnce<Args>>::call_once
[INFO] [stderr]              at /rustc/90b35a6239c3d8bdabc530a6a0816f7ff89a0aaf/library/alloc/src/boxed.rs:2454:9
[INFO] [stderr]   27: std::sys::pal::unix::thread::Thread::new::thread_start
[INFO] [stderr]              at /rustc/90b35a6239c3d8bdabc530a6a0816f7ff89a0aaf/library/std/src/sys/pal/unix/thread.rs:105:17
[INFO] [stderr]   28: <unknown>
[INFO] [stderr]   29: clone
[INFO] [stdout] fs::tests::mount_proc --- FAILED
[INFO] [stdout] 
[INFO] [stdout] failures:
[INFO] [stdout] 
[INFO] [stdout] failures:
[INFO] [stdout]     fs::tests::mount_proc
[INFO] [stdout] 
[INFO] [stdout] test result: FAILED. 0 passed; 1 failed; 0 ignored; 0 measured; 7 filtered out; finished in 0.07s
[INFO] [stdout] 
[INFO] [stdout] test fs::tests::mount_proc ... FAILED
[INFO] [stdout] 
[INFO] [stdout] failures:
[INFO] [stdout] 
[INFO] [stdout] ---- fs::tests::bind_ro stdout ----
[INFO] [stdout]   [2m2024-12-14T20:24:40.690108Z[0m [35mTRACE[0m [1;35mporkg_linux::clone[0m[35m: [35mfailed to clone(3), [1;35merror[0m[35m: ENOSYS[0m
[INFO] [stdout]     [2;3mat[0m crates/porkg-linux/src/clone.rs:153
[INFO] [stdout]     [2;3min[0m porkg_linux::clone::[1mclone[0m [2;3mwith[0m [1mflags[0m: CloneFlags(NEWNS | NEWUSER | NEWPID)
[INFO] [stdout] 
[INFO] [stdout]   [2m2024-12-14T20:24:40.690143Z[0m [35mTRACE[0m [1;35mporkg_linux::clone[0m[35m: [35mgot the system page size, [1;35msize[0m[35m: Some(4096)[0m
[INFO] [stdout]     [2;3mat[0m crates/porkg-linux/src/clone.rs:187
[INFO] [stdout]     [2;3min[0m porkg_linux::clone::[1mclone[0m [2;3mwith[0m [1mflags[0m: CloneFlags(NEWNS | NEWUSER | NEWPID)
[INFO] [stdout] 
[INFO] [stdout]   [2m2024-12-14T20:24:40.690164Z[0m [35mTRACE[0m [1;35mporkg_linux::clone[0m[35m: [35mgot the system stack limit, [1;35msize[0m[35m: (Some(8388608), None)[0m
[INFO] [stdout]     [2;3mat[0m crates/porkg-linux/src/clone.rs:196
[INFO] [stdout]     [2;3min[0m porkg_linux::clone::[1mclone[0m [2;3mwith[0m [1mflags[0m: CloneFlags(NEWNS | NEWUSER | NEWPID)
[INFO] [stdout] 
[INFO] [stdout]   [2m2024-12-14T20:24:40.690175Z[0m [35mTRACE[0m [1;35mporkg_linux::clone[0m[35m: [35mallocating 8388608 bytes for the new stack[0m
[INFO] [stdout]     [2;3mat[0m crates/porkg-linux/src/clone.rs:215
[INFO] [stdout]     [2;3min[0m porkg_linux::clone::[1mclone[0m [2;3mwith[0m [1mflags[0m: CloneFlags(NEWNS | NEWUSER | NEWPID)
[INFO] [stdout] 
[INFO] [stdout]   [2m2024-12-14T20:24:40.690190Z[0m [35mTRACE[0m [1;35mporkg_linux::clone[0m[35m: [35mallocated the stack memory[0m
[INFO] [stdout]     [2;3mat[0m crates/porkg-linux/src/clone.rs:224
[INFO] [stdout]     [2;3min[0m porkg_linux::clone::[1mclone[0m [2;3mwith[0m [1mflags[0m: CloneFlags(NEWNS | NEWUSER | NEWPID)
[INFO] [stdout] 
[INFO] [stdout]   [2m2024-12-14T20:24:40.690204Z[0m [35mTRACE[0m [1;35mporkg_linux::clone[0m[35m: [35mcreated a guard page in the stack[0m
[INFO] [stdout]     [2;3mat[0m crates/porkg-linux/src/clone.rs:234
[INFO] [stdout]     [2;3min[0m porkg_linux::clone::[1mclone[0m [2;3mwith[0m [1mflags[0m: CloneFlags(NEWNS | NEWUSER | NEWPID)
[INFO] [stdout] 
[INFO] [stdout]   [2m2024-12-14T20:24:40.690260Z[0m [32m INFO[0m [1;32mporkg_linux::clone[0m[32m: [32mfailed to clone(2), [1;32merror[0m[32m: EPERM[0m
[INFO] [stdout]     [2;3mat[0m crates/porkg-linux/src/clone.rs:281
[INFO] [stdout]     [2;3min[0m porkg_linux::clone::[1mclone[0m [2;3mwith[0m [1mflags[0m: CloneFlags(NEWNS | NEWUSER | NEWPID)
[INFO] [stdout] 
[INFO] [stdout]   [2m2024-12-14T20:24:40.690274Z[0m [34mDEBUG[0m [1;34mporkg_linux::clone[0m[34m: [1;34merror[0m[34m: failed to clone process: EPERM: Operation not permitted[0m
[INFO] [stdout]     [2;3mat[0m crates/porkg-linux/src/clone.rs:65
[INFO] [stdout]     [2;3min[0m porkg_linux::clone::[1mclone[0m [2;3mwith[0m [1mflags[0m: CloneFlags(NEWNS | NEWUSER | NEWPID)
[INFO] [stdout] 
[INFO] [stdout] Error: failed to clone process: EPERM: Operation not permitted
[INFO] [stdout] 
[INFO] [stdout] Caused by:
[INFO] [stdout]     EPERM: Operation not permitted
[INFO] [stdout] 
[INFO] [stdout] Stack backtrace:
[INFO] [stdout]    0: anyhow::error::<impl core::convert::From<E> for anyhow::Error>::from
[INFO] [stdout]              at /opt/rustwide/cargo-home/registry/src/index.crates.io-6f17d22bba15001f/anyhow-1.0.86/src/backtrace.rs:27:14
[INFO] [stdout]    1: <core::result::Result<T,F> as core::ops::try_trait::FromResidual<core::result::Result<core::convert::Infallible,E>>>::from_residual
[INFO] [stdout]              at /rustc/90b35a6239c3d8bdabc530a6a0816f7ff89a0aaf/library/core/src/result.rs:2010:27
[INFO] [stdout]    2: porkg_linux::test::as_root
[INFO] [stdout]              at ./src/lib.rs:41:19
[INFO] [stdout]    3: porkg_linux::fs::tests::bind_ro
[INFO] [stdout]              at ./src/fs.rs:489:9
[INFO] [stdout]    4: porkg_linux::fs::tests::bind_ro::{{closure}}
[INFO] [stdout]              at ./src/fs.rs:484:21
[INFO] [stdout]    5: core::ops::function::FnOnce::call_once
[INFO] [stdout]              at /rustc/90b35a6239c3d8bdabc530a6a0816f7ff89a0aaf/library/core/src/ops/function.rs:250:5
[INFO] [stdout]    6: core::ops::function::FnOnce::call_once
[INFO] [stdout]              at /rustc/90b35a6239c3d8bdabc530a6a0816f7ff89a0aaf/library/core/src/ops/function.rs:250:5
[INFO] [stdout]    7: test::__rust_begin_short_backtrace
[INFO] [stdout]              at /rustc/90b35a6239c3d8bdabc530a6a0816f7ff89a0aaf/library/test/src/lib.rs:621:18
[INFO] [stdout]    8: test::run_test_in_process::{{closure}}
[INFO] [stdout]              at /rustc/90b35a6239c3d8bdabc530a6a0816f7ff89a0aaf/library/test/src/lib.rs:644:60
[INFO] [stdout]    9: <core::panic::unwind_safe::AssertUnwindSafe<F> as core::ops::function::FnOnce<()>>::call_once
[INFO] [stdout]              at /rustc/90b35a6239c3d8bdabc530a6a0816f7ff89a0aaf/library/core/src/panic/unwind_safe.rs:272:9
[INFO] [stdout]   10: std::panicking::try::do_call
[INFO] [stdout]              at /rustc/90b35a6239c3d8bdabc530a6a0816f7ff89a0aaf/library/std/src/panicking.rs:557:40
[INFO] [stdout]   11: std::panicking::try
[INFO] [stdout]              at /rustc/90b35a6239c3d8bdabc530a6a0816f7ff89a0aaf/library/std/src/panicking.rs:520:19
[INFO] [stdout]   12: std::panic::catch_unwind
[INFO] [stdout]              at /rustc/90b35a6239c3d8bdabc530a6a0816f7ff89a0aaf/library/std/src/panic.rs:358:14
[INFO] [stdout]   13: test::run_test_in_process
[INFO] [stdout]              at /rustc/90b35a6239c3d8bdabc530a6a0816f7ff89a0aaf/library/test/src/lib.rs:644:27
[INFO] [stdout]   14: test::run_test::{{closure}}
[INFO] [stdout]              at /rustc/90b35a6239c3d8bdabc530a6a0816f7ff89a0aaf/library/test/src/lib.rs:565:43
[INFO] [stdout]   15: test::run_test::{{closure}}
[INFO] [stdout]              at /rustc/90b35a6239c3d8bdabc530a6a0816f7ff89a0aaf/library/test/src/lib.rs:595:41
[INFO] [stdout]   16: std::sys::backtrace::__rust_begin_short_backtrace
[INFO] [stdout]              at /rustc/90b35a6239c3d8bdabc530a6a0816f7ff89a0aaf/library/std/src/sys/backtrace.rs:154:18
[INFO] [stdout]   17: std::thread::Builder::spawn_unchecked_::{{closure}}::{{closure}}
[INFO] [stdout]              at /rustc/90b35a6239c3d8bdabc530a6a0816f7ff89a0aaf/library/std/src/thread/mod.rs:538:17
[INFO] [stdout]   18: <core::panic::unwind_safe::AssertUnwindSafe<F> as core::ops::function::FnOnce<()>>::call_once
[INFO] [stdout]              at /rustc/90b35a6239c3d8bdabc530a6a0816f7ff89a0aaf/library/core/src/panic/unwind_safe.rs:272:9
[INFO] [stdout]   19: std::panicking::try::do_call
[INFO] [stdout]              at /rustc/90b35a6239c3d8bdabc530a6a0816f7ff89a0aaf/library/std/src/panicking.rs:557:40
[INFO] [stdout]   20: std::panicking::try
[INFO] [stdout]              at /rustc/90b35a6239c3d8bdabc530a6a0816f7ff89a0aaf/library/std/src/panicking.rs:520:19
[INFO] [stdout]   21: std::panic::catch_unwind
[INFO] [stdout]              at /rustc/90b35a6239c3d8bdabc530a6a0816f7ff89a0aaf/library/std/src/panic.rs:358:14
[INFO] [stdout]   22: std::thread::Builder::spawn_unchecked_::{{closure}}
[INFO] [stdout]              at /rustc/90b35a6239c3d8bdabc530a6a0816f7ff89a0aaf/library/std/src/thread/mod.rs:537:30
[INFO] [stdout]   23: core::ops::function::FnOnce::call_once{{vtable.shim}}
[INFO] [stdout]              at /rustc/90b35a6239c3d8bdabc530a6a0816f7ff89a0aaf/library/core/src/ops/function.rs:250:5
[INFO] [stdout]   24: <alloc::boxed::Box<F,A> as core::ops::function::FnOnce<Args>>::call_once
[INFO] [stdout]              at /rustc/90b35a6239c3d8bdabc530a6a0816f7ff89a0aaf/library/alloc/src/boxed.rs:2454:9
[INFO] [stdout]   25: <alloc::boxed::Box<F,A> as core::ops::function::FnOnce<Args>>::call_once
[INFO] [stdout]              at /rustc/90b35a6239c3d8bdabc530a6a0816f7ff89a0aaf/library/alloc/src/boxed.rs:2454:9
[INFO] [stdout]   26: std::sys::pal::unix::thread::Thread::new::thread_start
[INFO] [stdout]              at /rustc/90b35a6239c3d8bdabc530a6a0816f7ff89a0aaf/library/std/src/sys/pal/unix/thread.rs:105:17
[INFO] [stdout]   27: <unknown>
[INFO] [stdout]   28: clone
[INFO] [stdout] 
[INFO] [stdout] 
[INFO] [stdout] failures:
[INFO] [stdout]     fs::tests::bind_basic
[INFO] [stdout]     fs::tests::bind_ro
[INFO] [stdout]     fs::tests::mount_proc
[INFO] [stdout]     fs::tests::test_bind
[INFO] [stdout] 
[INFO] [stdout] test result: FAILED. 4 passed; 4 failed; 0 ignored; 0 measured; 0 filtered out; finished in 0.09s
[INFO] [stdout] 
[INFO] [stderr] error: test failed, to rerun pass `-p porkg-linux --lib`
[INFO] running `Command { std: "docker" "inspect" "5070a4c4598e61c2a387322e886d68d4bb95bf12ac82c3821d37bffaa30e499b", kill_on_drop: false }`
[INFO] running `Command { std: "docker" "rm" "-f" "5070a4c4598e61c2a387322e886d68d4bb95bf12ac82c3821d37bffaa30e499b", kill_on_drop: false }`
[INFO] [stdout] 5070a4c4598e61c2a387322e886d68d4bb95bf12ac82c3821d37bffaa30e499b
