[INFO] cloning repository https://github.com/plaodas/axum_api
[INFO] running `Command { std: "git" "-c" "credential.helper=" "-c" "credential.helper=/workspace/cargo-home/bin/git-credential-null" "clone" "--bare" "https://github.com/plaodas/axum_api" "/workspace/cache/git-repos/https%3A%2F%2Fgithub.com%2Fplaodas%2Faxum_api", kill_on_drop: false }`
[INFO] [stderr] Cloning into bare repository '/workspace/cache/git-repos/https%3A%2F%2Fgithub.com%2Fplaodas%2Faxum_api'...
[INFO] running `Command { std: "git" "rev-parse" "HEAD", kill_on_drop: false }`
[INFO] [stdout] b7dc4c73dbcf28867d5d6cc3c6bd0effdbf7b26c
[INFO] testing plaodas/axum_api against beta-2024-12-08 for beta-1.84.0-4-retry
[INFO] running `Command { std: "git" "clone" "/workspace/cache/git-repos/https%3A%2F%2Fgithub.com%2Fplaodas%2Faxum_api" "/workspace/builds/worker-5-tc2/source", kill_on_drop: false }`
[INFO] [stderr] Cloning into '/workspace/builds/worker-5-tc2/source'...
[INFO] [stderr] done.
[INFO] validating manifest of git repo https://github.com/plaodas/axum_api on toolchain beta-2024-12-08
[INFO] running `Command { std: CARGO_HOME="/workspace/cargo-home" RUSTUP_HOME="/workspace/rustup-home" "/workspace/cargo-home/bin/cargo" "+beta-2024-12-08" "metadata" "--manifest-path" "Cargo.toml" "--no-deps", kill_on_drop: false }`
[INFO] started tweaking git repo https://github.com/plaodas/axum_api
[INFO] finished tweaking git repo https://github.com/plaodas/axum_api
[INFO] tweaked toml for git repo https://github.com/plaodas/axum_api written to /workspace/builds/worker-5-tc2/source/Cargo.toml
[INFO] crate git repo https://github.com/plaodas/axum_api already has a lockfile, it will not be regenerated
[INFO] running `Command { std: CARGO_HOME="/workspace/cargo-home" RUSTUP_HOME="/workspace/rustup-home" "/workspace/cargo-home/bin/cargo" "+beta-2024-12-08" "fetch" "--manifest-path" "Cargo.toml", kill_on_drop: false }`
[INFO] running `Command { std: "docker" "create" "-v" "/var/lib/crater-agent-workspace/builds/worker-5-tc2/target:/opt/rustwide/target:rw,Z" "-v" "/var/lib/crater-agent-workspace/builds/worker-5-tc2/source:/opt/rustwide/workdir:ro,Z" "-v" "/var/lib/crater-agent-workspace/cargo-home:/opt/rustwide/cargo-home:ro,Z" "-v" "/var/lib/crater-agent-workspace/rustup-home:/opt/rustwide/rustup-home:ro,Z" "-e" "SOURCE_DIR=/opt/rustwide/workdir" "-e" "CARGO_TARGET_DIR=/opt/rustwide/target" "-e" "CARGO_HOME=/opt/rustwide/cargo-home" "-e" "RUSTUP_HOME=/opt/rustwide/rustup-home" "-w" "/opt/rustwide/workdir" "-m" "1610612736" "--user" "0:0" "--network" "none" "ghcr.io/rust-lang/crates-build-env/linux@sha256:f3a9d4ad9d972b27faf3965f35b62e55ba32bbce8f20bc8fe909558a86702fde" "/opt/rustwide/cargo-home/bin/cargo" "+beta-2024-12-08" "metadata" "--no-deps" "--format-version=1", kill_on_drop: false }`
[INFO] [stdout] ab72cf919040aa70ce07d32cfd378dedef01278b8c57eeba3b7f575095f2e8f5
[INFO] running `Command { std: "docker" "start" "-a" "ab72cf919040aa70ce07d32cfd378dedef01278b8c57eeba3b7f575095f2e8f5", kill_on_drop: false }`
[INFO] running `Command { std: "docker" "inspect" "ab72cf919040aa70ce07d32cfd378dedef01278b8c57eeba3b7f575095f2e8f5", kill_on_drop: false }`
[INFO] running `Command { std: "docker" "rm" "-f" "ab72cf919040aa70ce07d32cfd378dedef01278b8c57eeba3b7f575095f2e8f5", kill_on_drop: false }`
[INFO] [stdout] ab72cf919040aa70ce07d32cfd378dedef01278b8c57eeba3b7f575095f2e8f5
[INFO] running `Command { std: "docker" "create" "-v" "/var/lib/crater-agent-workspace/builds/worker-5-tc2/target:/opt/rustwide/target:rw,Z" "-v" "/var/lib/crater-agent-workspace/builds/worker-5-tc2/source:/opt/rustwide/workdir:ro,Z" "-v" "/var/lib/crater-agent-workspace/cargo-home:/opt/rustwide/cargo-home:ro,Z" "-v" "/var/lib/crater-agent-workspace/rustup-home:/opt/rustwide/rustup-home:ro,Z" "-e" "SOURCE_DIR=/opt/rustwide/workdir" "-e" "CARGO_TARGET_DIR=/opt/rustwide/target" "-e" "CARGO_INCREMENTAL=0" "-e" "RUST_BACKTRACE=full" "-e" "RUSTFLAGS=--cap-lints=warn" "-e" "RUSTDOCFLAGS=--cap-lints=warn" "-e" "CARGO_HOME=/opt/rustwide/cargo-home" "-e" "RUSTUP_HOME=/opt/rustwide/rustup-home" "-w" "/opt/rustwide/workdir" "-m" "1610612736" "--user" "0:0" "--network" "none" "ghcr.io/rust-lang/crates-build-env/linux@sha256:f3a9d4ad9d972b27faf3965f35b62e55ba32bbce8f20bc8fe909558a86702fde" "/opt/rustwide/cargo-home/bin/cargo" "+beta-2024-12-08" "build" "--frozen" "--message-format=json", kill_on_drop: false }`
[INFO] [stdout] 6516465f3be46f0770ceb4b85e0b836ba5f0b8d4d0cca3141a9fec7b099d1fbb
[INFO] running `Command { std: "docker" "start" "-a" "6516465f3be46f0770ceb4b85e0b836ba5f0b8d4d0cca3141a9fec7b099d1fbb", kill_on_drop: false }`
[INFO] [stderr]    Compiling libc v0.2.139
[INFO] [stderr]    Compiling cfg-if v1.0.0
[INFO] [stderr]    Compiling autocfg v1.1.0
[INFO] [stderr]    Compiling proc-macro2 v1.0.50
[INFO] [stderr]    Compiling unicode-ident v1.0.6
[INFO] [stderr]    Compiling once_cell v1.17.0
[INFO] [stderr]    Compiling quote v1.0.23
[INFO] [stderr]    Compiling syn v1.0.107
[INFO] [stderr]    Compiling version_check v0.9.4
[INFO] [stderr]    Compiling cc v1.0.79
[INFO] [stderr]    Compiling pin-project-lite v0.2.9
[INFO] [stderr]    Compiling bytes v1.4.0
[INFO] [stderr]    Compiling typenum v1.16.0
[INFO] [stderr]    Compiling memchr v2.5.0
[INFO] [stderr]    Compiling spin v0.5.2
[INFO] [stderr]    Compiling untrusted v0.7.1
[INFO] [stderr]    Compiling smallvec v1.10.0
[INFO] [stderr]    Compiling log v0.4.17
[INFO] [stderr]    Compiling itoa v1.0.5
[INFO] [stderr]    Compiling subtle v2.4.1
[INFO] [stderr]    Compiling futures-core v0.3.26
[INFO] [stderr]    Compiling scopeguard v1.1.0
[INFO] [stderr]    Compiling generic-array v0.14.6
[INFO] [stderr]    Compiling parking_lot_core v0.9.6
[INFO] [stderr]    Compiling futures-task v0.3.26
[INFO] [stderr]    Compiling rustls v0.20.8
[INFO] [stderr]    Compiling futures-sink v0.3.26
[INFO] [stderr]    Compiling lock_api v0.4.9
[INFO] [stderr]    Compiling tokio v1.25.0
[INFO] [stderr]    Compiling serde_derive v1.0.152
[INFO] [stderr]    Compiling futures-util v0.3.26
[INFO] [stderr]    Compiling pin-utils v0.1.0
[INFO] [stderr]    Compiling serde v1.0.152
[INFO] [stderr]    Compiling cpufeatures v0.2.5
[INFO] [stderr]    Compiling num-traits v0.2.15
[INFO] [stderr]    Compiling ahash v0.7.6
[INFO] [stderr]    Compiling tinyvec_macros v0.1.0
[INFO] [stderr]    Compiling tinyvec v1.6.0
[INFO] [stderr]    Compiling percent-encoding v2.2.0
[INFO] [stderr]    Compiling ryu v1.0.12
[INFO] [stderr]    Compiling parking_lot_core v0.8.6
[INFO] [stderr]    Compiling thiserror v1.0.38
[INFO] [stderr]    Compiling serde_json v1.0.91
[INFO] [stderr]    Compiling fnv v1.0.7
[INFO] [stderr]    Compiling http v0.2.8
[INFO] [stderr]    Compiling form_urlencoded v1.1.0
[INFO] [stderr]    Compiling socket2 v0.4.7
[INFO] [stderr]    Compiling num_cpus v1.15.0
[INFO] [stderr]    Compiling getrandom v0.2.8
[INFO] [stderr]    Compiling signal-hook-registry v1.4.0
[INFO] [stderr]    Compiling mio v0.8.5
[INFO] [stderr]    Compiling parking_lot v0.12.1
[INFO] [stderr]    Compiling rand_core v0.6.4
[INFO] [stderr]    Compiling unicode-normalization v0.1.22
[INFO] [stderr]    Compiling ring v0.16.20
[INFO] [stderr]    Compiling tracing-core v0.1.30
[INFO] [stderr]    Compiling instant v0.1.12
[INFO] [stderr]    Compiling unicode-bidi v0.3.10
[INFO] [stderr]    Compiling crossbeam-utils v0.8.14
[INFO] [stderr]    Compiling hashbrown v0.12.3
[INFO] [stderr]    Compiling indexmap v1.9.2
[INFO] [stderr]    Compiling futures-channel v0.3.26
[INFO] [stderr]    Compiling either v1.8.1
[INFO] [stderr]    Compiling minimal-lexical v0.2.1
[INFO] [stderr]    Compiling paste v1.0.11
[INFO] [stderr]    Compiling crossbeam-queue v0.3.8
[INFO] [stderr]    Compiling base64 v0.13.1
[INFO] [stderr]    Compiling ppv-lite86 v0.2.17
[INFO] [stderr]    Compiling itertools v0.10.5
[INFO] [stderr]    Compiling nom v7.1.3
[INFO] [stderr]    Compiling parking_lot v0.11.2
[INFO] [stderr]    Compiling idna v0.3.0
[INFO] [stderr]    Compiling crypto-common v0.1.6
[INFO] [stderr]    Compiling block-buffer v0.10.3
[INFO] [stderr]    Compiling dirs-sys v0.3.7
[INFO] [stderr]    Compiling digest v0.10.6
[INFO] [stderr]    Compiling rand_chacha v0.3.1
[INFO] [stderr]    Compiling num-integer v0.1.45
[INFO] [stderr]    Compiling hmac v0.12.1
[INFO] [stderr]    Compiling tower-service v0.3.2
[INFO] [stderr]    Compiling bitflags v1.3.2
[INFO] [stderr]    Compiling unicode_categories v0.1.1
[INFO] [stderr]    Compiling base64 v0.21.0
[INFO] [stderr]    Compiling crc-catalog v2.2.0
[INFO] [stderr]    Compiling rand v0.8.5
[INFO] [stderr]    Compiling hkdf v0.12.3
[INFO] [stderr]    Compiling crc v3.0.1
[INFO] [stderr]    Compiling hashlink v0.8.1
[INFO] [stderr]    Compiling rustls-pemfile v1.0.2
[INFO] [stderr]    Compiling url v2.3.1
[INFO] [stderr]    Compiling md-5 v0.10.5
[INFO] [stderr]    Compiling sha1 v0.10.5
[INFO] [stderr]    Compiling dirs v4.0.0
[INFO] [stderr]    Compiling futures-intrusive v0.4.2
[INFO] [stderr]    Compiling http-body v0.4.5
[INFO] [stderr]    Compiling stringprep v0.1.2
[INFO] [stderr]    Compiling num-bigint v0.4.3
[INFO] [stderr]    Compiling dotenvy v0.15.6
[INFO] [stderr]    Compiling hex v0.4.3
[INFO] [stderr]    Compiling httparse v1.8.0
[INFO] [stderr]    Compiling time-core v0.1.0
[INFO] [stderr]    Compiling tower-layer v0.3.2
[INFO] [stderr]    Compiling whoami v1.3.0
[INFO] [stderr]    Compiling regex-syntax v0.6.28
[INFO] [stderr]    Compiling byteorder v1.4.3
[INFO] [stderr]    Compiling event-listener v2.5.3
[INFO] [stderr]    Compiling async-trait v0.1.64
[INFO] [stderr]    Compiling atoi v1.0.0
[INFO] [stderr]    Compiling time-macros v0.2.6
[INFO] [stderr]    Compiling sha2 v0.10.6
[INFO] [stderr]    Compiling lazy_static v1.4.0
[INFO] [stderr]    Compiling unicode-segmentation v1.10.1
[INFO] [stderr]    Compiling try-lock v0.2.4
[INFO] [stderr]    Compiling httpdate v1.0.2
[INFO] [stderr]    Compiling mime v0.3.16
[INFO] [stderr]    Compiling want v0.3.0
[INFO] [stderr]    Compiling headers-core v0.2.0
[INFO] [stderr]    Compiling sqlformat v0.2.1
[INFO] [stderr]    Compiling overload v0.1.1
[INFO] [stderr]    Compiling heck v0.4.0
[INFO] [stderr]    Compiling base64ct v1.5.3
[INFO] [stderr]    Compiling http-range-header v0.3.0
[INFO] [stderr]    Compiling nu-ansi-term v0.46.0
[INFO] [stderr]    Compiling headers v0.3.8
[INFO] [stderr]    Compiling sharded-slab v0.1.4
[INFO] [stderr]    Compiling tracing-log v0.1.3
[INFO] [stderr]    Compiling blake2 v0.10.6
[INFO] [stderr]    Compiling pem v1.1.1
[INFO] [stderr]    Compiling password-hash v0.4.2
[INFO] [stderr]    Compiling webpki v0.22.0
[INFO] [stderr]    Compiling sct v0.7.0
[INFO] [stderr]    Compiling thread_local v1.1.4
[INFO] [stderr]    Compiling matchit v0.5.0
[INFO] [stderr]    Compiling time v0.3.17
[INFO] [stderr]    Compiling sync_wrapper v0.1.1
[INFO] [stderr]    Compiling webpki-roots v0.22.6
[INFO] [stderr]    Compiling tokio-stream v0.1.11
[INFO] [stderr]    Compiling argon2 v0.4.1
[INFO] [stderr]    Compiling dotenv v0.15.0
[INFO] [stderr]    Compiling regex-automata v0.1.10
[INFO] [stderr]    Compiling regex v1.7.1
[INFO] [stderr]    Compiling tokio-macros v1.8.2
[INFO] [stderr]    Compiling thiserror-impl v1.0.38
[INFO] [stderr]    Compiling tracing-attributes v0.1.23
[INFO] [stderr]    Compiling pin-project-internal v1.0.12
[INFO] [stderr]    Compiling axum-debug v0.3.3
[INFO] [stderr]    Compiling matchers v0.1.0
[INFO] [stderr]    Compiling tokio-rustls v0.23.4
[INFO] [stderr]    Compiling sqlx-rt v0.6.2
[INFO] [stderr] rustc-LLVM ERROR: IO failure on output stream: No space left on device
[INFO] [stdout] error: linking with `cc` failed: exit status: 1
[INFO] [stdout]   |
[INFO] [stdout]   = note: LC_ALL="C" PATH="/opt/rustwide/rustup-home/toolchains/beta-2024-12-08-x86_64-unknown-linux-gnu/lib/rustlib/x86_64-unknown-linux-gnu/bin:/opt/rustwide/cargo-home/bin:/usr/local/sbin:/usr/local/bin:/usr/sbin:/usr/bin:/sbin:/bin" VSLANG="1033" "cc" "-Wl,--version-script=/tmp/rustcFYFDL2/list" "-Wl,--no-undefined-version" "-m64" "/tmp/rustcFYFDL2/symbols.o" "/opt/rustwide/target/debug/deps/async_trait-ba99dc22e5707f9c.async_trait.689bc13979d03f47-cgu.00.rcgu.o" "/opt/rustwide/target/debug/deps/async_trait-ba99dc22e5707f9c.async_trait.689bc13979d03f47-cgu.01.rcgu.o" "/opt/rustwide/target/debug/deps/async_trait-ba99dc22e5707f9c.async_trait.689bc13979d03f47-cgu.02.rcgu.o" "/opt/rustwide/target/debug/deps/async_trait-ba99dc22e5707f9c.async_trait.689bc13979d03f47-cgu.03.rcgu.o" "/opt/rustwide/target/debug/deps/async_trait-ba99dc22e5707f9c.async_trait.689bc13979d03f47-cgu.04.rcgu.o" "/opt/rustwide/target/debug/deps/async_trait-ba99dc22e5707f9c.async_trait.689bc13979d03f47-cgu.05.rcgu.o" "/opt/rustwide/target/debug/deps/async_trait-ba99dc22e5707f9c.async_trait.689bc13979d03f47-cgu.06.rcgu.o" "/opt/rustwide/target/debug/deps/async_trait-ba99dc22e5707f9c.async_trait.689bc13979d03f47-cgu.07.rcgu.o" "/opt/rustwide/target/debug/deps/async_trait-ba99dc22e5707f9c.async_trait.689bc13979d03f47-cgu.08.rcgu.o" "/opt/rustwide/target/debug/deps/async_trait-ba99dc22e5707f9c.async_trait.689bc13979d03f47-cgu.09.rcgu.o" "/opt/rustwide/target/debug/deps/async_trait-ba99dc22e5707f9c.8k4x1huxsg9hgoigfo4jtpq87.rcgu.rmeta" "/opt/rustwide/target/debug/deps/async_trait-ba99dc22e5707f9c.9sdaazgs1t8bm2hxrn7wx5uvc.rcgu.o" "-Wl,--as-needed" "-Wl,-Bstatic" "/opt/rustwide/target/debug/deps/libsyn-0a939d87c0ccb96d.rlib" "/opt/rustwide/target/debug/deps/libquote-101492da3cffcc2b.rlib" "/opt/rustwide/target/debug/deps/libproc_macro2-cf6ec686ed733971.rlib" "/opt/rustwide/target/debug/deps/libunicode_ident-9178d5e4f5714a85.rlib" "/opt/rustwide/rustup-home/toolchains/beta-2024-12-08-x86_64-unknown-linux-gnu/lib/rustlib/x86_64-unknown-linux-gnu/lib/libproc_macro-bcafc4e6921040d1.rlib" "/opt/rustwide/rustup-home/toolchains/beta-2024-12-08-x86_64-unknown-linux-gnu/lib/rustlib/x86_64-unknown-linux-gnu/lib/libstd-02dc84f49135b6b8.rlib" "/opt/rustwide/rustup-home/toolchains/beta-2024-12-08-x86_64-unknown-linux-gnu/lib/rustlib/x86_64-unknown-linux-gnu/lib/libpanic_unwind-a8f45b397fae3f81.rlib" "/opt/rustwide/rustup-home/toolchains/beta-2024-12-08-x86_64-unknown-linux-gnu/lib/rustlib/x86_64-unknown-linux-gnu/lib/libobject-089607133c180609.rlib" "/opt/rustwide/rustup-home/toolchains/beta-2024-12-08-x86_64-unknown-linux-gnu/lib/rustlib/x86_64-unknown-linux-gnu/lib/libmemchr-fc89f091bcd86cbb.rlib" "/opt/rustwide/rustup-home/toolchains/beta-2024-12-08-x86_64-unknown-linux-gnu/lib/rustlib/x86_64-unknown-linux-gnu/lib/libaddr2line-5a60949f01c7340c.rlib" "/opt/rustwide/rustup-home/toolchains/beta-2024-12-08-x86_64-unknown-linux-gnu/lib/rustlib/x86_64-unknown-linux-gnu/lib/libgimli-d29e6a55ca253c8c.rlib" "/opt/rustwide/rustup-home/toolchains/beta-2024-12-08-x86_64-unknown-linux-gnu/lib/rustlib/x86_64-unknown-linux-gnu/lib/librustc_demangle-273c078d5f65de7a.rlib" "/opt/rustwide/rustup-home/toolchains/beta-2024-12-08-x86_64-unknown-linux-gnu/lib/rustlib/x86_64-unknown-linux-gnu/lib/libstd_detect-413c950ffbdd4454.rlib" "/opt/rustwide/rustup-home/toolchains/beta-2024-12-08-x86_64-unknown-linux-gnu/lib/rustlib/x86_64-unknown-linux-gnu/lib/libhashbrown-1853c0976a1d88a6.rlib" "/opt/rustwide/rustup-home/toolchains/beta-2024-12-08-x86_64-unknown-linux-gnu/lib/rustlib/x86_64-unknown-linux-gnu/lib/librustc_std_workspace_alloc-ccb3384ddacb0f9e.rlib" "/opt/rustwide/rustup-home/toolchains/beta-2024-12-08-x86_64-unknown-linux-gnu/lib/rustlib/x86_64-unknown-linux-gnu/lib/libminiz_oxide-0b901dfb0ca849e0.rlib" "/opt/rustwide/rustup-home/toolchains/beta-2024-12-08-x86_64-unknown-linux-gnu/lib/rustlib/x86_64-unknown-linux-gnu/lib/libadler-eebeb8d7c64543ad.rlib" "/opt/rustwide/rustup-home/toolchains/beta-2024-12-08-x86_64-unknown-linux-gnu/lib/rustlib/x86_64-unknown-linux-gnu/lib/libunwind-4723ef81d6079867.rlib" "/opt/rustwide/rustup-home/toolchains/beta-2024-12-08-x86_64-unknown-linux-gnu/lib/rustlib/x86_64-unknown-linux-gnu/lib/libcfg_if-54442f8b422f5a54.rlib" "/opt/rustwide/rustup-home/toolchains/beta-2024-12-08-x86_64-unknown-linux-gnu/lib/rustlib/x86_64-unknown-linux-gnu/lib/liblibc-e0bbe034b5282553.rlib" "/opt/rustwide/rustup-home/toolchains/beta-2024-12-08-x86_64-unknown-linux-gnu/lib/rustlib/x86_64-unknown-linux-gnu/lib/liballoc-d0febb68c1c37b90.rlib" "/opt/rustwide/rustup-home/toolchains/beta-2024-12-08-x86_64-unknown-linux-gnu/lib/rustlib/x86_64-unknown-linux-gnu/lib/librustc_std_workspace_core-4cf833632aafa84c.rlib" "/opt/rustwide/rustup-home/toolchains/beta-2024-12-08-x86_64-unknown-linux-gnu/lib/rustlib/x86_64-unknown-linux-gnu/lib/libcore-65c2c6d2d6ae570b.rlib" "/opt/rustwide/rustup-home/toolchains/beta-2024-12-08-x86_64-unknown-linux-gnu/lib/rustlib/x86_64-unknown-linux-gnu/lib/libcompiler_builtins-97929cee0dcfe424.rlib" "-Wl,-Bdynamic" "-lgcc_s" "-lutil" "-lrt" "-lpthread" "-lm" "-ldl" "-lc" "-Wl,--eh-frame-hdr" "-Wl,-z,noexecstack" "-L" "/opt/rustwide/rustup-home/toolchains/beta-2024-12-08-x86_64-unknown-linux-gnu/lib/rustlib/x86_64-unknown-linux-gnu/lib" "-o" "/opt/rustwide/target/debug/deps/libasync_trait-ba99dc22e5707f9c.so" "-Wl,--gc-sections" "-shared" "-Wl,-z,relro,-z,now" "-nodefaultlibs"
[INFO] [stdout]   = note: /usr/bin/ld: final link failed: No space left on device
[INFO] [stdout]           collect2: error: ld returned 1 exit status
[INFO] [stdout]           
[INFO] [stdout] 
[INFO] [stdout] 
[INFO] [stderr] error: could not compile `async-trait` (lib) due to 1 previous error
[INFO] [stderr] warning: build failed, waiting for other jobs to finish...
[INFO] [stderr] error: could not compile `rustls` (lib)
[INFO] [stderr] 
[INFO] [stderr] Caused by:
[INFO] [stderr]   No space left on device (os error 28)
[INFO] [stderr] 
[INFO] [stderr] Caused by:
[INFO] [stderr]   failed to parse process output: `/opt/rustwide/rustup-home/toolchains/beta-2024-12-08-x86_64-unknown-linux-gnu/bin/rustc --crate-name rustls --edition=2018 /opt/rustwide/cargo-home/registry/src/index.crates.io-6f17d22bba15001f/rustls-0.20.8/src/lib.rs --error-format=json --json=diagnostic-rendered-ansi,artifacts,future-incompat --crate-type lib --emit=dep-info,metadata,link -C embed-bitcode=no -C debuginfo=2 --cfg 'feature="dangerous_configuration"' --cfg 'feature="default"' --cfg 'feature="log"' --cfg 'feature="logging"' --cfg 'feature="tls12"' --check-cfg 'cfg(docsrs)' --check-cfg 'cfg(feature, values("dangerous_configuration", "default", "log", "logging", "quic", "read_buf", "rustversion", "secret_extraction", "tls12"))' -C metadata=d208bd7adb8b29f9 -C extra-filename=-d208bd7adb8b29f9 --out-dir /opt/rustwide/target/debug/deps -L dependency=/opt/rustwide/target/debug/deps --extern log=/opt/rustwide/target/debug/deps/liblog-d0732c9e74f47b90.rmeta --extern ring=/opt/rustwide/target/debug/deps/libring-4d92982e966771ea.rmeta --extern sct=/opt/rustwide/target/debug/deps/libsct-9309b6ee3217e910.rmeta --extern webpki=/opt/rustwide/target/debug/deps/libwebpki-20425f175134ce5a.rmeta --cap-lints allow --cap-lints=warn -L native=/opt/rustwide/target/debug/build/ring-b803900d9424a9d0/out` (exit status: 101)
[INFO] [stderr] rustc-LLVM ERROR: IO failure on output stream: No space left on device
[INFO] [stdout] error: linking with `cc` failed: exit status: 1
[INFO] [stdout]   |
[INFO] [stdout]   = note: LC_ALL="C" PATH="/opt/rustwide/rustup-home/toolchains/beta-2024-12-08-x86_64-unknown-linux-gnu/lib/rustlib/x86_64-unknown-linux-gnu/bin:/opt/rustwide/cargo-home/bin:/usr/local/sbin:/usr/local/bin:/usr/sbin:/usr/bin:/sbin:/bin" VSLANG="1033" "cc" "-Wl,--version-script=/tmp/rustc4smVSo/list" "-Wl,--no-undefined-version" "-m64" "/tmp/rustc4smVSo/symbols.o" "/opt/rustwide/target/debug/deps/tracing_attributes-39220ee156fb8dd0.tracing_attributes.94f503ff714effb5-cgu.00.rcgu.o" "/opt/rustwide/target/debug/deps/tracing_attributes-39220ee156fb8dd0.tracing_attributes.94f503ff714effb5-cgu.01.rcgu.o" "/opt/rustwide/target/debug/deps/tracing_attributes-39220ee156fb8dd0.tracing_attributes.94f503ff714effb5-cgu.02.rcgu.o" "/opt/rustwide/target/debug/deps/tracing_attributes-39220ee156fb8dd0.tracing_attributes.94f503ff714effb5-cgu.03.rcgu.o" "/opt/rustwide/target/debug/deps/tracing_attributes-39220ee156fb8dd0.tracing_attributes.94f503ff714effb5-cgu.04.rcgu.o" "/opt/rustwide/target/debug/deps/tracing_attributes-39220ee156fb8dd0.tracing_attributes.94f503ff714effb5-cgu.05.rcgu.o" "/opt/rustwide/target/debug/deps/tracing_attributes-39220ee156fb8dd0.tracing_attributes.94f503ff714effb5-cgu.06.rcgu.o" "/opt/rustwide/target/debug/deps/tracing_attributes-39220ee156fb8dd0.tracing_attributes.94f503ff714effb5-cgu.07.rcgu.o" "/opt/rustwide/target/debug/deps/tracing_attributes-39220ee156fb8dd0.tracing_attributes.94f503ff714effb5-cgu.08.rcgu.o" "/opt/rustwide/target/debug/deps/tracing_attributes-39220ee156fb8dd0.tracing_attributes.94f503ff714effb5-cgu.09.rcgu.o" "/opt/rustwide/target/debug/deps/tracing_attributes-39220ee156fb8dd0.tracing_attributes.94f503ff714effb5-cgu.10.rcgu.o" "/opt/rustwide/target/debug/deps/tracing_attributes-39220ee156fb8dd0.tracing_attributes.94f503ff714effb5-cgu.11.rcgu.o" "/opt/rustwide/target/debug/deps/tracing_attributes-39220ee156fb8dd0.tracing_attributes.94f503ff714effb5-cgu.12.rcgu.o" "/opt/rustwide/target/debug/deps/tracing_attributes-39220ee156fb8dd0.tracing_attributes.94f503ff714effb5-cgu.13.rcgu.o" "/opt/rustwide/target/debug/deps/tracing_attributes-39220ee156fb8dd0.tracing_attributes.94f503ff714effb5-cgu.14.rcgu.o" "/opt/rustwide/target/debug/deps/tracing_attributes-39220ee156fb8dd0.tracing_attributes.94f503ff714effb5-cgu.15.rcgu.o" "/opt/rustwide/target/debug/deps/tracing_attributes-39220ee156fb8dd0.ct2avruifh52gpt6y1ca3bivn.rcgu.rmeta" "/opt/rustwide/target/debug/deps/tracing_attributes-39220ee156fb8dd0.1asqp9o5r4oa2u7zu3d0iqrbh.rcgu.o" "-Wl,--as-needed" "-Wl,-Bstatic" "/opt/rustwide/target/debug/deps/libsyn-0a939d87c0ccb96d.rlib" "/opt/rustwide/target/debug/deps/libquote-101492da3cffcc2b.rlib" "/opt/rustwide/target/debug/deps/libproc_macro2-cf6ec686ed733971.rlib" "/opt/rustwide/target/debug/deps/libunicode_ident-9178d5e4f5714a85.rlib" "/opt/rustwide/rustup-home/toolchains/beta-2024-12-08-x86_64-unknown-linux-gnu/lib/rustlib/x86_64-unknown-linux-gnu/lib/libproc_macro-bcafc4e6921040d1.rlib" "/opt/rustwide/rustup-home/toolchains/beta-2024-12-08-x86_64-unknown-linux-gnu/lib/rustlib/x86_64-unknown-linux-gnu/lib/libstd-02dc84f49135b6b8.rlib" "/opt/rustwide/rustup-home/toolchains/beta-2024-12-08-x86_64-unknown-linux-gnu/lib/rustlib/x86_64-unknown-linux-gnu/lib/libpanic_unwind-a8f45b397fae3f81.rlib" "/opt/rustwide/rustup-home/toolchains/beta-2024-12-08-x86_64-unknown-linux-gnu/lib/rustlib/x86_64-unknown-linux-gnu/lib/libobject-089607133c180609.rlib" "/opt/rustwide/rustup-home/toolchains/beta-2024-12-08-x86_64-unknown-linux-gnu/lib/rustlib/x86_64-unknown-linux-gnu/lib/libmemchr-fc89f091bcd86cbb.rlib" "/opt/rustwide/rustup-home/toolchains/beta-2024-12-08-x86_64-unknown-linux-gnu/lib/rustlib/x86_64-unknown-linux-gnu/lib/libaddr2line-5a60949f01c7340c.rlib" "/opt/rustwide/rustup-home/toolchains/beta-2024-12-08-x86_64-unknown-linux-gnu/lib/rustlib/x86_64-unknown-linux-gnu/lib/libgimli-d29e6a55ca253c8c.rlib" "/opt/rustwide/rustup-home/toolchains/beta-2024-12-08-x86_64-unknown-linux-gnu/lib/rustlib/x86_64-unknown-linux-gnu/lib/librustc_demangle-273c078d5f65de7a.rlib" "/opt/rustwide/rustup-home/toolchains/beta-2024-12-08-x86_64-unknown-linux-gnu/lib/rustlib/x86_64-unknown-linux-gnu/lib/libstd_detect-413c950ffbdd4454.rlib" "/opt/rustwide/rustup-home/toolchains/beta-2024-12-08-x86_64-unknown-linux-gnu/lib/rustlib/x86_64-unknown-linux-gnu/lib/libhashbrown-1853c0976a1d88a6.rlib" "/opt/rustwide/rustup-home/toolchains/beta-2024-12-08-x86_64-unknown-linux-gnu/lib/rustlib/x86_64-unknown-linux-gnu/lib/librustc_std_workspace_alloc-ccb3384ddacb0f9e.rlib" "/opt/rustwide/rustup-home/toolchains/beta-2024-12-08-x86_64-unknown-linux-gnu/lib/rustlib/x86_64-unknown-linux-gnu/lib/libminiz_oxide-0b901dfb0ca849e0.rlib" "/opt/rustwide/rustup-home/toolchains/beta-2024-12-08-x86_64-unknown-linux-gnu/lib/rustlib/x86_64-unknown-linux-gnu/lib/libadler-eebeb8d7c64543ad.rlib" "/opt/rustwide/rustup-home/toolchains/beta-2024-12-08-x86_64-unknown-linux-gnu/lib/rustlib/x86_64-unknown-linux-gnu/lib/libunwind-4723ef81d6079867.rlib" "/opt/rustwide/rustup-home/toolchains/beta-2024-12-08-x86_64-unknown-linux-gnu/lib/rustlib/x86_64-unknown-linux-gnu/lib/libcfg_if-54442f8b422f5a54.rlib" "/opt/rustwide/rustup-home/toolchains/beta-2024-12-08-x86_64-unknown-linux-gnu/lib/rustlib/x86_64-unknown-linux-gnu/lib/liblibc-e0bbe034b5282553.rlib" "/opt/rustwide/rustup-home/toolchains/beta-2024-12-08-x86_64-unknown-linux-gnu/lib/rustlib/x86_64-unknown-linux-gnu/lib/liballoc-d0febb68c1c37b90.rlib" "/opt/rustwide/rustup-home/toolchains/beta-2024-12-08-x86_64-unknown-linux-gnu/lib/rustlib/x86_64-unknown-linux-gnu/lib/librustc_std_workspace_core-4cf833632aafa84c.rlib" "/opt/rustwide/rustup-home/toolchains/beta-2024-12-08-x86_64-unknown-linux-gnu/lib/rustlib/x86_64-unknown-linux-gnu/lib/libcore-65c2c6d2d6ae570b.rlib" "/opt/rustwide/rustup-home/toolchains/beta-2024-12-08-x86_64-unknown-linux-gnu/lib/rustlib/x86_64-unknown-linux-gnu/lib/libcompiler_builtins-97929cee0dcfe424.rlib" "-Wl,-Bdynamic" "-lgcc_s" "-lutil" "-lrt" "-lpthread" "-lm" "-ldl" "-lc" "-Wl,--eh-frame-hdr" "-Wl,-z,noexecstack" "-L" "/opt/rustwide/rustup-home/toolchains/beta-2024-12-08-x86_64-unknown-linux-gnu/lib/rustlib/x86_64-unknown-linux-gnu/lib" "-o" "/opt/rustwide/target/debug/deps/libtracing_attributes-39220ee156fb8dd0.so" "-Wl,--gc-sections" "-shared" "-Wl,-z,relro,-z,now" "-nodefaultlibs"
[INFO] [stdout]   = note: /usr/bin/ld: final link failed: No space left on device
[INFO] [stdout]           collect2: error: ld returned 1 exit status
[INFO] [stdout]           
[INFO] [stdout] 
[INFO] [stdout] 
[INFO] [stderr] error: could not compile `tracing-attributes` (lib) due to 1 previous error
[INFO] [stderr] error: could not compile `rustls` (lib)
[INFO] [stderr] 
[INFO] [stderr] Caused by:
[INFO] [stderr]   No space left on device (os error 28)
[INFO] [stderr] 
[INFO] [stderr] Caused by:
[INFO] [stderr]   failed to parse process output: `/opt/rustwide/rustup-home/toolchains/beta-2024-12-08-x86_64-unknown-linux-gnu/bin/rustc --crate-name rustls --edition=2018 /opt/rustwide/cargo-home/registry/src/index.crates.io-6f17d22bba15001f/rustls-0.20.8/src/lib.rs --error-format=json --json=diagnostic-rendered-ansi,artifacts,future-incompat --crate-type lib --emit=dep-info,metadata,link -C embed-bitcode=no -C debuginfo=2 --cfg 'feature="dangerous_configuration"' --cfg 'feature="default"' --cfg 'feature="log"' --cfg 'feature="logging"' --cfg 'feature="tls12"' --check-cfg 'cfg(docsrs)' --check-cfg 'cfg(feature, values("dangerous_configuration", "default", "log", "logging", "quic", "read_buf", "rustversion", "secret_extraction", "tls12"))' -C metadata=76d5c04b936e410b -C extra-filename=-76d5c04b936e410b --out-dir /opt/rustwide/target/debug/deps -L dependency=/opt/rustwide/target/debug/deps --extern log=/opt/rustwide/target/debug/deps/liblog-bb758d8d3f33886b.rmeta --extern ring=/opt/rustwide/target/debug/deps/libring-187992ea4aae3d03.rmeta --extern sct=/opt/rustwide/target/debug/deps/libsct-54df32ce8d344bc3.rmeta --extern webpki=/opt/rustwide/target/debug/deps/libwebpki-36b6627700805a79.rmeta --cap-lints allow --cap-lints=warn -L native=/opt/rustwide/target/debug/build/ring-1fc37216b7f59518/out` (exit status: 101)
[INFO] [stdout] error: linking with `cc` failed: exit status: 1
[INFO] [stdout]   |
[INFO] [stdout]   = note: LC_ALL="C" PATH="/opt/rustwide/rustup-home/toolchains/beta-2024-12-08-x86_64-unknown-linux-gnu/lib/rustlib/x86_64-unknown-linux-gnu/bin:/opt/rustwide/cargo-home/bin:/usr/local/sbin:/usr/local/bin:/usr/sbin:/usr/bin:/sbin:/bin" VSLANG="1033" "cc" "-Wl,--version-script=/tmp/rustcU06Ipb/list" "-Wl,--no-undefined-version" "-m64" "/tmp/rustcU06Ipb/symbols.o" "/opt/rustwide/target/debug/deps/thiserror_impl-9b95eeda59b8fcb7.thiserror_impl.2a599da82383664-cgu.00.rcgu.o" "/opt/rustwide/target/debug/deps/thiserror_impl-9b95eeda59b8fcb7.thiserror_impl.2a599da82383664-cgu.01.rcgu.o" "/opt/rustwide/target/debug/deps/thiserror_impl-9b95eeda59b8fcb7.thiserror_impl.2a599da82383664-cgu.02.rcgu.o" "/opt/rustwide/target/debug/deps/thiserror_impl-9b95eeda59b8fcb7.thiserror_impl.2a599da82383664-cgu.03.rcgu.o" "/opt/rustwide/target/debug/deps/thiserror_impl-9b95eeda59b8fcb7.thiserror_impl.2a599da82383664-cgu.04.rcgu.o" "/opt/rustwide/target/debug/deps/thiserror_impl-9b95eeda59b8fcb7.thiserror_impl.2a599da82383664-cgu.05.rcgu.o" "/opt/rustwide/target/debug/deps/thiserror_impl-9b95eeda59b8fcb7.thiserror_impl.2a599da82383664-cgu.06.rcgu.o" "/opt/rustwide/target/debug/deps/thiserror_impl-9b95eeda59b8fcb7.thiserror_impl.2a599da82383664-cgu.07.rcgu.o" "/opt/rustwide/target/debug/deps/thiserror_impl-9b95eeda59b8fcb7.thiserror_impl.2a599da82383664-cgu.08.rcgu.o" "/opt/rustwide/target/debug/deps/thiserror_impl-9b95eeda59b8fcb7.thiserror_impl.2a599da82383664-cgu.09.rcgu.o" "/opt/rustwide/target/debug/deps/thiserror_impl-9b95eeda59b8fcb7.thiserror_impl.2a599da82383664-cgu.10.rcgu.o" "/opt/rustwide/target/debug/deps/thiserror_impl-9b95eeda59b8fcb7.thiserror_impl.2a599da82383664-cgu.11.rcgu.o" "/opt/rustwide/target/debug/deps/thiserror_impl-9b95eeda59b8fcb7.thiserror_impl.2a599da82383664-cgu.12.rcgu.o" "/opt/rustwide/target/debug/deps/thiserror_impl-9b95eeda59b8fcb7.thiserror_impl.2a599da82383664-cgu.13.rcgu.o" "/opt/rustwide/target/debug/deps/thiserror_impl-9b95eeda59b8fcb7.thiserror_impl.2a599da82383664-cgu.14.rcgu.o" "/opt/rustwide/target/debug/deps/thiserror_impl-9b95eeda59b8fcb7.thiserror_impl.2a599da82383664-cgu.15.rcgu.o" "/opt/rustwide/target/debug/deps/thiserror_impl-9b95eeda59b8fcb7.9rhet1or812iqquzi584su4jo.rcgu.rmeta" "/opt/rustwide/target/debug/deps/thiserror_impl-9b95eeda59b8fcb7.6wgcicnfrw9m2f0668s53jen0.rcgu.o" "-Wl,--as-needed" "-Wl,-Bstatic" "/opt/rustwide/target/debug/deps/libsyn-0a939d87c0ccb96d.rlib" "/opt/rustwide/target/debug/deps/libquote-101492da3cffcc2b.rlib" "/opt/rustwide/target/debug/deps/libproc_macro2-cf6ec686ed733971.rlib" "/opt/rustwide/target/debug/deps/libunicode_ident-9178d5e4f5714a85.rlib" "/opt/rustwide/rustup-home/toolchains/beta-2024-12-08-x86_64-unknown-linux-gnu/lib/rustlib/x86_64-unknown-linux-gnu/lib/libproc_macro-bcafc4e6921040d1.rlib" "/opt/rustwide/rustup-home/toolchains/beta-2024-12-08-x86_64-unknown-linux-gnu/lib/rustlib/x86_64-unknown-linux-gnu/lib/libstd-02dc84f49135b6b8.rlib" "/opt/rustwide/rustup-home/toolchains/beta-2024-12-08-x86_64-unknown-linux-gnu/lib/rustlib/x86_64-unknown-linux-gnu/lib/libpanic_unwind-a8f45b397fae3f81.rlib" "/opt/rustwide/rustup-home/toolchains/beta-2024-12-08-x86_64-unknown-linux-gnu/lib/rustlib/x86_64-unknown-linux-gnu/lib/libobject-089607133c180609.rlib" "/opt/rustwide/rustup-home/toolchains/beta-2024-12-08-x86_64-unknown-linux-gnu/lib/rustlib/x86_64-unknown-linux-gnu/lib/libmemchr-fc89f091bcd86cbb.rlib" "/opt/rustwide/rustup-home/toolchains/beta-2024-12-08-x86_64-unknown-linux-gnu/lib/rustlib/x86_64-unknown-linux-gnu/lib/libaddr2line-5a60949f01c7340c.rlib" "/opt/rustwide/rustup-home/toolchains/beta-2024-12-08-x86_64-unknown-linux-gnu/lib/rustlib/x86_64-unknown-linux-gnu/lib/libgimli-d29e6a55ca253c8c.rlib" "/opt/rustwide/rustup-home/toolchains/beta-2024-12-08-x86_64-unknown-linux-gnu/lib/rustlib/x86_64-unknown-linux-gnu/lib/librustc_demangle-273c078d5f65de7a.rlib" "/opt/rustwide/rustup-home/toolchains/beta-2024-12-08-x86_64-unknown-linux-gnu/lib/rustlib/x86_64-unknown-linux-gnu/lib/libstd_detect-413c950ffbdd4454.rlib" "/opt/rustwide/rustup-home/toolchains/beta-2024-12-08-x86_64-unknown-linux-gnu/lib/rustlib/x86_64-unknown-linux-gnu/lib/libhashbrown-1853c0976a1d88a6.rlib" "/opt/rustwide/rustup-home/toolchains/beta-2024-12-08-x86_64-unknown-linux-gnu/lib/rustlib/x86_64-unknown-linux-gnu/lib/librustc_std_workspace_alloc-ccb3384ddacb0f9e.rlib" "/opt/rustwide/rustup-home/toolchains/beta-2024-12-08-x86_64-unknown-linux-gnu/lib/rustlib/x86_64-unknown-linux-gnu/lib/libminiz_oxide-0b901dfb0ca849e0.rlib" "/opt/rustwide/rustup-home/toolchains/beta-2024-12-08-x86_64-unknown-linux-gnu/lib/rustlib/x86_64-unknown-linux-gnu/lib/libadler-eebeb8d7c64543ad.rlib" "/opt/rustwide/rustup-home/toolchains/beta-2024-12-08-x86_64-unknown-linux-gnu/lib/rustlib/x86_64-unknown-linux-gnu/lib/libunwind-4723ef81d6079867.rlib" "/opt/rustwide/rustup-home/toolchains/beta-2024-12-08-x86_64-unknown-linux-gnu/lib/rustlib/x86_64-unknown-linux-gnu/lib/libcfg_if-54442f8b422f5a54.rlib" "/opt/rustwide/rustup-home/toolchains/beta-2024-12-08-x86_64-unknown-linux-gnu/lib/rustlib/x86_64-unknown-linux-gnu/lib/liblibc-e0bbe034b5282553.rlib" "/opt/rustwide/rustup-home/toolchains/beta-2024-12-08-x86_64-unknown-linux-gnu/lib/rustlib/x86_64-unknown-linux-gnu/lib/liballoc-d0febb68c1c37b90.rlib" "/opt/rustwide/rustup-home/toolchains/beta-2024-12-08-x86_64-unknown-linux-gnu/lib/rustlib/x86_64-unknown-linux-gnu/lib/librustc_std_workspace_core-4cf833632aafa84c.rlib" "/opt/rustwide/rustup-home/toolchains/beta-2024-12-08-x86_64-unknown-linux-gnu/lib/rustlib/x86_64-unknown-linux-gnu/lib/libcore-65c2c6d2d6ae570b.rlib" "/opt/rustwide/rustup-home/toolchains/beta-2024-12-08-x86_64-unknown-linux-gnu/lib/rustlib/x86_64-unknown-linux-gnu/lib/libcompiler_builtins-97929cee0dcfe424.rlib" "-Wl,-Bdynamic" "-lgcc_s" "-lutil" "-lrt" "-lpthread" "-lm" "-ldl" "-lc" "-Wl,--eh-frame-hdr" "-Wl,-z,noexecstack" "-L" "/opt/rustwide/rustup-home/toolchains/beta-2024-12-08-x86_64-unknown-linux-gnu/lib/rustlib/x86_64-unknown-linux-gnu/lib" "-o" "/opt/rustwide/target/debug/deps/libthiserror_impl-9b95eeda59b8fcb7.so" "-Wl,--gc-sections" "-shared" "-Wl,-z,relro,-z,now" "-nodefaultlibs"
[INFO] [stdout]   = note: /usr/bin/ld: final link failed: No space left on device
[INFO] [stdout]           collect2: error: ld returned 1 exit status
[INFO] [stdout]           
[INFO] [stdout] 
[INFO] [stdout] 
[INFO] [stderr] error: could not compile `thiserror-impl` (lib) due to 1 previous error
[INFO] [stdout] error: linking with `cc` failed: exit status: 1
[INFO] [stdout]   |
[INFO] [stdout]   = note: LC_ALL="C" PATH="/opt/rustwide/rustup-home/toolchains/beta-2024-12-08-x86_64-unknown-linux-gnu/lib/rustlib/x86_64-unknown-linux-gnu/bin:/opt/rustwide/cargo-home/bin:/usr/local/sbin:/usr/local/bin:/usr/sbin:/usr/bin:/sbin:/bin" VSLANG="1033" "cc" "-Wl,--version-script=/tmp/rustcJvgpiR/list" "-Wl,--no-undefined-version" "-m64" "/tmp/rustcJvgpiR/symbols.o" "/opt/rustwide/target/debug/deps/pin_project_internal-567a2857c43c6a3c.pin_project_internal.35da18e18179fd8b-cgu.00.rcgu.o" "/opt/rustwide/target/debug/deps/pin_project_internal-567a2857c43c6a3c.pin_project_internal.35da18e18179fd8b-cgu.01.rcgu.o" "/opt/rustwide/target/debug/deps/pin_project_internal-567a2857c43c6a3c.pin_project_internal.35da18e18179fd8b-cgu.02.rcgu.o" "/opt/rustwide/target/debug/deps/pin_project_internal-567a2857c43c6a3c.pin_project_internal.35da18e18179fd8b-cgu.03.rcgu.o" "/opt/rustwide/target/debug/deps/pin_project_internal-567a2857c43c6a3c.pin_project_internal.35da18e18179fd8b-cgu.04.rcgu.o" "/opt/rustwide/target/debug/deps/pin_project_internal-567a2857c43c6a3c.pin_project_internal.35da18e18179fd8b-cgu.05.rcgu.o" "/opt/rustwide/target/debug/deps/pin_project_internal-567a2857c43c6a3c.pin_project_internal.35da18e18179fd8b-cgu.06.rcgu.o" "/opt/rustwide/target/debug/deps/pin_project_internal-567a2857c43c6a3c.pin_project_internal.35da18e18179fd8b-cgu.07.rcgu.o" "/opt/rustwide/target/debug/deps/pin_project_internal-567a2857c43c6a3c.pin_project_internal.35da18e18179fd8b-cgu.08.rcgu.o" "/opt/rustwide/target/debug/deps/pin_project_internal-567a2857c43c6a3c.pin_project_internal.35da18e18179fd8b-cgu.09.rcgu.o" "/opt/rustwide/target/debug/deps/pin_project_internal-567a2857c43c6a3c.pin_project_internal.35da18e18179fd8b-cgu.10.rcgu.o" "/opt/rustwide/target/debug/deps/pin_project_internal-567a2857c43c6a3c.dtlw7w82s9r7x5b31cz7w13zj.rcgu.rmeta" "/opt/rustwide/target/debug/deps/pin_project_internal-567a2857c43c6a3c.ch1ga8fvtoi3zfn5pi6mhus7g.rcgu.o" "-Wl,--as-needed" "-Wl,-Bstatic" "/opt/rustwide/target/debug/deps/libsyn-0a939d87c0ccb96d.rlib" "/opt/rustwide/target/debug/deps/libquote-101492da3cffcc2b.rlib" "/opt/rustwide/target/debug/deps/libproc_macro2-cf6ec686ed733971.rlib" "/opt/rustwide/target/debug/deps/libunicode_ident-9178d5e4f5714a85.rlib" "/opt/rustwide/rustup-home/toolchains/beta-2024-12-08-x86_64-unknown-linux-gnu/lib/rustlib/x86_64-unknown-linux-gnu/lib/libproc_macro-bcafc4e6921040d1.rlib" "/opt/rustwide/rustup-home/toolchains/beta-2024-12-08-x86_64-unknown-linux-gnu/lib/rustlib/x86_64-unknown-linux-gnu/lib/libstd-02dc84f49135b6b8.rlib" "/opt/rustwide/rustup-home/toolchains/beta-2024-12-08-x86_64-unknown-linux-gnu/lib/rustlib/x86_64-unknown-linux-gnu/lib/libpanic_unwind-a8f45b397fae3f81.rlib" "/opt/rustwide/rustup-home/toolchains/beta-2024-12-08-x86_64-unknown-linux-gnu/lib/rustlib/x86_64-unknown-linux-gnu/lib/libobject-089607133c180609.rlib" "/opt/rustwide/rustup-home/toolchains/beta-2024-12-08-x86_64-unknown-linux-gnu/lib/rustlib/x86_64-unknown-linux-gnu/lib/libmemchr-fc89f091bcd86cbb.rlib" "/opt/rustwide/rustup-home/toolchains/beta-2024-12-08-x86_64-unknown-linux-gnu/lib/rustlib/x86_64-unknown-linux-gnu/lib/libaddr2line-5a60949f01c7340c.rlib" "/opt/rustwide/rustup-home/toolchains/beta-2024-12-08-x86_64-unknown-linux-gnu/lib/rustlib/x86_64-unknown-linux-gnu/lib/libgimli-d29e6a55ca253c8c.rlib" "/opt/rustwide/rustup-home/toolchains/beta-2024-12-08-x86_64-unknown-linux-gnu/lib/rustlib/x86_64-unknown-linux-gnu/lib/librustc_demangle-273c078d5f65de7a.rlib" "/opt/rustwide/rustup-home/toolchains/beta-2024-12-08-x86_64-unknown-linux-gnu/lib/rustlib/x86_64-unknown-linux-gnu/lib/libstd_detect-413c950ffbdd4454.rlib" "/opt/rustwide/rustup-home/toolchains/beta-2024-12-08-x86_64-unknown-linux-gnu/lib/rustlib/x86_64-unknown-linux-gnu/lib/libhashbrown-1853c0976a1d88a6.rlib" "/opt/rustwide/rustup-home/toolchains/beta-2024-12-08-x86_64-unknown-linux-gnu/lib/rustlib/x86_64-unknown-linux-gnu/lib/librustc_std_workspace_alloc-ccb3384ddacb0f9e.rlib" "/opt/rustwide/rustup-home/toolchains/beta-2024-12-08-x86_64-unknown-linux-gnu/lib/rustlib/x86_64-unknown-linux-gnu/lib/libminiz_oxide-0b901dfb0ca849e0.rlib" "/opt/rustwide/rustup-home/toolchains/beta-2024-12-08-x86_64-unknown-linux-gnu/lib/rustlib/x86_64-unknown-linux-gnu/lib/libadler-eebeb8d7c64543ad.rlib" "/opt/rustwide/rustup-home/toolchains/beta-2024-12-08-x86_64-unknown-linux-gnu/lib/rustlib/x86_64-unknown-linux-gnu/lib/libunwind-4723ef81d6079867.rlib" "/opt/rustwide/rustup-home/toolchains/beta-2024-12-08-x86_64-unknown-linux-gnu/lib/rustlib/x86_64-unknown-linux-gnu/lib/libcfg_if-54442f8b422f5a54.rlib" "/opt/rustwide/rustup-home/toolchains/beta-2024-12-08-x86_64-unknown-linux-gnu/lib/rustlib/x86_64-unknown-linux-gnu/lib/liblibc-e0bbe034b5282553.rlib" "/opt/rustwide/rustup-home/toolchains/beta-2024-12-08-x86_64-unknown-linux-gnu/lib/rustlib/x86_64-unknown-linux-gnu/lib/liballoc-d0febb68c1c37b90.rlib" "/opt/rustwide/rustup-home/toolchains/beta-2024-12-08-x86_64-unknown-linux-gnu/lib/rustlib/x86_64-unknown-linux-gnu/lib/librustc_std_workspace_core-4cf833632aafa84c.rlib" "/opt/rustwide/rustup-home/toolchains/beta-2024-12-08-x86_64-unknown-linux-gnu/lib/rustlib/x86_64-unknown-linux-gnu/lib/libcore-65c2c6d2d6ae570b.rlib" "/opt/rustwide/rustup-home/toolchains/beta-2024-12-08-x86_64-unknown-linux-gnu/lib/rustlib/x86_64-unknown-linux-gnu/lib/libcompiler_builtins-97929cee0dcfe424.rlib" "-Wl,-Bdynamic" "-lgcc_s" "-lutil" "-lrt" "-lpthread" "-lm" "-ldl" "-lc" "-Wl,--eh-frame-hdr" "-Wl,-z,noexecstack" "-L" "/opt/rustwide/rustup-home/toolchains/beta-2024-12-08-x86_64-unknown-linux-gnu/lib/rustlib/x86_64-unknown-linux-gnu/lib" "-o" "/opt/rustwide/target/debug/deps/libpin_project_internal-567a2857c43c6a3c.so" "-Wl,--gc-sections" "-shared" "-Wl,-z,relro,-z,now" "-nodefaultlibs"
[INFO] [stdout]   = note: /usr/bin/ld: final link failed: No space left on device
[INFO] [stdout]           collect2: error: ld returned 1 exit status
[INFO] [stdout]           
[INFO] [stdout] 
[INFO] [stdout] 
[INFO] [stderr] error: could not compile `pin-project-internal` (lib) due to 1 previous error
[INFO] [stdout] error: error writing dependencies to `/opt/rustwide/target/debug/deps/tokio-d1944c02159e6f03.d`: No space left on device (os error 28)
[INFO] [stdout] 
[INFO] [stdout] 
[INFO] [stderr] error: could not compile `tokio` (lib) due to 1 previous error
[INFO] [stdout] error: couldn't create a temp dir: No space left on device (os error 28) at path "/opt/rustwide/target/debug/deps/rmetacZVFP6"
[INFO] [stdout] 
[INFO] [stdout] 
[INFO] [stderr] error: could not compile `serde_derive` (lib) due to 1 previous error
[INFO] running `Command { std: "docker" "inspect" "6516465f3be46f0770ceb4b85e0b836ba5f0b8d4d0cca3141a9fec7b099d1fbb", kill_on_drop: false }`
[INFO] running `Command { std: "docker" "rm" "-f" "6516465f3be46f0770ceb4b85e0b836ba5f0b8d4d0cca3141a9fec7b099d1fbb", kill_on_drop: false }`
[INFO] [stdout] 6516465f3be46f0770ceb4b85e0b836ba5f0b8d4d0cca3141a9fec7b099d1fbb
