[INFO] cloning repository https://github.com/opticXC/wacky_visualiser
[INFO] running `Command { std: "git" "-c" "credential.helper=" "-c" "credential.helper=/workspace/cargo-home/bin/git-credential-null" "clone" "--bare" "https://github.com/opticXC/wacky_visualiser" "/workspace/cache/git-repos/https%3A%2F%2Fgithub.com%2FopticXC%2Fwacky_visualiser", kill_on_drop: false }`
[INFO] [stderr] Cloning into bare repository '/workspace/cache/git-repos/https%3A%2F%2Fgithub.com%2FopticXC%2Fwacky_visualiser'...
[INFO] running `Command { std: "git" "rev-parse" "HEAD", kill_on_drop: false }`
[INFO] [stdout] f1c4aedba1589034a5c599624bf91ef089aa528b
[INFO] testing opticXC/wacky_visualiser against beta-2024-12-08 for beta-1.84.0-4-retry
[INFO] running `Command { std: "git" "clone" "/workspace/cache/git-repos/https%3A%2F%2Fgithub.com%2FopticXC%2Fwacky_visualiser" "/workspace/builds/worker-2-tc2/source", kill_on_drop: false }`
[INFO] [stderr] Cloning into '/workspace/builds/worker-2-tc2/source'...
[INFO] [stderr] done.
[INFO] validating manifest of git repo https://github.com/opticXC/wacky_visualiser on toolchain beta-2024-12-08
[INFO] running `Command { std: CARGO_HOME="/workspace/cargo-home" RUSTUP_HOME="/workspace/rustup-home" "/workspace/cargo-home/bin/cargo" "+beta-2024-12-08" "metadata" "--manifest-path" "Cargo.toml" "--no-deps", kill_on_drop: false }`
[INFO] started tweaking git repo https://github.com/opticXC/wacky_visualiser
[INFO] finished tweaking git repo https://github.com/opticXC/wacky_visualiser
[INFO] tweaked toml for git repo https://github.com/opticXC/wacky_visualiser written to /workspace/builds/worker-2-tc2/source/Cargo.toml
[INFO] crate git repo https://github.com/opticXC/wacky_visualiser already has a lockfile, it will not be regenerated
[INFO] running `Command { std: CARGO_HOME="/workspace/cargo-home" RUSTUP_HOME="/workspace/rustup-home" "/workspace/cargo-home/bin/cargo" "+beta-2024-12-08" "fetch" "--manifest-path" "Cargo.toml", kill_on_drop: false }`
[INFO] running `Command { std: "docker" "create" "-v" "/var/lib/crater-agent-workspace/builds/worker-2-tc2/target:/opt/rustwide/target:rw,Z" "-v" "/var/lib/crater-agent-workspace/builds/worker-2-tc2/source:/opt/rustwide/workdir:ro,Z" "-v" "/var/lib/crater-agent-workspace/cargo-home:/opt/rustwide/cargo-home:ro,Z" "-v" "/var/lib/crater-agent-workspace/rustup-home:/opt/rustwide/rustup-home:ro,Z" "-e" "SOURCE_DIR=/opt/rustwide/workdir" "-e" "CARGO_TARGET_DIR=/opt/rustwide/target" "-e" "CARGO_HOME=/opt/rustwide/cargo-home" "-e" "RUSTUP_HOME=/opt/rustwide/rustup-home" "-w" "/opt/rustwide/workdir" "-m" "1610612736" "--user" "0:0" "--network" "none" "ghcr.io/rust-lang/crates-build-env/linux@sha256:f3a9d4ad9d972b27faf3965f35b62e55ba32bbce8f20bc8fe909558a86702fde" "/opt/rustwide/cargo-home/bin/cargo" "+beta-2024-12-08" "metadata" "--no-deps" "--format-version=1", kill_on_drop: false }`
[INFO] [stdout] c60b71507b53ca46bb54dfd0c65df99f462a5fa885dde7df3c387db0d5d6bfe6
[INFO] running `Command { std: "docker" "start" "-a" "c60b71507b53ca46bb54dfd0c65df99f462a5fa885dde7df3c387db0d5d6bfe6", kill_on_drop: false }`
[INFO] running `Command { std: "docker" "inspect" "c60b71507b53ca46bb54dfd0c65df99f462a5fa885dde7df3c387db0d5d6bfe6", kill_on_drop: false }`
[INFO] running `Command { std: "docker" "rm" "-f" "c60b71507b53ca46bb54dfd0c65df99f462a5fa885dde7df3c387db0d5d6bfe6", kill_on_drop: false }`
[INFO] [stdout] c60b71507b53ca46bb54dfd0c65df99f462a5fa885dde7df3c387db0d5d6bfe6
[INFO] running `Command { std: "docker" "create" "-v" "/var/lib/crater-agent-workspace/builds/worker-2-tc2/target:/opt/rustwide/target:rw,Z" "-v" "/var/lib/crater-agent-workspace/builds/worker-2-tc2/source:/opt/rustwide/workdir:ro,Z" "-v" "/var/lib/crater-agent-workspace/cargo-home:/opt/rustwide/cargo-home:ro,Z" "-v" "/var/lib/crater-agent-workspace/rustup-home:/opt/rustwide/rustup-home:ro,Z" "-e" "SOURCE_DIR=/opt/rustwide/workdir" "-e" "CARGO_TARGET_DIR=/opt/rustwide/target" "-e" "CARGO_INCREMENTAL=0" "-e" "RUST_BACKTRACE=full" "-e" "RUSTFLAGS=--cap-lints=warn" "-e" "RUSTDOCFLAGS=--cap-lints=warn" "-e" "CARGO_HOME=/opt/rustwide/cargo-home" "-e" "RUSTUP_HOME=/opt/rustwide/rustup-home" "-w" "/opt/rustwide/workdir" "-m" "1610612736" "--user" "0:0" "--network" "none" "ghcr.io/rust-lang/crates-build-env/linux@sha256:f3a9d4ad9d972b27faf3965f35b62e55ba32bbce8f20bc8fe909558a86702fde" "/opt/rustwide/cargo-home/bin/cargo" "+beta-2024-12-08" "build" "--frozen" "--message-format=json", kill_on_drop: false }`
[INFO] [stdout] 81aa0d248225b3924610b72e8afd083dee2715e68df23a4f71ff54c3c2872c06
[INFO] running `Command { std: "docker" "start" "-a" "81aa0d248225b3924610b72e8afd083dee2715e68df23a4f71ff54c3c2872c06", kill_on_drop: false }`
[INFO] [stderr]    Compiling proc-macro2 v1.0.78
[INFO] [stderr]    Compiling unicode-ident v1.0.12
[INFO] [stderr]    Compiling memchr v2.7.1
[INFO] [stderr]    Compiling glob v0.3.1
[INFO] [stderr]    Compiling rustix v0.38.31
[INFO] [stderr]    Compiling libc v0.2.153
[INFO] [stderr]    Compiling prettyplease v0.2.16
[INFO] [stderr]    Compiling bitflags v2.4.2
[INFO] [stderr]    Compiling either v1.10.0
[INFO] [stderr]    Compiling minimal-lexical v0.2.1
[INFO] [stderr]    Compiling regex-syntax v0.8.2
[INFO] [stderr]    Compiling serde v1.0.197
[INFO] [stderr]    Compiling cfg-if v1.0.0
[INFO] [stderr]    Compiling linux-raw-sys v0.4.13
[INFO] [stderr]    Compiling autocfg v1.1.0
[INFO] [stderr]    Compiling serde_json v1.0.114
[INFO] [stderr]    Compiling libloading v0.8.1
[INFO] [stderr]    Compiling bindgen v0.69.4
[INFO] [stderr]    Compiling home v0.5.9
[INFO] [stderr]    Compiling itoa v1.0.10
[INFO] [stderr]    Compiling itertools v0.12.1
[INFO] [stderr]    Compiling log v0.4.21
[INFO] [stderr]    Compiling lazycell v1.3.0
[INFO] [stderr]    Compiling rustc-hash v1.1.0
[INFO] [stderr]    Compiling cc v1.0.88
[INFO] [stderr]    Compiling clang-sys v1.7.0
[INFO] [stderr]    Compiling ryu v1.0.17
[INFO] [stderr]    Compiling bytemuck v1.14.3
[INFO] [stderr]    Compiling shlex v1.3.0
[INFO] [stderr]    Compiling lazy_static v1.4.0
[INFO] [stderr]    Compiling reborrow v0.5.5
[INFO] [stderr]    Compiling num-traits v0.2.18
[INFO] [stderr]    Compiling aligned-vec v0.5.0
[INFO] [stderr]    Compiling pulp v0.11.11
[INFO] [stderr]    Compiling dyn-stack v0.9.1
[INFO] [stderr]    Compiling aho-corasick v1.1.2
[INFO] [stderr]    Compiling nom v7.1.3
[INFO] [stderr]    Compiling cmake v0.1.50
[INFO] [stderr]    Compiling quote v1.0.35
[INFO] [stderr]    Compiling syn v2.0.52
[INFO] [stderr]    Compiling num-complex v0.4.5
[INFO] [stderr]    Compiling regex-automata v0.4.5
[INFO] [stderr]    Compiling concrete-fft v0.3.0
[INFO] [stderr]    Compiling which v4.4.2
[INFO] [stderr]    Compiling cexpr v0.6.0
[INFO] [stderr]    Compiling regex v1.10.3
[INFO] [stderr]    Compiling serde_derive v1.0.197
[INFO] [stderr]    Compiling num-derive v0.4.2
[INFO] [stderr]    Compiling raylib-ffi v5.0.1 (https://github.com/ewpratten/raylib-ffi#900eedec)
[INFO] [stderr] warning: raylib-ffi@5.0.1: Compiler version doesn't include clang or GCC: "cc" "--version"
[INFO] [stderr] warning: raylib-ffi@5.0.1: Compiler version doesn't include clang or GCC: "c++" "--version"
[INFO] [stderr] error: failed to run custom build command for `raylib-ffi v5.0.1 (https://github.com/ewpratten/raylib-ffi#900eedec)`
[INFO] [stderr] note: To improve backtraces for build dependencies, set the CARGO_PROFILE_DEV_BUILD_OVERRIDE_DEBUG=true environment variable to enable debug information generation.
[INFO] [stderr] 
[INFO] [stderr] Caused by:
[INFO] [stderr]   process didn't exit successfully: `/opt/rustwide/target/debug/build/raylib-ffi-ab4f2228383c3d7f/build-script-main` (exit status: 101)
[INFO] [stderr]   --- stdout
[INFO] [stderr]   cargo:rerun-if-changed=src/wrapper.h
[INFO] [stderr]   CMAKE_TOOLCHAIN_FILE_x86_64-unknown-linux-gnu = None
[INFO] [stderr]   CMAKE_TOOLCHAIN_FILE_x86_64_unknown_linux_gnu = None
[INFO] [stderr]   HOST_CMAKE_TOOLCHAIN_FILE = None
[INFO] [stderr]   CMAKE_TOOLCHAIN_FILE = None
[INFO] [stderr]   CMAKE_GENERATOR_x86_64-unknown-linux-gnu = None
[INFO] [stderr]   CMAKE_GENERATOR_x86_64_unknown_linux_gnu = None
[INFO] [stderr]   HOST_CMAKE_GENERATOR = None
[INFO] [stderr]   CMAKE_GENERATOR = None
[INFO] [stderr]   cargo:warning=Compiler version doesn't include clang or GCC: "cc" "--version"
[INFO] [stderr]   cargo:warning=Compiler version doesn't include clang or GCC: "c++" "--version"
[INFO] [stderr]   CMAKE_PREFIX_PATH_x86_64-unknown-linux-gnu = None
[INFO] [stderr]   CMAKE_PREFIX_PATH_x86_64_unknown_linux_gnu = None
[INFO] [stderr]   HOST_CMAKE_PREFIX_PATH = None
[INFO] [stderr]   CMAKE_PREFIX_PATH = None
[INFO] [stderr]   CMAKE_x86_64-unknown-linux-gnu = None
[INFO] [stderr]   CMAKE_x86_64_unknown_linux_gnu = None
[INFO] [stderr]   HOST_CMAKE = None
[INFO] [stderr]   CMAKE = None
[INFO] [stderr]   running: cd "/opt/rustwide/target/debug/build/raylib-ffi-8843c7199fd7bdb6/out/build" && CMAKE_PREFIX_PATH="" "cmake" "/opt/rustwide/cargo-home/git/checkouts/raylib-ffi-c4085175ffa5aa09/900eede/third_party/raylib" "-DBUILD_EXAMPLES=OFF" "-DCMAKE_BUILD_TYPE=Release" "-DCMAKE_INSTALL_PREFIX=/opt/rustwide/target/debug/build/raylib-ffi-8843c7199fd7bdb6/out" "-DCMAKE_C_FLAGS= -ffunction-sections -fdata-sections -fPIC -m64" "-DCMAKE_C_COMPILER=/usr/bin/cc" "-DCMAKE_CXX_FLAGS= -ffunction-sections -fdata-sections -fPIC -m64" "-DCMAKE_CXX_COMPILER=/usr/bin/c++" "-DCMAKE_ASM_FLAGS= -ffunction-sections -fdata-sections -fPIC -m64" "-DCMAKE_ASM_COMPILER=/usr/bin/cc"
[INFO] [stderr]   -- The C compiler identification is GNU 11.4.0
[INFO] [stderr]   -- The CXX compiler identification is GNU 11.4.0
[INFO] [stderr]   -- Detecting C compiler ABI info
[INFO] [stderr]   -- Detecting C compiler ABI info - done
[INFO] [stderr]   -- Check for working C compiler: /usr/bin/cc - skipped
[INFO] [stderr]   -- Detecting C compile features
[INFO] [stderr]   -- Detecting C compile features - done
[INFO] [stderr]   -- Detecting CXX compiler ABI info
[INFO] [stderr]   -- Detecting CXX compiler ABI info - done
[INFO] [stderr]   -- Check for working CXX compiler: /usr/bin/c++ - skipped
[INFO] [stderr]   -- Detecting CXX compile features
[INFO] [stderr]   -- Detecting CXX compile features - done
[INFO] [stderr]   -- Performing Test COMPILER_HAS_THOSE_TOGGLES
[INFO] [stderr]   -- Performing Test COMPILER_HAS_THOSE_TOGGLES - Success
[INFO] [stderr]   -- Testing if -Werror=pointer-arith can be used -- compiles
[INFO] [stderr]   -- Testing if -Werror=implicit-function-declaration can be used -- compiles
[INFO] [stderr]   -- Testing if -fno-strict-aliasing can be used -- compiles
[INFO] [stderr]   -- Using raylib's GLFW
[INFO] [stderr]   -- Looking for pthread.h
[INFO] [stderr]   -- Looking for pthread.h - found
[INFO] [stderr]   -- Performing Test CMAKE_HAVE_LIBC_PTHREAD
[INFO] [stderr]   -- Performing Test CMAKE_HAVE_LIBC_PTHREAD - Success
[INFO] [stderr]   -- Found Threads: TRUE  
[INFO] [stderr]   -- Including X11 support
[INFO] [stderr]   -- Found X11: /usr/include   
[INFO] [stderr]   -- Looking for XOpenDisplay in /usr/lib/x86_64-linux-gnu/libX11.so;/usr/lib/x86_64-linux-gnu/libXext.so
[INFO] [stderr]   -- Looking for XOpenDisplay in /usr/lib/x86_64-linux-gnu/libX11.so;/usr/lib/x86_64-linux-gnu/libXext.so - found
[INFO] [stderr]   -- Looking for gethostbyname
[INFO] [stderr]   -- Looking for gethostbyname - found
[INFO] [stderr]   -- Looking for connect
[INFO] [stderr]   -- Looking for connect - found
[INFO] [stderr]   -- Looking for remove
[INFO] [stderr]   -- Looking for remove - found
[INFO] [stderr]   -- Looking for shmat
[INFO] [stderr]   -- Looking for shmat - found
[INFO] [stderr]   -- Looking for IceConnectionNumber in ICE
[INFO] [stderr]   -- Looking for IceConnectionNumber in ICE - found
[INFO] [stderr]   -- Audio Backend: miniaudio
[INFO] [stderr]   -- Building raylib static library
[INFO] [stderr]   -- Generated build type: Release
[INFO] [stderr]   -- Compiling with the flags:
[INFO] [stderr]   --   PLATFORM=PLATFORM_DESKTOP
[INFO] [stderr]   --   GRAPHICS=GRAPHICS_API_OPENGL_33
[INFO] [stderr]   -- Configuring done
[INFO] [stderr]   -- Generating done
[INFO] [stderr]   -- Build files have been written to: /opt/rustwide/target/debug/build/raylib-ffi-8843c7199fd7bdb6/out/build
[INFO] [stderr]   running: cd "/opt/rustwide/target/debug/build/raylib-ffi-8843c7199fd7bdb6/out/build" && MAKEFLAGS="-j --jobserver-fds=8,9 --jobserver-auth=8,9" "cmake" "--build" "." "--target" "install" "--config" "Debug"
[INFO] [stderr]   [  3%] Building C object raylib/external/glfw/src/CMakeFiles/glfw.dir/osmesa_context.c.o
[INFO] [stderr]   [  6%] Building C object raylib/external/glfw/src/CMakeFiles/glfw.dir/input.c.o
[INFO] [stderr]   [  9%] Building C object raylib/external/glfw/src/CMakeFiles/glfw.dir/context.c.o
[INFO] [stderr]   [ 12%] Building C object raylib/external/glfw/src/CMakeFiles/glfw.dir/platform.c.o
[INFO] [stderr]   [ 15%] Building C object raylib/external/glfw/src/CMakeFiles/glfw.dir/monitor.c.o
[INFO] [stderr]   [ 18%] Building C object raylib/external/glfw/src/CMakeFiles/glfw.dir/egl_context.c.o
[INFO] [stderr]   [ 21%] Building C object raylib/external/glfw/src/CMakeFiles/glfw.dir/init.c.o
[INFO] [stderr]   [ 25%] Building C object raylib/external/glfw/src/CMakeFiles/glfw.dir/null_joystick.c.o
[INFO] [stderr]   [ 31%] Building C object raylib/external/glfw/src/CMakeFiles/glfw.dir/vulkan.c.o
[INFO] [stderr]   [ 34%] Building C object raylib/external/glfw/src/CMakeFiles/glfw.dir/posix_time.c.o
[INFO] [stderr]   [ 28%] Building C object raylib/external/glfw/src/CMakeFiles/glfw.dir/null_init.c.o
[INFO] [stderr]   [ 37%] Building C object raylib/external/glfw/src/CMakeFiles/glfw.dir/posix_thread.c.o
[INFO] [stderr]   [ 40%] Building C object raylib/external/glfw/src/CMakeFiles/glfw.dir/posix_module.c.o
[INFO] [stderr]   [ 43%] Building C object raylib/external/glfw/src/CMakeFiles/glfw.dir/null_monitor.c.o
[INFO] [stderr]   [ 46%] Building C object raylib/external/glfw/src/CMakeFiles/glfw.dir/null_window.c.o
[INFO] [stderr]   [ 50%] Building C object raylib/external/glfw/src/CMakeFiles/glfw.dir/window.c.o
[INFO] [stderr]   [ 53%] Building C object raylib/external/glfw/src/CMakeFiles/glfw.dir/x11_init.c.o
[INFO] [stderr]   [ 56%] Building C object raylib/external/glfw/src/CMakeFiles/glfw.dir/xkb_unicode.c.o
[INFO] [stderr]   [ 59%] Building C object raylib/external/glfw/src/CMakeFiles/glfw.dir/x11_monitor.c.o
[INFO] [stderr]   [ 62%] Building C object raylib/external/glfw/src/CMakeFiles/glfw.dir/x11_window.c.o
[INFO] [stderr]   [ 65%] Building C object raylib/external/glfw/src/CMakeFiles/glfw.dir/glx_context.c.o
[INFO] [stderr]   [ 68%] Building C object raylib/external/glfw/src/CMakeFiles/glfw.dir/posix_poll.c.o
[INFO] [stderr]   [ 71%] Building C object raylib/external/glfw/src/CMakeFiles/glfw.dir/linux_joystick.c.o
[INFO] [stderr]   [ 75%] Linking C static library libglfw3.a
[INFO] [stderr]   [ 75%] Built target glfw
[INFO] [stderr]   [ 78%] Building C object raylib/CMakeFiles/raylib.dir/rcore.c.o
[INFO] [stderr]   [ 81%] Building C object raylib/CMakeFiles/raylib.dir/rtext.c.o
[INFO] [stderr]   [ 84%] Building C object raylib/CMakeFiles/raylib.dir/rmodels.c.o
[INFO] [stderr]   [ 87%] Building C object raylib/CMakeFiles/raylib.dir/utils.c.o
[INFO] [stderr]   [ 90%] Building C object raylib/CMakeFiles/raylib.dir/rshapes.c.o
[INFO] [stderr]   [ 93%] Building C object raylib/CMakeFiles/raylib.dir/rtextures.c.o
[INFO] [stderr]   [ 96%] Building C object raylib/CMakeFiles/raylib.dir/raudio.c.o
[INFO] [stderr] 
[INFO] [stderr]   --- stderr
[INFO] [stderr]   CMake Warning:
[INFO] [stderr]     Manually-specified variables were not used by the project:
[INFO] [stderr] 
[INFO] [stderr]       CMAKE_ASM_COMPILER
[INFO] [stderr]       CMAKE_ASM_FLAGS
[INFO] [stderr] 
[INFO] [stderr] 
[INFO] [stderr]   /opt/rustwide/cargo-home/git/checkouts/raylib-ffi-c4085175ffa5aa09/900eede/third_party/raylib/src/rcore.c: In function 'LoadAutomationEventList':
[INFO] [stderr]   /opt/rustwide/cargo-home/git/checkouts/raylib-ffi-c4085175ffa5aa09/900eede/third_party/raylib/src/rcore.c:2445:13: warning: ignoring return value of 'fgets' declared with attribute 'warn_unused_result' [-Wunused-result]
[INFO] [stderr]    2445 |             fgets(buffer, 256, raeFile);
[INFO] [stderr]         |             ^~~~~~~~~~~~~~~~~~~~~~~~~~~
[INFO] [stderr]   /opt/rustwide/cargo-home/git/checkouts/raylib-ffi-c4085175ffa5aa09/900eede/third_party/raylib/src/rcore.c:2462:17: warning: ignoring return value of 'fgets' declared with attribute 'warn_unused_result' [-Wunused-result]
[INFO] [stderr]    2462 |                 fgets(buffer, 256, raeFile);
[INFO] [stderr]         |                 ^~~~~~~~~~~~~~~~~~~~~~~~~~~
[INFO] [stderr]   In file included from /opt/rustwide/cargo-home/git/checkouts/raylib-ffi-c4085175ffa5aa09/900eede/third_party/raylib/src/raudio.c:176:
[INFO] [stderr]   /opt/rustwide/cargo-home/git/checkouts/raylib-ffi-c4085175ffa5aa09/900eede/third_party/raylib/src/external/miniaudio.h: In function 'ma_device_stop__alsa':
[INFO] [stderr]   /opt/rustwide/cargo-home/git/checkouts/raylib-ffi-c4085175ffa5aa09/900eede/third_party/raylib/src/external/miniaudio.h:28084:9: warning: ignoring return value of 'read' declared with attribute 'warn_unused_result' [-Wunused-result]
[INFO] [stderr]   28084 |         read(((struct pollfd*)pDevice->alsa.pPollDescriptorsCapture)[0].fd, &t, sizeof(t));
[INFO] [stderr]         |         ^~~~~~~~~~~~~~~~~~~~~~~~~~~~~~~~~~~~~~~~~~~~~~~~~~~~~~~~~~~~~~~~~~~~~~~~~~~~~~~~~~
[INFO] [stderr]   /opt/rustwide/cargo-home/git/checkouts/raylib-ffi-c4085175ffa5aa09/900eede/third_party/raylib/src/external/miniaudio.h:28105:9: warning: ignoring return value of 'read' declared with attribute 'warn_unused_result' [-Wunused-result]
[INFO] [stderr]   28105 |         read(((struct pollfd*)pDevice->alsa.pPollDescriptorsPlayback)[0].fd, &t, sizeof(t));
[INFO] [stderr]         |         ^~~~~~~~~~~~~~~~~~~~~~~~~~~~~~~~~~~~~~~~~~~~~~~~~~~~~~~~~~~~~~~~~~~~~~~~~~~~~~~~~~~
[INFO] [stderr]   In file included from /opt/rustwide/cargo-home/git/checkouts/raylib-ffi-c4085175ffa5aa09/900eede/third_party/raylib/src/raudio.c:278:
[INFO] [stderr]   /opt/rustwide/cargo-home/git/checkouts/raylib-ffi-c4085175ffa5aa09/900eede/third_party/raylib/src/external/jar_mod.h: In function 'jar_mod_load_file':
[INFO] [stderr]   /opt/rustwide/cargo-home/git/checkouts/raylib-ffi-c4085175ffa5aa09/900eede/third_party/raylib/src/external/jar_mod.h:1541:13: warning: ignoring return value of 'fread' declared with attribute 'warn_unused_result' [-Wunused-result]
[INFO] [stderr]    1541 |             fread(modctx->modfile, fsize, 1, f);
[INFO] [stderr]         |             ^~~~~~~~~~~~~~~~~~~~~~~~~~~~~~~~~~~
[INFO] [stderr]   In function 'memcopy',
[INFO] [stderr]       inlined from 'jar_mod_load' at /opt/rustwide/cargo-home/git/checkouts/raylib-ffi-c4085175ffa5aa09/900eede/third_party/raylib/src/external/jar_mod.h:1133:13:
[INFO] [stderr]   /opt/rustwide/cargo-home/git/checkouts/raylib-ffi-c4085175ffa5aa09/900eede/third_party/raylib/src/external/jar_mod.h:370:13: warning: writing 1 byte into a region of size 0 [-Wstringop-overflow=]
[INFO] [stderr]     370 |         d[i]=s[i];
[INFO] [stderr]         |         ~~~~^~~~~
[INFO] [stderr]   /opt/rustwide/cargo-home/git/checkouts/raylib-ffi-c4085175ffa5aa09/900eede/third_party/raylib/src/external/jar_mod.h: In function 'jar_mod_load':
[INFO] [stderr]   /opt/rustwide/cargo-home/git/checkouts/raylib-ffi-c4085175ffa5aa09/900eede/third_party/raylib/src/external/jar_mod.h:125:13: note: at offset 1080 into destination object 'title' of size 20
[INFO] [stderr]     125 |     muchar  title[20];
[INFO] [stderr]         |             ^~~~~
[INFO] [stderr]   In function 'memcopy',
[INFO] [stderr]       inlined from 'jar_mod_load' at /opt/rustwide/cargo-home/git/checkouts/raylib-ffi-c4085175ffa5aa09/900eede/third_party/raylib/src/external/jar_mod.h:1133:13:
[INFO] [stderr]   /opt/rustwide/cargo-home/git/checkouts/raylib-ffi-c4085175ffa5aa09/900eede/third_party/raylib/src/external/jar_mod.h:370:13: warning: writing 1 byte into a region of size 0 [-Wstringop-overflow=]
[INFO] [stderr]     370 |         d[i]=s[i];
[INFO] [stderr]         |         ~~~~^~~~~
[INFO] [stderr]   /opt/rustwide/cargo-home/git/checkouts/raylib-ffi-c4085175ffa5aa09/900eede/third_party/raylib/src/external/jar_mod.h: In function 'jar_mod_load':
[INFO] [stderr]   /opt/rustwide/cargo-home/git/checkouts/raylib-ffi-c4085175ffa5aa09/900eede/third_party/raylib/src/external/jar_mod.h:125:13: note: at offset 1081 into destination object 'title' of size 20
[INFO] [stderr]     125 |     muchar  title[20];
[INFO] [stderr]         |             ^~~~~
[INFO] [stderr]   In function 'memcopy',
[INFO] [stderr]       inlined from 'jar_mod_load' at /opt/rustwide/cargo-home/git/checkouts/raylib-ffi-c4085175ffa5aa09/900eede/third_party/raylib/src/external/jar_mod.h:1133:13:
[INFO] [stderr]   /opt/rustwide/cargo-home/git/checkouts/raylib-ffi-c4085175ffa5aa09/900eede/third_party/raylib/src/external/jar_mod.h:370:13: warning: writing 1 byte into a region of size 0 [-Wstringop-overflow=]
[INFO] [stderr]     370 |         d[i]=s[i];
[INFO] [stderr]         |         ~~~~^~~~~
[INFO] [stderr]   /opt/rustwide/cargo-home/git/checkouts/raylib-ffi-c4085175ffa5aa09/900eede/third_party/raylib/src/external/jar_mod.h: In function 'jar_mod_load':
[INFO] [stderr]   /opt/rustwide/cargo-home/git/checkouts/raylib-ffi-c4085175ffa5aa09/900eede/third_party/raylib/src/external/jar_mod.h:125:13: note: at offset 1082 into destination object 'title' of size 20
[INFO] [stderr]     125 |     muchar  title[20];
[INFO] [stderr]         |             ^~~~~
[INFO] [stderr]   In function 'memcopy',
[INFO] [stderr]       inlined from 'jar_mod_load' at /opt/rustwide/cargo-home/git/checkouts/raylib-ffi-c4085175ffa5aa09/900eede/third_party/raylib/src/external/jar_mod.h:1133:13:
[INFO] [stderr]   /opt/rustwide/cargo-home/git/checkouts/raylib-ffi-c4085175ffa5aa09/900eede/third_party/raylib/src/external/jar_mod.h:370:13: warning: writing 1 byte into a region of size 0 [-Wstringop-overflow=]
[INFO] [stderr]     370 |         d[i]=s[i];
[INFO] [stderr]         |         ~~~~^~~~~
[INFO] [stderr]   /opt/rustwide/cargo-home/git/checkouts/raylib-ffi-c4085175ffa5aa09/900eede/third_party/raylib/src/external/jar_mod.h: In function 'jar_mod_load':
[INFO] [stderr]   /opt/rustwide/cargo-home/git/checkouts/raylib-ffi-c4085175ffa5aa09/900eede/third_party/raylib/src/external/jar_mod.h:125:13: note: at offset 1083 into destination object 'title' of size 20
[INFO] [stderr]     125 |     muchar  title[20];
[INFO] [stderr]         |             ^~~~~
[INFO] [stderr]   /opt/rustwide/cargo-home/git/checkouts/raylib-ffi-c4085175ffa5aa09/900eede/third_party/raylib/src/rcore.c: At top level:
[INFO] [stderr]   /opt/rustwide/cargo-home/git/checkouts/raylib-ffi-c4085175ffa5aa09/900eede/third_party/raylib/src/rcore.c:3537:1: fatal error: error writing to /tmp/cc9OmUKg.s: No space left on device
[INFO] [stderr]    3537 | }
[INFO] [stderr]         | ^
[INFO] [stderr]   compilation terminated.
[INFO] [stderr]   gmake[2]: *** [raylib/CMakeFiles/raylib.dir/build.make:76: raylib/CMakeFiles/raylib.dir/rcore.c.o] Error 1
[INFO] [stderr]   gmake[2]: *** Waiting for unfinished jobs....
[INFO] [stderr]   /opt/rustwide/cargo-home/git/checkouts/raylib-ffi-c4085175ffa5aa09/900eede/third_party/raylib/src/rtextures.c:4968:1: fatal error: error writing to /tmp/ccsN4jRf.s: No space left on device
[INFO] [stderr]    4968 | }
[INFO] [stderr]         | ^
[INFO] [stderr]   compilation terminated.
[INFO] [stderr]   gmake[2]: *** [raylib/CMakeFiles/raylib.dir/build.make:132: raylib/CMakeFiles/raylib.dir/rtextures.c.o] Error 1
[INFO] [stderr]   /opt/rustwide/cargo-home/git/checkouts/raylib-ffi-c4085175ffa5aa09/900eede/third_party/raylib/src/rmodels.c:5981:1: fatal error: error writing to /tmp/ccBiH15f.s: No space left on device
[INFO] [stderr]    5981 | }
[INFO] [stderr]         | ^
[INFO] [stderr]   compilation terminated.
[INFO] [stderr]   gmake[2]: *** [raylib/CMakeFiles/raylib.dir/build.make:90: raylib/CMakeFiles/raylib.dir/rmodels.c.o] Error 1
[INFO] [stderr]   /opt/rustwide/cargo-home/git/checkouts/raylib-ffi-c4085175ffa5aa09/900eede/third_party/raylib/src/raudio.c: At top level:
[INFO] [stderr]   /opt/rustwide/cargo-home/git/checkouts/raylib-ffi-c4085175ffa5aa09/900eede/third_party/raylib/src/raudio.c:2611:1: fatal error: error writing to /tmp/ccy10C0y.s: No space left on device
[INFO] [stderr]    2611 | }
[INFO] [stderr]         | ^
[INFO] [stderr]   compilation terminated.
[INFO] [stderr]   gmake[2]: *** [raylib/CMakeFiles/raylib.dir/build.make:160: raylib/CMakeFiles/raylib.dir/raudio.c.o] Error 1
[INFO] [stderr]   gmake[1]: *** [CMakeFiles/Makefile2:158: raylib/CMakeFiles/raylib.dir/all] Error 2
[INFO] [stderr]   gmake: *** [Makefile:166: all] Error 2
[INFO] [stderr]   thread 'main' panicked at /opt/rustwide/cargo-home/registry/src/index.crates.io-6f17d22bba15001f/cmake-0.1.50/src/lib.rs:1098:5:
[INFO] [stderr] 
[INFO] [stderr]   command did not execute successfully, got: exit status: 2
[INFO] [stderr] 
[INFO] [stderr]   build script failed, must exit now
[INFO] [stderr]   stack backtrace:
[INFO] [stderr]      0:     0x5850b69555ba - std::backtrace_rs::backtrace::libunwind::trace::h8810477743020387
[INFO] [stderr]                                  at /rustc/202008a1b8de96d2e5b6bc02d379db03a877d34d/library/std/src/../../backtrace/src/backtrace/libunwind.rs:116:5
[INFO] [stderr]      1:     0x5850b69555ba - std::backtrace_rs::backtrace::trace_unsynchronized::h3aa55355dd6c54a6
[INFO] [stderr]                                  at /rustc/202008a1b8de96d2e5b6bc02d379db03a877d34d/library/std/src/../../backtrace/src/backtrace/mod.rs:66:5
[INFO] [stderr]      2:     0x5850b69555ba - std::sys::backtrace::_print_fmt::h8588b0f62410823f
[INFO] [stderr]                                  at /rustc/202008a1b8de96d2e5b6bc02d379db03a877d34d/library/std/src/sys/backtrace.rs:66:9
[INFO] [stderr]      3:     0x5850b69555ba - <std::sys::backtrace::BacktraceLock::print::DisplayBacktrace as core::fmt::Display>::fmt::h98c26ac25ffe89bb
[INFO] [stderr]                                  at /rustc/202008a1b8de96d2e5b6bc02d379db03a877d34d/library/std/src/sys/backtrace.rs:39:26
[INFO] [stderr]      4:     0x5850b697ddc3 - core::fmt::rt::Argument::fmt::hf95377f4aebd453b
[INFO] [stderr]                                  at /rustc/202008a1b8de96d2e5b6bc02d379db03a877d34d/library/core/src/fmt/rt.rs:177:76
[INFO] [stderr]      5:     0x5850b697ddc3 - core::fmt::write::h0dd5f6e2238c7982
[INFO] [stderr]                                  at /rustc/202008a1b8de96d2e5b6bc02d379db03a877d34d/library/core/src/fmt/mod.rs:1189:21
[INFO] [stderr]      6:     0x5850b6952143 - std::io::Write::write_fmt::hc00bff0a88e08857
[INFO] [stderr]                                  at /rustc/202008a1b8de96d2e5b6bc02d379db03a877d34d/library/std/src/io/mod.rs:1884:15
[INFO] [stderr]      7:     0x5850b6955402 - std::sys::backtrace::BacktraceLock::print::h5c19c1c038ee186d
[INFO] [stderr]                                  at /rustc/202008a1b8de96d2e5b6bc02d379db03a877d34d/library/std/src/sys/backtrace.rs:42:9
[INFO] [stderr]      8:     0x5850b69565fc - std::panicking::default_hook::{{closure}}::h77172f079a1fcb13
[INFO] [stderr]                                  at /rustc/202008a1b8de96d2e5b6bc02d379db03a877d34d/library/std/src/panicking.rs:268:22
[INFO] [stderr]      9:     0x5850b6956442 - std::panicking::default_hook::he5f8e3b203ccddba
[INFO] [stderr]                                  at /rustc/202008a1b8de96d2e5b6bc02d379db03a877d34d/library/std/src/panicking.rs:295:9
[INFO] [stderr]     10:     0x5850b6956bd7 - std::panicking::rust_panic_with_hook::h53863d4e9018df39
[INFO] [stderr]                                  at /rustc/202008a1b8de96d2e5b6bc02d379db03a877d34d/library/std/src/panicking.rs:801:13
[INFO] [stderr]     11:     0x5850b6956a6a - std::panicking::begin_panic_handler::{{closure}}::h67280e6fa0757873
[INFO] [stderr]                                  at /rustc/202008a1b8de96d2e5b6bc02d379db03a877d34d/library/std/src/panicking.rs:674:13
[INFO] [stderr]     12:     0x5850b6955a99 - std::sys::backtrace::__rust_end_short_backtrace::h1dac3f54d6fbbeb2
[INFO] [stderr]                                  at /rustc/202008a1b8de96d2e5b6bc02d379db03a877d34d/library/std/src/sys/backtrace.rs:170:18
[INFO] [stderr]     13:     0x5850b69566fc - rust_begin_unwind
[INFO] [stderr]                                  at /rustc/202008a1b8de96d2e5b6bc02d379db03a877d34d/library/std/src/panicking.rs:665:5
[INFO] [stderr]     14:     0x5850b62398e0 - core::panicking::panic_fmt::h6792bd1b2bf01041
[INFO] [stderr]                                  at /rustc/202008a1b8de96d2e5b6bc02d379db03a877d34d/library/core/src/panicking.rs:76:14
[INFO] [stderr]     15:     0x5850b669f4d2 - cmake::fail::ha2bf5e81b727e45e
[INFO] [stderr]     16:     0x5850b669eca9 - cmake::run::h11375593d9153dd7
[INFO] [stderr]     17:     0x5850b669b636 - cmake::Config::build::h25cc197bcce84993
[INFO] [stderr]     18:     0x5850b624ac92 - build_script_main::bind::compile_raylib::hb549df63062a5874
[INFO] [stderr]     19:     0x5850b625471d - build_script_main::main::h9302d9e5f646f936
[INFO] [stderr]     20:     0x5850b625bc53 - core::ops::function::FnOnce::call_once::h921c5f96077f64bd
[INFO] [stderr]     21:     0x5850b62528d6 - std::sys::backtrace::__rust_begin_short_backtrace::hb53afa7702669f18
[INFO] [stderr]     22:     0x5850b6255ef9 - std::rt::lang_start::{{closure}}::h0e323c615f9e3ad8
[INFO] [stderr]     23:     0x5850b694d727 - core::ops::function::impls::<impl core::ops::function::FnOnce<A> for &F>::call_once::hba2470d01d3f5e41
[INFO] [stderr]                                  at /rustc/202008a1b8de96d2e5b6bc02d379db03a877d34d/library/core/src/ops/function.rs:284:13
[INFO] [stderr]     24:     0x5850b694d727 - std::panicking::try::do_call::hc063fb73159aab72
[INFO] [stderr]                                  at /rustc/202008a1b8de96d2e5b6bc02d379db03a877d34d/library/std/src/panicking.rs:557:40
[INFO] [stderr]     25:     0x5850b694d727 - std::panicking::try::h2767c6d245d3a3bb
[INFO] [stderr]                                  at /rustc/202008a1b8de96d2e5b6bc02d379db03a877d34d/library/std/src/panicking.rs:520:19
[INFO] [stderr]     26:     0x5850b694d727 - std::panic::catch_unwind::h061c6ef75790da63
[INFO] [stderr]                                  at /rustc/202008a1b8de96d2e5b6bc02d379db03a877d34d/library/std/src/panic.rs:358:14
[INFO] [stderr]     27:     0x5850b694d727 - std::rt::lang_start_internal::{{closure}}::h5c5e35b11a4b8c4e
[INFO] [stderr]                                  at /rustc/202008a1b8de96d2e5b6bc02d379db03a877d34d/library/std/src/rt.rs:174:48
[INFO] [stderr]     28:     0x5850b694d727 - std::panicking::try::do_call::h705e99690a8109cc
[INFO] [stderr]                                  at /rustc/202008a1b8de96d2e5b6bc02d379db03a877d34d/library/std/src/panicking.rs:557:40
[INFO] [stderr]     29:     0x5850b694d727 - std::panicking::try::he5f4452754ed9a34
[INFO] [stderr]                                  at /rustc/202008a1b8de96d2e5b6bc02d379db03a877d34d/library/std/src/panicking.rs:520:19
[INFO] [stderr]     30:     0x5850b694d727 - std::panic::catch_unwind::h5db61b3bcbe883e5
[INFO] [stderr]                                  at /rustc/202008a1b8de96d2e5b6bc02d379db03a877d34d/library/std/src/panic.rs:358:14
[INFO] [stderr]     31:     0x5850b694d727 - std::rt::lang_start_internal::h81da9b59bab665c6
[INFO] [stderr]                                  at /rustc/202008a1b8de96d2e5b6bc02d379db03a877d34d/library/std/src/rt.rs:174:20
[INFO] [stderr]     32:     0x5850b6255ed7 - std::rt::lang_start::habb44d4ef3ca0a0f
[INFO] [stderr]     33:     0x5850b6254905 - main
[INFO] [stderr]     34:     0x7187618c1d90 - <unknown>
[INFO] [stderr]     35:     0x7187618c1e40 - __libc_start_main
[INFO] [stderr]     36:     0x5850b623a1c5 - _start
[INFO] [stderr]     37:                0x0 - <unknown>
[INFO] running `Command { std: "docker" "inspect" "81aa0d248225b3924610b72e8afd083dee2715e68df23a4f71ff54c3c2872c06", kill_on_drop: false }`
[INFO] running `Command { std: "docker" "rm" "-f" "81aa0d248225b3924610b72e8afd083dee2715e68df23a4f71ff54c3c2872c06", kill_on_drop: false }`
[INFO] [stdout] 81aa0d248225b3924610b72e8afd083dee2715e68df23a4f71ff54c3c2872c06
