[INFO] cloning repository https://github.com/mvasigh/nannou-starter
[INFO] running `Command { std: "git" "-c" "credential.helper=" "-c" "credential.helper=/workspace/cargo-home/bin/git-credential-null" "clone" "--bare" "https://github.com/mvasigh/nannou-starter" "/workspace/cache/git-repos/https%3A%2F%2Fgithub.com%2Fmvasigh%2Fnannou-starter", kill_on_drop: false }`
[INFO] [stderr] Cloning into bare repository '/workspace/cache/git-repos/https%3A%2F%2Fgithub.com%2Fmvasigh%2Fnannou-starter'...
[INFO] running `Command { std: "git" "rev-parse" "HEAD", kill_on_drop: false }`
[INFO] [stdout] efe55eac1f801cf5d8b7cdd9ed33a7eb020162af
[INFO] testing mvasigh/nannou-starter against beta-2024-12-08 for beta-1.84.0-4-retry
[INFO] running `Command { std: "git" "clone" "/workspace/cache/git-repos/https%3A%2F%2Fgithub.com%2Fmvasigh%2Fnannou-starter" "/workspace/builds/worker-5-tc2/source", kill_on_drop: false }`
[INFO] [stderr] Cloning into '/workspace/builds/worker-5-tc2/source'...
[INFO] [stderr] done.
[INFO] validating manifest of git repo https://github.com/mvasigh/nannou-starter on toolchain beta-2024-12-08
[INFO] running `Command { std: CARGO_HOME="/workspace/cargo-home" RUSTUP_HOME="/workspace/rustup-home" "/workspace/cargo-home/bin/cargo" "+beta-2024-12-08" "metadata" "--manifest-path" "Cargo.toml" "--no-deps", kill_on_drop: false }`
[INFO] started tweaking git repo https://github.com/mvasigh/nannou-starter
[INFO] finished tweaking git repo https://github.com/mvasigh/nannou-starter
[INFO] tweaked toml for git repo https://github.com/mvasigh/nannou-starter written to /workspace/builds/worker-5-tc2/source/Cargo.toml
[INFO] running `Command { std: CARGO_HOME="/workspace/cargo-home" RUSTUP_HOME="/workspace/rustup-home" "/workspace/cargo-home/bin/cargo" "+beta-2024-12-08" "generate-lockfile" "--manifest-path" "Cargo.toml", kill_on_drop: false }`
[INFO] [stderr]     Updating crates.io index
[INFO] [stderr]      Locking 321 packages to latest compatible versions
[INFO] [stderr]       Adding js-sys v0.3.46 (available: v0.3.76)
[INFO] [stderr]       Adding nannou v0.16.0 (available: v0.19.0)
[INFO] [stderr]       Adding nix v0.20.0 (available: v0.20.2)
[INFO] [stderr]       Adding syn v1.0.65 (available: v1.0.109)
[INFO] [stderr]       Adding wasm-bindgen v0.2.69 (available: v0.2.99)
[INFO] [stderr]       Adding wasm-bindgen-backend v0.2.69 (available: v0.2.99)
[INFO] [stderr]       Adding wasm-bindgen-futures v0.4.19 (available: v0.4.49)
[INFO] [stderr]       Adding wasm-bindgen-macro v0.2.69 (available: v0.2.99)
[INFO] [stderr]       Adding wasm-bindgen-macro-support v0.2.69 (available: v0.2.99)
[INFO] [stderr]       Adding wasm-bindgen-shared v0.2.69 (available: v0.2.99)
[INFO] [stderr]       Adding web-sys v0.3.46 (available: v0.3.76)
[INFO] running `Command { std: CARGO_HOME="/workspace/cargo-home" RUSTUP_HOME="/workspace/rustup-home" "/workspace/cargo-home/bin/cargo" "+beta-2024-12-08" "fetch" "--manifest-path" "Cargo.toml", kill_on_drop: false }`
[INFO] running `Command { std: "docker" "create" "-v" "/var/lib/crater-agent-workspace/builds/worker-5-tc2/target:/opt/rustwide/target:rw,Z" "-v" "/var/lib/crater-agent-workspace/builds/worker-5-tc2/source:/opt/rustwide/workdir:ro,Z" "-v" "/var/lib/crater-agent-workspace/cargo-home:/opt/rustwide/cargo-home:ro,Z" "-v" "/var/lib/crater-agent-workspace/rustup-home:/opt/rustwide/rustup-home:ro,Z" "-e" "SOURCE_DIR=/opt/rustwide/workdir" "-e" "CARGO_TARGET_DIR=/opt/rustwide/target" "-e" "CARGO_HOME=/opt/rustwide/cargo-home" "-e" "RUSTUP_HOME=/opt/rustwide/rustup-home" "-w" "/opt/rustwide/workdir" "-m" "1610612736" "--user" "0:0" "--network" "none" "ghcr.io/rust-lang/crates-build-env/linux@sha256:f3a9d4ad9d972b27faf3965f35b62e55ba32bbce8f20bc8fe909558a86702fde" "/opt/rustwide/cargo-home/bin/cargo" "+beta-2024-12-08" "metadata" "--no-deps" "--format-version=1", kill_on_drop: false }`
[INFO] [stdout] f0a760a703ea1dacdba96c47b29167c89862dd785a95b71bf79716133eddcfbc
[INFO] running `Command { std: "docker" "start" "-a" "f0a760a703ea1dacdba96c47b29167c89862dd785a95b71bf79716133eddcfbc", kill_on_drop: false }`
[INFO] running `Command { std: "docker" "inspect" "f0a760a703ea1dacdba96c47b29167c89862dd785a95b71bf79716133eddcfbc", kill_on_drop: false }`
[INFO] running `Command { std: "docker" "rm" "-f" "f0a760a703ea1dacdba96c47b29167c89862dd785a95b71bf79716133eddcfbc", kill_on_drop: false }`
[INFO] [stdout] f0a760a703ea1dacdba96c47b29167c89862dd785a95b71bf79716133eddcfbc
[INFO] running `Command { std: "docker" "create" "-v" "/var/lib/crater-agent-workspace/builds/worker-5-tc2/target:/opt/rustwide/target:rw,Z" "-v" "/var/lib/crater-agent-workspace/builds/worker-5-tc2/source:/opt/rustwide/workdir:ro,Z" "-v" "/var/lib/crater-agent-workspace/cargo-home:/opt/rustwide/cargo-home:ro,Z" "-v" "/var/lib/crater-agent-workspace/rustup-home:/opt/rustwide/rustup-home:ro,Z" "-e" "SOURCE_DIR=/opt/rustwide/workdir" "-e" "CARGO_TARGET_DIR=/opt/rustwide/target" "-e" "CARGO_INCREMENTAL=0" "-e" "RUST_BACKTRACE=full" "-e" "RUSTFLAGS=--cap-lints=warn" "-e" "RUSTDOCFLAGS=--cap-lints=warn" "-e" "CARGO_HOME=/opt/rustwide/cargo-home" "-e" "RUSTUP_HOME=/opt/rustwide/rustup-home" "-w" "/opt/rustwide/workdir" "-m" "1610612736" "--user" "0:0" "--network" "none" "ghcr.io/rust-lang/crates-build-env/linux@sha256:f3a9d4ad9d972b27faf3965f35b62e55ba32bbce8f20bc8fe909558a86702fde" "/opt/rustwide/cargo-home/bin/cargo" "+beta-2024-12-08" "build" "--frozen" "--message-format=json", kill_on_drop: false }`
[INFO] [stdout] 57c84344588f53ea2d5a35a0d4fdb6af1c2787ab30f6f502a907c2af2ecf1d3d
[INFO] running `Command { std: "docker" "start" "-a" "57c84344588f53ea2d5a35a0d4fdb6af1c2787ab30f6f502a907c2af2ecf1d3d", kill_on_drop: false }`
[INFO] [stderr]    Compiling autocfg v1.4.0
[INFO] [stderr]    Compiling libc v0.2.168
[INFO] [stderr]    Compiling proc-macro2 v1.0.92
[INFO] [stderr]    Compiling unicode-ident v1.0.14
[INFO] [stderr]    Compiling cfg-if v1.0.0
[INFO] [stderr]    Compiling bitflags v1.3.2
[INFO] [stderr]    Compiling byteorder v1.5.0
[INFO] [stderr]    Compiling xml-rs v0.8.24
[INFO] [stderr]    Compiling cfg-if v0.1.10
[INFO] [stderr]    Compiling lazy_static v1.5.0
[INFO] [stderr]    Compiling libloading v0.6.7
[INFO] [stderr]    Compiling log v0.4.22
[INFO] [stderr]    Compiling scopeguard v1.2.0
[INFO] [stderr]    Compiling proc-macro2 v0.4.30
[INFO] [stderr]    Compiling once_cell v1.20.2
[INFO] [stderr]    Compiling unicode-xid v0.1.0
[INFO] [stderr]    Compiling smallvec v1.13.2
[INFO] [stderr]    Compiling maybe-uninit v2.0.0
[INFO] [stderr]    Compiling memchr v2.7.4
[INFO] [stderr]    Compiling rand_core v0.4.2
[INFO] [stderr]    Compiling num-traits v0.2.19
[INFO] [stderr]    Compiling quote v1.0.37
[INFO] [stderr]    Compiling memoffset v0.5.6
[INFO] [stderr]    Compiling crossbeam-utils v0.7.2
[INFO] [stderr]    Compiling indexmap v1.9.3
[INFO] [stderr]    Compiling syn v2.0.90
[INFO] [stderr]    Compiling pkg-config v0.3.31
[INFO] [stderr]    Compiling downcast-rs v1.2.1
[INFO] [stderr]    Compiling quote v0.6.13
[INFO] [stderr]    Compiling wayland-scanner v0.23.6
[INFO] [stderr]    Compiling crossbeam-epoch v0.8.2
[INFO] [stderr]    Compiling dlib v0.4.2
[INFO] [stderr]    Compiling hashbrown v0.12.3
[INFO] [stderr]    Compiling thiserror v1.0.69
[INFO] [stderr]    Compiling num-integer v0.1.46
[INFO] [stderr]    Compiling getrandom v0.1.16
[INFO] [stderr]    Compiling crossbeam-utils v0.8.20
[INFO] [stderr]    Compiling cty v0.2.2
[INFO] [stderr]    Compiling raw-window-handle v0.4.3
[INFO] [stderr]    Compiling approx v0.3.2
[INFO] [stderr]    Compiling num_cpus v1.16.0
[INFO] [stderr]    Compiling autocfg v0.1.8
[INFO] [stderr]    Compiling same-file v1.0.6
[INFO] [stderr]    Compiling arrayvec v0.5.2
[INFO] [stderr]    Compiling nix v0.14.1
[INFO] [stderr]    Compiling fixedbitset v0.2.0
[INFO] [stderr]    Compiling bit-vec v0.6.3
[INFO] [stderr]    Compiling petgraph v0.5.1
[INFO] [stderr]    Compiling walkdir v2.5.0
[INFO] [stderr]    Compiling bit-set v0.5.3
[INFO] [stderr]    Compiling raw-window-handle v0.3.4
[INFO] [stderr]    Compiling spirv_headers v1.5.0
[INFO] [stderr]    Compiling jobserver v0.1.32
[INFO] [stderr]    Compiling wayland-scanner v0.28.6
[INFO] [stderr]    Compiling lock_api v0.4.12
[INFO] [stderr]    Compiling fxhash v0.2.1
[INFO] [stderr]    Compiling instant v0.1.13
[INFO] [stderr]    Compiling shlex v1.3.0
[INFO] [stderr]    Compiling xdg v2.5.2
[INFO] [stderr]    Compiling void v1.0.2
[INFO] [stderr]    Compiling adler32 v1.2.0
[INFO] [stderr]    Compiling parking_lot_core v0.8.6
[INFO] [stderr]    Compiling pin-project-lite v0.2.15
[INFO] [stderr]    Compiling cc v1.2.4
[INFO] [stderr]    Compiling wayland-client v0.23.6
[INFO] [stderr]    Compiling crossbeam-epoch v0.9.18
[INFO] [stderr]    Compiling rand_core v0.5.1
[INFO] [stderr]    Compiling crossbeam-deque v0.7.4
[INFO] [stderr]    Compiling wayland-sys v0.28.6
[INFO] [stderr]    Compiling ordered-float v1.1.1
[INFO] [stderr]    Compiling wayland-sys v0.23.6
[INFO] [stderr]    Compiling rand_core v0.3.1
[INFO] [stderr]    Compiling slab v0.4.9
[INFO] [stderr]    Compiling stb_truetype v0.3.1
[INFO] [stderr]    Compiling libloading v0.8.6
[INFO] [stderr]    Compiling rayon-core v1.12.1
[INFO] [stderr]    Compiling rustc-hash v1.1.0
[INFO] [stderr]    Compiling linked-hash-map v0.5.6
[INFO] [stderr]    Compiling serde v1.0.216
[INFO] [stderr]    Compiling dlib v0.5.2
[INFO] [stderr]    Compiling rusttype v0.8.3
[INFO] [stderr]    Compiling crossbeam-deque v0.8.5
[INFO] [stderr]    Compiling wayland-protocols v0.23.6
[INFO] [stderr]    Compiling num-iter v0.1.45
[INFO] [stderr]    Compiling quick-xml v0.22.0
[INFO] [stderr]    Compiling num-bigint v0.3.3
[INFO] [stderr]    Compiling syn v1.0.65
[INFO] [stderr]    Compiling siphasher v0.3.11
[INFO] [stderr]    Compiling xcb v0.10.1
[INFO] [stderr] rustc-LLVM ERROR: IO failure on output stream: No space left on device
[INFO] [stdout] error: failed to build archive at `/opt/rustwide/target/debug/deps/libsiphasher-8c98df6e4615cbd6.rlib`: No space left on device (os error 28)
[INFO] [stdout] 
[INFO] [stdout] 
[INFO] [stderr] error: could not compile `siphasher` (lib) due to 1 previous error
[INFO] [stderr] warning: build failed, waiting for other jobs to finish...
[INFO] [stderr] error: could not compile `cc` (lib)
[INFO] [stderr] 
[INFO] [stderr] Caused by:
[INFO] [stderr]   No space left on device (os error 28)
[INFO] [stderr] 
[INFO] [stderr] Caused by:
[INFO] [stderr]   failed to parse process output: `/opt/rustwide/rustup-home/toolchains/beta-2024-12-08-x86_64-unknown-linux-gnu/bin/rustc --crate-name cc --edition=2018 /opt/rustwide/cargo-home/registry/src/index.crates.io-6f17d22bba15001f/cc-1.2.4/src/lib.rs --error-format=json --json=diagnostic-rendered-ansi,artifacts,future-incompat --crate-type lib --emit=dep-info,metadata,link -C embed-bitcode=no --cfg 'feature="parallel"' --check-cfg 'cfg(docsrs)' --check-cfg 'cfg(feature, values("jobserver", "parallel"))' -C metadata=afeb97c7e03d29c5 -C extra-filename=-afeb97c7e03d29c5 --out-dir /opt/rustwide/target/debug/deps -L dependency=/opt/rustwide/target/debug/deps --extern jobserver=/opt/rustwide/target/debug/deps/libjobserver-1cdf8014cb9dbaa9.rmeta --extern libc=/opt/rustwide/target/debug/deps/liblibc-e0480a2464fed25f.rmeta --extern shlex=/opt/rustwide/target/debug/deps/libshlex-1c2056062c325f15.rmeta --cap-lints allow --cap-lints=warn` (exit status: 101)
[INFO] [stderr] rustc-LLVM ERROR: IO failure on output stream: No space left on device
[INFO] [stderr] error: could not compile `syn` (lib)
[INFO] [stderr] 
[INFO] [stderr] Caused by:
[INFO] [stderr]   No space left on device (os error 28)
[INFO] [stderr] 
[INFO] [stderr] Caused by:
[INFO] [stderr]   failed to parse process output: `/opt/rustwide/rustup-home/toolchains/beta-2024-12-08-x86_64-unknown-linux-gnu/bin/rustc --crate-name syn --edition=2021 /opt/rustwide/cargo-home/registry/src/index.crates.io-6f17d22bba15001f/syn-2.0.90/src/lib.rs --error-format=json --json=diagnostic-rendered-ansi,artifacts,future-incompat --crate-type lib --emit=dep-info,metadata,link -C embed-bitcode=no --cfg 'feature="clone-impls"' --cfg 'feature="default"' --cfg 'feature="derive"' --cfg 'feature="extra-traits"' --cfg 'feature="full"' --cfg 'feature="parsing"' --cfg 'feature="printing"' --cfg 'feature="proc-macro"' --cfg 'feature="visit-mut"' --check-cfg 'cfg(docsrs)' --check-cfg 'cfg(feature, values("clone-impls", "default", "derive", "extra-traits", "fold", "full", "parsing", "printing", "proc-macro", "test", "visit", "visit-mut"))' -C metadata=175b92d1ee012a15 -C extra-filename=-175b92d1ee012a15 --out-dir /opt/rustwide/target/debug/deps -L dependency=/opt/rustwide/target/debug/deps --extern proc_macro2=/opt/rustwide/target/debug/deps/libproc_macro2-3d430d1654efb092.rmeta --extern quote=/opt/rustwide/target/debug/deps/libquote-f35fd674047c479b.rmeta --extern unicode_ident=/opt/rustwide/target/debug/deps/libunicode_ident-25cf3245b78318c8.rmeta --cap-lints allow --cap-lints=warn` (exit status: 101)
[INFO] [stderr] error: failed to run custom build command for `num-bigint v0.3.3`
[INFO] [stderr] note: To improve backtraces for build dependencies, set the CARGO_PROFILE_DEV_BUILD_OVERRIDE_DEBUG=true environment variable to enable debug information generation.
[INFO] [stderr] 
[INFO] [stderr] Caused by:
[INFO] [stderr]   process didn't exit successfully: `/opt/rustwide/target/debug/build/num-bigint-dbc8182f3e9cde78/build-script-build` (exit status: 101)
[INFO] [stderr]   --- stdout
[INFO] [stderr]   cargo:rustc-cfg=u64_digit
[INFO] [stderr]   cargo:rerun-if-changed=build.rs
[INFO] [stderr] 
[INFO] [stderr]   --- stderr
[INFO] [stderr]   rustc-LLVM ERROR: IO failure on output stream: No space left on device
[INFO] [stderr]   error: couldn't create a temp dir: No space left on device (os error 28) at path "/opt/rustwide/target/debug/build/num-bigint-02e2a6762b94896d/out/rmetaH8NSO5"
[INFO] [stderr] 
[INFO] [stderr]   error: aborting due to 1 previous error
[INFO] [stderr] 
[INFO] [stderr]   warning: autocfg could not probe for `std`
[INFO] [stderr]   error: couldn't create a temp dir: No space left on device (os error 28) at path "/opt/rustwide/target/debug/build/num-bigint-02e2a6762b94896d/out/rmetaUlvwrQ"
[INFO] [stderr] 
[INFO] [stderr]   error: aborting due to 1 previous error
[INFO] [stderr] 
[INFO] [stderr]   error[E0433]: failed to resolve: you might be missing crate `core`
[INFO] [stderr]    --> <anon>:1:9
[INFO] [stderr]     |
[INFO] [stderr]   1 | pub use core::convert::TryFrom;
[INFO] [stderr]     |         ^^^^
[INFO] [stderr]     |         |
[INFO] [stderr]     |         you might be missing crate `core`
[INFO] [stderr]     |         help: try using `std` instead of `core`: `std`
[INFO] [stderr] 
[INFO] [stderr]   error: aborting due to 1 previous error
[INFO] [stderr] 
[INFO] [stderr]   For more information about this error, try `rustc --explain E0433`.
[INFO] [stderr]   error[E0433]: failed to resolve: you might be missing crate `core`
[INFO] [stderr]    --> <anon>:1:9
[INFO] [stderr]     |
[INFO] [stderr]   1 | pub use core::arch::x86_64::_addcarry_u64;
[INFO] [stderr]     |         ^^^^
[INFO] [stderr]     |         |
[INFO] [stderr]     |         you might be missing crate `core`
[INFO] [stderr]     |         help: try using `std` instead of `core`: `std`
[INFO] [stderr] 
[INFO] [stderr]   error: aborting due to 1 previous error
[INFO] [stderr] 
[INFO] [stderr]   For more information about this error, try `rustc --explain E0433`.
[INFO] [stderr]   thread 'main' panicked at /opt/rustwide/cargo-home/registry/src/index.crates.io-6f17d22bba15001f/num-bigint-0.3.3/build.rs:36:25:
[INFO] [stderr]   called `Result::unwrap()` on an `Err` value: Os { code: 28, kind: StorageFull, message: "No space left on device" }
[INFO] [stderr]   stack backtrace:
[INFO] [stderr]      0:     0x5919e74698ca - std::backtrace_rs::backtrace::libunwind::trace::h8810477743020387
[INFO] [stderr]                                  at /rustc/202008a1b8de96d2e5b6bc02d379db03a877d34d/library/std/src/../../backtrace/src/backtrace/libunwind.rs:116:5
[INFO] [stderr]      1:     0x5919e74698ca - std::backtrace_rs::backtrace::trace_unsynchronized::h3aa55355dd6c54a6
[INFO] [stderr]                                  at /rustc/202008a1b8de96d2e5b6bc02d379db03a877d34d/library/std/src/../../backtrace/src/backtrace/mod.rs:66:5
[INFO] [stderr]      2:     0x5919e74698ca - std::sys::backtrace::_print_fmt::h8588b0f62410823f
[INFO] [stderr]                                  at /rustc/202008a1b8de96d2e5b6bc02d379db03a877d34d/library/std/src/sys/backtrace.rs:66:9
[INFO] [stderr]      3:     0x5919e74698ca - <std::sys::backtrace::BacktraceLock::print::DisplayBacktrace as core::fmt::Display>::fmt::h98c26ac25ffe89bb
[INFO] [stderr]                                  at /rustc/202008a1b8de96d2e5b6bc02d379db03a877d34d/library/std/src/sys/backtrace.rs:39:26
[INFO] [stderr]      4:     0x5919e7489993 - core::fmt::rt::Argument::fmt::hf95377f4aebd453b
[INFO] [stderr]                                  at /rustc/202008a1b8de96d2e5b6bc02d379db03a877d34d/library/core/src/fmt/rt.rs:177:76
[INFO] [stderr]      5:     0x5919e7489993 - core::fmt::write::h0dd5f6e2238c7982
[INFO] [stderr]                                  at /rustc/202008a1b8de96d2e5b6bc02d379db03a877d34d/library/core/src/fmt/mod.rs:1189:21
[INFO] [stderr]      6:     0x5919e7466df3 - std::io::Write::write_fmt::hc00bff0a88e08857
[INFO] [stderr]                                  at /rustc/202008a1b8de96d2e5b6bc02d379db03a877d34d/library/std/src/io/mod.rs:1884:15
[INFO] [stderr]      7:     0x5919e7469712 - std::sys::backtrace::BacktraceLock::print::h5c19c1c038ee186d
[INFO] [stderr]                                  at /rustc/202008a1b8de96d2e5b6bc02d379db03a877d34d/library/std/src/sys/backtrace.rs:42:9
[INFO] [stderr]      8:     0x5919e746a6dc - std::panicking::default_hook::{{closure}}::h77172f079a1fcb13
[INFO] [stderr]                                  at /rustc/202008a1b8de96d2e5b6bc02d379db03a877d34d/library/std/src/panicking.rs:268:22
[INFO] [stderr]      9:     0x5919e746a522 - std::panicking::default_hook::he5f8e3b203ccddba
[INFO] [stderr]                                  at /rustc/202008a1b8de96d2e5b6bc02d379db03a877d34d/library/std/src/panicking.rs:295:9
[INFO] [stderr]     10:     0x5919e746acb7 - std::panicking::rust_panic_with_hook::h53863d4e9018df39
[INFO] [stderr]                                  at /rustc/202008a1b8de96d2e5b6bc02d379db03a877d34d/library/std/src/panicking.rs:801:13
[INFO] [stderr]     11:     0x5919e746ab4a - std::panicking::begin_panic_handler::{{closure}}::h67280e6fa0757873
[INFO] [stderr]                                  at /rustc/202008a1b8de96d2e5b6bc02d379db03a877d34d/library/std/src/panicking.rs:674:13
[INFO] [stderr]     12:     0x5919e7469da9 - std::sys::backtrace::__rust_end_short_backtrace::h1dac3f54d6fbbeb2
[INFO] [stderr]                                  at /rustc/202008a1b8de96d2e5b6bc02d379db03a877d34d/library/std/src/sys/backtrace.rs:170:18
[INFO] [stderr]     13:     0x5919e746a7dc - rust_begin_unwind
[INFO] [stderr]                                  at /rustc/202008a1b8de96d2e5b6bc02d379db03a877d34d/library/std/src/panicking.rs:665:5
[INFO] [stderr]     14:     0x5919e742a330 - core::panicking::panic_fmt::h6792bd1b2bf01041
[INFO] [stderr]                                  at /rustc/202008a1b8de96d2e5b6bc02d379db03a877d34d/library/core/src/panicking.rs:76:14
[INFO] [stderr]     15:     0x5919e742a6a6 - core::result::unwrap_failed::h05e0602ed34287c5
[INFO] [stderr]                                  at /rustc/202008a1b8de96d2e5b6bc02d379db03a877d34d/library/core/src/result.rs:1699:5
[INFO] [stderr]     16:     0x5919e742d07f - build_script_build::main::ha7178c33276b2f40
[INFO] [stderr]     17:     0x5919e742b253 - core::ops::function::FnOnce::call_once::h2949dff9e2ff3e5f
[INFO] [stderr]     18:     0x5919e742afa6 - std::sys::backtrace::__rust_begin_short_backtrace::h69ee8ea70aef6cca
[INFO] [stderr]     19:     0x5919e742af49 - std::rt::lang_start::{{closure}}::hefdc9b4dbdcab5c7
[INFO] [stderr]     20:     0x5919e7463dd7 - core::ops::function::impls::<impl core::ops::function::FnOnce<A> for &F>::call_once::hba2470d01d3f5e41
[INFO] [stderr]                                  at /rustc/202008a1b8de96d2e5b6bc02d379db03a877d34d/library/core/src/ops/function.rs:284:13
[INFO] [stderr]     21:     0x5919e7463dd7 - std::panicking::try::do_call::hc063fb73159aab72
[INFO] [stderr]                                  at /rustc/202008a1b8de96d2e5b6bc02d379db03a877d34d/library/std/src/panicking.rs:557:40
[INFO] [stderr]     22:     0x5919e7463dd7 - std::panicking::try::h2767c6d245d3a3bb
[INFO] [stderr]                                  at /rustc/202008a1b8de96d2e5b6bc02d379db03a877d34d/library/std/src/panicking.rs:520:19
[INFO] [stderr]     23:     0x5919e7463dd7 - std::panic::catch_unwind::h061c6ef75790da63
[INFO] [stderr]                                  at /rustc/202008a1b8de96d2e5b6bc02d379db03a877d34d/library/std/src/panic.rs:358:14
[INFO] [stderr]     24:     0x5919e7463dd7 - std::rt::lang_start_internal::{{closure}}::h5c5e35b11a4b8c4e
[INFO] [stderr]                                  at /rustc/202008a1b8de96d2e5b6bc02d379db03a877d34d/library/std/src/rt.rs:174:48
[INFO] [stderr]     25:     0x5919e7463dd7 - std::panicking::try::do_call::h705e99690a8109cc
[INFO] [stderr]                                  at /rustc/202008a1b8de96d2e5b6bc02d379db03a877d34d/library/std/src/panicking.rs:557:40
[INFO] [stderr]     26:     0x5919e7463dd7 - std::panicking::try::he5f4452754ed9a34
[INFO] [stderr]                                  at /rustc/202008a1b8de96d2e5b6bc02d379db03a877d34d/library/std/src/panicking.rs:520:19
[INFO] [stderr]     27:     0x5919e7463dd7 - std::panic::catch_unwind::h5db61b3bcbe883e5
[INFO] [stderr]                                  at /rustc/202008a1b8de96d2e5b6bc02d379db03a877d34d/library/std/src/panic.rs:358:14
[INFO] [stderr]     28:     0x5919e7463dd7 - std::rt::lang_start_internal::h81da9b59bab665c6
[INFO] [stderr]                                  at /rustc/202008a1b8de96d2e5b6bc02d379db03a877d34d/library/std/src/rt.rs:174:20
[INFO] [stderr]     29:     0x5919e742af27 - std::rt::lang_start::hc7bcfd75533dd022
[INFO] [stderr]     30:     0x5919e742dd35 - main
[INFO] [stderr]     31:     0x7460199c4d90 - <unknown>
[INFO] [stderr]     32:     0x7460199c4e40 - __libc_start_main
[INFO] [stderr]     33:     0x5919e742a985 - _start
[INFO] [stderr]     34:                0x0 - <unknown>
[INFO] [stderr] error: failed to run custom build command for `wayland-protocols v0.23.6`
[INFO] [stderr] note: To improve backtraces for build dependencies, set the CARGO_PROFILE_DEV_BUILD_OVERRIDE_DEBUG=true environment variable to enable debug information generation.
[INFO] [stderr] 
[INFO] [stderr] Caused by:
[INFO] [stderr]   process didn't exit successfully: `/opt/rustwide/target/debug/build/wayland-protocols-5198abf9b06c9322/build-script-build` (exit status: 101)
[INFO] [stderr]   --- stdout
[INFO] [stderr]   cargo:rerun-if-changed-env=CARGO_FEATURE_CLIENT
[INFO] [stderr]   cargo:rerun-if-changed-env=CARGO_FEATURE_SERVER
[INFO] [stderr]   cargo:rerun-if-changed-env=CARGO_FEATURE_UNSTABLE_PROTOCOLS
[INFO] [stderr]   cargo:rerun-if-changed=./protocols/stable/presentation-time/presentation-time.xml
[INFO] [stderr]   cargo:rerun-if-changed=./protocols/stable/viewporter/viewporter.xml
[INFO] [stderr]   cargo:rerun-if-changed=./protocols/stable/xdg-shell/xdg-shell.xml
[INFO] [stderr]   cargo:rerun-if-changed=./misc/gtk-primary-selection.xml
[INFO] [stderr]   cargo:rerun-if-changed=./protocols/unstable/fullscreen-shell/fullscreen-shell-unstable-v1.xml
[INFO] [stderr]   cargo:rerun-if-changed=./protocols/unstable/idle-inhibit/idle-inhibit-unstable-v1.xml
[INFO] [stderr]   cargo:rerun-if-changed=./protocols/unstable/input-method/input-method-unstable-v1.xml
[INFO] [stderr]   cargo:rerun-if-changed=./protocols/unstable/input-timestamps/input-timestamps-unstable-v1.xml
[INFO] [stderr]   cargo:rerun-if-changed=./protocols/unstable/keyboard-shortcuts-inhibit/keyboard-shortcuts-inhibit-unstable-v1.xml
[INFO] [stderr]   cargo:rerun-if-changed=./protocols/unstable/linux-dmabuf/linux-dmabuf-unstable-v1.xml
[INFO] [stderr]   cargo:rerun-if-changed=./protocols/unstable/linux-explicit-synchronization/linux-explicit-synchronization-unstable-v1.xml
[INFO] [stderr]   cargo:rerun-if-changed=./protocols/unstable/pointer-constraints/pointer-constraints-unstable-v1.xml
[INFO] [stderr]   cargo:rerun-if-changed=./protocols/unstable/pointer-gestures/pointer-gestures-unstable-v1.xml
[INFO] [stderr]   cargo:rerun-if-changed=./protocols/unstable/primary-selection/primary-selection-unstable-v1.xml
[INFO] [stderr]   cargo:rerun-if-changed=./protocols/unstable/relative-pointer/relative-pointer-unstable-v1.xml
[INFO] [stderr]   cargo:rerun-if-changed=./protocols/unstable/tablet/tablet-unstable-v1.xml
[INFO] [stderr]   cargo:rerun-if-changed=./protocols/unstable/tablet/tablet-unstable-v2.xml
[INFO] [stderr]   cargo:rerun-if-changed=./protocols/unstable/text-input/text-input-unstable-v1.xml
[INFO] [stderr]   cargo:rerun-if-changed=./protocols/unstable/text-input/text-input-unstable-v3.xml
[INFO] [stderr]   cargo:rerun-if-changed=./protocols/unstable/xdg-decoration/xdg-decoration-unstable-v1.xml
[INFO] [stderr]   cargo:rerun-if-changed=./protocols/unstable/xdg-foreign/xdg-foreign-unstable-v1.xml
[INFO] [stderr]   cargo:rerun-if-changed=./protocols/unstable/xdg-foreign/xdg-foreign-unstable-v2.xml
[INFO] [stderr]   cargo:rerun-if-changed=./protocols/unstable/xdg-output/xdg-output-unstable-v1.xml
[INFO] [stderr]   cargo:rerun-if-changed=./protocols/unstable/xdg-shell/xdg-shell-unstable-v5.xml
[INFO] [stderr]   cargo:rerun-if-changed=./protocols/unstable/xdg-shell/xdg-shell-unstable-v6.xml
[INFO] [stderr]   cargo:rerun-if-changed=./protocols/unstable/xwayland-keyboard-grab/xwayland-keyboard-grab-unstable-v1.xml
[INFO] [stderr]   cargo:rerun-if-changed=./wlr-protocols/unstable/wlr-data-control-unstable-v1.xml
[INFO] [stderr]   cargo:rerun-if-changed=./wlr-protocols/unstable/wlr-export-dmabuf-unstable-v1.xml
[INFO] [stderr]   cargo:rerun-if-changed=./wlr-protocols/unstable/wlr-foreign-toplevel-management-unstable-v1.xml
[INFO] [stderr]   cargo:rerun-if-changed=./wlr-protocols/unstable/wlr-gamma-control-unstable-v1.xml
[INFO] [stderr] 
[INFO] [stderr]   --- stderr
[INFO] [stderr]   error: 'rustfmt' is not installed for the toolchain 'beta-2024-12-08-x86_64-unknown-linux-gnu'.
[INFO] [stderr]   To install, run `rustup component add --toolchain beta-2024-12-08-x86_64-unknown-linux-gnu rustfmt`
[INFO] [stderr]   error: 'rustfmt' is not installed for the toolchain 'beta-2024-12-08-x86_64-unknown-linux-gnu'.
[INFO] [stderr]   To install, run `rustup component add --toolchain beta-2024-12-08-x86_64-unknown-linux-gnu rustfmt`
[INFO] [stderr]   error: 'rustfmt' is not installed for the toolchain 'beta-2024-12-08-x86_64-unknown-linux-gnu'.
[INFO] [stderr]   To install, run `rustup component add --toolchain beta-2024-12-08-x86_64-unknown-linux-gnu rustfmt`
[INFO] [stderr]   error: 'rustfmt' is not installed for the toolchain 'beta-2024-12-08-x86_64-unknown-linux-gnu'.
[INFO] [stderr]   To install, run `rustup component add --toolchain beta-2024-12-08-x86_64-unknown-linux-gnu rustfmt`
[INFO] [stderr]   error: 'rustfmt' is not installed for the toolchain 'beta-2024-12-08-x86_64-unknown-linux-gnu'.
[INFO] [stderr]   To install, run `rustup component add --toolchain beta-2024-12-08-x86_64-unknown-linux-gnu rustfmt`
[INFO] [stderr]   error: 'rustfmt' is not installed for the toolchain 'beta-2024-12-08-x86_64-unknown-linux-gnu'.
[INFO] [stderr]   To install, run `rustup component add --toolchain beta-2024-12-08-x86_64-unknown-linux-gnu rustfmt`
[INFO] [stderr]   error: 'rustfmt' is not installed for the toolchain 'beta-2024-12-08-x86_64-unknown-linux-gnu'.
[INFO] [stderr]   To install, run `rustup component add --toolchain beta-2024-12-08-x86_64-unknown-linux-gnu rustfmt`
[INFO] [stderr]   error: 'rustfmt' is not installed for the toolchain 'beta-2024-12-08-x86_64-unknown-linux-gnu'.
[INFO] [stderr]   To install, run `rustup component add --toolchain beta-2024-12-08-x86_64-unknown-linux-gnu rustfmt`
[INFO] [stderr]   error: 'rustfmt' is not installed for the toolchain 'beta-2024-12-08-x86_64-unknown-linux-gnu'.
[INFO] [stderr]   To install, run `rustup component add --toolchain beta-2024-12-08-x86_64-unknown-linux-gnu rustfmt`
[INFO] [stderr]   error: 'rustfmt' is not installed for the toolchain 'beta-2024-12-08-x86_64-unknown-linux-gnu'.
[INFO] [stderr]   To install, run `rustup component add --toolchain beta-2024-12-08-x86_64-unknown-linux-gnu rustfmt`
[INFO] [stderr]   error: 'rustfmt' is not installed for the toolchain 'beta-2024-12-08-x86_64-unknown-linux-gnu'.
[INFO] [stderr]   To install, run `rustup component add --toolchain beta-2024-12-08-x86_64-unknown-linux-gnu rustfmt`
[INFO] [stderr]   error: 'rustfmt' is not installed for the toolchain 'beta-2024-12-08-x86_64-unknown-linux-gnu'.
[INFO] [stderr]   To install, run `rustup component add --toolchain beta-2024-12-08-x86_64-unknown-linux-gnu rustfmt`
[INFO] [stderr]   error: 'rustfmt' is not installed for the toolchain 'beta-2024-12-08-x86_64-unknown-linux-gnu'.
[INFO] [stderr]   To install, run `rustup component add --toolchain beta-2024-12-08-x86_64-unknown-linux-gnu rustfmt`
[INFO] [stderr]   error: 'rustfmt' is not installed for the toolchain 'beta-2024-12-08-x86_64-unknown-linux-gnu'.
[INFO] [stderr]   To install, run `rustup component add --toolchain beta-2024-12-08-x86_64-unknown-linux-gnu rustfmt`
[INFO] [stderr]   error: 'rustfmt' is not installed for the toolchain 'beta-2024-12-08-x86_64-unknown-linux-gnu'.
[INFO] [stderr]   To install, run `rustup component add --toolchain beta-2024-12-08-x86_64-unknown-linux-gnu rustfmt`
[INFO] [stderr]   error: 'rustfmt' is not installed for the toolchain 'beta-2024-12-08-x86_64-unknown-linux-gnu'.
[INFO] [stderr]   To install, run `rustup component add --toolchain beta-2024-12-08-x86_64-unknown-linux-gnu rustfmt`
[INFO] [stderr]   error: 'rustfmt' is not installed for the toolchain 'beta-2024-12-08-x86_64-unknown-linux-gnu'.
[INFO] [stderr]   To install, run `rustup component add --toolchain beta-2024-12-08-x86_64-unknown-linux-gnu rustfmt`
[INFO] [stderr]   error: 'rustfmt' is not installed for the toolchain 'beta-2024-12-08-x86_64-unknown-linux-gnu'.
[INFO] [stderr]   To install, run `rustup component add --toolchain beta-2024-12-08-x86_64-unknown-linux-gnu rustfmt`
[INFO] [stderr]   error: 'rustfmt' is not installed for the toolchain 'beta-2024-12-08-x86_64-unknown-linux-gnu'.
[INFO] [stderr]   To install, run `rustup component add --toolchain beta-2024-12-08-x86_64-unknown-linux-gnu rustfmt`
[INFO] [stderr]   error: 'rustfmt' is not installed for the toolchain 'beta-2024-12-08-x86_64-unknown-linux-gnu'.
[INFO] [stderr]   To install, run `rustup component add --toolchain beta-2024-12-08-x86_64-unknown-linux-gnu rustfmt`
[INFO] [stderr]   error: 'rustfmt' is not installed for the toolchain 'beta-2024-12-08-x86_64-unknown-linux-gnu'.
[INFO] [stderr]   To install, run `rustup component add --toolchain beta-2024-12-08-x86_64-unknown-linux-gnu rustfmt`
[INFO] [stderr]   error: 'rustfmt' is not installed for the toolchain 'beta-2024-12-08-x86_64-unknown-linux-gnu'.
[INFO] [stderr]   To install, run `rustup component add --toolchain beta-2024-12-08-x86_64-unknown-linux-gnu rustfmt`
[INFO] [stderr]   error: 'rustfmt' is not installed for the toolchain 'beta-2024-12-08-x86_64-unknown-linux-gnu'.
[INFO] [stderr]   To install, run `rustup component add --toolchain beta-2024-12-08-x86_64-unknown-linux-gnu rustfmt`
[INFO] [stderr]   error: 'rustfmt' is not installed for the toolchain 'beta-2024-12-08-x86_64-unknown-linux-gnu'.
[INFO] [stderr]   To install, run `rustup component add --toolchain beta-2024-12-08-x86_64-unknown-linux-gnu rustfmt`
[INFO] [stderr]   error: 'rustfmt' is not installed for the toolchain 'beta-2024-12-08-x86_64-unknown-linux-gnu'.
[INFO] [stderr]   To install, run `rustup component add --toolchain beta-2024-12-08-x86_64-unknown-linux-gnu rustfmt`
[INFO] [stderr]   error: 'rustfmt' is not installed for the toolchain 'beta-2024-12-08-x86_64-unknown-linux-gnu'.
[INFO] [stderr]   To install, run `rustup component add --toolchain beta-2024-12-08-x86_64-unknown-linux-gnu rustfmt`
[INFO] [stderr]   error: 'rustfmt' is not installed for the toolchain 'beta-2024-12-08-x86_64-unknown-linux-gnu'.
[INFO] [stderr]   To install, run `rustup component add --toolchain beta-2024-12-08-x86_64-unknown-linux-gnu rustfmt`
[INFO] [stderr]   error: 'rustfmt' is not installed for the toolchain 'beta-2024-12-08-x86_64-unknown-linux-gnu'.
[INFO] [stderr]   To install, run `rustup component add --toolchain beta-2024-12-08-x86_64-unknown-linux-gnu rustfmt`
[INFO] [stderr]   error: 'rustfmt' is not installed for the toolchain 'beta-2024-12-08-x86_64-unknown-linux-gnu'.
[INFO] [stderr]   To install, run `rustup component add --toolchain beta-2024-12-08-x86_64-unknown-linux-gnu rustfmt`
[INFO] [stderr]   thread 'main' panicked at /opt/rustwide/cargo-home/registry/src/index.crates.io-6f17d22bba15001f/wayland-scanner-0.23.6/src/lib.rs:158:40:
[INFO] [stderr]   called `Result::unwrap()` on an `Err` value: Os { code: 28, kind: StorageFull, message: "No space left on device" }
[INFO] [stderr]   stack backtrace:
[INFO] [stderr]      0:     0x5c43fdcb82da - std::backtrace_rs::backtrace::libunwind::trace::h8810477743020387
[INFO] [stderr]                                  at /rustc/202008a1b8de96d2e5b6bc02d379db03a877d34d/library/std/src/../../backtrace/src/backtrace/libunwind.rs:116:5
[INFO] [stderr]      1:     0x5c43fdcb82da - std::backtrace_rs::backtrace::trace_unsynchronized::h3aa55355dd6c54a6
[INFO] [stderr]                                  at /rustc/202008a1b8de96d2e5b6bc02d379db03a877d34d/library/std/src/../../backtrace/src/backtrace/mod.rs:66:5
[INFO] [stderr]      2:     0x5c43fdcb82da - std::sys::backtrace::_print_fmt::h8588b0f62410823f
[INFO] [stderr]                                  at /rustc/202008a1b8de96d2e5b6bc02d379db03a877d34d/library/std/src/sys/backtrace.rs:66:9
[INFO] [stderr]      3:     0x5c43fdcb82da - <std::sys::backtrace::BacktraceLock::print::DisplayBacktrace as core::fmt::Display>::fmt::h98c26ac25ffe89bb
[INFO] [stderr]                                  at /rustc/202008a1b8de96d2e5b6bc02d379db03a877d34d/library/std/src/sys/backtrace.rs:39:26
[INFO] [stderr]      4:     0x5c43fdcd8853 - core::fmt::rt::Argument::fmt::hf95377f4aebd453b
[INFO] [stderr]                                  at /rustc/202008a1b8de96d2e5b6bc02d379db03a877d34d/library/core/src/fmt/rt.rs:177:76
[INFO] [stderr]      5:     0x5c43fdcd8853 - core::fmt::write::h0dd5f6e2238c7982
[INFO] [stderr]                                  at /rustc/202008a1b8de96d2e5b6bc02d379db03a877d34d/library/core/src/fmt/mod.rs:1189:21
[INFO] [stderr]      6:     0x5c43fdcb5bd3 - std::io::Write::write_fmt::hc00bff0a88e08857
[INFO] [stderr]                                  at /rustc/202008a1b8de96d2e5b6bc02d379db03a877d34d/library/std/src/io/mod.rs:1884:15
[INFO] [stderr]      7:     0x5c43fdcb8122 - std::sys::backtrace::BacktraceLock::print::h5c19c1c038ee186d
[INFO] [stderr]                                  at /rustc/202008a1b8de96d2e5b6bc02d379db03a877d34d/library/std/src/sys/backtrace.rs:42:9
[INFO] [stderr]      8:     0x5c43fdcb946d - std::panicking::default_hook::{{closure}}::h77172f079a1fcb13
[INFO] [stderr]                                  at /rustc/202008a1b8de96d2e5b6bc02d379db03a877d34d/library/std/src/panicking.rs:268:22
[INFO] [stderr]      9:     0x5c43fdcb92b3 - std::panicking::default_hook::he5f8e3b203ccddba
[INFO] [stderr]                                  at /rustc/202008a1b8de96d2e5b6bc02d379db03a877d34d/library/std/src/panicking.rs:295:9
[INFO] [stderr]     10:     0x5c43fdcb9b18 - <alloc::boxed::Box<F,A> as core::ops::function::Fn<Args>>::call::h6332e82e7b189abd
[INFO] [stderr]                                  at /rustc/202008a1b8de96d2e5b6bc02d379db03a877d34d/library/alloc/src/boxed.rs:1986:9
[INFO] [stderr]     11:     0x5c43fdcb9b18 - std::panicking::rust_panic_with_hook::h53863d4e9018df39
[INFO] [stderr]                                  at /rustc/202008a1b8de96d2e5b6bc02d379db03a877d34d/library/std/src/panicking.rs:809:13
[INFO] [stderr]     12:     0x5c43fdcb98da - std::panicking::begin_panic_handler::{{closure}}::h67280e6fa0757873
[INFO] [stderr]                                  at /rustc/202008a1b8de96d2e5b6bc02d379db03a877d34d/library/std/src/panicking.rs:674:13
[INFO] [stderr]     13:     0x5c43fdcb87b9 - std::sys::backtrace::__rust_end_short_backtrace::h1dac3f54d6fbbeb2
[INFO] [stderr]                                  at /rustc/202008a1b8de96d2e5b6bc02d379db03a877d34d/library/std/src/sys/backtrace.rs:170:18
[INFO] [stderr]     14:     0x5c43fdcb956c - rust_begin_unwind
[INFO] [stderr]                                  at /rustc/202008a1b8de96d2e5b6bc02d379db03a877d34d/library/std/src/panicking.rs:665:5
[INFO] [stderr]     15:     0x5c43fdbb91d0 - core::panicking::panic_fmt::h6792bd1b2bf01041
[INFO] [stderr]                                  at /rustc/202008a1b8de96d2e5b6bc02d379db03a877d34d/library/core/src/panicking.rs:76:14
[INFO] [stderr]     16:     0x5c43fdbb95e6 - core::result::unwrap_failed::h05e0602ed34287c5
[INFO] [stderr]                                  at /rustc/202008a1b8de96d2e5b6bc02d379db03a877d34d/library/core/src/result.rs:1699:5
[INFO] [stderr]     17:     0x5c43fdbba330 - wayland_scanner::generate_code_with_destructor_events::h8868765d24d1e06c
[INFO] [stderr]     18:     0x5c43fdbc9eb0 - build_script_build::generate_protocol::h9ee722c54f7c71db
[INFO] [stderr]     19:     0x5c43fdbcabfa - build_script_build::main::hfc5af80b2190b1e8
[INFO] [stderr]     20:     0x5c43fdbc5223 - core::ops::function::FnOnce::call_once::h87e243874052021a
[INFO] [stderr]     21:     0x5c43fdbc3fa6 - std::sys::backtrace::__rust_begin_short_backtrace::h6e27132cda9ae19d
[INFO] [stderr]     22:     0x5c43fdbcbf39 - std::rt::lang_start::{{closure}}::h99f322d58adc5ee8
[INFO] [stderr]     23:     0x5c43fdcb3017 - core::ops::function::impls::<impl core::ops::function::FnOnce<A> for &F>::call_once::hba2470d01d3f5e41
[INFO] [stderr]                                  at /rustc/202008a1b8de96d2e5b6bc02d379db03a877d34d/library/core/src/ops/function.rs:284:13
[INFO] [stderr]     24:     0x5c43fdcb3017 - std::panicking::try::do_call::hc063fb73159aab72
[INFO] [stderr]                                  at /rustc/202008a1b8de96d2e5b6bc02d379db03a877d34d/library/std/src/panicking.rs:557:40
[INFO] [stderr]     25:     0x5c43fdcb3017 - std::panicking::try::h2767c6d245d3a3bb
[INFO] [stderr]                                  at /rustc/202008a1b8de96d2e5b6bc02d379db03a877d34d/library/std/src/panicking.rs:520:19
[INFO] [stderr]     26:     0x5c43fdcb3017 - std::panic::catch_unwind::h061c6ef75790da63
[INFO] [stderr]                                  at /rustc/202008a1b8de96d2e5b6bc02d379db03a877d34d/library/std/src/panic.rs:358:14
[INFO] [stderr]     27:     0x5c43fdcb3017 - std::rt::lang_start_internal::{{closure}}::h5c5e35b11a4b8c4e
[INFO] [stderr]                                  at /rustc/202008a1b8de96d2e5b6bc02d379db03a877d34d/library/std/src/rt.rs:174:48
[INFO] [stderr]     28:     0x5c43fdcb3017 - std::panicking::try::do_call::h705e99690a8109cc
[INFO] [stderr]                                  at /rustc/202008a1b8de96d2e5b6bc02d379db03a877d34d/library/std/src/panicking.rs:557:40
[INFO] [stderr]     29:     0x5c43fdcb3017 - std::panicking::try::he5f4452754ed9a34
[INFO] [stderr]                                  at /rustc/202008a1b8de96d2e5b6bc02d379db03a877d34d/library/std/src/panicking.rs:520:19
[INFO] [stderr]     30:     0x5c43fdcb3017 - std::panic::catch_unwind::h5db61b3bcbe883e5
[INFO] [stderr]                                  at /rustc/202008a1b8de96d2e5b6bc02d379db03a877d34d/library/std/src/panic.rs:358:14
[INFO] [stderr]     31:     0x5c43fdcb3017 - std::rt::lang_start_internal::h81da9b59bab665c6
[INFO] [stderr]                                  at /rustc/202008a1b8de96d2e5b6bc02d379db03a877d34d/library/std/src/rt.rs:174:20
[INFO] [stderr]     32:     0x5c43fdbcbf17 - std::rt::lang_start::hc3f093eaa35ef1fb
[INFO] [stderr]     33:     0x5c43fdbcb895 - main
[INFO] [stderr]     34:     0x73e3aae21d90 - <unknown>
[INFO] [stderr]     35:     0x73e3aae21e40 - __libc_start_main
[INFO] [stderr]     36:     0x5c43fdbb9905 - _start
[INFO] [stderr]     37:                0x0 - <unknown>
[INFO] running `Command { std: "docker" "inspect" "57c84344588f53ea2d5a35a0d4fdb6af1c2787ab30f6f502a907c2af2ecf1d3d", kill_on_drop: false }`
[INFO] running `Command { std: "docker" "rm" "-f" "57c84344588f53ea2d5a35a0d4fdb6af1c2787ab30f6f502a907c2af2ecf1d3d", kill_on_drop: false }`
[INFO] [stdout] 57c84344588f53ea2d5a35a0d4fdb6af1c2787ab30f6f502a907c2af2ecf1d3d
