[INFO] cloning repository https://github.com/madlep/advent_of_code_2022_rust
[INFO] running `Command { std: "git" "-c" "credential.helper=" "-c" "credential.helper=/workspace/cargo-home/bin/git-credential-null" "clone" "--bare" "https://github.com/madlep/advent_of_code_2022_rust" "/workspace/cache/git-repos/https%3A%2F%2Fgithub.com%2Fmadlep%2Fadvent_of_code_2022_rust", kill_on_drop: false }`
[INFO] [stderr] Cloning into bare repository '/workspace/cache/git-repos/https%3A%2F%2Fgithub.com%2Fmadlep%2Fadvent_of_code_2022_rust'...
[INFO] running `Command { std: "git" "rev-parse" "HEAD", kill_on_drop: false }`
[INFO] [stdout] 550aa8c667d55b37d16cb6b9c72f7518a409a412
[INFO] testing madlep/advent_of_code_2022_rust against 1.83.0 for beta-1.84.0-4-retry
[INFO] running `Command { std: "git" "clone" "/workspace/cache/git-repos/https%3A%2F%2Fgithub.com%2Fmadlep%2Fadvent_of_code_2022_rust" "/workspace/builds/worker-5-tc1/source", kill_on_drop: false }`
[INFO] [stderr] Cloning into '/workspace/builds/worker-5-tc1/source'...
[INFO] [stderr] done.
[INFO] validating manifest of git repo https://github.com/madlep/advent_of_code_2022_rust on toolchain 1.83.0
[INFO] running `Command { std: CARGO_HOME="/workspace/cargo-home" RUSTUP_HOME="/workspace/rustup-home" "/workspace/cargo-home/bin/cargo" "+1.83.0" "metadata" "--manifest-path" "Cargo.toml" "--no-deps", kill_on_drop: false }`
[INFO] started tweaking git repo https://github.com/madlep/advent_of_code_2022_rust
[INFO] finished tweaking git repo https://github.com/madlep/advent_of_code_2022_rust
[INFO] tweaked toml for git repo https://github.com/madlep/advent_of_code_2022_rust written to /workspace/builds/worker-5-tc1/source/Cargo.toml
[INFO] crate git repo https://github.com/madlep/advent_of_code_2022_rust already has a lockfile, it will not be regenerated
[INFO] running `Command { std: CARGO_HOME="/workspace/cargo-home" RUSTUP_HOME="/workspace/rustup-home" "/workspace/cargo-home/bin/cargo" "+1.83.0" "fetch" "--manifest-path" "Cargo.toml", kill_on_drop: false }`
[INFO] [stderr]     Blocking waiting for file lock on package cache
[INFO] [stderr]     Updating crates.io index
[INFO] [stderr]  Downloading crates ...
[INFO] [stderr]   Downloaded priority-queue v1.3.0
[INFO] [stderr]   Downloaded rpds v0.12.0
[INFO] [stderr]   Downloaded archery v0.4.0
[INFO] running `Command { std: "docker" "create" "-v" "/var/lib/crater-agent-workspace/builds/worker-5-tc1/target:/opt/rustwide/target:rw,Z" "-v" "/var/lib/crater-agent-workspace/builds/worker-5-tc1/source:/opt/rustwide/workdir:ro,Z" "-v" "/var/lib/crater-agent-workspace/cargo-home:/opt/rustwide/cargo-home:ro,Z" "-v" "/var/lib/crater-agent-workspace/rustup-home:/opt/rustwide/rustup-home:ro,Z" "-e" "SOURCE_DIR=/opt/rustwide/workdir" "-e" "CARGO_TARGET_DIR=/opt/rustwide/target" "-e" "CARGO_HOME=/opt/rustwide/cargo-home" "-e" "RUSTUP_HOME=/opt/rustwide/rustup-home" "-w" "/opt/rustwide/workdir" "-m" "1610612736" "--user" "0:0" "--network" "none" "ghcr.io/rust-lang/crates-build-env/linux@sha256:f3a9d4ad9d972b27faf3965f35b62e55ba32bbce8f20bc8fe909558a86702fde" "/opt/rustwide/cargo-home/bin/cargo" "+1.83.0" "metadata" "--no-deps" "--format-version=1", kill_on_drop: false }`
[INFO] [stdout] c728a8c932487e5f99f082103f98a9c8330a295e012b842355b0b0c705cdc24b
[INFO] running `Command { std: "docker" "start" "-a" "c728a8c932487e5f99f082103f98a9c8330a295e012b842355b0b0c705cdc24b", kill_on_drop: false }`
[INFO] running `Command { std: "docker" "inspect" "c728a8c932487e5f99f082103f98a9c8330a295e012b842355b0b0c705cdc24b", kill_on_drop: false }`
[INFO] running `Command { std: "docker" "rm" "-f" "c728a8c932487e5f99f082103f98a9c8330a295e012b842355b0b0c705cdc24b", kill_on_drop: false }`
[INFO] [stdout] c728a8c932487e5f99f082103f98a9c8330a295e012b842355b0b0c705cdc24b
[INFO] running `Command { std: "docker" "create" "-v" "/var/lib/crater-agent-workspace/builds/worker-5-tc1/target:/opt/rustwide/target:rw,Z" "-v" "/var/lib/crater-agent-workspace/builds/worker-5-tc1/source:/opt/rustwide/workdir:ro,Z" "-v" "/var/lib/crater-agent-workspace/cargo-home:/opt/rustwide/cargo-home:ro,Z" "-v" "/var/lib/crater-agent-workspace/rustup-home:/opt/rustwide/rustup-home:ro,Z" "-e" "SOURCE_DIR=/opt/rustwide/workdir" "-e" "CARGO_TARGET_DIR=/opt/rustwide/target" "-e" "CARGO_INCREMENTAL=0" "-e" "RUST_BACKTRACE=full" "-e" "RUSTFLAGS=--cap-lints=warn" "-e" "RUSTDOCFLAGS=--cap-lints=warn" "-e" "CARGO_HOME=/opt/rustwide/cargo-home" "-e" "RUSTUP_HOME=/opt/rustwide/rustup-home" "-w" "/opt/rustwide/workdir" "-m" "1610612736" "--user" "0:0" "--network" "none" "ghcr.io/rust-lang/crates-build-env/linux@sha256:f3a9d4ad9d972b27faf3965f35b62e55ba32bbce8f20bc8fe909558a86702fde" "/opt/rustwide/cargo-home/bin/cargo" "+1.83.0" "build" "--frozen" "--message-format=json", kill_on_drop: false }`
[INFO] [stdout] 61c2118fb4b8592580529f57954217aca985b3998a8264199c28f061b99cef7d
[INFO] running `Command { std: "docker" "start" "-a" "61c2118fb4b8592580529f57954217aca985b3998a8264199c28f061b99cef7d", kill_on_drop: false }`
[INFO] [stderr]    Compiling num-traits v0.2.15
[INFO] [stderr]    Compiling proc-macro2 v1.0.49
[INFO] [stderr]    Compiling version_check v0.9.4
[INFO] [stderr]    Compiling quote v1.0.23
[INFO] [stderr]    Compiling unicode-ident v1.0.6
[INFO] [stderr]    Compiling num-integer v0.1.45
[INFO] [stderr]    Compiling libc v0.2.138
[INFO] [stderr]    Compiling syn v1.0.107
[INFO] [stderr]    Compiling io-lifetimes v1.0.3
[INFO] [stderr]    Compiling num-bigint v0.4.3
[INFO] [stderr]    Compiling rustix v0.36.5
[INFO] [stderr]    Compiling num-iter v0.1.43
[INFO] [stderr]    Compiling indexmap v1.9.2
[INFO] [stderr]    Compiling num-rational v0.4.1
[INFO] [stderr]    Compiling linux-raw-sys v0.1.4
[INFO] [stderr]    Compiling priority-queue v1.3.0
[INFO] [stderr]    Compiling heck v0.4.0
[INFO] [stderr]    Compiling proc-macro-error-attr v1.0.4
[INFO] [stderr]    Compiling proc-macro-error v1.0.4
[INFO] [stderr]    Compiling hashbrown v0.12.3
[INFO] [stderr]    Compiling os_str_bytes v6.4.1
[INFO] [stderr]    Compiling archery v0.4.0
[INFO] [stderr]    Compiling aho-corasick v0.7.20
[INFO] [stderr]    Compiling termcolor v1.1.3
[INFO] [stderr]    Compiling once_cell v1.16.0
[INFO] [stderr]    Compiling regex-syntax v0.6.28
[INFO] [stderr]    Compiling clap_lex v0.3.0
[INFO] [stderr]    Compiling rpds v0.12.0
[INFO] [stderr]    Compiling nom v7.1.1
[INFO] [stderr]    Compiling num-complex v0.4.2
[INFO] [stderr]    Compiling regex v1.7.0
[INFO] [stderr]    Compiling is-terminal v0.4.1
[INFO] [stderr]    Compiling num v0.4.0
[INFO] [stderr]    Compiling clap_derive v4.0.21
[INFO] [stderr]    Compiling clap v4.0.29
[INFO] [stderr]    Compiling aoc2022 v0.1.0 (/opt/rustwide/workdir)
[INFO] [stdout] warning: field `0` is never read
[INFO] [stdout]   --> src/coord.rs:68:38
[INFO] [stdout]    |
[INFO] [stdout] 68 | pub struct NotAlignedWithOrientation(String);
[INFO] [stdout]    |            ------------------------- ^^^^^^
[INFO] [stdout]    |            |
[INFO] [stdout]    |            field in this struct
[INFO] [stdout]    |
[INFO] [stdout]    = help: consider removing this field
[INFO] [stdout]    = note: `#[warn(dead_code)]` on by default
[INFO] [stdout] 
[INFO] [stdout] 
[INFO] [stdout] warning: field `0` is never read
[INFO] [stdout]    --> src/days/day07.rs:111:24
[INFO] [stdout]     |
[INFO] [stdout] 111 | struct NoSuchPathError(String);
[INFO] [stdout]     |        --------------- ^^^^^^
[INFO] [stdout]     |        |
[INFO] [stdout]     |        field in this struct
[INFO] [stdout]     |
[INFO] [stdout]     = help: consider removing this field
[INFO] [stdout]     = note: `NoSuchPathError` has a derived impl for the trait `Debug`, but this is intentionally ignored during dead code analysis
[INFO] [stdout] 
[INFO] [stdout] 
[INFO] [stdout] warning: field `0` is never read
[INFO] [stdout]    --> src/days/day07.rs:114:27
[INFO] [stdout]     |
[INFO] [stdout] 114 | struct AlreadyExistsError(String);
[INFO] [stdout]     |        ------------------ ^^^^^^
[INFO] [stdout]     |        |
[INFO] [stdout]     |        field in this struct
[INFO] [stdout]     |
[INFO] [stdout]     = help: consider removing this field
[INFO] [stdout]     = note: `AlreadyExistsError` has a derived impl for the trait `Debug`, but this is intentionally ignored during dead code analysis
[INFO] [stdout] 
[INFO] [stdout] 
[INFO] [stdout] warning: field `0` is never read
[INFO] [stdout]    --> src/days/day08.rs:177:24
[INFO] [stdout]     |
[INFO] [stdout] 177 | struct ParseTreesError(String);
[INFO] [stdout]     |        --------------- ^^^^^^
[INFO] [stdout]     |        |
[INFO] [stdout]     |        field in this struct
[INFO] [stdout]     |
[INFO] [stdout]     = help: consider removing this field
[INFO] [stdout]     = note: `ParseTreesError` has a derived impl for the trait `Debug`, but this is intentionally ignored during dead code analysis
[INFO] [stdout] 
[INFO] [stdout] 
[INFO] [stderr]     Finished `dev` profile [unoptimized + debuginfo] target(s) in 20.52s
[INFO] running `Command { std: "docker" "inspect" "61c2118fb4b8592580529f57954217aca985b3998a8264199c28f061b99cef7d", kill_on_drop: false }`
[INFO] running `Command { std: "docker" "rm" "-f" "61c2118fb4b8592580529f57954217aca985b3998a8264199c28f061b99cef7d", kill_on_drop: false }`
[INFO] [stdout] 61c2118fb4b8592580529f57954217aca985b3998a8264199c28f061b99cef7d
[INFO] running `Command { std: "docker" "create" "-v" "/var/lib/crater-agent-workspace/builds/worker-5-tc1/target:/opt/rustwide/target:rw,Z" "-v" "/var/lib/crater-agent-workspace/builds/worker-5-tc1/source:/opt/rustwide/workdir:ro,Z" "-v" "/var/lib/crater-agent-workspace/cargo-home:/opt/rustwide/cargo-home:ro,Z" "-v" "/var/lib/crater-agent-workspace/rustup-home:/opt/rustwide/rustup-home:ro,Z" "-e" "SOURCE_DIR=/opt/rustwide/workdir" "-e" "CARGO_TARGET_DIR=/opt/rustwide/target" "-e" "CARGO_INCREMENTAL=0" "-e" "RUST_BACKTRACE=full" "-e" "RUSTFLAGS=--cap-lints=warn" "-e" "RUSTDOCFLAGS=--cap-lints=warn" "-e" "CARGO_HOME=/opt/rustwide/cargo-home" "-e" "RUSTUP_HOME=/opt/rustwide/rustup-home" "-w" "/opt/rustwide/workdir" "-m" "1610612736" "--user" "0:0" "--network" "none" "ghcr.io/rust-lang/crates-build-env/linux@sha256:f3a9d4ad9d972b27faf3965f35b62e55ba32bbce8f20bc8fe909558a86702fde" "/opt/rustwide/cargo-home/bin/cargo" "+1.83.0" "test" "--frozen" "--no-run" "--message-format=json", kill_on_drop: false }`
[INFO] [stdout] 4be4635528ea4ad468ab63dd2b87fd53fc7b3cbed9003d95161efb5365458dec
[INFO] running `Command { std: "docker" "start" "-a" "4be4635528ea4ad468ab63dd2b87fd53fc7b3cbed9003d95161efb5365458dec", kill_on_drop: false }`
[INFO] [stdout] warning: field `0` is never read
[INFO] [stdout]   --> src/coord.rs:68:38
[INFO] [stdout]    |
[INFO] [stdout] 68 | pub struct NotAlignedWithOrientation(String);
[INFO] [stdout]    |            ------------------------- ^^^^^^
[INFO] [stdout]    |            |
[INFO] [stdout]    |            field in this struct
[INFO] [stdout]    |
[INFO] [stdout]    = help: consider removing this field
[INFO] [stdout]    = note: `#[warn(dead_code)]` on by default
[INFO] [stdout] 
[INFO] [stdout] 
[INFO] [stdout] warning: field `0` is never read
[INFO] [stdout]    --> src/days/day07.rs:111:24
[INFO] [stdout]     |
[INFO] [stdout] 111 | struct NoSuchPathError(String);
[INFO] [stdout]     |        --------------- ^^^^^^
[INFO] [stdout]     |        |
[INFO] [stdout]     |        field in this struct
[INFO] [stdout]     |
[INFO] [stdout]     = help: consider removing this field
[INFO] [stdout]     = note: `NoSuchPathError` has a derived impl for the trait `Debug`, but this is intentionally ignored during dead code analysis
[INFO] [stdout] 
[INFO] [stdout] 
[INFO] [stderr]    Compiling aoc2022 v0.1.0 (/opt/rustwide/workdir)
[INFO] [stdout] warning: field `0` is never read
[INFO] [stdout]    --> src/days/day07.rs:114:27
[INFO] [stdout]     |
[INFO] [stdout] 114 | struct AlreadyExistsError(String);
[INFO] [stdout]     |        ------------------ ^^^^^^
[INFO] [stdout]     |        |
[INFO] [stdout]     |        field in this struct
[INFO] [stdout]     |
[INFO] [stdout]     = help: consider removing this field
[INFO] [stdout]     = note: `AlreadyExistsError` has a derived impl for the trait `Debug`, but this is intentionally ignored during dead code analysis
[INFO] [stdout] 
[INFO] [stdout] 
[INFO] [stdout] warning: field `0` is never read
[INFO] [stdout]    --> src/days/day08.rs:177:24
[INFO] [stdout]     |
[INFO] [stdout] 177 | struct ParseTreesError(String);
[INFO] [stdout]     |        --------------- ^^^^^^
[INFO] [stdout]     |        |
[INFO] [stdout]     |        field in this struct
[INFO] [stdout]     |
[INFO] [stdout]     = help: consider removing this field
[INFO] [stdout]     = note: `ParseTreesError` has a derived impl for the trait `Debug`, but this is intentionally ignored during dead code analysis
[INFO] [stdout] 
[INFO] [stdout] 
[INFO] [stdout] warning: field `0` is never read
[INFO] [stdout]   --> src/coord.rs:68:38
[INFO] [stdout]    |
[INFO] [stdout] 68 | pub struct NotAlignedWithOrientation(String);
[INFO] [stdout]    |            ------------------------- ^^^^^^
[INFO] [stdout]    |            |
[INFO] [stdout]    |            field in this struct
[INFO] [stdout]    |
[INFO] [stdout]    = help: consider removing this field
[INFO] [stdout]    = note: `#[warn(dead_code)]` on by default
[INFO] [stdout] 
[INFO] [stdout] 
[INFO] [stdout] warning: field `0` is never read
[INFO] [stdout]    --> src/days/day07.rs:111:24
[INFO] [stdout]     |
[INFO] [stdout] 111 | struct NoSuchPathError(String);
[INFO] [stdout]     |        --------------- ^^^^^^
[INFO] [stdout]     |        |
[INFO] [stdout]     |        field in this struct
[INFO] [stdout]     |
[INFO] [stdout]     = help: consider removing this field
[INFO] [stdout]     = note: `NoSuchPathError` has a derived impl for the trait `Debug`, but this is intentionally ignored during dead code analysis
[INFO] [stdout] 
[INFO] [stdout] 
[INFO] [stdout] warning: field `0` is never read
[INFO] [stdout]    --> src/days/day07.rs:114:27
[INFO] [stdout]     |
[INFO] [stdout] 114 | struct AlreadyExistsError(String);
[INFO] [stdout]     |        ------------------ ^^^^^^
[INFO] [stdout]     |        |
[INFO] [stdout]     |        field in this struct
[INFO] [stdout]     |
[INFO] [stdout]     = help: consider removing this field
[INFO] [stdout]     = note: `AlreadyExistsError` has a derived impl for the trait `Debug`, but this is intentionally ignored during dead code analysis
[INFO] [stdout] 
[INFO] [stdout] 
[INFO] [stdout] warning: field `0` is never read
[INFO] [stdout]    --> src/days/day08.rs:177:24
[INFO] [stdout]     |
[INFO] [stdout] 177 | struct ParseTreesError(String);
[INFO] [stdout]     |        --------------- ^^^^^^
[INFO] [stdout]     |        |
[INFO] [stdout]     |        field in this struct
[INFO] [stdout]     |
[INFO] [stdout]     = help: consider removing this field
[INFO] [stdout]     = note: `ParseTreesError` has a derived impl for the trait `Debug`, but this is intentionally ignored during dead code analysis
[INFO] [stdout] 
[INFO] [stdout] 
[INFO] [stderr]     Finished `test` profile [unoptimized + debuginfo] target(s) in 5.57s
[INFO] running `Command { std: "docker" "inspect" "4be4635528ea4ad468ab63dd2b87fd53fc7b3cbed9003d95161efb5365458dec", kill_on_drop: false }`
[INFO] running `Command { std: "docker" "rm" "-f" "4be4635528ea4ad468ab63dd2b87fd53fc7b3cbed9003d95161efb5365458dec", kill_on_drop: false }`
[INFO] [stdout] 4be4635528ea4ad468ab63dd2b87fd53fc7b3cbed9003d95161efb5365458dec
[INFO] running `Command { std: "docker" "create" "-v" "/var/lib/crater-agent-workspace/builds/worker-5-tc1/target:/opt/rustwide/target:rw,Z" "-v" "/var/lib/crater-agent-workspace/builds/worker-5-tc1/source:/opt/rustwide/workdir:ro,Z" "-v" "/var/lib/crater-agent-workspace/cargo-home:/opt/rustwide/cargo-home:ro,Z" "-v" "/var/lib/crater-agent-workspace/rustup-home:/opt/rustwide/rustup-home:ro,Z" "-e" "SOURCE_DIR=/opt/rustwide/workdir" "-e" "CARGO_TARGET_DIR=/opt/rustwide/target" "-e" "CARGO_INCREMENTAL=0" "-e" "RUST_BACKTRACE=full" "-e" "RUSTFLAGS=--cap-lints=warn" "-e" "RUSTDOCFLAGS=--cap-lints=warn" "-e" "CARGO_HOME=/opt/rustwide/cargo-home" "-e" "RUSTUP_HOME=/opt/rustwide/rustup-home" "-w" "/opt/rustwide/workdir" "-m" "1610612736" "--user" "0:0" "--network" "none" "ghcr.io/rust-lang/crates-build-env/linux@sha256:f3a9d4ad9d972b27faf3965f35b62e55ba32bbce8f20bc8fe909558a86702fde" "/opt/rustwide/cargo-home/bin/cargo" "+1.83.0" "test" "--frozen", kill_on_drop: false }`
[INFO] [stdout] 13a46ed6b92af8aaa5c123b67ba5b8aaa0ae5b8b034e20bc7ff7ce2ab0a12f6a
[INFO] running `Command { std: "docker" "start" "-a" "13a46ed6b92af8aaa5c123b67ba5b8aaa0ae5b8b034e20bc7ff7ce2ab0a12f6a", kill_on_drop: false }`
[INFO] [stderr] warning: field `0` is never read
[INFO] [stderr]   --> src/coord.rs:68:38
[INFO] [stderr]    |
[INFO] [stderr] 68 | pub struct NotAlignedWithOrientation(String);
[INFO] [stderr]    |            ------------------------- ^^^^^^
[INFO] [stderr]    |            |
[INFO] [stderr]    |            field in this struct
[INFO] [stderr]    |
[INFO] [stderr]    = help: consider removing this field
[INFO] [stderr]    = note: `#[warn(dead_code)]` on by default
[INFO] [stderr] 
[INFO] [stderr] warning: field `0` is never read
[INFO] [stderr]    --> src/days/day07.rs:111:24
[INFO] [stderr]     |
[INFO] [stderr] 111 | struct NoSuchPathError(String);
[INFO] [stderr]     |        --------------- ^^^^^^
[INFO] [stderr]     |        |
[INFO] [stderr]     |        field in this struct
[INFO] [stderr]     |
[INFO] [stderr]     = help: consider removing this field
[INFO] [stderr]     = note: `NoSuchPathError` has a derived impl for the trait `Debug`, but this is intentionally ignored during dead code analysis
[INFO] [stderr] 
[INFO] [stderr] warning: field `0` is never read
[INFO] [stderr]    --> src/days/day07.rs:114:27
[INFO] [stderr]     |
[INFO] [stderr] 114 | struct AlreadyExistsError(String);
[INFO] [stderr]     |        ------------------ ^^^^^^
[INFO] [stderr]     |        |
[INFO] [stderr]     |        field in this struct
[INFO] [stderr]     |
[INFO] [stderr]     = help: consider removing this field
[INFO] [stderr]     = note: `AlreadyExistsError` has a derived impl for the trait `Debug`, but this is intentionally ignored during dead code analysis
[INFO] [stderr] 
[INFO] [stderr] warning: field `0` is never read
[INFO] [stderr]    --> src/days/day08.rs:177:24
[INFO] [stderr]     |
[INFO] [stderr] 177 | struct ParseTreesError(String);
[INFO] [stderr]     |        --------------- ^^^^^^
[INFO] [stderr]     |        |
[INFO] [stderr]     |        field in this struct
[INFO] [stderr]     |
[INFO] [stderr]     = help: consider removing this field
[INFO] [stderr]     = note: `ParseTreesError` has a derived impl for the trait `Debug`, but this is intentionally ignored during dead code analysis
[INFO] [stderr] 
[INFO] [stderr] warning: `aoc2022` (lib) generated 4 warnings
[INFO] [stderr] warning: `aoc2022` (lib test) generated 4 warnings (4 duplicates)
[INFO] [stderr]     Finished `test` profile [unoptimized + debuginfo] target(s) in 0.07s
[INFO] [stderr]      Running unittests src/lib.rs (/opt/rustwide/target/debug/deps/aoc2022-bdbc3001aedbc494)
[INFO] [stdout] 
[INFO] [stdout] running 40 tests
[INFO] [stdout] test days::day02::tests::it_parses_part1_input_lines ... ok
[INFO] [stdout] test days::day02::tests::it_calcualtes_score ... ok
[INFO] [stdout] test days::day02::tests::it_parses_our_move ... ok
[INFO] [stdout] test days::day02::tests::it_parses_part2_input_lines ... ok
[INFO] [stdout] test days::day02::tests::it_parses_their_move ... ok
[INFO] [stdout] test days::day03::tests::it_calculates_priority_of_item ... ok
[INFO] [stdout] test days::day03::tests::it_finds_common_item_in_both_rucksack_compartments ... ok
[INFO] [stdout] test days::day03::tests::it_parses_line ... ok
[INFO] [stdout] test days::day03::tests::it_finds_common_item_among_multiple_rucksacks ... ok
[INFO] [stdout] test days::day05::tests::it_moves_krates_part1 ... ok
[INFO] [stdout] test days::day05::tests::it_moves_krates_part2 ... ok
[INFO] [stdout] test days::day05::tests::it_parses_header_lines ... ok
[INFO] [stdout] test days::day05::tests::it_parses_header_stack_line ... ok
[INFO] [stdout] test days::day05::tests::it_parses_stacks_move_instruction ... ok
[INFO] [stdout] test days::day05::tests::it_parses_stack_names ... ok
[INFO] [stdout] test days::day07::tests::it_parses_cd_command ... ok
[INFO] [stdout] test days::day07::tests::it_parses_cd_or_ls_command ... ok
[INFO] [stdout] test days::day04::tests::it_parses_input_line ... ok
[INFO] [stdout] test days::day07::tests::it_parses_file_output ... ok
[INFO] [stdout] test days::day09::tests::it_chase_left ... ok
[INFO] [stdout] test days::day07::tests::it_parses_ls_command ... ok
[INFO] [stdout] test days::day09::tests::it_chases_down ... ok
[INFO] [stdout] test days::day09::tests::it_chases_up ... ok
[INFO] [stdout] test days::day09::tests::it_chases_right ... ok
[INFO] [stdout] test days::day09::tests::it_doesnt_chase_if_touching ... ok
[INFO] [stdout] test days::day09::tests::it_parses_instruction ... ok
[INFO] [stdout] test days::day09::tests::it_parses_instructions ... ok
[INFO] [stdout] test days::day11::tests::it_parses_input ... ok
[INFO] [stdout] test days::day11::tests::it_parses_monkey ... ok
[INFO] [stdout] test days::day11::tests::it_parses_operations ... ok
[INFO] [stdout] test days::day11::tests::it_parses_test ... ok
[INFO] [stdout] test days::day11::tests::it_parses_items ... ok
[INFO] [stdout] test days::day07::tests::it_parses_dir_output ... ok
[INFO] [stdout] test days::day13::tests::it_can_compare_packets ... ok
[INFO] [stdout] test days::day16::tests::it_parses_input_line ... ok
[INFO] [stdout] test days::day16::tests::it_parses_input_line_with_singular_tunnel ... ok
[INFO] [stdout] test days::day14::tests::it_parses_paths ... ok
[INFO] [stdout] test days::day07::tests::it_parses_list_of_comands ... ok
[INFO] [stdout] test days::day11::tests::it_parses_test_clause ... ok
[INFO] [stdout] test days::day13::tests::it_parses_packet ... ok
[INFO] [stdout] 
[INFO] [stdout] test result: ok. 40 passed; 0 failed; 0 ignored; 0 measured; 0 filtered out; finished in 0.01s
[INFO] [stdout] 
[INFO] [stderr]      Running unittests src/bin/aoc.rs (/opt/rustwide/target/debug/deps/aoc-f49d540eab6010a3)
[INFO] [stdout] 
[INFO] [stdout] running 0 tests
[INFO] [stdout] 
[INFO] [stdout] test result: ok. 0 passed; 0 failed; 0 ignored; 0 measured; 0 filtered out; finished in 0.00s
[INFO] [stdout] 
[INFO] [stderr]      Running tests/day01_test.rs (/opt/rustwide/target/debug/deps/day01_test-94711716febd297e)
[INFO] [stdout] 
[INFO] [stdout] running 2 tests
[INFO] [stdout] test part2_example_data ... ok
[INFO] [stdout] test part1_example_data ... ok
[INFO] [stdout] 
[INFO] [stdout] test result: ok. 2 passed; 0 failed; 0 ignored; 0 measured; 0 filtered out; finished in 0.00s
[INFO] [stdout] 
[INFO] [stderr]      Running tests/day02_test.rs (/opt/rustwide/target/debug/deps/day02_test-b6679c072db47175)
[INFO] [stdout] 
[INFO] [stdout] running 2 tests
[INFO] [stdout] test part2_example_data ... ok
[INFO] [stdout] test part1_example_data ... ok
[INFO] [stdout] 
[INFO] [stdout] test result: ok. 2 passed; 0 failed; 0 ignored; 0 measured; 0 filtered out; finished in 0.00s
[INFO] [stdout] 
[INFO] [stderr]      Running tests/day03_test.rs (/opt/rustwide/target/debug/deps/day03_test-804118bd170e9549)
[INFO] [stdout] 
[INFO] [stdout] running 2 tests
[INFO] [stdout] test part1_example_data ... ok
[INFO] [stdout] test part2_example_data ... ok
[INFO] [stdout] 
[INFO] [stdout] test result: ok. 2 passed; 0 failed; 0 ignored; 0 measured; 0 filtered out; finished in 0.00s
[INFO] [stdout] 
[INFO] [stderr]      Running tests/day04_test.rs (/opt/rustwide/target/debug/deps/day04_test-f082a93f323c9862)
[INFO] [stdout] 
[INFO] [stdout] running 2 tests
[INFO] [stdout] test part1_example_data ... ok
[INFO] [stdout] test part2_example_data ... ok
[INFO] [stdout] 
[INFO] [stdout] test result: ok. 2 passed; 0 failed; 0 ignored; 0 measured; 0 filtered out; finished in 0.00s
[INFO] [stdout] 
[INFO] [stderr]      Running tests/day05_test.rs (/opt/rustwide/target/debug/deps/day05_test-d094b4dea573cd36)
[INFO] [stdout] 
[INFO] [stdout] running 2 tests
[INFO] [stdout] test part1_example_data ... ok
[INFO] [stdout] test part2_example_data ... ok
[INFO] [stdout] 
[INFO] [stdout] test result: ok. 2 passed; 0 failed; 0 ignored; 0 measured; 0 filtered out; finished in 0.00s
[INFO] [stdout] 
[INFO] [stderr]      Running tests/day06_test.rs (/opt/rustwide/target/debug/deps/day06_test-f389ef41e5a71387)
[INFO] [stdout] 
[INFO] [stdout] running 2 tests
[INFO] [stdout] test part1_example_data ... ok
[INFO] [stdout] test part2_example_data ... ok
[INFO] [stdout] 
[INFO] [stdout] test result: ok. 2 passed; 0 failed; 0 ignored; 0 measured; 0 filtered out; finished in 0.00s
[INFO] [stdout] 
[INFO] [stderr]      Running tests/day07_test.rs (/opt/rustwide/target/debug/deps/day07_test-6fcebb9e50fd6dfd)
[INFO] [stdout] 
[INFO] [stdout] running 2 tests
[INFO] [stdout] test part1_example_data ... ok
[INFO] [stdout] test part2_example_data ... ok
[INFO] [stdout] 
[INFO] [stdout] test result: ok. 2 passed; 0 failed; 0 ignored; 0 measured; 0 filtered out; finished in 0.00s
[INFO] [stdout] 
[INFO] [stderr]      Running tests/day08_test.rs (/opt/rustwide/target/debug/deps/day08_test-64c8112d52dbb8d7)
[INFO] [stdout] 
[INFO] [stdout] running 2 tests
[INFO] [stdout] test part1_example_data ... ok
[INFO] [stdout] test part2_example_data ... ok
[INFO] [stdout] 
[INFO] [stdout] test result: ok. 2 passed; 0 failed; 0 ignored; 0 measured; 0 filtered out; finished in 0.00s
[INFO] [stdout] 
[INFO] [stderr]      Running tests/day09_test.rs (/opt/rustwide/target/debug/deps/day09_test-6cd4ba7e272637fb)
[INFO] [stdout] 
[INFO] [stdout] running 2 tests
[INFO] [stdout] test part1_example_data ... ok
[INFO] [stdout] test part2_example_data ... ok
[INFO] [stdout] 
[INFO] [stdout] test result: ok. 2 passed; 0 failed; 0 ignored; 0 measured; 0 filtered out; finished in 0.00s
[INFO] [stdout] 
[INFO] [stderr]      Running tests/day10_test.rs (/opt/rustwide/target/debug/deps/day10_test-d6f3146554e120f5)
[INFO] [stdout] 
[INFO] [stdout] running 2 tests
[INFO] [stdout] test part1_example_data ... ok
[INFO] [stdout] test part2_example_data ... ok
[INFO] [stdout] 
[INFO] [stdout] test result: ok. 2 passed; 0 failed; 0 ignored; 0 measured; 0 filtered out; finished in 0.00s
[INFO] [stdout] 
[INFO] [stderr]      Running tests/day11_test.rs (/opt/rustwide/target/debug/deps/day11_test-106e649e354d3a20)
[INFO] [stdout] 
[INFO] [stdout] running 2 tests
[INFO] [stdout] test part1_example_data ... ok
[INFO] [stdout] test part2_example_data ... ok
[INFO] [stdout] 
[INFO] [stdout] test result: ok. 2 passed; 0 failed; 0 ignored; 0 measured; 0 filtered out; finished in 0.02s
[INFO] [stdout] 
[INFO] [stderr]      Running tests/day12_test.rs (/opt/rustwide/target/debug/deps/day12_test-9a5ca7d1ac82765f)
[INFO] [stdout] 
[INFO] [stdout] running 2 tests
[INFO] [stdout] test part2_example_data ... ok
[INFO] [stdout] test part1_example_data ... ok
[INFO] [stdout] 
[INFO] [stdout] test result: ok. 2 passed; 0 failed; 0 ignored; 0 measured; 0 filtered out; finished in 0.00s
[INFO] [stdout] 
[INFO] [stderr]      Running tests/day13_test.rs (/opt/rustwide/target/debug/deps/day13_test-92f862841d30e46d)
[INFO] [stdout] 
[INFO] [stdout] running 2 tests
[INFO] [stdout] test part1_example_data ... ok
[INFO] [stdout] test part2_example_data ... ok
[INFO] [stdout] 
[INFO] [stdout] test result: ok. 2 passed; 0 failed; 0 ignored; 0 measured; 0 filtered out; finished in 0.00s
[INFO] [stdout] 
[INFO] [stderr]      Running tests/day14_test.rs (/opt/rustwide/target/debug/deps/day14_test-0ab9419f056cae94)
[INFO] [stdout] 
[INFO] [stdout] running 2 tests
[INFO] [stdout] test part1_example_data ... ok
[INFO] [stdout] test part2_example_data ... ok
[INFO] [stdout] 
[INFO] [stdout] test result: ok. 2 passed; 0 failed; 0 ignored; 0 measured; 0 filtered out; finished in 0.00s
[INFO] [stdout] 
[INFO] [stderr]      Running tests/day15_test.rs (/opt/rustwide/target/debug/deps/day15_test-64fb99e27dacfee9)
[INFO] [stdout] 
[INFO] [stdout] running 2 tests
[INFO] [stdout] test part1_example_data ... ok
[INFO] [stdout] test part2_example_data ... ok
[INFO] [stdout] 
[INFO] [stdout] test result: ok. 2 passed; 0 failed; 0 ignored; 0 measured; 0 filtered out; finished in 0.00s
[INFO] [stdout] 
[INFO] [stderr]      Running tests/day16_test.rs (/opt/rustwide/target/debug/deps/day16_test-6aea9bc711251d38)
[INFO] [stdout] 
[INFO] [stdout] running 2 tests
[INFO] [stdout] test part1_example_data ... ok
[INFO] [stdout] test part2_example_data ... FAILED
[INFO] [stdout] 
[INFO] [stdout] failures:
[INFO] [stdout] 
[INFO] [stdout] ---- part2_example_data stdout ----
[INFO] [stdout] thread 'part2_example_data' panicked at src/days/day16.rs:40:5:
[INFO] [stdout] not implemented
[INFO] [stdout] stack backtrace:
[INFO] [stdout]    0:     0x5642390edfca - std::backtrace_rs::backtrace::libunwind::trace::h5a5b8284f2d0c266
[INFO] [stdout]                                at /rustc/90b35a6239c3d8bdabc530a6a0816f7ff89a0aaf/library/std/src/../../backtrace/src/backtrace/libunwind.rs:116:5
[INFO] [stdout]    1:     0x5642390edfca - std::backtrace_rs::backtrace::trace_unsynchronized::h76d4f1c9b0b875e3
[INFO] [stdout]                                at /rustc/90b35a6239c3d8bdabc530a6a0816f7ff89a0aaf/library/std/src/../../backtrace/src/backtrace/mod.rs:66:5
[INFO] [stdout]    2:     0x5642390edfca - std::sys::backtrace::_print_fmt::hc4546b8364a537c6
[INFO] [stdout]                                at /rustc/90b35a6239c3d8bdabc530a6a0816f7ff89a0aaf/library/std/src/sys/backtrace.rs:66:9
[INFO] [stdout]    3:     0x5642390edfca - <std::sys::backtrace::BacktraceLock::print::DisplayBacktrace as core::fmt::Display>::fmt::h5b6bd5631a6d1f6b
[INFO] [stdout]                                at /rustc/90b35a6239c3d8bdabc530a6a0816f7ff89a0aaf/library/std/src/sys/backtrace.rs:39:26
[INFO] [stdout]    4:     0x564239113453 - core::fmt::rt::Argument::fmt::h270f6602a2b96f62
[INFO] [stdout]                                at /rustc/90b35a6239c3d8bdabc530a6a0816f7ff89a0aaf/library/core/src/fmt/rt.rs:177:76
[INFO] [stdout]    5:     0x564239113453 - core::fmt::write::h7550c97b06c86515
[INFO] [stdout]                                at /rustc/90b35a6239c3d8bdabc530a6a0816f7ff89a0aaf/library/core/src/fmt/mod.rs:1186:21
[INFO] [stdout]    6:     0x5642390eb193 - std::io::Write::write_fmt::h509ff860e5956e5e
[INFO] [stdout]                                at /rustc/90b35a6239c3d8bdabc530a6a0816f7ff89a0aaf/library/std/src/io/mod.rs:1839:15
[INFO] [stdout]    7:     0x5642390ede12 - std::sys::backtrace::BacktraceLock::print::h2395ccd2c84ba3aa
[INFO] [stdout]                                at /rustc/90b35a6239c3d8bdabc530a6a0816f7ff89a0aaf/library/std/src/sys/backtrace.rs:42:9
[INFO] [stdout]    8:     0x5642390ef42a - std::panicking::default_hook::{{closure}}::he19d4c7230e07961
[INFO] [stdout]                                at /rustc/90b35a6239c3d8bdabc530a6a0816f7ff89a0aaf/library/std/src/panicking.rs:268:22
[INFO] [stdout]    9:     0x5642390ef234 - std::panicking::default_hook::hf614597d3c67bbdb
[INFO] [stdout]                                at /rustc/90b35a6239c3d8bdabc530a6a0816f7ff89a0aaf/library/std/src/panicking.rs:292:9
[INFO] [stdout]   10:     0x564239080e29 - <alloc::boxed::Box<F,A> as core::ops::function::Fn<Args>>::call::h39b51ce4599c23d1
[INFO] [stdout]                                at /rustc/90b35a6239c3d8bdabc530a6a0816f7ff89a0aaf/library/alloc/src/boxed.rs:2468:9
[INFO] [stdout]   11:     0x564239080e29 - test::test_main::{{closure}}::he977ae839a582784
[INFO] [stdout]                                at /rustc/90b35a6239c3d8bdabc530a6a0816f7ff89a0aaf/library/test/src/lib.rs:133:21
[INFO] [stdout]   12:     0x5642390efac8 - <alloc::boxed::Box<F,A> as core::ops::function::Fn<Args>>::call::h9455091b6b06f9fb
[INFO] [stdout]                                at /rustc/90b35a6239c3d8bdabc530a6a0816f7ff89a0aaf/library/alloc/src/boxed.rs:2468:9
[INFO] [stdout]   13:     0x5642390efac8 - std::panicking::rust_panic_with_hook::h8942133a8b252070
[INFO] [stdout]                                at /rustc/90b35a6239c3d8bdabc530a6a0816f7ff89a0aaf/library/std/src/panicking.rs:809:13
[INFO] [stdout]   14:     0x5642390ef856 - std::panicking::begin_panic_handler::{{closure}}::hb5f5963570096b29
[INFO] [stdout]                                at /rustc/90b35a6239c3d8bdabc530a6a0816f7ff89a0aaf/library/std/src/panicking.rs:667:13
[INFO] [stdout]   15:     0x5642390ee4a9 - std::sys::backtrace::__rust_end_short_backtrace::h6208cedc1922feda
[INFO] [stdout]                                at /rustc/90b35a6239c3d8bdabc530a6a0816f7ff89a0aaf/library/std/src/sys/backtrace.rs:170:18
[INFO] [stdout]   16:     0x5642390ef51c - rust_begin_unwind
[INFO] [stdout]                                at /rustc/90b35a6239c3d8bdabc530a6a0816f7ff89a0aaf/library/std/src/panicking.rs:665:5
[INFO] [stdout]   17:     0x564239047b20 - core::panicking::panic_fmt::h0c3082644d1bf418
[INFO] [stdout]                                at /rustc/90b35a6239c3d8bdabc530a6a0816f7ff89a0aaf/library/core/src/panicking.rs:74:14
[INFO] [stdout]   18:     0x56423908daf3 - aoc2022::days::day16::part2::hfe675341dd803d2a
[INFO] [stdout]                                at /opt/rustwide/workdir/src/days/day16.rs:40:5
[INFO] [stdout]   19:     0x564239048a6a - day16_test::part2_example_data::h62e435b01655aed2
[INFO] [stdout]                                at /opt/rustwide/workdir/tests/day16_test.rs:22:16
[INFO] [stdout]   20:     0x564239048a17 - day16_test::part2_example_data::{{closure}}::hc5fda50b802db462
[INFO] [stdout]                                at /opt/rustwide/workdir/tests/day16_test.rs:21:24
[INFO] [stdout]   21:     0x564239048656 - core::ops::function::FnOnce::call_once::hb0b5aeaadbe45a0e
[INFO] [stdout]                                at /rustc/90b35a6239c3d8bdabc530a6a0816f7ff89a0aaf/library/core/src/ops/function.rs:250:5
[INFO] [stdout]   22:     0x5642390857eb - core::ops::function::FnOnce::call_once::h109cf8051a59b34e
[INFO] [stdout]                                at /rustc/90b35a6239c3d8bdabc530a6a0816f7ff89a0aaf/library/core/src/ops/function.rs:250:5
[INFO] [stdout]   23:     0x5642390857eb - test::__rust_begin_short_backtrace::hf4fff89d377446ba
[INFO] [stdout]                                at /rustc/90b35a6239c3d8bdabc530a6a0816f7ff89a0aaf/library/test/src/lib.rs:621:18
[INFO] [stdout]   24:     0x564239085027 - test::run_test_in_process::{{closure}}::h0e39181dd7ee5a43
[INFO] [stdout]                                at /rustc/90b35a6239c3d8bdabc530a6a0816f7ff89a0aaf/library/test/src/lib.rs:644:60
[INFO] [stdout]   25:     0x564239085027 - <core::panic::unwind_safe::AssertUnwindSafe<F> as core::ops::function::FnOnce<()>>::call_once::hc5a66a30f0bdfd1f
[INFO] [stdout]                                at /rustc/90b35a6239c3d8bdabc530a6a0816f7ff89a0aaf/library/core/src/panic/unwind_safe.rs:272:9
[INFO] [stdout]   26:     0x564239085027 - std::panicking::try::do_call::h873b7cf639554a5e
[INFO] [stdout]                                at /rustc/90b35a6239c3d8bdabc530a6a0816f7ff89a0aaf/library/std/src/panicking.rs:557:40
[INFO] [stdout]   27:     0x564239085027 - std::panicking::try::hdb19862fad9c8bd1
[INFO] [stdout]                                at /rustc/90b35a6239c3d8bdabc530a6a0816f7ff89a0aaf/library/std/src/panicking.rs:520:19
[INFO] [stdout]   28:     0x564239085027 - std::panic::catch_unwind::h281fe732d236d260
[INFO] [stdout]                                at /rustc/90b35a6239c3d8bdabc530a6a0816f7ff89a0aaf/library/std/src/panic.rs:358:14
[INFO] [stdout]   29:     0x564239085027 - test::run_test_in_process::h949b6df8457ed338
[INFO] [stdout]                                at /rustc/90b35a6239c3d8bdabc530a6a0816f7ff89a0aaf/library/test/src/lib.rs:644:27
[INFO] [stdout]   30:     0x564239085027 - test::run_test::{{closure}}::h52c556a6d4740e10
[INFO] [stdout]                                at /rustc/90b35a6239c3d8bdabc530a6a0816f7ff89a0aaf/library/test/src/lib.rs:565:43
[INFO] [stdout]   31:     0x56423904a304 - test::run_test::{{closure}}::h4237f6381c45ccb9
[INFO] [stdout]                                at /rustc/90b35a6239c3d8bdabc530a6a0816f7ff89a0aaf/library/test/src/lib.rs:595:41
[INFO] [stdout]   32:     0x56423904a304 - std::sys::backtrace::__rust_begin_short_backtrace::h505c97a579eca628
[INFO] [stdout]                                at /rustc/90b35a6239c3d8bdabc530a6a0816f7ff89a0aaf/library/std/src/sys/backtrace.rs:154:18
[INFO] [stdout]   33:     0x56423904d9ce - std::thread::Builder::spawn_unchecked_::{{closure}}::{{closure}}::h9e86b2e2bc107ea3
[INFO] [stdout]                                at /rustc/90b35a6239c3d8bdabc530a6a0816f7ff89a0aaf/library/std/src/thread/mod.rs:538:17
[INFO] [stdout]   34:     0x56423904d9ce - <core::panic::unwind_safe::AssertUnwindSafe<F> as core::ops::function::FnOnce<()>>::call_once::h8b06ddb275ff4a25
[INFO] [stdout]                                at /rustc/90b35a6239c3d8bdabc530a6a0816f7ff89a0aaf/library/core/src/panic/unwind_safe.rs:272:9
[INFO] [stdout]   35:     0x56423904d9ce - std::panicking::try::do_call::hb26ecd7cd9a9355d
[INFO] [stdout]                                at /rustc/90b35a6239c3d8bdabc530a6a0816f7ff89a0aaf/library/std/src/panicking.rs:557:40
[INFO] [stdout]   36:     0x56423904d9ce - std::panicking::try::h8ddeca9d705f9069
[INFO] [stdout]                                at /rustc/90b35a6239c3d8bdabc530a6a0816f7ff89a0aaf/library/std/src/panicking.rs:520:19
[INFO] [stdout]   37:     0x56423904d9ce - std::panic::catch_unwind::h49e1c33078844c46
[INFO] [stdout]                                at /rustc/90b35a6239c3d8bdabc530a6a0816f7ff89a0aaf/library/std/src/panic.rs:358:14
[INFO] [stdout]   38:     0x56423904d9ce - std::thread::Builder::spawn_unchecked_::{{closure}}::h6073db6ff56ad35d
[INFO] [stdout]                                at /rustc/90b35a6239c3d8bdabc530a6a0816f7ff89a0aaf/library/std/src/thread/mod.rs:537:30
[INFO] [stdout]   39:     0x56423904d9ce - core::ops::function::FnOnce::call_once{{vtable.shim}}::h2c5a5f3779c774f1
[INFO] [stdout]                                at /rustc/90b35a6239c3d8bdabc530a6a0816f7ff89a0aaf/library/core/src/ops/function.rs:250:5
[INFO] [stdout]   40:     0x5642390f381b - <alloc::boxed::Box<F,A> as core::ops::function::FnOnce<Args>>::call_once::hf75717d9f28faebf
[INFO] [stdout]                                at /rustc/90b35a6239c3d8bdabc530a6a0816f7ff89a0aaf/library/alloc/src/boxed.rs:2454:9
[INFO] [stdout]   41:     0x5642390f381b - <alloc::boxed::Box<F,A> as core::ops::function::FnOnce<Args>>::call_once::h7bd883a5f3c5f3c1
[INFO] [stdout]                                at /rustc/90b35a6239c3d8bdabc530a6a0816f7ff89a0aaf/library/alloc/src/boxed.rs:2454:9
[INFO] [stdout]   42:     0x5642390f381b - std::sys::pal::unix::thread::Thread::new::thread_start::hcc78f3943333fa94
[INFO] [stdout]                                at /rustc/90b35a6239c3d8bdabc530a6a0816f7ff89a0aaf/library/std/src/sys/pal/unix/thread.rs:105:17
[INFO] [stdout]   43:     0x7c636f78eac3 - <unknown>
[INFO] [stdout]   44:     0x7c636f81fa04 - clone
[INFO] [stdout]   45:                0x0 - <unknown>
[INFO] [stdout] 
[INFO] [stdout] 
[INFO] [stdout] failures:
[INFO] [stdout]     part2_example_data
[INFO] [stdout] 
[INFO] [stdout] test result: FAILED. 1 passed; 1 failed; 0 ignored; 0 measured; 0 filtered out; finished in 0.02s
[INFO] [stdout] 
[INFO] [stderr] error: test failed, to rerun pass `--test day16_test`
[INFO] running `Command { std: "docker" "inspect" "13a46ed6b92af8aaa5c123b67ba5b8aaa0ae5b8b034e20bc7ff7ce2ab0a12f6a", kill_on_drop: false }`
[INFO] running `Command { std: "docker" "rm" "-f" "13a46ed6b92af8aaa5c123b67ba5b8aaa0ae5b8b034e20bc7ff7ce2ab0a12f6a", kill_on_drop: false }`
[INFO] [stdout] 13a46ed6b92af8aaa5c123b67ba5b8aaa0ae5b8b034e20bc7ff7ce2ab0a12f6a
