[INFO] cloning repository https://github.com/lialsoftlab/trlogic_test
[INFO] running `Command { std: "git" "-c" "credential.helper=" "-c" "credential.helper=/workspace/cargo-home/bin/git-credential-null" "clone" "--bare" "https://github.com/lialsoftlab/trlogic_test" "/workspace/cache/git-repos/https%3A%2F%2Fgithub.com%2Flialsoftlab%2Ftrlogic_test", kill_on_drop: false }`
[INFO] [stderr] Cloning into bare repository '/workspace/cache/git-repos/https%3A%2F%2Fgithub.com%2Flialsoftlab%2Ftrlogic_test'...
[INFO] running `Command { std: "git" "rev-parse" "HEAD", kill_on_drop: false }`
[INFO] [stdout] 54b54fc2eb9f1c76e78eef4213cc3ca52b4c8981
[INFO] testing lialsoftlab/trlogic_test against 1.83.0 for beta-1.84.0-4-retry
[INFO] running `Command { std: "git" "clone" "/workspace/cache/git-repos/https%3A%2F%2Fgithub.com%2Flialsoftlab%2Ftrlogic_test" "/workspace/builds/worker-4-tc1/source", kill_on_drop: false }`
[INFO] [stderr] Cloning into '/workspace/builds/worker-4-tc1/source'...
[INFO] [stderr] done.
[INFO] validating manifest of git repo https://github.com/lialsoftlab/trlogic_test on toolchain 1.83.0
[INFO] running `Command { std: CARGO_HOME="/workspace/cargo-home" RUSTUP_HOME="/workspace/rustup-home" "/workspace/cargo-home/bin/cargo" "+1.83.0" "metadata" "--manifest-path" "Cargo.toml" "--no-deps", kill_on_drop: false }`
[INFO] started tweaking git repo https://github.com/lialsoftlab/trlogic_test
[INFO] finished tweaking git repo https://github.com/lialsoftlab/trlogic_test
[INFO] tweaked toml for git repo https://github.com/lialsoftlab/trlogic_test written to /workspace/builds/worker-4-tc1/source/Cargo.toml
[INFO] crate git repo https://github.com/lialsoftlab/trlogic_test already has a lockfile, it will not be regenerated
[INFO] running `Command { std: CARGO_HOME="/workspace/cargo-home" RUSTUP_HOME="/workspace/rustup-home" "/workspace/cargo-home/bin/cargo" "+1.83.0" "fetch" "--manifest-path" "Cargo.toml", kill_on_drop: false }`
[INFO] [stderr]     Updating crates.io index
[INFO] [stderr]     Blocking waiting for file lock on package cache
[INFO] [stderr]  Downloading crates ...
[INFO] [stderr]   Downloaded bitflags v1.0.4
[INFO] [stderr]   Downloaded structopt-derive v0.2.17
[INFO] [stderr]   Downloaded structopt v0.2.17
[INFO] [stderr]   Downloaded atty v0.2.11
[INFO] [stderr]   Downloaded lzw v0.10.0
[INFO] [stderr]   Downloaded num-derive v0.2.5
[INFO] [stderr]   Downloaded png v0.14.1
[INFO] [stderr]   Downloaded build_const v0.2.1
[INFO] [stderr]   Downloaded color_quant v1.0.1
[INFO] [stderr]   Downloaded crc v1.8.1
[INFO] [stderr]   Downloaded untrusted v0.6.2
[INFO] [stderr]   Downloaded spin v0.5.0
[INFO] [stderr]   Downloaded crossbeam-epoch v0.3.1
[INFO] [stderr]   Downloaded webpki v0.19.1
[INFO] [stderr]   Downloaded image v0.21.1
[INFO] [stderr]   Downloaded deflate v0.7.19
[INFO] [stderr]   Downloaded rand v0.5.6
[INFO] [stderr]   Downloaded rayon v1.0.3
[INFO] [stderr]   Downloaded nix v0.13.0
[INFO] [stderr]   Downloaded chrono v0.4.6
[INFO] [stderr]   Downloaded hyper v0.10.16
[INFO] [stderr]   Downloaded webpki-roots v0.16.0
[INFO] [stderr]   Downloaded nickel v0.11.0
[INFO] [stderr]   Downloaded regex-syntax v0.6.6
[INFO] [stderr]   Downloaded regex v1.1.6
[INFO] [stderr]   Downloaded idna v0.1.5
[INFO] [stderr]   Downloaded rustls v0.15.2
[INFO] [stderr]   Downloaded url v1.7.2
[INFO] [stderr]   Downloaded brotli-sys v0.3.2
[INFO] [stderr]   Downloaded argon2rs v0.2.5
[INFO] [stderr]   Downloaded libc v0.2.55
[INFO] [stderr]   Downloaded rouille v3.0.0
[INFO] [stderr]   Downloaded rayon-core v1.4.1
[INFO] [stderr]   Downloaded rand v0.4.6
[INFO] [stderr]   Downloaded multipart v0.15.4
[INFO] [stderr]   Downloaded tiff v0.2.2
[INFO] [stderr]   Downloaded backtrace-sys v0.1.28
[INFO] [stderr]   Downloaded serde_derive v1.0.91
[INFO] [stderr]   Downloaded ryu v0.2.8
[INFO] [stderr]   Downloaded serde v1.0.91
[INFO] [stderr]   Downloaded crossbeam-utils v0.2.2
[INFO] [stderr]   Downloaded jpeg-decoder v0.1.15
[INFO] [stderr]   Downloaded num-rational v0.2.1
[INFO] [stderr]   Downloaded sct v0.5.0
[INFO] [stderr]   Downloaded aho-corasick v0.7.3
[INFO] [stderr]   Downloaded cc v1.0.37
[INFO] [stderr]   Downloaded backtrace v0.3.26
[INFO] [stderr]   Downloaded unicode-normalization v0.1.8
[INFO] [stderr]   Downloaded serde_json v1.0.39
[INFO] [stderr]   Downloaded syn v0.15.34
[INFO] [stderr]   Downloaded env_logger v0.6.1
[INFO] [stderr]   Downloaded gif v0.10.2
[INFO] [stderr]   Downloaded either v1.5.2
[INFO] [stderr]   Downloaded crossbeam-deque v0.2.0
[INFO] [stderr]   Downloaded inflate v0.4.5
[INFO] [stderr]   Downloaded arrayvec v0.4.10
[INFO] [stderr]   Downloaded failure v0.1.5
[INFO] [stderr]   Downloaded dirs v1.0.5
[INFO] [stderr]   Downloaded term v0.5.2
[INFO] [stderr]   Downloaded time v0.1.42
[INFO] [stderr]   Downloaded tiny_http v0.6.2
[INFO] [stderr]   Downloaded unicode-bidi v0.3.4
[INFO] [stderr]   Downloaded humantime v1.2.0
[INFO] [stderr]   Downloaded winapi-util v0.1.2
[INFO] [stderr]   Downloaded pretty_env_logger v0.3.0
[INFO] [stderr]   Downloaded ctrlc v3.1.2
[INFO] [stderr]   Downloaded scopeguard v0.3.3
[INFO] [stderr]   Downloaded winapi v0.3.7
[INFO] [stderr]   Downloaded termcolor v1.0.4
[INFO] [stderr]   Downloaded brotli2 v0.3.2
[INFO] [stderr]   Downloaded buf_redux v0.8.1
[INFO] [stderr]   Downloaded iron v0.6.0
[INFO] [stderr]   Downloaded siphasher v0.2.3
[INFO] [stderr]   Downloaded mime_guess v1.8.7
[INFO] [stderr]   Downloaded base64 v0.9.3
[INFO] [stderr]   Downloaded httparse v1.3.3
[INFO] [stderr]   Downloaded mustache v0.9.0
[INFO] [stderr]   Downloaded ucd-util v0.1.3
[INFO] [stderr]   Downloaded thread_local v0.3.6
[INFO] [stderr]   Downloaded utf8-ranges v1.0.2
[INFO] [stderr]   Downloaded quick-error v1.2.2
[INFO] [stderr]   Downloaded remove_dir_all v0.5.1
[INFO] [stderr]   Downloaded tempdir v0.3.7
[INFO] [stderr]   Downloaded memchr v2.2.0
[INFO] [stderr]   Downloaded twoway v0.1.8
[INFO] [stderr]   Downloaded synstructure v0.10.2
[INFO] [stderr]   Downloaded redox_users v0.3.0
[INFO] [stderr]   Downloaded filetime v0.2.6
[INFO] [stderr]   Downloaded sha1 v0.6.0
[INFO] [stderr]   Downloaded rand_core v0.4.0
[INFO] [stderr]   Downloaded threadpool v1.7.1
[INFO] [stderr]   Downloaded autocfg v0.1.4
[INFO] [stderr]   Downloaded chunked_transfer v0.3.1
[INFO] [stderr]   Downloaded log v0.4.6
[INFO] [stderr]   Downloaded numtoa v0.1.0
[INFO] [stderr]   Downloaded redox_syscall v0.1.54
[INFO] [stderr]   Downloaded termion v1.5.2
[INFO] [stderr]   Downloaded quote v0.6.12
[INFO] [stderr]   Downloaded memoffset v0.2.1
[INFO] [stderr]   Downloaded base64 v0.10.1
[INFO] [stderr]   Downloaded wincolor v1.0.1
[INFO] [stderr]   Downloaded gzip-header v0.2.0
[INFO] [stderr]   Downloaded safemem v0.2.0
[INFO] [stderr]   Downloaded phf_shared v0.7.24
[INFO] [stderr]   Downloaded language-tags v0.2.2
[INFO] [stderr]   Downloaded typeable v0.1.2
[INFO] [stderr]   Downloaded version_check v0.1.5
[INFO] [stderr]   Downloaded log v0.3.9
[INFO] [stderr]   Downloaded typemap v0.3.3
[INFO] [stderr]   Downloaded byteorder v1.3.1
[INFO] [stderr]   Downloaded blake2-rfc v0.2.18
[INFO] [stderr]   Downloaded scoped_threadpool v0.1.9
[INFO] [stderr]   Downloaded rustc-demangle v0.1.14
[INFO] [stderr]   Downloaded num_cpus v1.10.0
[INFO] [stderr]   Downloaded ascii v0.8.7
[INFO] [stderr]   Downloaded smallvec v0.6.9
[INFO] [stderr]   Downloaded percent-encoding v1.0.1
[INFO] [stderr]   Downloaded unicode-width v0.1.5
[INFO] [stderr]   Downloaded phf_codegen v0.7.24
[INFO] [stderr]   Downloaded mime v0.2.6
[INFO] [stderr]   Downloaded modifier v0.1.0
[INFO] [stderr]   Downloaded traitobject v0.1.0
[INFO] [stderr]   Downloaded constant_time_eq v0.1.3
[INFO] [stderr]   Downloaded matches v0.1.8
[INFO] [stderr]   Downloaded redox_termios v0.1.1
[INFO] [stderr]   Downloaded phf v0.7.24
[INFO] [stderr]   Downloaded nodrop v0.1.13
[INFO] [stderr]   Downloaded adler32 v1.0.3
[INFO] [stderr]   Downloaded phf_generator v0.7.24
[INFO] [stderr]   Downloaded groupable v0.2.0
[INFO] [stderr]   Downloaded unicase v1.4.2
[INFO] [stderr]   Downloaded plugin v0.2.6
[INFO] [stderr]   Downloaded unsafe-any v0.4.2
[INFO] [stderr]   Downloaded safemem v0.3.0
[INFO] [stderr]   Downloaded failure_derive v0.1.5
[INFO] [stderr]   Downloaded cfg-if v0.1.9
[INFO] [stderr]   Downloaded ring v0.14.6
[INFO] [stderr]   Downloaded mrq v0.1.0
[INFO] running `Command { std: "docker" "create" "-v" "/var/lib/crater-agent-workspace/builds/worker-4-tc1/target:/opt/rustwide/target:rw,Z" "-v" "/var/lib/crater-agent-workspace/builds/worker-4-tc1/source:/opt/rustwide/workdir:ro,Z" "-v" "/var/lib/crater-agent-workspace/cargo-home:/opt/rustwide/cargo-home:ro,Z" "-v" "/var/lib/crater-agent-workspace/rustup-home:/opt/rustwide/rustup-home:ro,Z" "-e" "SOURCE_DIR=/opt/rustwide/workdir" "-e" "CARGO_TARGET_DIR=/opt/rustwide/target" "-e" "CARGO_HOME=/opt/rustwide/cargo-home" "-e" "RUSTUP_HOME=/opt/rustwide/rustup-home" "-w" "/opt/rustwide/workdir" "-m" "1610612736" "--user" "0:0" "--network" "none" "ghcr.io/rust-lang/crates-build-env/linux@sha256:f3a9d4ad9d972b27faf3965f35b62e55ba32bbce8f20bc8fe909558a86702fde" "/opt/rustwide/cargo-home/bin/cargo" "+1.83.0" "metadata" "--no-deps" "--format-version=1", kill_on_drop: false }`
[INFO] [stdout] 02ca47b4d415ab485b0911cdf6788263c406aafd6a07fb6f6dca4107bf3c9255
[INFO] running `Command { std: "docker" "start" "-a" "02ca47b4d415ab485b0911cdf6788263c406aafd6a07fb6f6dca4107bf3c9255", kill_on_drop: false }`
[INFO] running `Command { std: "docker" "inspect" "02ca47b4d415ab485b0911cdf6788263c406aafd6a07fb6f6dca4107bf3c9255", kill_on_drop: false }`
[INFO] running `Command { std: "docker" "rm" "-f" "02ca47b4d415ab485b0911cdf6788263c406aafd6a07fb6f6dca4107bf3c9255", kill_on_drop: false }`
[INFO] [stdout] 02ca47b4d415ab485b0911cdf6788263c406aafd6a07fb6f6dca4107bf3c9255
[INFO] running `Command { std: "docker" "create" "-v" "/var/lib/crater-agent-workspace/builds/worker-4-tc1/target:/opt/rustwide/target:rw,Z" "-v" "/var/lib/crater-agent-workspace/builds/worker-4-tc1/source:/opt/rustwide/workdir:ro,Z" "-v" "/var/lib/crater-agent-workspace/cargo-home:/opt/rustwide/cargo-home:ro,Z" "-v" "/var/lib/crater-agent-workspace/rustup-home:/opt/rustwide/rustup-home:ro,Z" "-e" "SOURCE_DIR=/opt/rustwide/workdir" "-e" "CARGO_TARGET_DIR=/opt/rustwide/target" "-e" "CARGO_INCREMENTAL=0" "-e" "RUST_BACKTRACE=full" "-e" "RUSTFLAGS=--cap-lints=warn" "-e" "RUSTDOCFLAGS=--cap-lints=warn" "-e" "CARGO_HOME=/opt/rustwide/cargo-home" "-e" "RUSTUP_HOME=/opt/rustwide/rustup-home" "-w" "/opt/rustwide/workdir" "-m" "1610612736" "--user" "0:0" "--network" "none" "ghcr.io/rust-lang/crates-build-env/linux@sha256:f3a9d4ad9d972b27faf3965f35b62e55ba32bbce8f20bc8fe909558a86702fde" "/opt/rustwide/cargo-home/bin/cargo" "+1.83.0" "build" "--frozen" "--message-format=json", kill_on_drop: false }`
[INFO] [stdout] fbe2aefa342d9698d3f3d7e16e8b2319f02c6bab26e86853c5c93e70ddd5b6dc
[INFO] running `Command { std: "docker" "start" "-a" "fbe2aefa342d9698d3f3d7e16e8b2319f02c6bab26e86853c5c93e70ddd5b6dc", kill_on_drop: false }`
[INFO] [stderr]    Compiling libc v0.2.55
[INFO] [stderr]    Compiling autocfg v0.1.4
[INFO] [stderr]    Compiling cfg-if v0.1.9
[INFO] [stderr]    Compiling lazy_static v1.3.0
[INFO] [stderr]    Compiling rand_core v0.4.0
[INFO] [stderr]    Compiling cc v1.0.37
[INFO] [stderr]    Compiling byteorder v1.3.1
[INFO] [stderr]    Compiling version_check v0.1.5
[INFO] [stderr]    Compiling proc-macro2 v0.4.30
[INFO] [stderr]    Compiling unicode-xid v0.1.0
[INFO] [stderr]    Compiling syn v0.15.34
[INFO] [stderr]    Compiling memchr v2.2.0
[INFO] [stderr]    Compiling siphasher v0.2.3
[INFO] [stderr]    Compiling smallvec v0.6.9
[INFO] [stderr]    Compiling matches v0.1.8
[INFO] [stderr]    Compiling build_const v0.2.1
[INFO] [stderr]    Compiling log v0.4.6
[INFO] [stderr]    Compiling unicode-bidi v0.3.4
[INFO] [stderr]    Compiling traitobject v0.1.0
[INFO] [stderr]    Compiling arrayvec v0.4.10
[INFO] [stderr]    Compiling crc v1.8.1
[INFO] [stderr]    Compiling serde v1.0.91
[INFO] [stderr]    Compiling regex v1.1.6
[INFO] [stderr]    Compiling rand_core v0.3.1
[INFO] [stderr]    Compiling rand_isaac v0.1.1
[INFO] [stderr]    Compiling rand_xorshift v0.1.1
[INFO] [stderr]    Compiling unicase v1.4.2
[INFO] [stderr]    Compiling num-traits v0.2.8
[INFO] [stderr]    Compiling num-integer v0.1.41
[INFO] [stderr]    Compiling rand_pcg v0.1.2
[INFO] [stderr]    Compiling rand_chacha v0.1.1
[INFO] [stderr]    Compiling rand v0.6.5
[INFO] [stderr]    Compiling rand_hc v0.1.0
[INFO] [stderr]    Compiling rand_jitter v0.1.4
[INFO] [stderr]    Compiling log v0.3.9
[INFO] [stderr]    Compiling unicode-normalization v0.1.8
[INFO] [stderr]    Compiling phf_shared v0.7.24
[INFO] [stderr]    Compiling httparse v1.3.3
[INFO] [stderr]    Compiling ucd-util v0.1.3
[INFO] [stderr]    Compiling percent-encoding v1.0.1
[INFO] [stderr]    Compiling nodrop v0.1.13
[INFO] [stderr]    Compiling aho-corasick v0.7.3
[INFO] [stderr]    Compiling mime v0.2.6
[INFO] [stderr]    Compiling unsafe-any v0.4.2
[INFO] [stderr]    Compiling thread_local v0.3.6
[INFO] [stderr]    Compiling regex-syntax v0.6.6
[INFO] [stderr]    Compiling crossbeam-utils v0.2.2
[INFO] [stderr]    Compiling rayon-core v1.4.1
[INFO] [stderr]    Compiling spin v0.5.0
[INFO] [stderr]    Compiling safemem v0.3.0
[INFO] [stderr]    Compiling utf8-ranges v1.0.2
[INFO] [stderr]    Compiling untrusted v0.6.2
[INFO] [stderr]    Compiling bitflags v1.0.4
[INFO] [stderr]    Compiling quote v0.6.12
[INFO] [stderr]    Compiling memoffset v0.2.1
[INFO] [stderr]    Compiling num_cpus v1.10.0
[INFO] [stderr]    Compiling rand_os v0.1.3
[INFO] [stderr]    Compiling time v0.1.42
[INFO] [stderr]    Compiling ryu v0.2.8
[INFO] [stderr]    Compiling scopeguard v0.3.3
[INFO] [stderr]    Compiling base64 v0.9.3
[INFO] [stderr]    Compiling typemap v0.3.3
[INFO] [stderr]    Compiling ring v0.14.6
[INFO] [stderr]    Compiling crossbeam-epoch v0.3.1
[INFO] [stderr]    Compiling backtrace-sys v0.1.28
[INFO] [stderr]    Compiling language-tags v0.2.2
[INFO] [stderr]    Compiling adler32 v1.0.3
[INFO] [stderr]    Compiling quick-error v1.2.2
[INFO] [stderr]    Compiling typeable v0.1.2
[INFO] [stderr]    Compiling crossbeam-deque v0.2.0
[INFO] [stderr]    Compiling gzip-header v0.2.0
[INFO] [stderr]    Compiling plugin v0.2.6
[INFO] [stderr]    Compiling brotli-sys v0.3.2
[INFO] [stderr]    Compiling atty v0.2.11
[INFO] [stderr]    Compiling phf v0.7.24
[INFO] [stderr]    Compiling num-iter v0.1.39
[INFO] [stderr]    Compiling backtrace v0.3.26
[INFO] [stderr]    Compiling modifier v0.1.0
[INFO] [stderr]    Compiling num-derive v0.2.5
[INFO] [stderr]    Compiling itoa v0.4.4
[INFO] [stderr]    Compiling failure_derive v0.1.5
[INFO] [stderr]    Compiling rayon v1.0.3
[INFO] [stderr]    Compiling deflate v0.7.19
[INFO] [stderr]    Compiling phf_generator v0.7.24
[INFO] [stderr]    Compiling phf_codegen v0.7.24
[INFO] [stderr]    Compiling idna v0.1.5
[INFO] [stderr]    Compiling chrono v0.4.6
[INFO] [stderr]    Compiling mime_guess v1.8.7
[INFO] [stderr]    Compiling rand v0.4.6
[INFO] [stderr]    Compiling ascii v0.8.7
[INFO] [stderr]    Compiling safemem v0.2.0
[INFO] [stderr]    Compiling chunked_transfer v0.3.1
[INFO] [stderr]    Compiling nix v0.13.0
[INFO] [stderr]    Compiling unicode-segmentation v1.3.0
[INFO] [stderr]    Compiling num-rational v0.2.1
[INFO] [stderr]    Compiling remove_dir_all v0.5.1
[INFO] [stderr]    Compiling lzw v0.10.0
[INFO] [stderr]    Compiling rustc-demangle v0.1.14
[INFO] [stderr]    Compiling either v1.5.2
[INFO] [stderr]    Compiling unicode-width v0.1.5
[INFO] [stderr]    Compiling groupable v0.2.0
[INFO] [stderr]    Compiling tempdir v0.3.7
[INFO] [stderr]    Compiling textwrap v0.11.0
[INFO] [stderr]    Compiling buf_redux v0.8.1
[INFO] [stderr]    Compiling url v1.7.2
[INFO] [stderr]    Compiling heck v0.3.1
[INFO] [stderr]    Compiling inflate v0.4.5
[INFO] [stderr]    Compiling humantime v1.2.0
[INFO] [stderr]    Compiling dirs v1.0.5
[INFO] [stderr]    Compiling twoway v0.1.8
[INFO] [stderr]    Compiling base64 v0.10.1
[INFO] [stderr]    Compiling termcolor v1.0.4
[INFO] [stderr]    Compiling vec_map v0.8.1
[INFO] [stderr]    Compiling color_quant v1.0.1
[INFO] [stderr]    Compiling void v1.0.2
[INFO] [stderr]    Compiling ansi_term v0.11.0
[INFO] [stderr]    Compiling strsim v0.8.0
[INFO] [stderr]    Compiling gif v0.10.2
[INFO] [stderr]    Compiling synstructure v0.10.2
[INFO] [stderr]    Compiling env_logger v0.6.1
[INFO] [stderr]    Compiling hyper v0.10.16
[INFO] [stderr]    Compiling tiny_http v0.6.2
[INFO] [stderr]    Compiling clap v2.33.0
[INFO] [stderr]    Compiling webpki v0.19.1
[INFO] [stderr]    Compiling sct v0.5.0
[INFO] [stderr]    Compiling jpeg-decoder v0.1.15
[INFO] [stderr]    Compiling png v0.14.1
[INFO] [stderr]    Compiling term v0.5.2
[INFO] [stderr]    Compiling rustls v0.15.2
[INFO] [stderr]    Compiling webpki-roots v0.16.0
[INFO] [stderr]    Compiling serde_derive v1.0.91
[INFO] [stderr]    Compiling structopt-derive v0.2.17
[INFO] [stderr]    Compiling threadpool v1.7.1
[INFO] [stderr]    Compiling failure v0.1.5
[INFO] [stderr]    Compiling filetime v0.2.6
[INFO] [stderr]    Compiling rand v0.5.6
[INFO] [stderr]    Compiling sha1 v0.6.0
[INFO] [stderr]    Compiling scoped_threadpool v0.1.9
[INFO] [stderr]    Compiling mustache v0.9.0
[INFO] [stderr]    Compiling serde_json v1.0.39
[INFO] [stderr]    Compiling iron v0.6.0
[INFO] [stderr]    Compiling pretty_env_logger v0.3.0
[INFO] [stderr]    Compiling fs2 v0.4.3
[INFO] [stderr]    Compiling mrq v0.1.0
[INFO] [stderr]    Compiling structopt v0.2.17
[INFO] [stderr]    Compiling ctrlc v3.1.2
[INFO] [stderr]    Compiling nickel v0.11.0
[INFO] [stderr]    Compiling tiff v0.2.2
[INFO] [stderr]    Compiling image v0.21.1
[INFO] [stderr]    Compiling multipart v0.15.4
[INFO] [stderr]    Compiling brotli2 v0.3.2
[INFO] [stderr]    Compiling rouille v3.0.0
[INFO] [stderr]    Compiling trlogic_test v0.1.0 (/opt/rustwide/workdir)
[INFO] [stdout] warning: panic message is not a string literal
[INFO] [stdout]   --> src/http_handlers.rs:55:20
[INFO] [stdout]    |
[INFO] [stdout] 55 |             panic!(e);
[INFO] [stdout]    |                    ^
[INFO] [stdout]    |
[INFO] [stdout]    = note: this usage of `panic!()` is deprecated; it will be a hard error in Rust 2021
[INFO] [stdout]    = note: for more information, see <https://doc.rust-lang.org/nightly/edition-guide/rust-2021/panic-macro-consistency.html>
[INFO] [stdout]    = note: `#[warn(non_fmt_panics)]` on by default
[INFO] [stdout] help: add a "{}" format string to `Display` the message
[INFO] [stdout]    |
[INFO] [stdout] 55 |             panic!("{}", e);
[INFO] [stdout]    |                    +++++
[INFO] [stdout] help: or use std::panic::panic_any instead
[INFO] [stdout]    |
[INFO] [stdout] 55 |             std::panic::panic_any(e);
[INFO] [stdout]    |             ~~~~~~~~~~~~~~~~~~~~~
[INFO] [stdout] 
[INFO] [stdout] 
[INFO] [stdout] warning: non-local `impl` definition, `impl` blocks should be written at the same level as their item
[INFO] [stdout]   --> src/http_handlers.rs:95:17
[INFO] [stdout]    |
[INFO] [stdout] 95 | #[derive(Debug, Deserialize, Serialize)]
[INFO] [stdout]    |                 ^----------
[INFO] [stdout]    |                 |
[INFO] [stdout]    |                 `Deserialize` is not local
[INFO] [stdout]    |                 move the `impl` block outside of this constant `_IMPL_DESERIALIZE_FOR_ImageUploadResult`
[INFO] [stdout] 96 | pub struct ImageUploadResult {
[INFO] [stdout]    |            ----------------- `ImageUploadResult` is not local
[INFO] [stdout]    |
[INFO] [stdout]    = note: the derive macro `Deserialize` defines the non-local `impl`, and may need to be changed
[INFO] [stdout]    = note: the derive macro `Deserialize` may come from an old version of the `serde_derive` crate, try updating your dependency with `cargo update -p serde_derive`
[INFO] [stdout]    = note: an `impl` is never scoped, even when it is nested inside an item, as it may impact type checking outside of that item, which can be the case if neither the trait or the self type are at the same nesting level as the `impl`
[INFO] [stdout]    = note: items in an anonymous const item (`const _: () = { ... }`) are treated as in the same scope as the anonymous const's declaration for the purpose of this lint
[INFO] [stdout]    = note: `#[warn(non_local_definitions)]` on by default
[INFO] [stdout]    = note: this warning originates in the derive macro `Deserialize` (in Nightly builds, run with -Z macro-backtrace for more info)
[INFO] [stdout] 
[INFO] [stdout] 
[INFO] [stdout] warning: non-local `impl` definition, `impl` blocks should be written at the same level as their item
[INFO] [stdout]   --> src/http_handlers.rs:95:30
[INFO] [stdout]    |
[INFO] [stdout] 95 | #[derive(Debug, Deserialize, Serialize)]
[INFO] [stdout]    |                              ^--------
[INFO] [stdout]    |                              |
[INFO] [stdout]    |                              `Serialize` is not local
[INFO] [stdout]    |                              move the `impl` block outside of this constant `_IMPL_SERIALIZE_FOR_ImageUploadResult`
[INFO] [stdout] 96 | pub struct ImageUploadResult {
[INFO] [stdout]    |            ----------------- `ImageUploadResult` is not local
[INFO] [stdout]    |
[INFO] [stdout]    = note: the derive macro `Serialize` defines the non-local `impl`, and may need to be changed
[INFO] [stdout]    = note: the derive macro `Serialize` may come from an old version of the `serde_derive` crate, try updating your dependency with `cargo update -p serde_derive`
[INFO] [stdout]    = note: an `impl` is never scoped, even when it is nested inside an item, as it may impact type checking outside of that item, which can be the case if neither the trait or the self type are at the same nesting level as the `impl`
[INFO] [stdout]    = note: items in an anonymous const item (`const _: () = { ... }`) are treated as in the same scope as the anonymous const's declaration for the purpose of this lint
[INFO] [stdout]    = note: this warning originates in the derive macro `Serialize` (in Nightly builds, run with -Z macro-backtrace for more info)
[INFO] [stdout] 
[INFO] [stdout] 
[INFO] [stdout] warning: non-local `impl` definition, `impl` blocks should be written at the same level as their item
[INFO] [stdout]    --> src/http_handlers.rs:104:17
[INFO] [stdout]     |
[INFO] [stdout] 104 | #[derive(Debug, Deserialize)]
[INFO] [stdout]     |                 ^----------
[INFO] [stdout]     |                 |
[INFO] [stdout]     |                 `Deserialize` is not local
[INFO] [stdout]     |                 move the `impl` block outside of this constant `_IMPL_DESERIALIZE_FOR_ImageUploadRequest`
[INFO] [stdout] 105 | struct ImageUploadRequest {
[INFO] [stdout]     |        ------------------ `ImageUploadRequest` is not local
[INFO] [stdout]     |
[INFO] [stdout]     = note: the derive macro `Deserialize` defines the non-local `impl`, and may need to be changed
[INFO] [stdout]     = note: the derive macro `Deserialize` may come from an old version of the `serde_derive` crate, try updating your dependency with `cargo update -p serde_derive`
[INFO] [stdout]     = note: an `impl` is never scoped, even when it is nested inside an item, as it may impact type checking outside of that item, which can be the case if neither the trait or the self type are at the same nesting level as the `impl`
[INFO] [stdout]     = note: items in an anonymous const item (`const _: () = { ... }`) are treated as in the same scope as the anonymous const's declaration for the purpose of this lint
[INFO] [stdout]     = note: this warning originates in the derive macro `Deserialize` (in Nightly builds, run with -Z macro-backtrace for more info)
[INFO] [stdout] 
[INFO] [stdout] 
[INFO] [stderr]     Finished `dev` profile [unoptimized + debuginfo] target(s) in 1m 15s
[INFO] [stderr] warning: the following packages contain code that will be rejected by a future version of Rust: buf_redux v0.8.1, multipart v0.15.4, traitobject v0.1.0, typemap v0.3.3
[INFO] [stderr] note: to see what the problems were, use the option `--future-incompat-report`, or run `cargo report future-incompatibilities --id 1`
[INFO] running `Command { std: "docker" "inspect" "fbe2aefa342d9698d3f3d7e16e8b2319f02c6bab26e86853c5c93e70ddd5b6dc", kill_on_drop: false }`
[INFO] running `Command { std: "docker" "rm" "-f" "fbe2aefa342d9698d3f3d7e16e8b2319f02c6bab26e86853c5c93e70ddd5b6dc", kill_on_drop: false }`
[INFO] [stdout] fbe2aefa342d9698d3f3d7e16e8b2319f02c6bab26e86853c5c93e70ddd5b6dc
[INFO] running `Command { std: "docker" "create" "-v" "/var/lib/crater-agent-workspace/builds/worker-4-tc1/target:/opt/rustwide/target:rw,Z" "-v" "/var/lib/crater-agent-workspace/builds/worker-4-tc1/source:/opt/rustwide/workdir:ro,Z" "-v" "/var/lib/crater-agent-workspace/cargo-home:/opt/rustwide/cargo-home:ro,Z" "-v" "/var/lib/crater-agent-workspace/rustup-home:/opt/rustwide/rustup-home:ro,Z" "-e" "SOURCE_DIR=/opt/rustwide/workdir" "-e" "CARGO_TARGET_DIR=/opt/rustwide/target" "-e" "CARGO_INCREMENTAL=0" "-e" "RUST_BACKTRACE=full" "-e" "RUSTFLAGS=--cap-lints=warn" "-e" "RUSTDOCFLAGS=--cap-lints=warn" "-e" "CARGO_HOME=/opt/rustwide/cargo-home" "-e" "RUSTUP_HOME=/opt/rustwide/rustup-home" "-w" "/opt/rustwide/workdir" "-m" "1610612736" "--user" "0:0" "--network" "none" "ghcr.io/rust-lang/crates-build-env/linux@sha256:f3a9d4ad9d972b27faf3965f35b62e55ba32bbce8f20bc8fe909558a86702fde" "/opt/rustwide/cargo-home/bin/cargo" "+1.83.0" "test" "--frozen" "--no-run" "--message-format=json", kill_on_drop: false }`
[INFO] [stdout] 526a0de373c5e9ab4e2ef41465a001b1b69cdfee0051f1226a57f8a4fc8f35a3
[INFO] running `Command { std: "docker" "start" "-a" "526a0de373c5e9ab4e2ef41465a001b1b69cdfee0051f1226a57f8a4fc8f35a3", kill_on_drop: false }`
[INFO] [stdout] warning: panic message is not a string literal
[INFO] [stdout]   --> src/http_handlers.rs:55:20
[INFO] [stdout]    |
[INFO] [stdout] 55 |             panic!(e);
[INFO] [stdout]    |                    ^
[INFO] [stdout]    |
[INFO] [stdout]    = note: this usage of `panic!()` is deprecated; it will be a hard error in Rust 2021
[INFO] [stdout]    = note: for more information, see <https://doc.rust-lang.org/nightly/edition-guide/rust-2021/panic-macro-consistency.html>
[INFO] [stdout]    = note: `#[warn(non_fmt_panics)]` on by default
[INFO] [stdout] help: add a "{}" format string to `Display` the message
[INFO] [stdout]    |
[INFO] [stdout] 55 |             panic!("{}", e);
[INFO] [stdout]    |                    +++++
[INFO] [stdout] help: or use std::panic::panic_any instead
[INFO] [stdout]    |
[INFO] [stdout] 55 |             std::panic::panic_any(e);
[INFO] [stdout]    |             ~~~~~~~~~~~~~~~~~~~~~
[INFO] [stdout] 
[INFO] [stdout] 
[INFO] [stdout] warning: non-local `impl` definition, `impl` blocks should be written at the same level as their item
[INFO] [stdout]   --> src/http_handlers.rs:95:17
[INFO] [stdout]    |
[INFO] [stdout] 95 | #[derive(Debug, Deserialize, Serialize)]
[INFO] [stdout]    |                 ^----------
[INFO] [stdout]    |                 |
[INFO] [stdout]    |                 `Deserialize` is not local
[INFO] [stdout]    |                 move the `impl` block outside of this constant `_IMPL_DESERIALIZE_FOR_ImageUploadResult`
[INFO] [stdout] 96 | pub struct ImageUploadResult {
[INFO] [stdout]    |            ----------------- `ImageUploadResult` is not local
[INFO] [stdout]    |
[INFO] [stdout]    = note: the derive macro `Deserialize` defines the non-local `impl`, and may need to be changed
[INFO] [stdout]    = note: the derive macro `Deserialize` may come from an old version of the `serde_derive` crate, try updating your dependency with `cargo update -p serde_derive`
[INFO] [stdout]    = note: an `impl` is never scoped, even when it is nested inside an item, as it may impact type checking outside of that item, which can be the case if neither the trait or the self type are at the same nesting level as the `impl`
[INFO] [stdout]    = note: items in an anonymous const item (`const _: () = { ... }`) are treated as in the same scope as the anonymous const's declaration for the purpose of this lint
[INFO] [stdout]    = note: `#[warn(non_local_definitions)]` on by default
[INFO] [stdout]    = note: this warning originates in the derive macro `Deserialize` (in Nightly builds, run with -Z macro-backtrace for more info)
[INFO] [stdout] 
[INFO] [stdout] 
[INFO] [stderr]    Compiling trlogic_test v0.1.0 (/opt/rustwide/workdir)
[INFO] [stdout] warning: non-local `impl` definition, `impl` blocks should be written at the same level as their item
[INFO] [stdout]   --> src/http_handlers.rs:95:30
[INFO] [stdout]    |
[INFO] [stdout] 95 | #[derive(Debug, Deserialize, Serialize)]
[INFO] [stdout]    |                              ^--------
[INFO] [stdout]    |                              |
[INFO] [stdout]    |                              `Serialize` is not local
[INFO] [stdout]    |                              move the `impl` block outside of this constant `_IMPL_SERIALIZE_FOR_ImageUploadResult`
[INFO] [stdout] 96 | pub struct ImageUploadResult {
[INFO] [stdout]    |            ----------------- `ImageUploadResult` is not local
[INFO] [stdout]    |
[INFO] [stdout]    = note: the derive macro `Serialize` defines the non-local `impl`, and may need to be changed
[INFO] [stdout]    = note: the derive macro `Serialize` may come from an old version of the `serde_derive` crate, try updating your dependency with `cargo update -p serde_derive`
[INFO] [stdout]    = note: an `impl` is never scoped, even when it is nested inside an item, as it may impact type checking outside of that item, which can be the case if neither the trait or the self type are at the same nesting level as the `impl`
[INFO] [stdout]    = note: items in an anonymous const item (`const _: () = { ... }`) are treated as in the same scope as the anonymous const's declaration for the purpose of this lint
[INFO] [stdout]    = note: this warning originates in the derive macro `Serialize` (in Nightly builds, run with -Z macro-backtrace for more info)
[INFO] [stdout] 
[INFO] [stdout] 
[INFO] [stdout] warning: non-local `impl` definition, `impl` blocks should be written at the same level as their item
[INFO] [stdout]    --> src/http_handlers.rs:104:17
[INFO] [stdout]     |
[INFO] [stdout] 104 | #[derive(Debug, Deserialize)]
[INFO] [stdout]     |                 ^----------
[INFO] [stdout]     |                 |
[INFO] [stdout]     |                 `Deserialize` is not local
[INFO] [stdout]     |                 move the `impl` block outside of this constant `_IMPL_DESERIALIZE_FOR_ImageUploadRequest`
[INFO] [stdout] 105 | struct ImageUploadRequest {
[INFO] [stdout]     |        ------------------ `ImageUploadRequest` is not local
[INFO] [stdout]     |
[INFO] [stdout]     = note: the derive macro `Deserialize` defines the non-local `impl`, and may need to be changed
[INFO] [stdout]     = note: the derive macro `Deserialize` may come from an old version of the `serde_derive` crate, try updating your dependency with `cargo update -p serde_derive`
[INFO] [stdout]     = note: an `impl` is never scoped, even when it is nested inside an item, as it may impact type checking outside of that item, which can be the case if neither the trait or the self type are at the same nesting level as the `impl`
[INFO] [stdout]     = note: items in an anonymous const item (`const _: () = { ... }`) are treated as in the same scope as the anonymous const's declaration for the purpose of this lint
[INFO] [stdout]     = note: this warning originates in the derive macro `Deserialize` (in Nightly builds, run with -Z macro-backtrace for more info)
[INFO] [stdout] 
[INFO] [stdout] 
[INFO] [stdout] warning: non-binding let on a synchronization lock
[INFO] [stdout]    --> src/file_utils.rs:262:21
[INFO] [stdout]     |
[INFO] [stdout] 262 |                 let _ = mutex1.lock().unwrap();
[INFO] [stdout]     |                     ^ this lock is not assigned to a binding and is immediately dropped
[INFO] [stdout]     |
[INFO] [stdout]     = note: `#[warn(let_underscore_lock)]` on by default
[INFO] [stdout] help: consider binding to an unused variable to avoid immediately dropping the value
[INFO] [stdout]     |
[INFO] [stdout] 262 |                 let _unused = mutex1.lock().unwrap();
[INFO] [stdout]     |                     ~~~~~~~
[INFO] [stdout] help: consider immediately dropping the value
[INFO] [stdout]     |
[INFO] [stdout] 262 |                 drop(mutex1.lock().unwrap());
[INFO] [stdout]     |                 ~~~~~                      +
[INFO] [stdout] 
[INFO] [stdout] 
[INFO] [stdout] warning: non-binding let on a synchronization lock
[INFO] [stdout]    --> src/file_utils.rs:278:21
[INFO] [stdout]     |
[INFO] [stdout] 278 |                 let _ = mutex2.lock().unwrap();
[INFO] [stdout]     |                     ^ this lock is not assigned to a binding and is immediately dropped
[INFO] [stdout]     |
[INFO] [stdout] help: consider binding to an unused variable to avoid immediately dropping the value
[INFO] [stdout]     |
[INFO] [stdout] 278 |                 let _unused = mutex2.lock().unwrap();
[INFO] [stdout]     |                     ~~~~~~~
[INFO] [stdout] help: consider immediately dropping the value
[INFO] [stdout]     |
[INFO] [stdout] 278 |                 drop(mutex2.lock().unwrap());
[INFO] [stdout]     |                 ~~~~~                      +
[INFO] [stdout] 
[INFO] [stdout] 
[INFO] [stdout] warning: panic message is not a string literal
[INFO] [stdout]   --> src/http_handlers.rs:55:20
[INFO] [stdout]    |
[INFO] [stdout] 55 |             panic!(e);
[INFO] [stdout]    |                    ^
[INFO] [stdout]    |
[INFO] [stdout]    = note: this usage of `panic!()` is deprecated; it will be a hard error in Rust 2021
[INFO] [stdout]    = note: for more information, see <https://doc.rust-lang.org/nightly/edition-guide/rust-2021/panic-macro-consistency.html>
[INFO] [stdout]    = note: `#[warn(non_fmt_panics)]` on by default
[INFO] [stdout] help: add a "{}" format string to `Display` the message
[INFO] [stdout]    |
[INFO] [stdout] 55 |             panic!("{}", e);
[INFO] [stdout]    |                    +++++
[INFO] [stdout] help: or use std::panic::panic_any instead
[INFO] [stdout]    |
[INFO] [stdout] 55 |             std::panic::panic_any(e);
[INFO] [stdout]    |             ~~~~~~~~~~~~~~~~~~~~~
[INFO] [stdout] 
[INFO] [stdout] 
[INFO] [stdout] warning: non-local `impl` definition, `impl` blocks should be written at the same level as their item
[INFO] [stdout]   --> src/http_handlers.rs:95:17
[INFO] [stdout]    |
[INFO] [stdout] 95 | #[derive(Debug, Deserialize, Serialize)]
[INFO] [stdout]    |                 ^----------
[INFO] [stdout]    |                 |
[INFO] [stdout]    |                 `Deserialize` is not local
[INFO] [stdout]    |                 move the `impl` block outside of this constant `_IMPL_DESERIALIZE_FOR_ImageUploadResult`
[INFO] [stdout] 96 | pub struct ImageUploadResult {
[INFO] [stdout]    |            ----------------- `ImageUploadResult` is not local
[INFO] [stdout]    |
[INFO] [stdout]    = note: the derive macro `Deserialize` defines the non-local `impl`, and may need to be changed
[INFO] [stdout]    = note: the derive macro `Deserialize` may come from an old version of the `serde_derive` crate, try updating your dependency with `cargo update -p serde_derive`
[INFO] [stdout]    = note: an `impl` is never scoped, even when it is nested inside an item, as it may impact type checking outside of that item, which can be the case if neither the trait or the self type are at the same nesting level as the `impl`
[INFO] [stdout]    = note: items in an anonymous const item (`const _: () = { ... }`) are treated as in the same scope as the anonymous const's declaration for the purpose of this lint
[INFO] [stdout]    = note: `#[warn(non_local_definitions)]` on by default
[INFO] [stdout]    = note: this warning originates in the derive macro `Deserialize` (in Nightly builds, run with -Z macro-backtrace for more info)
[INFO] [stdout] 
[INFO] [stdout] 
[INFO] [stdout] warning: non-local `impl` definition, `impl` blocks should be written at the same level as their item
[INFO] [stdout]   --> src/http_handlers.rs:95:30
[INFO] [stdout]    |
[INFO] [stdout] 95 | #[derive(Debug, Deserialize, Serialize)]
[INFO] [stdout]    |                              ^--------
[INFO] [stdout]    |                              |
[INFO] [stdout]    |                              `Serialize` is not local
[INFO] [stdout]    |                              move the `impl` block outside of this constant `_IMPL_SERIALIZE_FOR_ImageUploadResult`
[INFO] [stdout] 96 | pub struct ImageUploadResult {
[INFO] [stdout]    |            ----------------- `ImageUploadResult` is not local
[INFO] [stdout]    |
[INFO] [stdout]    = note: the derive macro `Serialize` defines the non-local `impl`, and may need to be changed
[INFO] [stdout]    = note: the derive macro `Serialize` may come from an old version of the `serde_derive` crate, try updating your dependency with `cargo update -p serde_derive`
[INFO] [stdout]    = note: an `impl` is never scoped, even when it is nested inside an item, as it may impact type checking outside of that item, which can be the case if neither the trait or the self type are at the same nesting level as the `impl`
[INFO] [stdout]    = note: items in an anonymous const item (`const _: () = { ... }`) are treated as in the same scope as the anonymous const's declaration for the purpose of this lint
[INFO] [stdout]    = note: this warning originates in the derive macro `Serialize` (in Nightly builds, run with -Z macro-backtrace for more info)
[INFO] [stdout] 
[INFO] [stdout] 
[INFO] [stdout] warning: non-local `impl` definition, `impl` blocks should be written at the same level as their item
[INFO] [stdout]    --> src/http_handlers.rs:104:17
[INFO] [stdout]     |
[INFO] [stdout] 104 | #[derive(Debug, Deserialize)]
[INFO] [stdout]     |                 ^----------
[INFO] [stdout]     |                 |
[INFO] [stdout]     |                 `Deserialize` is not local
[INFO] [stdout]     |                 move the `impl` block outside of this constant `_IMPL_DESERIALIZE_FOR_ImageUploadRequest`
[INFO] [stdout] 105 | struct ImageUploadRequest {
[INFO] [stdout]     |        ------------------ `ImageUploadRequest` is not local
[INFO] [stdout]     |
[INFO] [stdout]     = note: the derive macro `Deserialize` defines the non-local `impl`, and may need to be changed
[INFO] [stdout]     = note: the derive macro `Deserialize` may come from an old version of the `serde_derive` crate, try updating your dependency with `cargo update -p serde_derive`
[INFO] [stdout]     = note: an `impl` is never scoped, even when it is nested inside an item, as it may impact type checking outside of that item, which can be the case if neither the trait or the self type are at the same nesting level as the `impl`
[INFO] [stdout]     = note: items in an anonymous const item (`const _: () = { ... }`) are treated as in the same scope as the anonymous const's declaration for the purpose of this lint
[INFO] [stdout]     = note: this warning originates in the derive macro `Deserialize` (in Nightly builds, run with -Z macro-backtrace for more info)
[INFO] [stdout] 
[INFO] [stdout] 
[INFO] [stderr]     Finished `test` profile [unoptimized + debuginfo] target(s) in 11.03s
[INFO] [stderr] warning: the following packages contain code that will be rejected by a future version of Rust: buf_redux v0.8.1, multipart v0.15.4, traitobject v0.1.0, typemap v0.3.3
[INFO] [stderr] note: to see what the problems were, use the option `--future-incompat-report`, or run `cargo report future-incompatibilities --id 1`
[INFO] running `Command { std: "docker" "inspect" "526a0de373c5e9ab4e2ef41465a001b1b69cdfee0051f1226a57f8a4fc8f35a3", kill_on_drop: false }`
[INFO] running `Command { std: "docker" "rm" "-f" "526a0de373c5e9ab4e2ef41465a001b1b69cdfee0051f1226a57f8a4fc8f35a3", kill_on_drop: false }`
[INFO] [stdout] 526a0de373c5e9ab4e2ef41465a001b1b69cdfee0051f1226a57f8a4fc8f35a3
[INFO] running `Command { std: "docker" "create" "-v" "/var/lib/crater-agent-workspace/builds/worker-4-tc1/target:/opt/rustwide/target:rw,Z" "-v" "/var/lib/crater-agent-workspace/builds/worker-4-tc1/source:/opt/rustwide/workdir:ro,Z" "-v" "/var/lib/crater-agent-workspace/cargo-home:/opt/rustwide/cargo-home:ro,Z" "-v" "/var/lib/crater-agent-workspace/rustup-home:/opt/rustwide/rustup-home:ro,Z" "-e" "SOURCE_DIR=/opt/rustwide/workdir" "-e" "CARGO_TARGET_DIR=/opt/rustwide/target" "-e" "CARGO_INCREMENTAL=0" "-e" "RUST_BACKTRACE=full" "-e" "RUSTFLAGS=--cap-lints=warn" "-e" "RUSTDOCFLAGS=--cap-lints=warn" "-e" "CARGO_HOME=/opt/rustwide/cargo-home" "-e" "RUSTUP_HOME=/opt/rustwide/rustup-home" "-w" "/opt/rustwide/workdir" "-m" "1610612736" "--user" "0:0" "--network" "none" "ghcr.io/rust-lang/crates-build-env/linux@sha256:f3a9d4ad9d972b27faf3965f35b62e55ba32bbce8f20bc8fe909558a86702fde" "/opt/rustwide/cargo-home/bin/cargo" "+1.83.0" "test" "--frozen", kill_on_drop: false }`
[INFO] [stdout] 78e58333505e812f4f157180d14821c86ef03ada21221c12a5cc74aa5378cec9
[INFO] running `Command { std: "docker" "start" "-a" "78e58333505e812f4f157180d14821c86ef03ada21221c12a5cc74aa5378cec9", kill_on_drop: false }`
[INFO] [stderr] warning: panic message is not a string literal
[INFO] [stderr]   --> src/http_handlers.rs:55:20
[INFO] [stderr]    |
[INFO] [stderr] 55 |             panic!(e);
[INFO] [stderr]    |                    ^
[INFO] [stderr]    |
[INFO] [stderr]    = note: this usage of `panic!()` is deprecated; it will be a hard error in Rust 2021
[INFO] [stderr]    = note: for more information, see <https://doc.rust-lang.org/nightly/edition-guide/rust-2021/panic-macro-consistency.html>
[INFO] [stderr]    = note: `#[warn(non_fmt_panics)]` on by default
[INFO] [stderr] help: add a "{}" format string to `Display` the message
[INFO] [stderr]    |
[INFO] [stderr] 55 |             panic!("{}", e);
[INFO] [stderr]    |                    +++++
[INFO] [stderr] help: or use std::panic::panic_any instead
[INFO] [stderr]    |
[INFO] [stderr] 55 |             std::panic::panic_any(e);
[INFO] [stderr]    |             ~~~~~~~~~~~~~~~~~~~~~
[INFO] [stderr] 
[INFO] [stderr] warning: non-local `impl` definition, `impl` blocks should be written at the same level as their item
[INFO] [stderr]   --> src/http_handlers.rs:95:17
[INFO] [stderr]    |
[INFO] [stderr] 95 | #[derive(Debug, Deserialize, Serialize)]
[INFO] [stderr]    |                 ^----------
[INFO] [stderr]    |                 |
[INFO] [stderr]    |                 `Deserialize` is not local
[INFO] [stderr]    |                 move the `impl` block outside of this constant `_IMPL_DESERIALIZE_FOR_ImageUploadResult`
[INFO] [stderr] 96 | pub struct ImageUploadResult {
[INFO] [stderr]    |            ----------------- `ImageUploadResult` is not local
[INFO] [stderr]    |
[INFO] [stderr]    = note: the derive macro `Deserialize` defines the non-local `impl`, and may need to be changed
[INFO] [stderr]    = note: the derive macro `Deserialize` may come from an old version of the `serde_derive` crate, try updating your dependency with `cargo update -p serde_derive`
[INFO] [stderr]    = note: an `impl` is never scoped, even when it is nested inside an item, as it may impact type checking outside of that item, which can be the case if neither the trait or the self type are at the same nesting level as the `impl`
[INFO] [stderr]    = note: items in an anonymous const item (`const _: () = { ... }`) are treated as in the same scope as the anonymous const's declaration for the purpose of this lint
[INFO] [stderr]    = note: `#[warn(non_local_definitions)]` on by default
[INFO] [stderr]    = note: this warning originates in the derive macro `Deserialize` (in Nightly builds, run with -Z macro-backtrace for more info)
[INFO] [stderr] 
[INFO] [stderr] warning: non-local `impl` definition, `impl` blocks should be written at the same level as their item
[INFO] [stderr]   --> src/http_handlers.rs:95:30
[INFO] [stderr]    |
[INFO] [stderr] 95 | #[derive(Debug, Deserialize, Serialize)]
[INFO] [stderr]    |                              ^--------
[INFO] [stderr]    |                              |
[INFO] [stderr]    |                              `Serialize` is not local
[INFO] [stderr]    |                              move the `impl` block outside of this constant `_IMPL_SERIALIZE_FOR_ImageUploadResult`
[INFO] [stderr] 96 | pub struct ImageUploadResult {
[INFO] [stderr]    |            ----------------- `ImageUploadResult` is not local
[INFO] [stderr]    |
[INFO] [stderr]    = note: the derive macro `Serialize` defines the non-local `impl`, and may need to be changed
[INFO] [stderr]    = note: the derive macro `Serialize` may come from an old version of the `serde_derive` crate, try updating your dependency with `cargo update -p serde_derive`
[INFO] [stderr]    = note: an `impl` is never scoped, even when it is nested inside an item, as it may impact type checking outside of that item, which can be the case if neither the trait or the self type are at the same nesting level as the `impl`
[INFO] [stderr]    = note: items in an anonymous const item (`const _: () = { ... }`) are treated as in the same scope as the anonymous const's declaration for the purpose of this lint
[INFO] [stderr]    = note: this warning originates in the derive macro `Serialize` (in Nightly builds, run with -Z macro-backtrace for more info)
[INFO] [stderr] 
[INFO] [stderr] warning: non-local `impl` definition, `impl` blocks should be written at the same level as their item
[INFO] [stderr]    --> src/http_handlers.rs:104:17
[INFO] [stderr]     |
[INFO] [stderr] 104 | #[derive(Debug, Deserialize)]
[INFO] [stderr]     |                 ^----------
[INFO] [stderr]     |                 |
[INFO] [stderr]     |                 `Deserialize` is not local
[INFO] [stderr]     |                 move the `impl` block outside of this constant `_IMPL_DESERIALIZE_FOR_ImageUploadRequest`
[INFO] [stderr] 105 | struct ImageUploadRequest {
[INFO] [stderr]     |        ------------------ `ImageUploadRequest` is not local
[INFO] [stderr]     |
[INFO] [stderr]     = note: the derive macro `Deserialize` defines the non-local `impl`, and may need to be changed
[INFO] [stderr]     = note: the derive macro `Deserialize` may come from an old version of the `serde_derive` crate, try updating your dependency with `cargo update -p serde_derive`
[INFO] [stderr]     = note: an `impl` is never scoped, even when it is nested inside an item, as it may impact type checking outside of that item, which can be the case if neither the trait or the self type are at the same nesting level as the `impl`
[INFO] [stderr]     = note: items in an anonymous const item (`const _: () = { ... }`) are treated as in the same scope as the anonymous const's declaration for the purpose of this lint
[INFO] [stderr]     = note: this warning originates in the derive macro `Deserialize` (in Nightly builds, run with -Z macro-backtrace for more info)
[INFO] [stderr] 
[INFO] [stderr] warning: non-binding let on a synchronization lock
[INFO] [stderr]    --> src/file_utils.rs:262:21
[INFO] [stderr]     |
[INFO] [stderr] 262 |                 let _ = mutex1.lock().unwrap();
[INFO] [stderr]     |                     ^ this lock is not assigned to a binding and is immediately dropped
[INFO] [stderr]     |
[INFO] [stderr]     = note: `#[warn(let_underscore_lock)]` on by default
[INFO] [stderr] help: consider binding to an unused variable to avoid immediately dropping the value
[INFO] [stderr]     |
[INFO] [stderr] 262 |                 let _unused = mutex1.lock().unwrap();
[INFO] [stderr]     |                     ~~~~~~~
[INFO] [stderr] help: consider immediately dropping the value
[INFO] [stderr]     |
[INFO] [stderr] 262 |                 drop(mutex1.lock().unwrap());
[INFO] [stderr]     |                 ~~~~~                      +
[INFO] [stderr] 
[INFO] [stderr] warning: non-binding let on a synchronization lock
[INFO] [stderr]    --> src/file_utils.rs:278:21
[INFO] [stderr]     |
[INFO] [stderr] 278 |                 let _ = mutex2.lock().unwrap();
[INFO] [stderr]     |                     ^ this lock is not assigned to a binding and is immediately dropped
[INFO] [stderr]     |
[INFO] [stderr] help: consider binding to an unused variable to avoid immediately dropping the value
[INFO] [stderr]     |
[INFO] [stderr] 278 |                 let _unused = mutex2.lock().unwrap();
[INFO] [stderr]     |                     ~~~~~~~
[INFO] [stderr] help: consider immediately dropping the value
[INFO] [stderr]     |
[INFO] [stderr] 278 |                 drop(mutex2.lock().unwrap());
[INFO] [stderr]     |                 ~~~~~                      +
[INFO] [stderr] 
[INFO] [stderr] warning: `trlogic_test` (lib) generated 4 warnings (run `cargo fix --lib -p trlogic_test` to apply 1 suggestion)
[INFO] [stderr] warning: `trlogic_test` (lib test) generated 6 warnings (4 duplicates) (run `cargo fix --lib -p trlogic_test --tests` to apply 2 suggestions)
[INFO] [stderr]     Finished `test` profile [unoptimized + debuginfo] target(s) in 0.22s
[INFO] [stderr] warning: the following packages contain code that will be rejected by a future version of Rust: buf_redux v0.8.1, multipart v0.15.4, traitobject v0.1.0, typemap v0.3.3
[INFO] [stderr] note: to see what the problems were, use the option `--future-incompat-report`, or run `cargo report future-incompatibilities --id 1`
[INFO] [stderr]      Running unittests src/lib.rs (/opt/rustwide/target/debug/deps/trlogic_test-e8cfe34411ed09f3)
[INFO] [stdout] 
[INFO] [stdout] running 10 tests
[INFO] [stdout] test http_handlers::tests::test_image_from_base64_data ... ok
[INFO] [stdout] test http_handlers::tests::test_handle_images_json_get ... ok
[INFO] [stdout] test http_handlers::tests::test_image_from_multipart_field ... ok
[INFO] [stdout] test file_utils::tests::test_normalize_image_filename ... ok
[INFO] [stdout] test http_handlers::tests::test_handle_multipart_images_post ... ok
[INFO] [stdout] test file_utils::tests::test_write_image_data ... ok
[INFO] [stdout] test http_handlers::tests::test_image_from_url ... FAILED
[INFO] [stdout] test http_handlers::tests::handle_json_images_post ... ok
[INFO] [stdout] test http_handlers::tests::test_route_images_post_by_content_type ... ok
[INFO] [stdout] test http_handlers::tests::test_image_from_url_self_hosted ... ok
[INFO] [stdout] 
[INFO] [stdout] failures:
[INFO] [stdout] 
[INFO] [stdout] ---- http_handlers::tests::test_image_from_url stdout ----
[INFO] [stdout] thread 'http_handlers::tests::test_image_from_url' panicked at src/http_handlers.rs:483:23:
[INFO] [stdout] assertion `left == right` failed
[INFO] [stdout]   left: "failed to lookup address information: Temporary failure in name resolution"
[INFO] [stdout]  right: "not an image"
[INFO] [stdout] stack backtrace:
[INFO] [stdout]    0:     0x62ac7b3f30ba - std::backtrace_rs::backtrace::libunwind::trace::h5a5b8284f2d0c266
[INFO] [stdout]                                at /rustc/90b35a6239c3d8bdabc530a6a0816f7ff89a0aaf/library/std/src/../../backtrace/src/backtrace/libunwind.rs:116:5
[INFO] [stdout]    1:     0x62ac7b3f30ba - std::backtrace_rs::backtrace::trace_unsynchronized::h76d4f1c9b0b875e3
[INFO] [stdout]                                at /rustc/90b35a6239c3d8bdabc530a6a0816f7ff89a0aaf/library/std/src/../../backtrace/src/backtrace/mod.rs:66:5
[INFO] [stdout]    2:     0x62ac7b3f30ba - std::sys::backtrace::_print_fmt::hc4546b8364a537c6
[INFO] [stdout]                                at /rustc/90b35a6239c3d8bdabc530a6a0816f7ff89a0aaf/library/std/src/sys/backtrace.rs:66:9
[INFO] [stdout]    3:     0x62ac7b3f30ba - <std::sys::backtrace::BacktraceLock::print::DisplayBacktrace as core::fmt::Display>::fmt::h5b6bd5631a6d1f6b
[INFO] [stdout]                                at /rustc/90b35a6239c3d8bdabc530a6a0816f7ff89a0aaf/library/std/src/sys/backtrace.rs:39:26
[INFO] [stdout]    4:     0x62ac7b41de73 - core::fmt::rt::Argument::fmt::h270f6602a2b96f62
[INFO] [stdout]                                at /rustc/90b35a6239c3d8bdabc530a6a0816f7ff89a0aaf/library/core/src/fmt/rt.rs:177:76
[INFO] [stdout]    5:     0x62ac7b41de73 - core::fmt::write::h7550c97b06c86515
[INFO] [stdout]                                at /rustc/90b35a6239c3d8bdabc530a6a0816f7ff89a0aaf/library/core/src/fmt/mod.rs:1186:21
[INFO] [stdout]    6:     0x62ac7b3ef523 - std::io::Write::write_fmt::h509ff860e5956e5e
[INFO] [stdout]                                at /rustc/90b35a6239c3d8bdabc530a6a0816f7ff89a0aaf/library/std/src/io/mod.rs:1839:15
[INFO] [stdout]    7:     0x62ac7b3f2f02 - std::sys::backtrace::BacktraceLock::print::h2395ccd2c84ba3aa
[INFO] [stdout]                                at /rustc/90b35a6239c3d8bdabc530a6a0816f7ff89a0aaf/library/std/src/sys/backtrace.rs:42:9
[INFO] [stdout]    8:     0x62ac7b3f451a - std::panicking::default_hook::{{closure}}::he19d4c7230e07961
[INFO] [stdout]                                at /rustc/90b35a6239c3d8bdabc530a6a0816f7ff89a0aaf/library/std/src/panicking.rs:268:22
[INFO] [stdout]    9:     0x62ac7b3f4324 - std::panicking::default_hook::hf614597d3c67bbdb
[INFO] [stdout]                                at /rustc/90b35a6239c3d8bdabc530a6a0816f7ff89a0aaf/library/std/src/panicking.rs:292:9
[INFO] [stdout]   10:     0x62ac7af0aa29 - <alloc::boxed::Box<F,A> as core::ops::function::Fn<Args>>::call::h39b51ce4599c23d1
[INFO] [stdout]                                at /rustc/90b35a6239c3d8bdabc530a6a0816f7ff89a0aaf/library/alloc/src/boxed.rs:2468:9
[INFO] [stdout]   11:     0x62ac7af0aa29 - test::test_main::{{closure}}::he977ae839a582784
[INFO] [stdout]                                at /rustc/90b35a6239c3d8bdabc530a6a0816f7ff89a0aaf/library/test/src/lib.rs:133:21
[INFO] [stdout]   12:     0x62ac7b3f4bb8 - <alloc::boxed::Box<F,A> as core::ops::function::Fn<Args>>::call::h9455091b6b06f9fb
[INFO] [stdout]                                at /rustc/90b35a6239c3d8bdabc530a6a0816f7ff89a0aaf/library/alloc/src/boxed.rs:2468:9
[INFO] [stdout]   13:     0x62ac7b3f4bb8 - std::panicking::rust_panic_with_hook::h8942133a8b252070
[INFO] [stdout]                                at /rustc/90b35a6239c3d8bdabc530a6a0816f7ff89a0aaf/library/std/src/panicking.rs:809:13
[INFO] [stdout]   14:     0x62ac7b3f497a - std::panicking::begin_panic_handler::{{closure}}::hb5f5963570096b29
[INFO] [stdout]                                at /rustc/90b35a6239c3d8bdabc530a6a0816f7ff89a0aaf/library/std/src/panicking.rs:674:13
[INFO] [stdout]   15:     0x62ac7b3f3599 - std::sys::backtrace::__rust_end_short_backtrace::h6208cedc1922feda
[INFO] [stdout]                                at /rustc/90b35a6239c3d8bdabc530a6a0816f7ff89a0aaf/library/std/src/sys/backtrace.rs:170:18
[INFO] [stdout]   16:     0x62ac7b3f460c - rust_begin_unwind
[INFO] [stdout]                                at /rustc/90b35a6239c3d8bdabc530a6a0816f7ff89a0aaf/library/std/src/panicking.rs:665:5
[INFO] [stdout]   17:     0x62ac7ae383c0 - core::panicking::panic_fmt::h0c3082644d1bf418
[INFO] [stdout]                                at /rustc/90b35a6239c3d8bdabc530a6a0816f7ff89a0aaf/library/core/src/panicking.rs:74:14
[INFO] [stdout]   18:     0x62ac7ae387c4 - core::panicking::assert_failed_inner::h2ddf1fcc067fa858
[INFO] [stdout]   19:     0x62ac7ae72e05 - core::panicking::assert_failed::hcc2832b5c74c9a5d
[INFO] [stdout]                                at /rustc/90b35a6239c3d8bdabc530a6a0816f7ff89a0aaf/library/core/src/panicking.rs:367:5
[INFO] [stdout]   20:     0x62ac7ae9e14f - trlogic_test::http_handlers::tests::test_image_from_url::h112fb2933838a487
[INFO] [stdout]                                at /opt/rustwide/workdir/src/http_handlers.rs:483:23
[INFO] [stdout]   21:     0x62ac7ae9dc87 - trlogic_test::http_handlers::tests::test_image_from_url::{{closure}}::h4fe36d26a3740928
[INFO] [stdout]                                at /opt/rustwide/workdir/src/http_handlers.rs:467:29
[INFO] [stdout]   22:     0x62ac7aecc7a6 - core::ops::function::FnOnce::call_once::he55dfe73fc392135
[INFO] [stdout]                                at /rustc/90b35a6239c3d8bdabc530a6a0816f7ff89a0aaf/library/core/src/ops/function.rs:250:5
[INFO] [stdout]   23:     0x62ac7af0f3eb - core::ops::function::FnOnce::call_once::h109cf8051a59b34e
[INFO] [stdout]                                at /rustc/90b35a6239c3d8bdabc530a6a0816f7ff89a0aaf/library/core/src/ops/function.rs:250:5
[INFO] [stdout]   24:     0x62ac7af0f3eb - test::__rust_begin_short_backtrace::hf4fff89d377446ba
[INFO] [stdout]                                at /rustc/90b35a6239c3d8bdabc530a6a0816f7ff89a0aaf/library/test/src/lib.rs:621:18
[INFO] [stdout]   25:     0x62ac7af0ec27 - test::run_test_in_process::{{closure}}::h0e39181dd7ee5a43
[INFO] [stdout]                                at /rustc/90b35a6239c3d8bdabc530a6a0816f7ff89a0aaf/library/test/src/lib.rs:644:60
[INFO] [stdout]   26:     0x62ac7af0ec27 - <core::panic::unwind_safe::AssertUnwindSafe<F> as core::ops::function::FnOnce<()>>::call_once::hc5a66a30f0bdfd1f
[INFO] [stdout]                                at /rustc/90b35a6239c3d8bdabc530a6a0816f7ff89a0aaf/library/core/src/panic/unwind_safe.rs:272:9
[INFO] [stdout]   27:     0x62ac7af0ec27 - std::panicking::try::do_call::h873b7cf639554a5e
[INFO] [stdout]                                at /rustc/90b35a6239c3d8bdabc530a6a0816f7ff89a0aaf/library/std/src/panicking.rs:557:40
[INFO] [stdout]   28:     0x62ac7af0ec27 - std::panicking::try::hdb19862fad9c8bd1
[INFO] [stdout]                                at /rustc/90b35a6239c3d8bdabc530a6a0816f7ff89a0aaf/library/std/src/panicking.rs:520:19
[INFO] [stdout]   29:     0x62ac7af0ec27 - std::panic::catch_unwind::h281fe732d236d260
[INFO] [stdout]                                at /rustc/90b35a6239c3d8bdabc530a6a0816f7ff89a0aaf/library/std/src/panic.rs:358:14
[INFO] [stdout]   30:     0x62ac7af0ec27 - test::run_test_in_process::h949b6df8457ed338
[INFO] [stdout]                                at /rustc/90b35a6239c3d8bdabc530a6a0816f7ff89a0aaf/library/test/src/lib.rs:644:27
[INFO] [stdout]   31:     0x62ac7af0ec27 - test::run_test::{{closure}}::h52c556a6d4740e10
[INFO] [stdout]                                at /rustc/90b35a6239c3d8bdabc530a6a0816f7ff89a0aaf/library/test/src/lib.rs:565:43
[INFO] [stdout]   32:     0x62ac7aed3f04 - test::run_test::{{closure}}::h4237f6381c45ccb9
[INFO] [stdout]                                at /rustc/90b35a6239c3d8bdabc530a6a0816f7ff89a0aaf/library/test/src/lib.rs:595:41
[INFO] [stdout]   33:     0x62ac7aed3f04 - std::sys::backtrace::__rust_begin_short_backtrace::h505c97a579eca628
[INFO] [stdout]                                at /rustc/90b35a6239c3d8bdabc530a6a0816f7ff89a0aaf/library/std/src/sys/backtrace.rs:154:18
[INFO] [stdout]   34:     0x62ac7aed75ce - std::thread::Builder::spawn_unchecked_::{{closure}}::{{closure}}::h9e86b2e2bc107ea3
[INFO] [stdout]                                at /rustc/90b35a6239c3d8bdabc530a6a0816f7ff89a0aaf/library/std/src/thread/mod.rs:538:17
[INFO] [stdout]   35:     0x62ac7aed75ce - <core::panic::unwind_safe::AssertUnwindSafe<F> as core::ops::function::FnOnce<()>>::call_once::h8b06ddb275ff4a25
[INFO] [stdout]                                at /rustc/90b35a6239c3d8bdabc530a6a0816f7ff89a0aaf/library/core/src/panic/unwind_safe.rs:272:9
[INFO] [stdout]   36:     0x62ac7aed75ce - std::panicking::try::do_call::hb26ecd7cd9a9355d
[INFO] [stdout]                                at /rustc/90b35a6239c3d8bdabc530a6a0816f7ff89a0aaf/library/std/src/panicking.rs:557:40
[INFO] [stdout]   37:     0x62ac7aed75ce - std::panicking::try::h8ddeca9d705f9069
[INFO] [stdout]                                at /rustc/90b35a6239c3d8bdabc530a6a0816f7ff89a0aaf/library/std/src/panicking.rs:520:19
[INFO] [stdout]   38:     0x62ac7aed75ce - std::panic::catch_unwind::h49e1c33078844c46
[INFO] [stdout]                                at /rustc/90b35a6239c3d8bdabc530a6a0816f7ff89a0aaf/library/std/src/panic.rs:358:14
[INFO] [stdout]   39:     0x62ac7aed75ce - std::thread::Builder::spawn_unchecked_::{{closure}}::h6073db6ff56ad35d
[INFO] [stdout]                                at /rustc/90b35a6239c3d8bdabc530a6a0816f7ff89a0aaf/library/std/src/thread/mod.rs:537:30
[INFO] [stdout]   40:     0x62ac7aed75ce - core::ops::function::FnOnce::call_once{{vtable.shim}}::h2c5a5f3779c774f1
[INFO] [stdout]                                at /rustc/90b35a6239c3d8bdabc530a6a0816f7ff89a0aaf/library/core/src/ops/function.rs:250:5
[INFO] [stdout]   41:     0x62ac7b3f965b - <alloc::boxed::Box<F,A> as core::ops::function::FnOnce<Args>>::call_once::hf75717d9f28faebf
[INFO] [stdout]                                at /rustc/90b35a6239c3d8bdabc530a6a0816f7ff89a0aaf/library/alloc/src/boxed.rs:2454:9
[INFO] [stdout]   42:     0x62ac7b3f965b - <alloc::boxed::Box<F,A> as core::ops::function::FnOnce<Args>>::call_once::h7bd883a5f3c5f3c1
[INFO] [stdout]                                at /rustc/90b35a6239c3d8bdabc530a6a0816f7ff89a0aaf/library/alloc/src/boxed.rs:2454:9
[INFO] [stdout]   43:     0x62ac7b3f965b - std::sys::pal::unix::thread::Thread::new::thread_start::hcc78f3943333fa94
[INFO] [stdout]                                at /rustc/90b35a6239c3d8bdabc530a6a0816f7ff89a0aaf/library/std/src/sys/pal/unix/thread.rs:105:17
[INFO] [stdout]   44:     0x7918f762fac3 - <unknown>
[INFO] [stdout]   45:     0x7918f76c0a04 - clone
[INFO] [stdout]   46:                0x0 - <unknown>
[INFO] [stdout] 
[INFO] [stdout] 
[INFO] [stdout] failures:
[INFO] [stdout]     http_handlers::tests::test_image_from_url
[INFO] [stdout] 
[INFO] [stdout] test result: FAILED. 9 passed; 1 failed; 0 ignored; 0 measured; 0 filtered out; finished in 2.07s
[INFO] [stdout] 
[INFO] [stderr] error: test failed, to rerun pass `--lib`
[INFO] running `Command { std: "docker" "inspect" "78e58333505e812f4f157180d14821c86ef03ada21221c12a5cc74aa5378cec9", kill_on_drop: false }`
[INFO] running `Command { std: "docker" "rm" "-f" "78e58333505e812f4f157180d14821c86ef03ada21221c12a5cc74aa5378cec9", kill_on_drop: false }`
[INFO] [stdout] 78e58333505e812f4f157180d14821c86ef03ada21221c12a5cc74aa5378cec9
