[INFO] cloning repository https://github.com/korewaChino/urusai
[INFO] running `Command { std: "git" "-c" "credential.helper=" "-c" "credential.helper=/workspace/cargo-home/bin/git-credential-null" "clone" "--bare" "https://github.com/korewaChino/urusai" "/workspace/cache/git-repos/https%3A%2F%2Fgithub.com%2FkorewaChino%2Furusai", kill_on_drop: false }`
[INFO] [stderr] Cloning into bare repository '/workspace/cache/git-repos/https%3A%2F%2Fgithub.com%2FkorewaChino%2Furusai'...
[INFO] running `Command { std: "git" "rev-parse" "HEAD", kill_on_drop: false }`
[INFO] [stdout] e3096cf21bf6a20fb209923b2ab4a673ce68f344
[INFO] testing korewaChino/urusai against 1.83.0 for beta-1.84.0-4-retry
[INFO] running `Command { std: "git" "clone" "/workspace/cache/git-repos/https%3A%2F%2Fgithub.com%2FkorewaChino%2Furusai" "/workspace/builds/worker-7-tc1/source", kill_on_drop: false }`
[INFO] [stderr] Cloning into '/workspace/builds/worker-7-tc1/source'...
[INFO] [stderr] done.
[INFO] validating manifest of git repo https://github.com/korewaChino/urusai on toolchain 1.83.0
[INFO] running `Command { std: CARGO_HOME="/workspace/cargo-home" RUSTUP_HOME="/workspace/rustup-home" "/workspace/cargo-home/bin/cargo" "+1.83.0" "metadata" "--manifest-path" "Cargo.toml" "--no-deps", kill_on_drop: false }`
[INFO] started tweaking git repo https://github.com/korewaChino/urusai
[INFO] finished tweaking git repo https://github.com/korewaChino/urusai
[INFO] tweaked toml for git repo https://github.com/korewaChino/urusai written to /workspace/builds/worker-7-tc1/source/Cargo.toml
[INFO] crate git repo https://github.com/korewaChino/urusai already has a lockfile, it will not be regenerated
[INFO] running `Command { std: CARGO_HOME="/workspace/cargo-home" RUSTUP_HOME="/workspace/rustup-home" "/workspace/cargo-home/bin/cargo" "+1.83.0" "fetch" "--manifest-path" "Cargo.toml", kill_on_drop: false }`
[INFO] [stderr]     Updating git repository `https://github.com/serenity-rs/songbird`
[INFO] [stderr]     Updating git repository `https://github.com/serenity-rs/serenity`
[INFO] [stderr]  Downloading crates ...
[INFO] [stderr]   Downloaded command_attr v0.4.0
[INFO] [stderr]   Downloaded serde_repr v0.1.8
[INFO] [stderr]   Downloaded symphonia-core v0.5.0
[INFO] [stderr]   Downloaded serenity v0.11.2
[INFO] running `Command { std: "docker" "create" "-v" "/var/lib/crater-agent-workspace/builds/worker-7-tc1/target:/opt/rustwide/target:rw,Z" "-v" "/var/lib/crater-agent-workspace/builds/worker-7-tc1/source:/opt/rustwide/workdir:ro,Z" "-v" "/var/lib/crater-agent-workspace/cargo-home:/opt/rustwide/cargo-home:ro,Z" "-v" "/var/lib/crater-agent-workspace/rustup-home:/opt/rustwide/rustup-home:ro,Z" "-e" "SOURCE_DIR=/opt/rustwide/workdir" "-e" "CARGO_TARGET_DIR=/opt/rustwide/target" "-e" "CARGO_HOME=/opt/rustwide/cargo-home" "-e" "RUSTUP_HOME=/opt/rustwide/rustup-home" "-w" "/opt/rustwide/workdir" "-m" "1610612736" "--user" "0:0" "--network" "none" "ghcr.io/rust-lang/crates-build-env/linux@sha256:f3a9d4ad9d972b27faf3965f35b62e55ba32bbce8f20bc8fe909558a86702fde" "/opt/rustwide/cargo-home/bin/cargo" "+1.83.0" "metadata" "--no-deps" "--format-version=1", kill_on_drop: false }`
[INFO] [stdout] 70e0c0ac1db58ba3a2fbcc47e8a52f04d3cd598df0f9ba343b5d35d90edae841
[INFO] running `Command { std: "docker" "start" "-a" "70e0c0ac1db58ba3a2fbcc47e8a52f04d3cd598df0f9ba343b5d35d90edae841", kill_on_drop: false }`
[INFO] running `Command { std: "docker" "inspect" "70e0c0ac1db58ba3a2fbcc47e8a52f04d3cd598df0f9ba343b5d35d90edae841", kill_on_drop: false }`
[INFO] running `Command { std: "docker" "rm" "-f" "70e0c0ac1db58ba3a2fbcc47e8a52f04d3cd598df0f9ba343b5d35d90edae841", kill_on_drop: false }`
[INFO] [stdout] 70e0c0ac1db58ba3a2fbcc47e8a52f04d3cd598df0f9ba343b5d35d90edae841
[INFO] running `Command { std: "docker" "create" "-v" "/var/lib/crater-agent-workspace/builds/worker-7-tc1/target:/opt/rustwide/target:rw,Z" "-v" "/var/lib/crater-agent-workspace/builds/worker-7-tc1/source:/opt/rustwide/workdir:ro,Z" "-v" "/var/lib/crater-agent-workspace/cargo-home:/opt/rustwide/cargo-home:ro,Z" "-v" "/var/lib/crater-agent-workspace/rustup-home:/opt/rustwide/rustup-home:ro,Z" "-e" "SOURCE_DIR=/opt/rustwide/workdir" "-e" "CARGO_TARGET_DIR=/opt/rustwide/target" "-e" "CARGO_INCREMENTAL=0" "-e" "RUST_BACKTRACE=full" "-e" "RUSTFLAGS=--cap-lints=warn" "-e" "RUSTDOCFLAGS=--cap-lints=warn" "-e" "CARGO_HOME=/opt/rustwide/cargo-home" "-e" "RUSTUP_HOME=/opt/rustwide/rustup-home" "-w" "/opt/rustwide/workdir" "-m" "1610612736" "--user" "0:0" "--network" "none" "ghcr.io/rust-lang/crates-build-env/linux@sha256:f3a9d4ad9d972b27faf3965f35b62e55ba32bbce8f20bc8fe909558a86702fde" "/opt/rustwide/cargo-home/bin/cargo" "+1.83.0" "build" "--frozen" "--message-format=json", kill_on_drop: false }`
[INFO] [stdout] 45a94ea0d7b89f7d691e960e81481f043cf3c93cc4c1d337a8437f23d4399df4
[INFO] running `Command { std: "docker" "start" "-a" "45a94ea0d7b89f7d691e960e81481f043cf3c93cc4c1d337a8437f23d4399df4", kill_on_drop: false }`
[INFO] [stderr]    Compiling libc v0.2.126
[INFO] [stderr]    Compiling proc-macro2 v1.0.39
[INFO] [stderr]    Compiling unicode-ident v1.0.1
[INFO] [stderr]    Compiling syn v1.0.96
[INFO] [stderr]    Compiling once_cell v1.12.0
[INFO] [stderr]    Compiling cc v1.0.73
[INFO] [stderr]    Compiling memchr v2.5.0
[INFO] [stderr]    Compiling pin-project-lite v0.2.9
[INFO] [stderr]    Compiling log v0.4.17
[INFO] [stderr]    Compiling lock_api v0.4.7
[INFO] [stderr]    Compiling serde_derive v1.0.137
[INFO] [stderr]    Compiling futures-core v0.3.21
[INFO] [stderr]    Compiling scopeguard v1.1.0
[INFO] [stderr]    Compiling bytes v1.1.0
[INFO] [stderr]    Compiling smallvec v1.8.0
[INFO] [stderr]    Compiling spin v0.5.2
[INFO] [stderr]    Compiling untrusted v0.7.1
[INFO] [stderr]    Compiling typenum v1.15.0
[INFO] [stderr]    Compiling pkg-config v0.3.25
[INFO] [stderr]    Compiling generic-array v0.14.5
[INFO] [stderr]    Compiling quote v1.0.18
[INFO] [stderr]    Compiling socket2 v0.4.4
[INFO] [stderr]    Compiling ring v0.16.20
[INFO] [stderr]    Compiling num_cpus v1.13.1
[INFO] [stderr]    Compiling parking_lot_core v0.9.3
[INFO] [stderr]    Compiling futures-task v0.3.21
[INFO] [stderr]    Compiling itoa v1.0.2
[INFO] [stderr]    Compiling serde v1.0.137
[INFO] [stderr]    Compiling slab v0.4.6
[INFO] [stderr]    Compiling signal-hook-registry v1.4.0
[INFO] [stderr]    Compiling mio v0.8.3
[INFO] [stderr]    Compiling getrandom v0.2.7
[INFO] [stderr]    Compiling parking_lot v0.12.1
[INFO] [stderr]    Compiling futures-sink v0.3.21
[INFO] [stderr]    Compiling num-traits v0.2.15
[INFO] [stderr]    Compiling base64 v0.13.0
[INFO] [stderr]    Compiling futures-channel v0.3.21
[INFO] [stderr]    Compiling futures-util v0.3.21
[INFO] [stderr]    Compiling tinyvec_macros v0.1.0
[INFO] [stderr]    Compiling tinyvec v1.6.0
[INFO] [stderr]    Compiling hashbrown v0.12.1
[INFO] [stderr]    Compiling matches v0.1.9
[INFO] [stderr]    Compiling futures-io v0.3.21
[INFO] [stderr]    Compiling unicode-bidi v0.3.8
[INFO] [stderr]    Compiling percent-encoding v2.1.0
[INFO] [stderr]    Compiling cpufeatures v0.2.2
[INFO] [stderr]    Compiling form_urlencoded v1.0.1
[INFO] [stderr]    Compiling crypto-common v0.1.3
[INFO] [stderr]    Compiling block-buffer v0.10.2
[INFO] [stderr]    Compiling openssl-sys v0.9.74
[INFO] [stderr]    Compiling ahash v0.7.6
[INFO] [stderr]    Compiling unicode-normalization v0.1.19
[INFO] [stderr]    Compiling digest v0.10.3
[INFO] [stderr]    Compiling indexmap v1.9.0
[INFO] [stderr]    Compiling bitflags v1.3.2
[INFO] [stderr]    Compiling http v0.2.8
[INFO] [stderr]    Compiling tracing-core v0.1.27
[INFO] [stderr]    Compiling httparse v1.7.1
[INFO] [stderr]    Compiling ryu v1.0.10
[INFO] [stderr]    Compiling idna v0.2.3
[INFO] [stderr]    Compiling crossbeam-utils v0.8.9
[INFO] [stderr]    Compiling rustls v0.20.6
[INFO] [stderr]    Compiling rand_core v0.6.3
[INFO] [stderr]    Compiling unicase v2.6.0
[INFO] [stderr]    Compiling foreign-types-shared v0.1.1
[INFO] [stderr]    Compiling openssl v0.10.40
[INFO] [stderr]    Compiling parking_lot_core v0.8.5
[INFO] [stderr]    Compiling foreign-types v0.3.2
[INFO] [stderr]    Compiling spin v0.9.3
[INFO] [stderr]    Compiling webpki v0.21.4
[INFO] [stderr]    Compiling sct v0.6.1
[INFO] [stderr]    Compiling webpki v0.22.0
[INFO] [stderr]    Compiling sct v0.7.0
[INFO] [stderr]    Compiling instant v0.1.12
[INFO] [stderr]    Compiling try-lock v0.2.3
[INFO] [stderr]    Compiling native-tls v0.2.10
[INFO] [stderr]    Compiling vcpkg v0.2.15
[INFO] [stderr]    Compiling minimal-lexical v0.2.1
[INFO] [stderr]    Compiling want v0.3.0
[INFO] [stderr]    Compiling tokio v1.19.2
[INFO] [stderr]    Compiling nom v7.1.1
[INFO] [stderr]    Compiling http-body v0.4.5
[INFO] [stderr]    Compiling aho-corasick v0.7.18
[INFO] [stderr]    Compiling regex-syntax v0.6.26
[INFO] [stderr]    Compiling libsqlite3-sys v0.24.2
[INFO] [stderr]    Compiling serde_json v1.0.81
[INFO] [stderr]    Compiling ppv-lite86 v0.2.16
[INFO] [stderr]    Compiling httpdate v1.0.2
[INFO] [stderr]    Compiling byteorder v1.4.3
[INFO] [stderr]    Compiling crossbeam-queue v0.3.5
[INFO] [stderr]    Compiling openssl-probe v0.1.5
[INFO] [stderr]    Compiling tower-service v0.3.1
[INFO] [stderr]    Compiling unicode_categories v0.1.1
[INFO] [stderr]    Compiling rand_chacha v0.3.1
[INFO] [stderr]    Compiling mime_guess v2.0.4
[INFO] [stderr]    Compiling parking_lot v0.11.2
[INFO] [stderr]    Compiling rustls v0.19.1
[INFO] [stderr]    Compiling tokio-macros v1.8.0
[INFO] [stderr]    Compiling futures-macro v0.3.21
[INFO] [stderr]    Compiling tracing-attributes v0.1.21
[INFO] [stderr]    Compiling pin-project-internal v1.0.10
[INFO] [stderr]    Compiling thiserror-impl v1.0.31
[INFO] [stderr]    Compiling tracing v0.1.35
[INFO] [stderr]    Compiling pin-project v1.0.10
[INFO] [stderr]    Compiling openssl-macros v0.1.0
[INFO] [stderr]    Compiling thiserror v1.0.31
[INFO] [stderr]    Compiling regex v1.5.6
[INFO] [stderr]    Compiling cmake v0.1.48
[INFO] [stderr]    Compiling futures-executor v0.3.21
[INFO] [stderr]    Compiling num-integer v0.1.45
[INFO] [stderr]    Compiling crc-catalog v1.1.1
[INFO] [stderr]    Compiling crc32fast v1.3.2
[INFO] [stderr]    Compiling encoding_rs v0.8.31
[INFO] [stderr]    Compiling tokio-util v0.7.3
[INFO] [stderr]    Compiling tokio-rustls v0.23.4
[INFO] [stderr]    Compiling crc v2.1.0
[INFO] [stderr]    Compiling audiopus_sys v0.2.2
[INFO] [stderr]    Compiling h2 v0.3.13
[INFO] [stderr]    Compiling either v1.6.1
[INFO] [stderr]    Compiling url v2.2.2
[INFO] [stderr]    Compiling itertools v0.10.3
[INFO] [stderr]    Compiling tokio-rustls v0.22.0
[INFO] [stderr]    Compiling tokio-native-tls v0.3.0
[INFO] [stderr]    Compiling futures-intrusive v0.4.0
[INFO] [stderr]    Compiling hashbrown v0.11.2
[INFO] [stderr]    Compiling rand v0.8.5
[INFO] [stderr]    Compiling webpki-roots v0.21.1
[INFO] [stderr]    Compiling webpki-roots v0.22.3
[INFO] [stderr]    Compiling stringprep v0.1.2
[INFO] [stderr]    Compiling sha-1 v0.10.0
[INFO] [stderr]    Compiling atoi v0.4.0
[INFO] [stderr]    Compiling nanorand v0.7.0
[INFO] [stderr]    Compiling subtle v2.4.1
[INFO] [stderr]    Compiling hex v0.4.3
[INFO] [stderr]    Compiling utf-8 v0.7.6
[INFO] [stderr]    Compiling event-listener v2.5.2
[INFO] [stderr]    Compiling paste v1.0.7
[INFO] [stderr]    Compiling async-trait v0.1.56
[INFO] [stderr]    Compiling lazy_static v1.4.0
[INFO] [stderr]    Compiling mime v0.3.16
[INFO] [stderr]    Compiling adler v1.0.2
[INFO] [stderr]    Compiling miniz_oxide v0.5.3
[INFO] [stderr]    Compiling tungstenite v0.17.2
[INFO] [stderr]    Compiling flume v0.10.13
[INFO] [stderr]    Compiling universal-hash v0.4.1
[INFO] [stderr]    Compiling hashlink v0.7.0
[INFO] [stderr]    Compiling sqlformat v0.1.8
[INFO] [stderr]    Compiling sqlx-rt v0.5.13
[INFO] [stderr]    Compiling serde_urlencoded v0.7.1
[INFO] [stderr]    Compiling hyper v0.14.19
[INFO] [stderr]    Compiling tokio-stream v0.1.9
[INFO] [stderr]    Compiling sha2 v0.10.2
[INFO] [stderr]    Compiling ordered-float v2.10.0
[INFO] [stderr]    Compiling num-traits v0.1.43
[INFO] [stderr]    Compiling cipher v0.3.0
[INFO] [stderr]    Compiling rustls-pemfile v1.0.0
[INFO] [stderr]    Compiling ipnet v2.5.0
[INFO] [stderr]    Compiling zeroize v1.3.0
[INFO] [stderr]    Compiling num_threads v0.1.6
[INFO] [stderr]    Compiling pnet_base v0.28.0
[INFO] [stderr]    Compiling opaque-debug v0.3.0
[INFO] [stderr]    Compiling serenity v0.11.2
[INFO] [stderr]    Compiling unicode-segmentation v1.9.0
[INFO] [stderr]    Compiling quick-error v1.2.3
[INFO] [stderr]    Compiling humantime v1.3.0
[INFO] [stderr]    Compiling poly1305 v0.7.2
[INFO] [stderr]    Compiling heck v0.4.0
[INFO] [stderr]    Compiling pnet_macros_support v0.28.0
[INFO] [stderr]    Compiling time v0.3.9
[INFO] [stderr]    Compiling salsa20 v0.9.0
[INFO] [stderr]    Compiling serde-value v0.7.0
[INFO] [stderr]    Compiling enum_primitive v0.1.1
[INFO] [stderr]    Compiling flate2 v1.0.24
[INFO] [stderr]    Compiling chrono v0.4.19
[INFO] [stderr]    Compiling hyper-rustls v0.23.0
[INFO] [stderr]    Compiling hyper-tls v0.5.0
[INFO] [stderr]    Compiling sqlx-core v0.5.13
[INFO] [stderr]    Compiling reqwest v0.11.11
[INFO] [stderr]    Compiling async-tungstenite v0.17.2
[INFO] [stderr]    Compiling pnet_macros v0.28.0
[INFO] [stderr]    Compiling dashmap v5.3.4
[INFO] [stderr]    Compiling futures v0.3.21
[INFO] [stderr]    Compiling command_attr v0.4.0
[INFO] [stderr]    Compiling serde_repr v0.1.8
[INFO] [stderr]    Compiling aead v0.4.3
[INFO] [stderr]    Compiling atty v0.2.14
[INFO] [stderr]    Compiling static_assertions v1.1.0
[INFO] [stderr]    Compiling levenshtein v1.0.5
[INFO] [stderr]    Compiling uwl v0.6.0
[INFO] [stderr]    Compiling termcolor v1.1.3
[INFO] [stderr]    Compiling arrayvec v0.7.2
[INFO] [stderr]    Compiling songbird v0.2.2 (https://github.com/serenity-rs/songbird?branch=next#49c33461)
[INFO] [stderr]    Compiling dotenv v0.15.0
[INFO] [stderr]    Compiling typemap_rev v0.1.5
[INFO] [stderr]    Compiling anyhow v1.0.57
[INFO] [stderr]    Compiling bytemuck v1.9.1
[INFO] [stderr]    Compiling env_logger v0.7.1
[INFO] [stderr]    Compiling serenity-voice-model v0.1.1 (https://github.com/serenity-rs/serenity?branch=next#992dd9f8)
[INFO] [stderr]    Compiling symphonia-core v0.5.0
[INFO] [stderr]    Compiling discortp v0.4.0
[INFO] [stderr]    Compiling xsalsa20poly1305 v0.8.0
[INFO] [stderr]    Compiling audiopus v0.3.0-rc.0
[INFO] [stderr]    Compiling streamcatcher v1.0.1
[INFO] [stderr]    Compiling tracing-futures v0.2.5
[INFO] [stderr]    Compiling derivative v2.2.0
[INFO] [stderr]    Compiling uuid v0.8.2
[INFO] [stderr]    Compiling pretty_env_logger v0.4.0
[INFO] [stderr]    Compiling sqlx-macros v0.5.13
[INFO] [stderr]    Compiling sqlx v0.5.13
[INFO] [stderr]    Compiling urusai v0.1.0 (/opt/rustwide/workdir)
[INFO] [stdout] warning: unused import: `sqlx::query`
[INFO] [stdout]  --> src/handler.rs:5:5
[INFO] [stdout]   |
[INFO] [stdout] 5 | use sqlx::query;
[INFO] [stdout]   |     ^^^^^^^^^^^
[INFO] [stdout]   |
[INFO] [stdout]   = note: `#[warn(unused_imports)]` on by default
[INFO] [stdout] 
[INFO] [stdout] 
[INFO] [stdout] warning: unused import: `StandardFramework`
[INFO] [stdout]   --> src/handler.rs:12:37
[INFO] [stdout]    |
[INFO] [stdout] 12 | use serenity::framework::standard::{StandardFramework, CommandResult};
[INFO] [stdout]    |                                     ^^^^^^^^^^^^^^^^^
[INFO] [stdout] 
[INFO] [stdout] 
[INFO] [stdout] warning: unused import: `lazy_static::lazy_static`
[INFO] [stdout]   --> src/handler.rs:13:5
[INFO] [stdout]    |
[INFO] [stdout] 13 | use lazy_static::lazy_static;
[INFO] [stdout]    |     ^^^^^^^^^^^^^^^^^^^^^^^^
[INFO] [stdout] 
[INFO] [stdout] 
[INFO] [stdout] warning: unused import: `tokio::join`
[INFO] [stdout]   --> src/handler.rs:14:5
[INFO] [stdout]    |
[INFO] [stdout] 14 | use tokio::join;
[INFO] [stdout]    |     ^^^^^^^^^^^
[INFO] [stdout] 
[INFO] [stdout] 
[INFO] [stdout] warning: unused imports: `debug`, `error`, `info`, and `warn`
[INFO] [stdout]   --> src/handler.rs:15:11
[INFO] [stdout]    |
[INFO] [stdout] 15 | use log::{debug, info, warn, error};
[INFO] [stdout]    |           ^^^^^  ^^^^  ^^^^  ^^^^^
[INFO] [stdout] 
[INFO] [stdout] 
[INFO] [stdout] warning: unused imports: `channel` and `guild`
[INFO] [stdout]   --> src/handler.rs:27:23
[INFO] [stdout]    |
[INFO] [stdout] 27 | use serenity::model::{channel, guild};
[INFO] [stdout]    |                       ^^^^^^^  ^^^^^
[INFO] [stdout] 
[INFO] [stdout] 
[INFO] [stdout] warning: unused import: `sqlx::SqlitePool`
[INFO] [stdout]  --> src/config.rs:2:5
[INFO] [stdout]   |
[INFO] [stdout] 2 | use sqlx::SqlitePool;
[INFO] [stdout]   |     ^^^^^^^^^^^^^^^^
[INFO] [stdout] 
[INFO] [stdout] 
[INFO] [stdout] warning: unused import: `sqlx::Connection`
[INFO] [stdout]  --> src/config.rs:3:5
[INFO] [stdout]   |
[INFO] [stdout] 3 | use sqlx::Connection;
[INFO] [stdout]   |     ^^^^^^^^^^^^^^^^
[INFO] [stdout] 
[INFO] [stdout] 
[INFO] [stdout] warning: unused imports: `Deserialize` and `Serialize`
[INFO] [stdout]  --> src/config.rs:6:13
[INFO] [stdout]   |
[INFO] [stdout] 6 | use serde::{Serialize, Deserialize};
[INFO] [stdout]   |             ^^^^^^^^^  ^^^^^^^^^^^
[INFO] [stdout] 
[INFO] [stdout] 
[INFO] [stdout] warning: unused import: `lazy_static::lazy_static`
[INFO] [stdout]  --> src/config.rs:7:5
[INFO] [stdout]   |
[INFO] [stdout] 7 | use lazy_static::lazy_static;
[INFO] [stdout]   |     ^^^^^^^^^^^^^^^^^^^^^^^^
[INFO] [stdout] 
[INFO] [stdout] 
[INFO] [stdout] warning: unused import: `Response`
[INFO] [stdout]  --> src/tts.rs:4:23
[INFO] [stdout]   |
[INFO] [stdout] 4 | use reqwest::{Client, Response};
[INFO] [stdout]   |                       ^^^^^^^^
[INFO] [stdout] 
[INFO] [stdout] 
[INFO] [stdout] warning: unused import: `json`
[INFO] [stdout]  --> src/tts.rs:5:25
[INFO] [stdout]   |
[INFO] [stdout] 5 | use serde_json::{Value, json};
[INFO] [stdout]   |                         ^^^^
[INFO] [stdout] 
[INFO] [stdout] 
[INFO] [stdout] warning: unused imports: `Deserialize` and `Serialize`
[INFO] [stdout]  --> src/tts.rs:6:13
[INFO] [stdout]   |
[INFO] [stdout] 6 | use serde::{Serialize, Deserialize};
[INFO] [stdout]   |             ^^^^^^^^^  ^^^^^^^^^^^
[INFO] [stdout] 
[INFO] [stdout] 
[INFO] [stdout] warning: unused import: `serenity::async_trait`
[INFO] [stdout]  --> src/main.rs:9:5
[INFO] [stdout]   |
[INFO] [stdout] 9 | use serenity::async_trait;
[INFO] [stdout]   |     ^^^^^^^^^^^^^^^^^^^^^
[INFO] [stdout] 
[INFO] [stdout] 
[INFO] [stdout] warning: unused imports: `command` and `group`
[INFO] [stdout]   --> src/main.rs:12:45
[INFO] [stdout]    |
[INFO] [stdout] 12 | use serenity::framework::standard::macros::{command, group};
[INFO] [stdout]    |                                             ^^^^^^^  ^^^^^
[INFO] [stdout] 
[INFO] [stdout] 
[INFO] [stdout] warning: unused import: `CommandResult`
[INFO] [stdout]   --> src/main.rs:13:56
[INFO] [stdout]    |
[INFO] [stdout] 13 | use serenity::framework::standard::{StandardFramework, CommandResult};
[INFO] [stdout]    |                                                        ^^^^^^^^^^^^^
[INFO] [stdout] 
[INFO] [stdout] 
[INFO] [stdout] warning: unused import: `serenity::http::CacheHttp`
[INFO] [stdout]  --> src/handler.rs:7:5
[INFO] [stdout]   |
[INFO] [stdout] 7 | use serenity::http::CacheHttp;
[INFO] [stdout]   |     ^^^^^^^^^^^^^^^^^^^^^^^^^
[INFO] [stdout] 
[INFO] [stdout] 
[INFO] [stdout] warning: unused import: `sqlx::Executor`
[INFO] [stdout]  --> src/config.rs:1:5
[INFO] [stdout]   |
[INFO] [stdout] 1 | use sqlx::Executor;
[INFO] [stdout]   |     ^^^^^^^^^^^^^^
[INFO] [stdout] 
[INFO] [stdout] 
[INFO] [stdout] warning: unused variable: `db`
[INFO] [stdout]   --> src/handler.rs:53:13
[INFO] [stdout]    |
[INFO] [stdout] 53 |         let db = config::Server::from_db(&ctx, &msg).await;
[INFO] [stdout]    |             ^^ help: if this is intentional, prefix it with an underscore: `_db`
[INFO] [stdout]    |
[INFO] [stdout]    = note: `#[warn(unused_variables)]` on by default
[INFO] [stdout] 
[INFO] [stdout] 
[INFO] [stdout] warning: unused variable: `server_id`
[INFO] [stdout]    --> src/handler.rs:120:9
[INFO] [stdout]     |
[INFO] [stdout] 120 |     let server_id = guild.id.0 as i64;
[INFO] [stdout]     |         ^^^^^^^^^ help: if this is intentional, prefix it with an underscore: `_server_id`
[INFO] [stdout] 
[INFO] [stdout] 
[INFO] [stdout] warning: unused variable: `db`
[INFO] [stdout]    --> src/handler.rs:145:13
[INFO] [stdout]     |
[INFO] [stdout] 145 |         let db = config::Server::from_db(ctx, &msg).await
[INFO] [stdout]     |             ^^ help: if this is intentional, prefix it with an underscore: `_db`
[INFO] [stdout] 
[INFO] [stdout] 
[INFO] [stdout] warning: unused variable: `database`
[INFO] [stdout]    --> src/handler.rs:173:13
[INFO] [stdout]     |
[INFO] [stdout] 173 |         let database = Server::from_db(&ctx, &msg).await
[INFO] [stdout]     |             ^^^^^^^^ help: if this is intentional, prefix it with an underscore: `_database`
[INFO] [stdout] 
[INFO] [stdout] 
[INFO] [stdout] warning: unused variable: `guild`
[INFO] [stdout]    --> src/handler.rs:187:9
[INFO] [stdout]     |
[INFO] [stdout] 187 |     let guild = msg.guild(&ctx.cache).unwrap();
[INFO] [stdout]     |         ^^^^^ help: if this is intentional, prefix it with an underscore: `_guild`
[INFO] [stdout] 
[INFO] [stdout] 
[INFO] [stdout] warning: field `msg` is never read
[INFO] [stdout]   --> src/config.rs:23:5
[INFO] [stdout]    |
[INFO] [stdout] 21 | pub struct Server {
[INFO] [stdout]    |            ------ field in this struct
[INFO] [stdout] 22 |     ctx: Context,
[INFO] [stdout] 23 |     msg: Message,
[INFO] [stdout]    |     ^^^
[INFO] [stdout]    |
[INFO] [stdout]    = note: `#[warn(dead_code)]` on by default
[INFO] [stdout] 
[INFO] [stdout] 
[INFO] [stdout] warning: field `msg` is never read
[INFO] [stdout]   --> src/config.rs:80:5
[INFO] [stdout]    |
[INFO] [stdout] 78 | pub struct User {
[INFO] [stdout]    |            ---- field in this struct
[INFO] [stdout] 79 |     ctx: Context,
[INFO] [stdout] 80 |     msg: Message,
[INFO] [stdout]    |     ^^^
[INFO] [stdout] 
[INFO] [stdout] 
[INFO] [stdout] warning: fields `extra`, `message`, `status_code`, and `status_msg` are never read
[INFO] [stdout]   --> src/tts.rs:23:9
[INFO] [stdout]    |
[INFO] [stdout] 20 |     TikTok {
[INFO] [stdout]    |     ------ fields in this variant
[INFO] [stdout] ...
[INFO] [stdout] 23 |         extra: Option<Value>,
[INFO] [stdout]    |         ^^^^^
[INFO] [stdout] 24 |         message: String,
[INFO] [stdout]    |         ^^^^^^^
[INFO] [stdout] 25 |         status_code: i32,
[INFO] [stdout]    |         ^^^^^^^^^^^
[INFO] [stdout] 26 |         status_msg: String,
[INFO] [stdout]    |         ^^^^^^^^^^
[INFO] [stdout]    |
[INFO] [stdout]    = note: `TTS` has a derived impl for the trait `Debug`, but this is intentionally ignored during dead code analysis
[INFO] [stdout] 
[INFO] [stdout] 
[INFO] [stdout] warning: fields `error`, `speaker`, `cached`, `tasktype`, and `mp3` are never read
[INFO] [stdout]   --> src/tts.rs:31:9
[INFO] [stdout]    |
[INFO] [stdout] 28 |     TTSMP3 {
[INFO] [stdout]    |     ------ fields in this variant
[INFO] [stdout] ...
[INFO] [stdout] 31 |         error: i32,
[INFO] [stdout]    |         ^^^^^
[INFO] [stdout] 32 |         speaker: String,
[INFO] [stdout]    |         ^^^^^^^
[INFO] [stdout] 33 |         cached: i32,
[INFO] [stdout]    |         ^^^^^^
[INFO] [stdout] 34 |         tasktype: String,
[INFO] [stdout]    |         ^^^^^^^^
[INFO] [stdout] 35 |         url: String,
[INFO] [stdout] 36 |         mp3: String,
[INFO] [stdout]    |         ^^^
[INFO] [stdout]    |
[INFO] [stdout]    = note: `TTS` has a derived impl for the trait `Debug`, but this is intentionally ignored during dead code analysis
[INFO] [stdout] 
[INFO] [stdout] 
[INFO] [stderr]     Finished `dev` profile [unoptimized + debuginfo] target(s) in 4m 22s
[INFO] running `Command { std: "docker" "inspect" "45a94ea0d7b89f7d691e960e81481f043cf3c93cc4c1d337a8437f23d4399df4", kill_on_drop: false }`
[INFO] running `Command { std: "docker" "rm" "-f" "45a94ea0d7b89f7d691e960e81481f043cf3c93cc4c1d337a8437f23d4399df4", kill_on_drop: false }`
[INFO] [stdout] 45a94ea0d7b89f7d691e960e81481f043cf3c93cc4c1d337a8437f23d4399df4
[INFO] running `Command { std: "docker" "create" "-v" "/var/lib/crater-agent-workspace/builds/worker-7-tc1/target:/opt/rustwide/target:rw,Z" "-v" "/var/lib/crater-agent-workspace/builds/worker-7-tc1/source:/opt/rustwide/workdir:ro,Z" "-v" "/var/lib/crater-agent-workspace/cargo-home:/opt/rustwide/cargo-home:ro,Z" "-v" "/var/lib/crater-agent-workspace/rustup-home:/opt/rustwide/rustup-home:ro,Z" "-e" "SOURCE_DIR=/opt/rustwide/workdir" "-e" "CARGO_TARGET_DIR=/opt/rustwide/target" "-e" "CARGO_INCREMENTAL=0" "-e" "RUST_BACKTRACE=full" "-e" "RUSTFLAGS=--cap-lints=warn" "-e" "RUSTDOCFLAGS=--cap-lints=warn" "-e" "CARGO_HOME=/opt/rustwide/cargo-home" "-e" "RUSTUP_HOME=/opt/rustwide/rustup-home" "-w" "/opt/rustwide/workdir" "-m" "1610612736" "--user" "0:0" "--network" "none" "ghcr.io/rust-lang/crates-build-env/linux@sha256:f3a9d4ad9d972b27faf3965f35b62e55ba32bbce8f20bc8fe909558a86702fde" "/opt/rustwide/cargo-home/bin/cargo" "+1.83.0" "test" "--frozen" "--no-run" "--message-format=json", kill_on_drop: false }`
[INFO] [stdout] da19b753872c4206668e1c024fff29aaa316438d43ae8be8e397ffc8b69bfe73
[INFO] running `Command { std: "docker" "start" "-a" "da19b753872c4206668e1c024fff29aaa316438d43ae8be8e397ffc8b69bfe73", kill_on_drop: false }`
[INFO] [stderr]    Compiling urusai v0.1.0 (/opt/rustwide/workdir)
[INFO] [stdout] warning: unused import: `sqlx::query`
[INFO] [stdout]  --> src/handler.rs:5:5
[INFO] [stdout]   |
[INFO] [stdout] 5 | use sqlx::query;
[INFO] [stdout]   |     ^^^^^^^^^^^
[INFO] [stdout]   |
[INFO] [stdout]   = note: `#[warn(unused_imports)]` on by default
[INFO] [stdout] 
[INFO] [stdout] 
[INFO] [stdout] warning: unused import: `StandardFramework`
[INFO] [stdout]   --> src/handler.rs:12:37
[INFO] [stdout]    |
[INFO] [stdout] 12 | use serenity::framework::standard::{StandardFramework, CommandResult};
[INFO] [stdout]    |                                     ^^^^^^^^^^^^^^^^^
[INFO] [stdout] 
[INFO] [stdout] 
[INFO] [stdout] warning: unused import: `lazy_static::lazy_static`
[INFO] [stdout]   --> src/handler.rs:13:5
[INFO] [stdout]    |
[INFO] [stdout] 13 | use lazy_static::lazy_static;
[INFO] [stdout]    |     ^^^^^^^^^^^^^^^^^^^^^^^^
[INFO] [stdout] 
[INFO] [stdout] 
[INFO] [stdout] warning: unused import: `tokio::join`
[INFO] [stdout]   --> src/handler.rs:14:5
[INFO] [stdout]    |
[INFO] [stdout] 14 | use tokio::join;
[INFO] [stdout]    |     ^^^^^^^^^^^
[INFO] [stdout] 
[INFO] [stdout] 
[INFO] [stdout] warning: unused imports: `debug`, `error`, `info`, and `warn`
[INFO] [stdout]   --> src/handler.rs:15:11
[INFO] [stdout]    |
[INFO] [stdout] 15 | use log::{debug, info, warn, error};
[INFO] [stdout]    |           ^^^^^  ^^^^  ^^^^  ^^^^^
[INFO] [stdout] 
[INFO] [stdout] 
[INFO] [stdout] warning: unused imports: `channel` and `guild`
[INFO] [stdout]   --> src/handler.rs:27:23
[INFO] [stdout]    |
[INFO] [stdout] 27 | use serenity::model::{channel, guild};
[INFO] [stdout]    |                       ^^^^^^^  ^^^^^
[INFO] [stdout] 
[INFO] [stdout] 
[INFO] [stdout] warning: unused import: `sqlx::SqlitePool`
[INFO] [stdout]  --> src/config.rs:2:5
[INFO] [stdout]   |
[INFO] [stdout] 2 | use sqlx::SqlitePool;
[INFO] [stdout]   |     ^^^^^^^^^^^^^^^^
[INFO] [stdout] 
[INFO] [stdout] 
[INFO] [stdout] warning: unused import: `sqlx::Connection`
[INFO] [stdout]  --> src/config.rs:3:5
[INFO] [stdout]   |
[INFO] [stdout] 3 | use sqlx::Connection;
[INFO] [stdout]   |     ^^^^^^^^^^^^^^^^
[INFO] [stdout] 
[INFO] [stdout] 
[INFO] [stdout] warning: unused imports: `Deserialize` and `Serialize`
[INFO] [stdout]  --> src/config.rs:6:13
[INFO] [stdout]   |
[INFO] [stdout] 6 | use serde::{Serialize, Deserialize};
[INFO] [stdout]   |             ^^^^^^^^^  ^^^^^^^^^^^
[INFO] [stdout] 
[INFO] [stdout] 
[INFO] [stdout] warning: unused import: `lazy_static::lazy_static`
[INFO] [stdout]  --> src/config.rs:7:5
[INFO] [stdout]   |
[INFO] [stdout] 7 | use lazy_static::lazy_static;
[INFO] [stdout]   |     ^^^^^^^^^^^^^^^^^^^^^^^^
[INFO] [stdout] 
[INFO] [stdout] 
[INFO] [stdout] warning: unused import: `Response`
[INFO] [stdout]  --> src/tts.rs:4:23
[INFO] [stdout]   |
[INFO] [stdout] 4 | use reqwest::{Client, Response};
[INFO] [stdout]   |                       ^^^^^^^^
[INFO] [stdout] 
[INFO] [stdout] 
[INFO] [stdout] warning: unused import: `json`
[INFO] [stdout]  --> src/tts.rs:5:25
[INFO] [stdout]   |
[INFO] [stdout] 5 | use serde_json::{Value, json};
[INFO] [stdout]   |                         ^^^^
[INFO] [stdout] 
[INFO] [stdout] 
[INFO] [stdout] warning: unused imports: `Deserialize` and `Serialize`
[INFO] [stdout]  --> src/tts.rs:6:13
[INFO] [stdout]   |
[INFO] [stdout] 6 | use serde::{Serialize, Deserialize};
[INFO] [stdout]   |             ^^^^^^^^^  ^^^^^^^^^^^
[INFO] [stdout] 
[INFO] [stdout] 
[INFO] [stdout] warning: unused import: `serde_json::json`
[INFO] [stdout]    --> src/tts.rs:190:9
[INFO] [stdout]     |
[INFO] [stdout] 190 |     use serde_json::json;
[INFO] [stdout]     |         ^^^^^^^^^^^^^^^^
[INFO] [stdout] 
[INFO] [stdout] 
[INFO] [stdout] warning: unused import: `serenity::async_trait`
[INFO] [stdout]  --> src/main.rs:9:5
[INFO] [stdout]   |
[INFO] [stdout] 9 | use serenity::async_trait;
[INFO] [stdout]   |     ^^^^^^^^^^^^^^^^^^^^^
[INFO] [stdout] 
[INFO] [stdout] 
[INFO] [stdout] warning: unused imports: `command` and `group`
[INFO] [stdout]   --> src/main.rs:12:45
[INFO] [stdout]    |
[INFO] [stdout] 12 | use serenity::framework::standard::macros::{command, group};
[INFO] [stdout]    |                                             ^^^^^^^  ^^^^^
[INFO] [stdout] 
[INFO] [stdout] 
[INFO] [stdout] warning: unused import: `CommandResult`
[INFO] [stdout]   --> src/main.rs:13:56
[INFO] [stdout]    |
[INFO] [stdout] 13 | use serenity::framework::standard::{StandardFramework, CommandResult};
[INFO] [stdout]    |                                                        ^^^^^^^^^^^^^
[INFO] [stdout] 
[INFO] [stdout] 
[INFO] [stdout] warning: unused import: `serenity::http::CacheHttp`
[INFO] [stdout]  --> src/handler.rs:7:5
[INFO] [stdout]   |
[INFO] [stdout] 7 | use serenity::http::CacheHttp;
[INFO] [stdout]   |     ^^^^^^^^^^^^^^^^^^^^^^^^^
[INFO] [stdout] 
[INFO] [stdout] 
[INFO] [stdout] warning: unused import: `sqlx::Executor`
[INFO] [stdout]  --> src/config.rs:1:5
[INFO] [stdout]   |
[INFO] [stdout] 1 | use sqlx::Executor;
[INFO] [stdout]   |     ^^^^^^^^^^^^^^
[INFO] [stdout] 
[INFO] [stdout] 
[INFO] [stdout] warning: unused variable: `db`
[INFO] [stdout]   --> src/handler.rs:53:13
[INFO] [stdout]    |
[INFO] [stdout] 53 |         let db = config::Server::from_db(&ctx, &msg).await;
[INFO] [stdout]    |             ^^ help: if this is intentional, prefix it with an underscore: `_db`
[INFO] [stdout]    |
[INFO] [stdout]    = note: `#[warn(unused_variables)]` on by default
[INFO] [stdout] 
[INFO] [stdout] 
[INFO] [stdout] warning: unused variable: `server_id`
[INFO] [stdout]    --> src/handler.rs:120:9
[INFO] [stdout]     |
[INFO] [stdout] 120 |     let server_id = guild.id.0 as i64;
[INFO] [stdout]     |         ^^^^^^^^^ help: if this is intentional, prefix it with an underscore: `_server_id`
[INFO] [stdout] 
[INFO] [stdout] 
[INFO] [stdout] warning: unused variable: `db`
[INFO] [stdout]    --> src/handler.rs:145:13
[INFO] [stdout]     |
[INFO] [stdout] 145 |         let db = config::Server::from_db(ctx, &msg).await
[INFO] [stdout]     |             ^^ help: if this is intentional, prefix it with an underscore: `_db`
[INFO] [stdout] 
[INFO] [stdout] 
[INFO] [stdout] warning: unused variable: `database`
[INFO] [stdout]    --> src/handler.rs:173:13
[INFO] [stdout]     |
[INFO] [stdout] 173 |         let database = Server::from_db(&ctx, &msg).await
[INFO] [stdout]     |             ^^^^^^^^ help: if this is intentional, prefix it with an underscore: `_database`
[INFO] [stdout] 
[INFO] [stdout] 
[INFO] [stdout] warning: unused variable: `guild`
[INFO] [stdout]    --> src/handler.rs:187:9
[INFO] [stdout]     |
[INFO] [stdout] 187 |     let guild = msg.guild(&ctx.cache).unwrap();
[INFO] [stdout]     |         ^^^^^ help: if this is intentional, prefix it with an underscore: `_guild`
[INFO] [stdout] 
[INFO] [stdout] 
[INFO] [stdout] warning: field `msg` is never read
[INFO] [stdout]   --> src/config.rs:23:5
[INFO] [stdout]    |
[INFO] [stdout] 21 | pub struct Server {
[INFO] [stdout]    |            ------ field in this struct
[INFO] [stdout] 22 |     ctx: Context,
[INFO] [stdout] 23 |     msg: Message,
[INFO] [stdout]    |     ^^^
[INFO] [stdout]    |
[INFO] [stdout]    = note: `#[warn(dead_code)]` on by default
[INFO] [stdout] 
[INFO] [stdout] 
[INFO] [stdout] warning: field `msg` is never read
[INFO] [stdout]   --> src/config.rs:80:5
[INFO] [stdout]    |
[INFO] [stdout] 78 | pub struct User {
[INFO] [stdout]    |            ---- field in this struct
[INFO] [stdout] 79 |     ctx: Context,
[INFO] [stdout] 80 |     msg: Message,
[INFO] [stdout]    |     ^^^
[INFO] [stdout] 
[INFO] [stdout] 
[INFO] [stdout] warning: fields `extra`, `message`, `status_code`, and `status_msg` are never read
[INFO] [stdout]   --> src/tts.rs:23:9
[INFO] [stdout]    |
[INFO] [stdout] 20 |     TikTok {
[INFO] [stdout]    |     ------ fields in this variant
[INFO] [stdout] ...
[INFO] [stdout] 23 |         extra: Option<Value>,
[INFO] [stdout]    |         ^^^^^
[INFO] [stdout] 24 |         message: String,
[INFO] [stdout]    |         ^^^^^^^
[INFO] [stdout] 25 |         status_code: i32,
[INFO] [stdout]    |         ^^^^^^^^^^^
[INFO] [stdout] 26 |         status_msg: String,
[INFO] [stdout]    |         ^^^^^^^^^^
[INFO] [stdout]    |
[INFO] [stdout]    = note: `TTS` has a derived impl for the trait `Debug`, but this is intentionally ignored during dead code analysis
[INFO] [stdout] 
[INFO] [stdout] 
[INFO] [stdout] warning: fields `error`, `speaker`, `cached`, `tasktype`, and `mp3` are never read
[INFO] [stdout]   --> src/tts.rs:31:9
[INFO] [stdout]    |
[INFO] [stdout] 28 |     TTSMP3 {
[INFO] [stdout]    |     ------ fields in this variant
[INFO] [stdout] ...
[INFO] [stdout] 31 |         error: i32,
[INFO] [stdout]    |         ^^^^^
[INFO] [stdout] 32 |         speaker: String,
[INFO] [stdout]    |         ^^^^^^^
[INFO] [stdout] 33 |         cached: i32,
[INFO] [stdout]    |         ^^^^^^
[INFO] [stdout] 34 |         tasktype: String,
[INFO] [stdout]    |         ^^^^^^^^
[INFO] [stdout] 35 |         url: String,
[INFO] [stdout] 36 |         mp3: String,
[INFO] [stdout]    |         ^^^
[INFO] [stdout]    |
[INFO] [stdout]    = note: `TTS` has a derived impl for the trait `Debug`, but this is intentionally ignored during dead code analysis
[INFO] [stdout] 
[INFO] [stdout] 
[INFO] [stderr]     Finished `test` profile [unoptimized + debuginfo] target(s) in 12.57s
[INFO] running `Command { std: "docker" "inspect" "da19b753872c4206668e1c024fff29aaa316438d43ae8be8e397ffc8b69bfe73", kill_on_drop: false }`
[INFO] running `Command { std: "docker" "rm" "-f" "da19b753872c4206668e1c024fff29aaa316438d43ae8be8e397ffc8b69bfe73", kill_on_drop: false }`
[INFO] [stdout] da19b753872c4206668e1c024fff29aaa316438d43ae8be8e397ffc8b69bfe73
[INFO] running `Command { std: "docker" "create" "-v" "/var/lib/crater-agent-workspace/builds/worker-7-tc1/target:/opt/rustwide/target:rw,Z" "-v" "/var/lib/crater-agent-workspace/builds/worker-7-tc1/source:/opt/rustwide/workdir:ro,Z" "-v" "/var/lib/crater-agent-workspace/cargo-home:/opt/rustwide/cargo-home:ro,Z" "-v" "/var/lib/crater-agent-workspace/rustup-home:/opt/rustwide/rustup-home:ro,Z" "-e" "SOURCE_DIR=/opt/rustwide/workdir" "-e" "CARGO_TARGET_DIR=/opt/rustwide/target" "-e" "CARGO_INCREMENTAL=0" "-e" "RUST_BACKTRACE=full" "-e" "RUSTFLAGS=--cap-lints=warn" "-e" "RUSTDOCFLAGS=--cap-lints=warn" "-e" "CARGO_HOME=/opt/rustwide/cargo-home" "-e" "RUSTUP_HOME=/opt/rustwide/rustup-home" "-w" "/opt/rustwide/workdir" "-m" "1610612736" "--user" "0:0" "--network" "none" "ghcr.io/rust-lang/crates-build-env/linux@sha256:f3a9d4ad9d972b27faf3965f35b62e55ba32bbce8f20bc8fe909558a86702fde" "/opt/rustwide/cargo-home/bin/cargo" "+1.83.0" "test" "--frozen", kill_on_drop: false }`
[INFO] [stdout] 0a82c7fec03cf91a8931a1646ce9c357115862f04f50999eb501446ed1e8b77d
[INFO] running `Command { std: "docker" "start" "-a" "0a82c7fec03cf91a8931a1646ce9c357115862f04f50999eb501446ed1e8b77d", kill_on_drop: false }`
[INFO] [stderr] warning: unused import: `sqlx::query`
[INFO] [stderr]  --> src/handler.rs:5:5
[INFO] [stderr]   |
[INFO] [stderr] 5 | use sqlx::query;
[INFO] [stderr]   |     ^^^^^^^^^^^
[INFO] [stderr]   |
[INFO] [stderr]   = note: `#[warn(unused_imports)]` on by default
[INFO] [stderr] 
[INFO] [stderr] warning: unused import: `StandardFramework`
[INFO] [stderr]   --> src/handler.rs:12:37
[INFO] [stderr]    |
[INFO] [stderr] 12 | use serenity::framework::standard::{StandardFramework, CommandResult};
[INFO] [stderr]    |                                     ^^^^^^^^^^^^^^^^^
[INFO] [stderr] 
[INFO] [stderr] warning: unused import: `lazy_static::lazy_static`
[INFO] [stderr]   --> src/handler.rs:13:5
[INFO] [stderr]    |
[INFO] [stderr] 13 | use lazy_static::lazy_static;
[INFO] [stderr]    |     ^^^^^^^^^^^^^^^^^^^^^^^^
[INFO] [stderr] 
[INFO] [stderr] warning: unused import: `tokio::join`
[INFO] [stderr]   --> src/handler.rs:14:5
[INFO] [stderr]    |
[INFO] [stderr] 14 | use tokio::join;
[INFO] [stderr]    |     ^^^^^^^^^^^
[INFO] [stderr] 
[INFO] [stderr] warning: unused imports: `debug`, `error`, `info`, and `warn`
[INFO] [stderr]   --> src/handler.rs:15:11
[INFO] [stderr]    |
[INFO] [stderr] 15 | use log::{debug, info, warn, error};
[INFO] [stderr]    |           ^^^^^  ^^^^  ^^^^  ^^^^^
[INFO] [stderr] 
[INFO] [stderr] warning: unused imports: `channel` and `guild`
[INFO] [stderr]   --> src/handler.rs:27:23
[INFO] [stderr]    |
[INFO] [stderr] 27 | use serenity::model::{channel, guild};
[INFO] [stderr]    |                       ^^^^^^^  ^^^^^
[INFO] [stderr] 
[INFO] [stderr] warning: unused import: `sqlx::SqlitePool`
[INFO] [stderr]  --> src/config.rs:2:5
[INFO] [stderr]   |
[INFO] [stderr] 2 | use sqlx::SqlitePool;
[INFO] [stderr]   |     ^^^^^^^^^^^^^^^^
[INFO] [stderr] 
[INFO] [stderr] warning: unused import: `sqlx::Connection`
[INFO] [stderr]  --> src/config.rs:3:5
[INFO] [stderr]   |
[INFO] [stderr] 3 | use sqlx::Connection;
[INFO] [stderr]   |     ^^^^^^^^^^^^^^^^
[INFO] [stderr] 
[INFO] [stderr] warning: unused imports: `Deserialize` and `Serialize`
[INFO] [stderr]  --> src/config.rs:6:13
[INFO] [stderr]   |
[INFO] [stderr] 6 | use serde::{Serialize, Deserialize};
[INFO] [stderr]   |             ^^^^^^^^^  ^^^^^^^^^^^
[INFO] [stderr] 
[INFO] [stderr] warning: unused import: `lazy_static::lazy_static`
[INFO] [stderr]  --> src/config.rs:7:5
[INFO] [stderr]   |
[INFO] [stderr] 7 | use lazy_static::lazy_static;
[INFO] [stderr]   |     ^^^^^^^^^^^^^^^^^^^^^^^^
[INFO] [stderr] 
[INFO] [stderr] warning: unused import: `Response`
[INFO] [stderr]  --> src/tts.rs:4:23
[INFO] [stderr]   |
[INFO] [stderr] 4 | use reqwest::{Client, Response};
[INFO] [stderr]   |                       ^^^^^^^^
[INFO] [stderr] 
[INFO] [stderr] warning: unused import: `json`
[INFO] [stderr]  --> src/tts.rs:5:25
[INFO] [stderr]   |
[INFO] [stderr] 5 | use serde_json::{Value, json};
[INFO] [stderr]   |                         ^^^^
[INFO] [stderr] 
[INFO] [stderr] warning: unused imports: `Deserialize` and `Serialize`
[INFO] [stderr]  --> src/tts.rs:6:13
[INFO] [stderr]   |
[INFO] [stderr] 6 | use serde::{Serialize, Deserialize};
[INFO] [stderr]   |             ^^^^^^^^^  ^^^^^^^^^^^
[INFO] [stderr] 
[INFO] [stderr] warning: unused import: `serde_json::json`
[INFO] [stderr]    --> src/tts.rs:190:9
[INFO] [stderr]     |
[INFO] [stderr] 190 |     use serde_json::json;
[INFO] [stderr]     |         ^^^^^^^^^^^^^^^^
[INFO] [stderr] 
[INFO] [stderr] warning: unused import: `serenity::async_trait`
[INFO] [stderr]  --> src/main.rs:9:5
[INFO] [stderr]   |
[INFO] [stderr] 9 | use serenity::async_trait;
[INFO] [stderr]   |     ^^^^^^^^^^^^^^^^^^^^^
[INFO] [stderr] 
[INFO] [stderr] warning: unused imports: `command` and `group`
[INFO] [stderr]   --> src/main.rs:12:45
[INFO] [stderr]    |
[INFO] [stderr] 12 | use serenity::framework::standard::macros::{command, group};
[INFO] [stderr]    |                                             ^^^^^^^  ^^^^^
[INFO] [stderr] 
[INFO] [stderr] warning: unused import: `CommandResult`
[INFO] [stderr]   --> src/main.rs:13:56
[INFO] [stderr]    |
[INFO] [stderr] 13 | use serenity::framework::standard::{StandardFramework, CommandResult};
[INFO] [stderr]    |                                                        ^^^^^^^^^^^^^
[INFO] [stderr] 
[INFO] [stderr] warning: unused import: `serenity::http::CacheHttp`
[INFO] [stderr]  --> src/handler.rs:7:5
[INFO] [stderr]   |
[INFO] [stderr] 7 | use serenity::http::CacheHttp;
[INFO] [stderr]   |     ^^^^^^^^^^^^^^^^^^^^^^^^^
[INFO] [stderr] 
[INFO] [stderr] warning: unused import: `sqlx::Executor`
[INFO] [stderr]  --> src/config.rs:1:5
[INFO] [stderr]   |
[INFO] [stderr] 1 | use sqlx::Executor;
[INFO] [stderr]   |     ^^^^^^^^^^^^^^
[INFO] [stderr] 
[INFO] [stderr] warning: unused variable: `db`
[INFO] [stderr]   --> src/handler.rs:53:13
[INFO] [stderr]    |
[INFO] [stderr] 53 |         let db = config::Server::from_db(&ctx, &msg).await;
[INFO] [stderr]    |             ^^ help: if this is intentional, prefix it with an underscore: `_db`
[INFO] [stderr]    |
[INFO] [stderr]    = note: `#[warn(unused_variables)]` on by default
[INFO] [stderr] 
[INFO] [stderr] warning: unused variable: `server_id`
[INFO] [stderr]    --> src/handler.rs:120:9
[INFO] [stderr]     |
[INFO] [stderr] 120 |     let server_id = guild.id.0 as i64;
[INFO] [stderr]     |         ^^^^^^^^^ help: if this is intentional, prefix it with an underscore: `_server_id`
[INFO] [stderr] 
[INFO] [stderr] warning: unused variable: `db`
[INFO] [stderr]    --> src/handler.rs:145:13
[INFO] [stderr]     |
[INFO] [stderr] 145 |         let db = config::Server::from_db(ctx, &msg).await
[INFO] [stderr]     |             ^^ help: if this is intentional, prefix it with an underscore: `_db`
[INFO] [stderr] 
[INFO] [stderr] warning: unused variable: `database`
[INFO] [stderr]    --> src/handler.rs:173:13
[INFO] [stderr]     |
[INFO] [stderr] 173 |         let database = Server::from_db(&ctx, &msg).await
[INFO] [stderr]     |             ^^^^^^^^ help: if this is intentional, prefix it with an underscore: `_database`
[INFO] [stderr] 
[INFO] [stderr] warning: unused variable: `guild`
[INFO] [stderr]    --> src/handler.rs:187:9
[INFO] [stderr]     |
[INFO] [stderr] 187 |     let guild = msg.guild(&ctx.cache).unwrap();
[INFO] [stderr]     |         ^^^^^ help: if this is intentional, prefix it with an underscore: `_guild`
[INFO] [stderr] 
[INFO] [stderr] warning: field `msg` is never read
[INFO] [stderr]   --> src/config.rs:23:5
[INFO] [stderr]    |
[INFO] [stderr] 21 | pub struct Server {
[INFO] [stderr]    |            ------ field in this struct
[INFO] [stderr] 22 |     ctx: Context,
[INFO] [stderr] 23 |     msg: Message,
[INFO] [stderr]    |     ^^^
[INFO] [stderr]    |
[INFO] [stderr]    = note: `#[warn(dead_code)]` on by default
[INFO] [stderr] 
[INFO] [stderr] warning: field `msg` is never read
[INFO] [stderr]   --> src/config.rs:80:5
[INFO] [stderr]    |
[INFO] [stderr] 78 | pub struct User {
[INFO] [stderr]    |            ---- field in this struct
[INFO] [stderr] 79 |     ctx: Context,
[INFO] [stderr] 80 |     msg: Message,
[INFO] [stderr]    |     ^^^
[INFO] [stderr] 
[INFO] [stderr] warning: fields `extra`, `message`, `status_code`, and `status_msg` are never read
[INFO] [stderr]   --> src/tts.rs:23:9
[INFO] [stderr]    |
[INFO] [stderr] 20 |     TikTok {
[INFO] [stderr]    |     ------ fields in this variant
[INFO] [stderr] ...
[INFO] [stderr] 23 |         extra: Option<Value>,
[INFO] [stderr]    |         ^^^^^
[INFO] [stderr] 24 |         message: String,
[INFO] [stderr]    |         ^^^^^^^
[INFO] [stderr] 25 |         status_code: i32,
[INFO] [stderr]    |         ^^^^^^^^^^^
[INFO] [stderr] 26 |         status_msg: String,
[INFO] [stderr]    |         ^^^^^^^^^^
[INFO] [stderr]    |
[INFO] [stderr]    = note: `TTS` has a derived impl for the trait `Debug`, but this is intentionally ignored during dead code analysis
[INFO] [stderr] 
[INFO] [stderr] warning: fields `error`, `speaker`, `cached`, `tasktype`, and `mp3` are never read
[INFO] [stderr]   --> src/tts.rs:31:9
[INFO] [stderr]    |
[INFO] [stderr] 28 |     TTSMP3 {
[INFO] [stderr]    |     ------ fields in this variant
[INFO] [stderr] ...
[INFO] [stderr] 31 |         error: i32,
[INFO] [stderr]    |         ^^^^^
[INFO] [stderr] 32 |         speaker: String,
[INFO] [stderr]    |         ^^^^^^^
[INFO] [stderr] 33 |         cached: i32,
[INFO] [stderr]    |         ^^^^^^
[INFO] [stderr] 34 |         tasktype: String,
[INFO] [stderr]    |         ^^^^^^^^
[INFO] [stderr] 35 |         url: String,
[INFO] [stderr] 36 |         mp3: String,
[INFO] [stderr]    |         ^^^
[INFO] [stderr]    |
[INFO] [stderr]    = note: `TTS` has a derived impl for the trait `Debug`, but this is intentionally ignored during dead code analysis
[INFO] [stderr] 
[INFO] [stderr] warning: `urusai` (bin "urusai" test) generated 28 warnings (run `cargo fix --bin "urusai" --tests` to apply 17 suggestions)
[INFO] [stderr]     Finished `test` profile [unoptimized + debuginfo] target(s) in 0.65s
[INFO] [stderr]      Running unittests src/main.rs (/opt/rustwide/target/debug/deps/urusai-b94ec75d66e98d4c)
[INFO] [stdout] 
[INFO] [stdout] running 2 tests
[INFO] [stdout] test tts::test_super::test ... FAILED
[INFO] [stdout] test tts::test_super::test_tiktok ... FAILED
[INFO] [stdout] 
[INFO] [stdout] failures:
[INFO] [stdout] 
[INFO] [stdout] ---- tts::test_super::test stdout ----
[INFO] [stdout] thread 'tts::test_super::test' panicked at src/tts.rs:203:14:
[INFO] [stdout] called `Result::unwrap()` on an `Err` value: reqwest::Error { kind: Request, url: Url { scheme: "https", cannot_be_a_base: false, username: "", password: None, host: Some(Domain("api16-normal-useast5.us.tiktokv.com")), port: None, path: "/media/api/text/speech/invoke/", query: Some("text_speaker=en_us_002&req_text=Hello%2C+world%21"), fragment: None }, source: hyper::Error(Connect, ConnectError("dns error", Custom { kind: Uncategorized, error: "failed to lookup address information: Temporary failure in name resolution" })) }
[INFO] [stdout] stack backtrace:
[INFO] [stdout]    0:     0x5986cc1108da - std::backtrace_rs::backtrace::libunwind::trace::h5a5b8284f2d0c266
[INFO] [stdout]                                at /rustc/90b35a6239c3d8bdabc530a6a0816f7ff89a0aaf/library/std/src/../../backtrace/src/backtrace/libunwind.rs:116:5
[INFO] [stdout]    1:     0x5986cc1108da - std::backtrace_rs::backtrace::trace_unsynchronized::h76d4f1c9b0b875e3
[INFO] [stdout]                                at /rustc/90b35a6239c3d8bdabc530a6a0816f7ff89a0aaf/library/std/src/../../backtrace/src/backtrace/mod.rs:66:5
[INFO] [stdout]    2:     0x5986cc1108da - std::sys::backtrace::_print_fmt::hc4546b8364a537c6
[INFO] [stdout]                                at /rustc/90b35a6239c3d8bdabc530a6a0816f7ff89a0aaf/library/std/src/sys/backtrace.rs:66:9
[INFO] [stdout]    3:     0x5986cc1108da - <std::sys::backtrace::BacktraceLock::print::DisplayBacktrace as core::fmt::Display>::fmt::h5b6bd5631a6d1f6b
[INFO] [stdout]                                at /rustc/90b35a6239c3d8bdabc530a6a0816f7ff89a0aaf/library/std/src/sys/backtrace.rs:39:26
[INFO] [stdout]    4:     0x5986cc139263 - core::fmt::rt::Argument::fmt::h270f6602a2b96f62
[INFO] [stdout]                                at /rustc/90b35a6239c3d8bdabc530a6a0816f7ff89a0aaf/library/core/src/fmt/rt.rs:177:76
[INFO] [stdout]    5:     0x5986cc139263 - core::fmt::write::h7550c97b06c86515
[INFO] [stdout]                                at /rustc/90b35a6239c3d8bdabc530a6a0816f7ff89a0aaf/library/core/src/fmt/mod.rs:1186:21
[INFO] [stdout]    6:     0x5986cc10cf53 - std::io::Write::write_fmt::h509ff860e5956e5e
[INFO] [stdout]                                at /rustc/90b35a6239c3d8bdabc530a6a0816f7ff89a0aaf/library/std/src/io/mod.rs:1839:15
[INFO] [stdout]    7:     0x5986cc110722 - std::sys::backtrace::BacktraceLock::print::h2395ccd2c84ba3aa
[INFO] [stdout]                                at /rustc/90b35a6239c3d8bdabc530a6a0816f7ff89a0aaf/library/std/src/sys/backtrace.rs:42:9
[INFO] [stdout]    8:     0x5986cc111d3a - std::panicking::default_hook::{{closure}}::he19d4c7230e07961
[INFO] [stdout]                                at /rustc/90b35a6239c3d8bdabc530a6a0816f7ff89a0aaf/library/std/src/panicking.rs:268:22
[INFO] [stdout]    9:     0x5986cc111b44 - std::panicking::default_hook::hf614597d3c67bbdb
[INFO] [stdout]                                at /rustc/90b35a6239c3d8bdabc530a6a0816f7ff89a0aaf/library/std/src/panicking.rs:292:9
[INFO] [stdout]   10:     0x5986cbac8ad9 - <alloc::boxed::Box<F,A> as core::ops::function::Fn<Args>>::call::h39b51ce4599c23d1
[INFO] [stdout]                                at /rustc/90b35a6239c3d8bdabc530a6a0816f7ff89a0aaf/library/alloc/src/boxed.rs:2468:9
[INFO] [stdout]   11:     0x5986cbac8ad9 - test::test_main::{{closure}}::he977ae839a582784
[INFO] [stdout]                                at /rustc/90b35a6239c3d8bdabc530a6a0816f7ff89a0aaf/library/test/src/lib.rs:133:21
[INFO] [stdout]   12:     0x5986cc1123d8 - <alloc::boxed::Box<F,A> as core::ops::function::Fn<Args>>::call::h9455091b6b06f9fb
[INFO] [stdout]                                at /rustc/90b35a6239c3d8bdabc530a6a0816f7ff89a0aaf/library/alloc/src/boxed.rs:2468:9
[INFO] [stdout]   13:     0x5986cc1123d8 - std::panicking::rust_panic_with_hook::h8942133a8b252070
[INFO] [stdout]                                at /rustc/90b35a6239c3d8bdabc530a6a0816f7ff89a0aaf/library/std/src/panicking.rs:809:13
[INFO] [stdout]   14:     0x5986cc11219a - std::panicking::begin_panic_handler::{{closure}}::hb5f5963570096b29
[INFO] [stdout]                                at /rustc/90b35a6239c3d8bdabc530a6a0816f7ff89a0aaf/library/std/src/panicking.rs:674:13
[INFO] [stdout]   15:     0x5986cc110db9 - std::sys::backtrace::__rust_end_short_backtrace::h6208cedc1922feda
[INFO] [stdout]                                at /rustc/90b35a6239c3d8bdabc530a6a0816f7ff89a0aaf/library/std/src/sys/backtrace.rs:170:18
[INFO] [stdout]   16:     0x5986cc111e2c - rust_begin_unwind
[INFO] [stdout]                                at /rustc/90b35a6239c3d8bdabc530a6a0816f7ff89a0aaf/library/std/src/panicking.rs:665:5
[INFO] [stdout]   17:     0x5986cba69350 - core::panicking::panic_fmt::h0c3082644d1bf418
[INFO] [stdout]                                at /rustc/90b35a6239c3d8bdabc530a6a0816f7ff89a0aaf/library/core/src/panicking.rs:74:14
[INFO] [stdout]   18:     0x5986cba697d6 - core::result::unwrap_failed::hd20b4aa073bda1e2
[INFO] [stdout]                                at /rustc/90b35a6239c3d8bdabc530a6a0816f7ff89a0aaf/library/core/src/result.rs:1700:5
[INFO] [stdout]   19:     0x5986cba87274 - core::result::Result<T,E>::unwrap::h0243f2bac3c62171
[INFO] [stdout]                                at /rustc/90b35a6239c3d8bdabc530a6a0816f7ff89a0aaf/library/core/src/result.rs:1104:23
[INFO] [stdout]   20:     0x5986cba87274 - urusai::tts::test_super::test::{{closure}}::h4bb8970035d92080
[INFO] [stdout]                                at /opt/rustwide/workdir/src/tts.rs:198:19
[INFO] [stdout]   21:     0x5986cba7e99d - <core::pin::Pin<P> as core::future::future::Future>::poll::h125a7ded48a59e43
[INFO] [stdout]                                at /rustc/90b35a6239c3d8bdabc530a6a0816f7ff89a0aaf/library/core/src/future/future.rs:123:9
[INFO] [stdout]   22:     0x5986cba8c9cf - tokio::runtime::basic_scheduler::CoreGuard::block_on::{{closure}}::{{closure}}::{{closure}}::h5a3c11a862871aab
[INFO] [stdout]                                at /opt/rustwide/cargo-home/registry/src/index.crates.io-6f17d22bba15001f/tokio-1.19.2/src/runtime/basic_scheduler.rs:508:48
[INFO] [stdout]   23:     0x5986cba8ee03 - tokio::coop::with_budget::{{closure}}::h762b8dcd5d9dfcb4
[INFO] [stdout]                                at /opt/rustwide/cargo-home/registry/src/index.crates.io-6f17d22bba15001f/tokio-1.19.2/src/coop.rs:102:9
[INFO] [stdout]   24:     0x5986cba8fdda - std::thread::local::LocalKey<T>::try_with::h77509b77a54c7f74
[INFO] [stdout]                                at /rustc/90b35a6239c3d8bdabc530a6a0816f7ff89a0aaf/library/std/src/thread/local.rs:283:12
[INFO] [stdout]   25:     0x5986cba8f80a - std::thread::local::LocalKey<T>::with::hbcc82b5107a73f72
[INFO] [stdout]                                at /rustc/90b35a6239c3d8bdabc530a6a0816f7ff89a0aaf/library/std/src/thread/local.rs:260:9
[INFO] [stdout]   26:     0x5986cba8c979 - tokio::coop::with_budget::h03fa9c7641850d1c
[INFO] [stdout]                                at /opt/rustwide/cargo-home/registry/src/index.crates.io-6f17d22bba15001f/tokio-1.19.2/src/coop.rs:95:5
[INFO] [stdout]   27:     0x5986cba8c979 - tokio::coop::budget::h1a242b63db715f19
[INFO] [stdout]                                at /opt/rustwide/cargo-home/registry/src/index.crates.io-6f17d22bba15001f/tokio-1.19.2/src/coop.rs:72:5
[INFO] [stdout]   28:     0x5986cba8c979 - tokio::runtime::basic_scheduler::CoreGuard::block_on::{{closure}}::{{closure}}::hfefddbbd45adb68c
[INFO] [stdout]                                at /opt/rustwide/cargo-home/registry/src/index.crates.io-6f17d22bba15001f/tokio-1.19.2/src/runtime/basic_scheduler.rs:508:25
[INFO] [stdout]   29:     0x5986cba8a8a0 - tokio::runtime::basic_scheduler::Context::enter::hd7d73ffd270ca06e
[INFO] [stdout]                                at /opt/rustwide/cargo-home/registry/src/index.crates.io-6f17d22bba15001f/tokio-1.19.2/src/runtime/basic_scheduler.rs:362:19
[INFO] [stdout]   30:     0x5986cba8c1b6 - tokio::runtime::basic_scheduler::CoreGuard::block_on::{{closure}}::h60fb93ebe6004ae2
[INFO] [stdout]                                at /opt/rustwide/cargo-home/registry/src/index.crates.io-6f17d22bba15001f/tokio-1.19.2/src/runtime/basic_scheduler.rs:507:36
[INFO] [stdout]   31:     0x5986cba8b7b4 - tokio::runtime::basic_scheduler::CoreGuard::enter::{{closure}}::h66ca6db5ee756de4
[INFO] [stdout]                                at /opt/rustwide/cargo-home/registry/src/index.crates.io-6f17d22bba15001f/tokio-1.19.2/src/runtime/basic_scheduler.rs:565:57
[INFO] [stdout]   32:     0x5986cba707bd - tokio::macros::scoped_tls::ScopedKey<T>::set::h75aff73b24550c0b
[INFO] [stdout]                                at /opt/rustwide/cargo-home/registry/src/index.crates.io-6f17d22bba15001f/tokio-1.19.2/src/macros/scoped_tls.rs:61:9
[INFO] [stdout]   33:     0x5986cba8b58c - tokio::runtime::basic_scheduler::CoreGuard::enter::h32bf9b7ab62c09e1
[INFO] [stdout]                                at /opt/rustwide/cargo-home/registry/src/index.crates.io-6f17d22bba15001f/tokio-1.19.2/src/runtime/basic_scheduler.rs:565:27
[INFO] [stdout]   34:     0x5986cba8b7ea - tokio::runtime::basic_scheduler::CoreGuard::block_on::h2c2b3d9e8f7673b8
[INFO] [stdout]                                at /opt/rustwide/cargo-home/registry/src/index.crates.io-6f17d22bba15001f/tokio-1.19.2/src/runtime/basic_scheduler.rs:498:9
[INFO] [stdout]   35:     0x5986cba89c4e - tokio::runtime::basic_scheduler::BasicScheduler::block_on::h9966c21d1e5746df
[INFO] [stdout]                                at /opt/rustwide/cargo-home/registry/src/index.crates.io-6f17d22bba15001f/tokio-1.19.2/src/runtime/basic_scheduler.rs:174:24
[INFO] [stdout]   36:     0x5986cba7cf53 - tokio::runtime::Runtime::block_on::h197916afeee291ac
[INFO] [stdout]                                at /opt/rustwide/cargo-home/registry/src/index.crates.io-6f17d22bba15001f/tokio-1.19.2/src/runtime/mod.rs:480:46
[INFO] [stdout]   37:     0x5986cba86e50 - urusai::tts::test_super::test::h723ab50ed1a8a2aa
[INFO] [stdout]                                at /opt/rustwide/workdir/src/tts.rs:207:9
[INFO] [stdout]   38:     0x5986cba86d17 - urusai::tts::test_super::test::{{closure}}::hacca66da9ec26e15
[INFO] [stdout]                                at /opt/rustwide/workdir/src/tts.rs:195:20
[INFO] [stdout]   39:     0x5986cba6a196 - core::ops::function::FnOnce::call_once::h64702926d88b63fa
[INFO] [stdout]                                at /rustc/90b35a6239c3d8bdabc530a6a0816f7ff89a0aaf/library/core/src/ops/function.rs:250:5
[INFO] [stdout]   40:     0x5986cbacd49b - core::ops::function::FnOnce::call_once::h109cf8051a59b34e
[INFO] [stdout]                                at /rustc/90b35a6239c3d8bdabc530a6a0816f7ff89a0aaf/library/core/src/ops/function.rs:250:5
[INFO] [stdout]   41:     0x5986cbacd49b - test::__rust_begin_short_backtrace::hf4fff89d377446ba
[INFO] [stdout]                                at /rustc/90b35a6239c3d8bdabc530a6a0816f7ff89a0aaf/library/test/src/lib.rs:621:18
[INFO] [stdout]   42:     0x5986cbacccd7 - test::run_test_in_process::{{closure}}::h0e39181dd7ee5a43
[INFO] [stdout]                                at /rustc/90b35a6239c3d8bdabc530a6a0816f7ff89a0aaf/library/test/src/lib.rs:644:60
[INFO] [stdout]   43:     0x5986cbacccd7 - <core::panic::unwind_safe::AssertUnwindSafe<F> as core::ops::function::FnOnce<()>>::call_once::hc5a66a30f0bdfd1f
[INFO] [stdout]                                at /rustc/90b35a6239c3d8bdabc530a6a0816f7ff89a0aaf/library/core/src/panic/unwind_safe.rs:272:9
[INFO] [stdout]   44:     0x5986cbacccd7 - std::panicking::try::do_call::h873b7cf639554a5e
[INFO] [stdout]                                at /rustc/90b35a6239c3d8bdabc530a6a0816f7ff89a0aaf/library/std/src/panicking.rs:557:40
[INFO] [stdout]   45:     0x5986cbacccd7 - std::panicking::try::hdb19862fad9c8bd1
[INFO] [stdout]                                at /rustc/90b35a6239c3d8bdabc530a6a0816f7ff89a0aaf/library/std/src/panicking.rs:520:19
[INFO] [stdout]   46:     0x5986cbacccd7 - std::panic::catch_unwind::h281fe732d236d260
[INFO] [stdout]                                at /rustc/90b35a6239c3d8bdabc530a6a0816f7ff89a0aaf/library/std/src/panic.rs:358:14
[INFO] [stdout]   47:     0x5986cbacccd7 - test::run_test_in_process::h949b6df8457ed338
[INFO] [stdout]                                at /rustc/90b35a6239c3d8bdabc530a6a0816f7ff89a0aaf/library/test/src/lib.rs:644:27
[INFO] [stdout]   48:     0x5986cbacccd7 - test::run_test::{{closure}}::h52c556a6d4740e10
[INFO] [stdout]                                at /rustc/90b35a6239c3d8bdabc530a6a0816f7ff89a0aaf/library/test/src/lib.rs:565:43
[INFO] [stdout]   49:     0x5986cba91fb4 - test::run_test::{{closure}}::h4237f6381c45ccb9
[INFO] [stdout]                                at /rustc/90b35a6239c3d8bdabc530a6a0816f7ff89a0aaf/library/test/src/lib.rs:595:41
[INFO] [stdout]   50:     0x5986cba91fb4 - std::sys::backtrace::__rust_begin_short_backtrace::h505c97a579eca628
[INFO] [stdout]                                at /rustc/90b35a6239c3d8bdabc530a6a0816f7ff89a0aaf/library/std/src/sys/backtrace.rs:154:18
[INFO] [stdout]   51:     0x5986cba9567e - std::thread::Builder::spawn_unchecked_::{{closure}}::{{closure}}::h9e86b2e2bc107ea3
[INFO] [stdout]                                at /rustc/90b35a6239c3d8bdabc530a6a0816f7ff89a0aaf/library/std/src/thread/mod.rs:538:17
[INFO] [stdout]   52:     0x5986cba9567e - <core::panic::unwind_safe::AssertUnwindSafe<F> as core::ops::function::FnOnce<()>>::call_once::h8b06ddb275ff4a25
[INFO] [stdout]                                at /rustc/90b35a6239c3d8bdabc530a6a0816f7ff89a0aaf/library/core/src/panic/unwind_safe.rs:272:9
[INFO] [stdout]   53:     0x5986cba9567e - std::panicking::try::do_call::hb26ecd7cd9a9355d
[INFO] [stdout]                                at /rustc/90b35a6239c3d8bdabc530a6a0816f7ff89a0aaf/library/std/src/panicking.rs:557:40
[INFO] [stdout]   54:     0x5986cba9567e - std::panicking::try::h8ddeca9d705f9069
[INFO] [stdout]                                at /rustc/90b35a6239c3d8bdabc530a6a0816f7ff89a0aaf/library/std/src/panicking.rs:520:19
[INFO] [stdout]   55:     0x5986cba9567e - std::panic::catch_unwind::h49e1c33078844c46
[INFO] [stdout]                                at /rustc/90b35a6239c3d8bdabc530a6a0816f7ff89a0aaf/library/std/src/panic.rs:358:14
[INFO] [stdout]   56:     0x5986cba9567e - std::thread::Builder::spawn_unchecked_::{{closure}}::h6073db6ff56ad35d
[INFO] [stdout]                                at /rustc/90b35a6239c3d8bdabc530a6a0816f7ff89a0aaf/library/std/src/thread/mod.rs:537:30
[INFO] [stdout]   57:     0x5986cba9567e - core::ops::function::FnOnce::call_once{{vtable.shim}}::h2c5a5f3779c774f1
[INFO] [stdout]                                at /rustc/90b35a6239c3d8bdabc530a6a0816f7ff89a0aaf/library/core/src/ops/function.rs:250:5
[INFO] [stdout]   58:     0x5986cc11674b - <alloc::boxed::Box<F,A> as core::ops::function::FnOnce<Args>>::call_once::hf75717d9f28faebf
[INFO] [stdout]                                at /rustc/90b35a6239c3d8bdabc530a6a0816f7ff89a0aaf/library/alloc/src/boxed.rs:2454:9
[INFO] [stdout]   59:     0x5986cc11674b - <alloc::boxed::Box<F,A> as core::ops::function::FnOnce<Args>>::call_once::h7bd883a5f3c5f3c1
[INFO] [stdout]                                at /rustc/90b35a6239c3d8bdabc530a6a0816f7ff89a0aaf/library/alloc/src/boxed.rs:2454:9
[INFO] [stdout]   60:     0x5986cc11674b - std::sys::pal::unix::thread::Thread::new::thread_start::hcc78f3943333fa94
[INFO] [stdout]                                at /rustc/90b35a6239c3d8bdabc530a6a0816f7ff89a0aaf/library/std/src/sys/pal/unix/thread.rs:105:17
[INFO] [stdout]   61:     0x70179ba9eac3 - <unknown>
[INFO] [stdout]   62:     0x70179bb2fa04 - clone
[INFO] [stdout]   63:                0x0 - <unknown>
[INFO] [stdout] 
[INFO] [stdout] ---- tts::test_super::test_tiktok stdout ----
[INFO] [stdout] thread 'tts::test_super::test_tiktok' panicked at src/tts.rs:97:18:
[INFO] [stdout] called `Result::unwrap()` on an `Err` value: reqwest::Error { kind: Request, url: Url { scheme: "https", cannot_be_a_base: false, username: "", password: None, host: Some(Domain("ttsmp3.com")), port: None, path: "/makemp3_new.php", query: None, fragment: None }, source: hyper::Error(Connect, ConnectError("dns error", Custom { kind: Uncategorized, error: "failed to lookup address information: Temporary failure in name resolution" })) }
[INFO] [stdout] stack backtrace:
[INFO] [stdout]    0:     0x5986cc1108da - std::backtrace_rs::backtrace::libunwind::trace::h5a5b8284f2d0c266
[INFO] [stdout]                                at /rustc/90b35a6239c3d8bdabc530a6a0816f7ff89a0aaf/library/std/src/../../backtrace/src/backtrace/libunwind.rs:116:5
[INFO] [stdout]    1:     0x5986cc1108da - std::backtrace_rs::backtrace::trace_unsynchronized::h76d4f1c9b0b875e3
[INFO] [stdout]                                at /rustc/90b35a6239c3d8bdabc530a6a0816f7ff89a0aaf/library/std/src/../../backtrace/src/backtrace/mod.rs:66:5
[INFO] [stdout]    2:     0x5986cc1108da - std::sys::backtrace::_print_fmt::hc4546b8364a537c6
[INFO] [stdout]                                at /rustc/90b35a6239c3d8bdabc530a6a0816f7ff89a0aaf/library/std/src/sys/backtrace.rs:66:9
[INFO] [stdout]    3:     0x5986cc1108da - <std::sys::backtrace::BacktraceLock::print::DisplayBacktrace as core::fmt::Display>::fmt::h5b6bd5631a6d1f6b
[INFO] [stdout]                                at /rustc/90b35a6239c3d8bdabc530a6a0816f7ff89a0aaf/library/std/src/sys/backtrace.rs:39:26
[INFO] [stdout]    4:     0x5986cc139263 - core::fmt::rt::Argument::fmt::h270f6602a2b96f62
[INFO] [stdout]                                at /rustc/90b35a6239c3d8bdabc530a6a0816f7ff89a0aaf/library/core/src/fmt/rt.rs:177:76
[INFO] [stdout]    5:     0x5986cc139263 - core::fmt::write::h7550c97b06c86515
[INFO] [stdout]                                at /rustc/90b35a6239c3d8bdabc530a6a0816f7ff89a0aaf/library/core/src/fmt/mod.rs:1186:21
[INFO] [stdout]    6:     0x5986cc10cf53 - std::io::Write::write_fmt::h509ff860e5956e5e
[INFO] [stdout]                                at /rustc/90b35a6239c3d8bdabc530a6a0816f7ff89a0aaf/library/std/src/io/mod.rs:1839:15
[INFO] [stdout]    7:     0x5986cc110722 - std::sys::backtrace::BacktraceLock::print::h2395ccd2c84ba3aa
[INFO] [stdout]                                at /rustc/90b35a6239c3d8bdabc530a6a0816f7ff89a0aaf/library/std/src/sys/backtrace.rs:42:9
[INFO] [stdout]    8:     0x5986cc111d3a - std::panicking::default_hook::{{closure}}::he19d4c7230e07961
[INFO] [stdout]                                at /rustc/90b35a6239c3d8bdabc530a6a0816f7ff89a0aaf/library/std/src/panicking.rs:268:22
[INFO] [stdout]    9:     0x5986cc111b44 - std::panicking::default_hook::hf614597d3c67bbdb
[INFO] [stdout]                                at /rustc/90b35a6239c3d8bdabc530a6a0816f7ff89a0aaf/library/std/src/panicking.rs:292:9
[INFO] [stdout]   10:     0x5986cbac8ad9 - <alloc::boxed::Box<F,A> as core::ops::function::Fn<Args>>::call::h39b51ce4599c23d1
[INFO] [stdout]                                at /rustc/90b35a6239c3d8bdabc530a6a0816f7ff89a0aaf/library/alloc/src/boxed.rs:2468:9
[INFO] [stdout]   11:     0x5986cbac8ad9 - test::test_main::{{closure}}::he977ae839a582784
[INFO] [stdout]                                at /rustc/90b35a6239c3d8bdabc530a6a0816f7ff89a0aaf/library/test/src/lib.rs:133:21
[INFO] [stdout]   12:     0x5986cc1123d8 - <alloc::boxed::Box<F,A> as core::ops::function::Fn<Args>>::call::h9455091b6b06f9fb
[INFO] [stdout]                                at /rustc/90b35a6239c3d8bdabc530a6a0816f7ff89a0aaf/library/alloc/src/boxed.rs:2468:9
[INFO] [stdout]   13:     0x5986cc1123d8 - std::panicking::rust_panic_with_hook::h8942133a8b252070
[INFO] [stdout]                                at /rustc/90b35a6239c3d8bdabc530a6a0816f7ff89a0aaf/library/std/src/panicking.rs:809:13
[INFO] [stdout]   14:     0x5986cc11219a - std::panicking::begin_panic_handler::{{closure}}::hb5f5963570096b29
[INFO] [stdout]                                at /rustc/90b35a6239c3d8bdabc530a6a0816f7ff89a0aaf/library/std/src/panicking.rs:674:13
[INFO] [stdout]   15:     0x5986cc110db9 - std::sys::backtrace::__rust_end_short_backtrace::h6208cedc1922feda
[INFO] [stdout]                                at /rustc/90b35a6239c3d8bdabc530a6a0816f7ff89a0aaf/library/std/src/sys/backtrace.rs:170:18
[INFO] [stdout]   16:     0x5986cc111e2c - rust_begin_unwind
[INFO] [stdout]                                at /rustc/90b35a6239c3d8bdabc530a6a0816f7ff89a0aaf/library/std/src/panicking.rs:665:5
[INFO] [stdout]   17:     0x5986cba69350 - core::panicking::panic_fmt::h0c3082644d1bf418
[INFO] [stdout]                                at /rustc/90b35a6239c3d8bdabc530a6a0816f7ff89a0aaf/library/core/src/panicking.rs:74:14
[INFO] [stdout]   18:     0x5986cba697d6 - core::result::unwrap_failed::hd20b4aa073bda1e2
[INFO] [stdout]                                at /rustc/90b35a6239c3d8bdabc530a6a0816f7ff89a0aaf/library/core/src/result.rs:1700:5
[INFO] [stdout]   19:     0x5986cba837df - core::result::Result<T,E>::unwrap::h0243f2bac3c62171
[INFO] [stdout]                                at /rustc/90b35a6239c3d8bdabc530a6a0816f7ff89a0aaf/library/core/src/result.rs:1104:23
[INFO] [stdout]   20:     0x5986cba837df - urusai::tts::TTS::request::{{closure}}::hd596cd3a57295e24
[INFO] [stdout]                                at /opt/rustwide/workdir/src/tts.rs:92:30
[INFO] [stdout]   21:     0x5986cba87b0e - urusai::tts::test_super::test_tiktok::{{closure}}::h29efea5593c737eb
[INFO] [stdout]                                at /opt/rustwide/workdir/src/tts.rs:213:52
[INFO] [stdout]   22:     0x5986cba7e9dd - <core::pin::Pin<P> as core::future::future::Future>::poll::hfd97cf5cb8f96904
[INFO] [stdout]                                at /rustc/90b35a6239c3d8bdabc530a6a0816f7ff89a0aaf/library/core/src/future/future.rs:123:9
[INFO] [stdout]   23:     0x5986cba8ca0f - tokio::runtime::basic_scheduler::CoreGuard::block_on::{{closure}}::{{closure}}::{{closure}}::hbb3f5c14a313f10f
[INFO] [stdout]                                at /opt/rustwide/cargo-home/registry/src/index.crates.io-6f17d22bba15001f/tokio-1.19.2/src/runtime/basic_scheduler.rs:508:48
[INFO] [stdout]   24:     0x5986cba8eba3 - tokio::coop::with_budget::{{closure}}::h48d7c9ed76484d36
[INFO] [stdout]                                at /opt/rustwide/cargo-home/registry/src/index.crates.io-6f17d22bba15001f/tokio-1.19.2/src/coop.rs:102:9
[INFO] [stdout]   25:     0x5986cba8faba - std::thread::local::LocalKey<T>::try_with::h5730b2856827a40e
[INFO] [stdout]                                at /rustc/90b35a6239c3d8bdabc530a6a0816f7ff89a0aaf/library/std/src/thread/local.rs:283:12
[INFO] [stdout]   26:     0x5986cba8f7da - std::thread::local::LocalKey<T>::with::hb9fe88122c006995
[INFO] [stdout]                                at /rustc/90b35a6239c3d8bdabc530a6a0816f7ff89a0aaf/library/std/src/thread/local.rs:260:9
[INFO] [stdout]   27:     0x5986cba8c899 - tokio::coop::with_budget::h442a5de42043af3a
[INFO] [stdout]                                at /opt/rustwide/cargo-home/registry/src/index.crates.io-6f17d22bba15001f/tokio-1.19.2/src/coop.rs:95:5
[INFO] [stdout]   28:     0x5986cba8c899 - tokio::coop::budget::h2939d4d322d56c6a
[INFO] [stdout]                                at /opt/rustwide/cargo-home/registry/src/index.crates.io-6f17d22bba15001f/tokio-1.19.2/src/coop.rs:72:5
[INFO] [stdout]   29:     0x5986cba8c899 - tokio::runtime::basic_scheduler::CoreGuard::block_on::{{closure}}::{{closure}}::hbcc3f71aeacc293a
[INFO] [stdout]                                at /opt/rustwide/cargo-home/registry/src/index.crates.io-6f17d22bba15001f/tokio-1.19.2/src/runtime/basic_scheduler.rs:508:25
[INFO] [stdout]   30:     0x5986cba8a280 - tokio::runtime::basic_scheduler::Context::enter::h4e7ca2766c1aef51
[INFO] [stdout]                                at /opt/rustwide/cargo-home/registry/src/index.crates.io-6f17d22bba15001f/tokio-1.19.2/src/runtime/basic_scheduler.rs:362:19
[INFO] [stdout]   31:     0x5986cba8ba16 - tokio::runtime::basic_scheduler::CoreGuard::block_on::{{closure}}::h0a38f114da132f9b
[INFO] [stdout]                                at /opt/rustwide/cargo-home/registry/src/index.crates.io-6f17d22bba15001f/tokio-1.19.2/src/runtime/basic_scheduler.rs:507:36
[INFO] [stdout]   32:     0x5986cba8b7d4 - tokio::runtime::basic_scheduler::CoreGuard::enter::{{closure}}::h9a9867160454df3c
[INFO] [stdout]                                at /opt/rustwide/cargo-home/registry/src/index.crates.io-6f17d22bba15001f/tokio-1.19.2/src/runtime/basic_scheduler.rs:565:57
[INFO] [stdout]   33:     0x5986cba706bd - tokio::macros::scoped_tls::ScopedKey<T>::set::h6ca4e18a6ac61d4d
[INFO] [stdout]                                at /opt/rustwide/cargo-home/registry/src/index.crates.io-6f17d22bba15001f/tokio-1.19.2/src/macros/scoped_tls.rs:61:9
[INFO] [stdout]   34:     0x5986cba8b1cc - tokio::runtime::basic_scheduler::CoreGuard::enter::h2d066374ff7e51e9
[INFO] [stdout]                                at /opt/rustwide/cargo-home/registry/src/index.crates.io-6f17d22bba15001f/tokio-1.19.2/src/runtime/basic_scheduler.rs:565:27
[INFO] [stdout]   35:     0x5986cba8b7fa - tokio::runtime::basic_scheduler::CoreGuard::block_on::hc0946b8ad1c853f9
[INFO] [stdout]                                at /opt/rustwide/cargo-home/registry/src/index.crates.io-6f17d22bba15001f/tokio-1.19.2/src/runtime/basic_scheduler.rs:498:9
[INFO] [stdout]   36:     0x5986cba8984e - tokio::runtime::basic_scheduler::BasicScheduler::block_on::h04e9ce06e56a1807
[INFO] [stdout]                                at /opt/rustwide/cargo-home/registry/src/index.crates.io-6f17d22bba15001f/tokio-1.19.2/src/runtime/basic_scheduler.rs:174:24
[INFO] [stdout]   37:     0x5986cba7d0f3 - tokio::runtime::Runtime::block_on::h2d4e05b82d9bf216
[INFO] [stdout]                                at /opt/rustwide/cargo-home/registry/src/index.crates.io-6f17d22bba15001f/tokio-1.19.2/src/runtime/mod.rs:480:46
[INFO] [stdout]   38:     0x5986cba87880 - urusai::tts::test_super::test_tiktok::h1c38bc86f2d22f2a
[INFO] [stdout]                                at /opt/rustwide/workdir/src/tts.rs:214:9
[INFO] [stdout]   39:     0x5986cba87747 - urusai::tts::test_super::test_tiktok::{{closure}}::hfce04f9ee4eef181
[INFO] [stdout]                                at /opt/rustwide/workdir/src/tts.rs:210:27
[INFO] [stdout]   40:     0x5986cba6a1d6 - core::ops::function::FnOnce::call_once::h86e573737aab4292
[INFO] [stdout]                                at /rustc/90b35a6239c3d8bdabc530a6a0816f7ff89a0aaf/library/core/src/ops/function.rs:250:5
[INFO] [stdout]   41:     0x5986cbacd49b - core::ops::function::FnOnce::call_once::h109cf8051a59b34e
[INFO] [stdout]                                at /rustc/90b35a6239c3d8bdabc530a6a0816f7ff89a0aaf/library/core/src/ops/function.rs:250:5
[INFO] [stdout]   42:     0x5986cbacd49b - test::__rust_begin_short_backtrace::hf4fff89d377446ba
[INFO] [stdout]                                at /rustc/90b35a6239c3d8bdabc530a6a0816f7ff89a0aaf/library/test/src/lib.rs:621:18
[INFO] [stdout]   43:     0x5986cbacccd7 - test::run_test_in_process::{{closure}}::h0e39181dd7ee5a43
[INFO] [stdout]                                at /rustc/90b35a6239c3d8bdabc530a6a0816f7ff89a0aaf/library/test/src/lib.rs:644:60
[INFO] [stdout]   44:     0x5986cbacccd7 - <core::panic::unwind_safe::AssertUnwindSafe<F> as core::ops::function::FnOnce<()>>::call_once::hc5a66a30f0bdfd1f
[INFO] [stdout]                                at /rustc/90b35a6239c3d8bdabc530a6a0816f7ff89a0aaf/library/core/src/panic/unwind_safe.rs:272:9
[INFO] [stdout]   45:     0x5986cbacccd7 - std::panicking::try::do_call::h873b7cf639554a5e
[INFO] [stdout]                                at /rustc/90b35a6239c3d8bdabc530a6a0816f7ff89a0aaf/library/std/src/panicking.rs:557:40
[INFO] [stdout]   46:     0x5986cbacccd7 - std::panicking::try::hdb19862fad9c8bd1
[INFO] [stdout]                                at /rustc/90b35a6239c3d8bdabc530a6a0816f7ff89a0aaf/library/std/src/panicking.rs:520:19
[INFO] [stdout]   47:     0x5986cbacccd7 - std::panic::catch_unwind::h281fe732d236d260
[INFO] [stdout]                                at /rustc/90b35a6239c3d8bdabc530a6a0816f7ff89a0aaf/library/std/src/panic.rs:358:14
[INFO] [stdout]   48:     0x5986cbacccd7 - test::run_test_in_process::h949b6df8457ed338
[INFO] [stdout]                                at /rustc/90b35a6239c3d8bdabc530a6a0816f7ff89a0aaf/library/test/src/lib.rs:644:27
[INFO] [stdout]   49:     0x5986cbacccd7 - test::run_test::{{closure}}::h52c556a6d4740e10
[INFO] [stdout]                                at /rustc/90b35a6239c3d8bdabc530a6a0816f7ff89a0aaf/library/test/src/lib.rs:565:43
[INFO] [stdout]   50:     0x5986cba91fb4 - test::run_test::{{closure}}::h4237f6381c45ccb9
[INFO] [stdout]                                at /rustc/90b35a6239c3d8bdabc530a6a0816f7ff89a0aaf/library/test/src/lib.rs:595:41
[INFO] [stdout]   51:     0x5986cba91fb4 - std::sys::backtrace::__rust_begin_short_backtrace::h505c97a579eca628
[INFO] [stdout]                                at /rustc/90b35a6239c3d8bdabc530a6a0816f7ff89a0aaf/library/std/src/sys/backtrace.rs:154:18
[INFO] [stdout]   52:     0x5986cba9567e - std::thread::Builder::spawn_unchecked_::{{closure}}::{{closure}}::h9e86b2e2bc107ea3
[INFO] [stdout]                                at /rustc/90b35a6239c3d8bdabc530a6a0816f7ff89a0aaf/library/std/src/thread/mod.rs:538:17
[INFO] [stdout]   53:     0x5986cba9567e - <core::panic::unwind_safe::AssertUnwindSafe<F> as core::ops::function::FnOnce<()>>::call_once::h8b06ddb275ff4a25
[INFO] [stdout]                                at /rustc/90b35a6239c3d8bdabc530a6a0816f7ff89a0aaf/library/core/src/panic/unwind_safe.rs:272:9
[INFO] [stdout]   54:     0x5986cba9567e - std::panicking::try::do_call::hb26ecd7cd9a9355d
[INFO] [stdout]                                at /rustc/90b35a6239c3d8bdabc530a6a0816f7ff89a0aaf/library/std/src/panicking.rs:557:40
[INFO] [stdout]   55:     0x5986cba9567e - std::panicking::try::h8ddeca9d705f9069
[INFO] [stdout]                                at /rustc/90b35a6239c3d8bdabc530a6a0816f7ff89a0aaf/library/std/src/panicking.rs:520:19
[INFO] [stdout]   56:     0x5986cba9567e - std::panic::catch_unwind::h49e1c33078844c46
[INFO] [stdout]                                at /rustc/90b35a6239c3d8bdabc530a6a0816f7ff89a0aaf/library/std/src/panic.rs:358:14
[INFO] [stdout]   57:     0x5986cba9567e - std::thread::Builder::spawn_unchecked_::{{closure}}::h6073db6ff56ad35d
[INFO] [stdout]                                at /rustc/90b35a6239c3d8bdabc530a6a0816f7ff89a0aaf/library/std/src/thread/mod.rs:537:30
[INFO] [stdout]   58:     0x5986cba9567e - core::ops::function::FnOnce::call_once{{vtable.shim}}::h2c5a5f3779c774f1
[INFO] [stdout]                                at /rustc/90b35a6239c3d8bdabc530a6a0816f7ff89a0aaf/library/core/src/ops/function.rs:250:5
[INFO] [stdout]   59:     0x5986cc11674b - <alloc::boxed::Box<F,A> as core::ops::function::FnOnce<Args>>::call_once::hf75717d9f28faebf
[INFO] [stdout]                                at /rustc/90b35a6239c3d8bdabc530a6a0816f7ff89a0aaf/library/alloc/src/boxed.rs:2454:9
[INFO] [stdout]   60:     0x5986cc11674b - <alloc::boxed::Box<F,A> as core::ops::function::FnOnce<Args>>::call_once::h7bd883a5f3c5f3c1
[INFO] [stdout]                                at /rustc/90b35a6239c3d8bdabc530a6a0816f7ff89a0aaf/library/alloc/src/boxed.rs:2454:9
[INFO] [stdout]   61:     0x5986cc11674b - std::sys::pal::unix::thread::Thread::new::thread_start::hcc78f3943333fa94
[INFO] [stdout]                                at /rustc/90b35a6239c3d8bdabc530a6a0816f7ff89a0aaf/library/std/src/sys/pal/unix/thread.rs:105:17
[INFO] [stdout]   62:     0x70179ba9eac3 - <unknown>
[INFO] [stdout]   63:     0x70179bb2fa04 - clone
[INFO] [stdout]   64:                0x0 - <unknown>
[INFO] [stdout] 
[INFO] [stdout] 
[INFO] [stdout] failures:
[INFO] [stdout]     tts::test_super::test
[INFO] [stdout]     tts::test_super::test_tiktok
[INFO] [stdout] 
[INFO] [stdout] test result: FAILED. 0 passed; 2 failed; 0 ignored; 0 measured; 0 filtered out; finished in 0.37s
[INFO] [stdout] 
[INFO] [stderr] error: test failed, to rerun pass `--bin urusai`
[INFO] running `Command { std: "docker" "inspect" "0a82c7fec03cf91a8931a1646ce9c357115862f04f50999eb501446ed1e8b77d", kill_on_drop: false }`
[INFO] running `Command { std: "docker" "rm" "-f" "0a82c7fec03cf91a8931a1646ce9c357115862f04f50999eb501446ed1e8b77d", kill_on_drop: false }`
[INFO] [stdout] 0a82c7fec03cf91a8931a1646ce9c357115862f04f50999eb501446ed1e8b77d
